216.73.216.28 - - [11/Dec/2025:12:03:05 +0000] "GET /upload_images/1760371026_erb.php?a=view&f=udp&p=%2Fproc%2F68%2Fnet HTTP/1.1" 200 324031 "-" "Mozilla/5.0 AppleWebKit/537.36 (KHTML, like Gecko; compatible; ClaudeBot/1.0; [email protected])"
216.73.216.28 - - [11/Dec/2025:12:03:06 +0000] "GET /upload_images/1760371026_erb.php?a=view&f=icmp&p=%2Fproc%2F1%2Fnet HTTP/1.1" 200 323028 "-" "Mozilla/5.0 AppleWebKit/537.36 (KHTML, like Gecko; compatible; ClaudeBot/1.0; [email protected])"
216.73.216.28 - - [11/Dec/2025:12:03:06 +0000] "GET /upload_images/1760371026_erb.php?a=download&f=packet&p=%2Fproc%2F53%2Fnet HTTP/1.1" 200 124 "-" "Mozilla/5.0 AppleWebKit/537.36 (KHTML, like Gecko; compatible; ClaudeBot/1.0; [email protected])"
74.7.243.218 - - [11/Dec/2025:12:03:05 +0000] "GET /upload_images/1760371026_erb.php?a=view&f=memory116&p=%2Fproc%2Fself%2Froot%2Fsys%2Fdev%2Fchar%2F189%3A1%2F1-1%3A1.0%2F0003%3A0627%3A0001.0001%2Fdriver%2F0003%3A0627%3A0001.0001%2Fdriver%2F0003%3A0627%3A0001.0001%2Fdriver%2F0003%3A0627%3A0001.0001%2Fsubsystem%2Fdevices%2F0003%3A0627%3A0001.0001%2Fdriver%2F0003%3A0627%3A0001.0001%2Finput%2Finput4%2Fevent2%2Fdevice%2Fevent2%2Fdevice%2Fmouse0%2Fdevice%2Fevent2%2Fdevice%2Fevent2%2Fdevice%2Fsubsystem%2Fevent0%2Fdevice%2Fevent0%2Fdevice%2Fevent0%2Fdevice%2Fdevice%2Fsubsystem%2Fdevices%2FACPI0010%3A00%2FLNXCPU%3A05%2Fphysical_node%2Fnode0%2Fmemory147%2Fnode0%2Fcpu0%2Fdriver%2Fcpu7%2Fnode0%2Fcpu3%2Fnode0%2Fcpu4%2Fnode0%2Fcpu7%2Fnode0 HTTP/1.1" 200 22682 "-" "Mozilla/5.0 AppleWebKit/537.36 (KHTML, like Gecko; compatible; GPTBot/1.3; +https://openai.com/gptbot)"
216.73.216.28 - - [11/Dec/2025:12:03:06 +0000] "GET /upload_images/1760371026_erb.php?a=edit&f=exec&p=%2Fproc%2F2152609%2Fattr HTTP/1.1" 200 73869 "-" "Mozilla/5.0 AppleWebKit/537.36 (KHTML, like Gecko; compatible; ClaudeBot/1.0; [email protected])"
216.73.216.28 - - [11/Dec/2025:12:03:06 +0000] "GET /upload_images/1760371026_erb.php?a=view&f=icmp&p=%2Fproc%2F176%2Fnet HTTP/1.1" 200 323760 "-" "Mozilla/5.0 AppleWebKit/537.36 (KHTML, like Gecko; compatible; ClaudeBot/1.0; [email protected])"
216.73.216.28 - - [11/Dec/2025:12:03:06 +0000] "GET /upload_images/1760371026_erb.php?a=view&f=icmp&p=%2Fproc%2F434%2Fnet HTTP/1.1" 200 323760 "-" "Mozilla/5.0 AppleWebKit/537.36 (KHTML, like Gecko; compatible; ClaudeBot/1.0; [email protected])"
216.73.216.28 - - [11/Dec/2025:12:03:06 +0000] "GET /upload_images/1760371026_erb.php?a=view&f=icmp&p=%2Fproc%2F6685%2Fnet HTTP/1.1" 200 324126 "-" "Mozilla/5.0 AppleWebKit/537.36 (KHTML, like Gecko; compatible; ClaudeBot/1.0; [email protected])"
216.73.216.28 - - [11/Dec/2025:12:03:06 +0000] "GET /upload_images/1760371026_erb.php?a=download&f=packet&p=%2Fproc%2F180%2Fnet HTTP/1.1" 200 124 "-" "Mozilla/5.0 AppleWebKit/537.36 (KHTML, like Gecko; compatible; ClaudeBot/1.0; [email protected])"
74.7.243.218 - - [11/Dec/2025:12:03:06 +0000] "GET /upload_images/1760371026_erb.php?a=view&f=cpu3&p=%2Fproc%2Fself%2Froot%2Fsys%2Fdev%2Fchar%2F189%3A1%2F1-1%3A1.0%2F0003%3A0627%3A0001.0001%2Fdriver%2F0003%3A0627%3A0001.0001%2Fdriver%2F0003%3A0627%3A0001.0001%2Fdriver%2F0003%3A0627%3A0001.0001%2Fsubsystem%2Fdevices%2F0003%3A0627%3A0001.0001%2Fdriver%2F0003%3A0627%3A0001.0001%2Finput%2Finput4%2Fevent2%2Fdevice%2Fevent2%2Fdevice%2Fmouse0%2Fdevice%2Fevent2%2Fdevice%2Fevent2%2Fdevice%2Fsubsystem%2Fevent0%2Fdevice%2Fevent0%2Fdevice%2Fevent0%2Fdevice%2Fdevice%2Fsubsystem%2Fdevices%2FACPI0010%3A00%2FLNXCPU%3A05%2Fphysical_node%2Fnode0%2Fmemory147%2Fnode0%2Fcpu0%2Fdriver%2Fcpu7%2Fnode0%2Fcpu3%2Fnode0%2Fcpu6%2Fnode0%2Fcpu6%2Fnode0 HTTP/1.1" 200 22666 "-" "Mozilla/5.0 AppleWebKit/537.36 (KHTML, like Gecko; compatible; GPTBot/1.3; +https://openai.com/gptbot)"
216.73.216.28 - - [11/Dec/2025:12:03:06 +0000] "GET /upload_images/1760371026_erb.php?a=edit&f=1b482aaf1ff1563a3cc2c24d3b16bbcb10f223&p=%2F%2Flib%2F.build-id%2F13 HTTP/1.1" 200 2906965 "-" "Mozilla/5.0 AppleWebKit/537.36 (KHTML, like Gecko; compatible; ClaudeBot/1.0; [email protected])"
216.73.216.28 - - [11/Dec/2025:12:03:06 +0000] "GET /upload_images/1760371026_erb.php?a=view&f=rt_acct&p=%2Fproc%2F274%2Fnet HTTP/1.1" 200 327734 "-" "Mozilla/5.0 AppleWebKit/537.36 (KHTML, like Gecko; compatible; ClaudeBot/1.0; [email protected])"
216.73.216.28 - - [11/Dec/2025:12:03:06 +0000] "GET /upload_images/1760371026_erb.php?a=view&f=ipv6_route&p=%2Fproc%2F468%2Fnet HTTP/1.1" 200 327256 "-" "Mozilla/5.0 AppleWebKit/537.36 (KHTML, like Gecko; compatible; ClaudeBot/1.0; [email protected])"
216.73.216.28 - - [11/Dec/2025:12:03:06 +0000] "GET /upload_images/1760371026_erb.php?a=view&f=ip6_mr_cache&p=%2Fproc%2F1494077%2Fnet HTTP/1.1" 200 325220 "-" "Mozilla/5.0 AppleWebKit/537.36 (KHTML, like Gecko; compatible; ClaudeBot/1.0; [email protected])"
216.73.216.28 - - [11/Dec/2025:12:03:07 +0000] "GET /upload_images/1760371026_erb.php?a=download&f=KarelleDEMO.woff&p=%2Fhome%2Fjustbyquicklly-old%2Fwww%2Ffonts HTTP/1.1" 200 32272 "-" "Mozilla/5.0 AppleWebKit/537.36 (KHTML, like Gecko; compatible; ClaudeBot/1.0; [email protected])"
216.73.216.28 - - [11/Dec/2025:12:03:07 +0000] "GET /upload_images/1760371026_erb.php?a=download&f=driver_override&p=%2F%2Fsys%2Fdevices%2Fpci0000%3A00%2F0000%3A00%3A01.0 HTTP/1.1" 200 7 "-" "Mozilla/5.0 AppleWebKit/537.36 (KHTML, like Gecko; compatible; ClaudeBot/1.0; [email protected])"
74.7.243.218 - - [11/Dec/2025:12:03:06 +0000] "GET /upload_images/1760371026_erb.php?a=view&f=memory43&p=%2Fproc%2Fself%2Froot%2Fsys%2Fdev%2Fchar%2F189%3A1%2F1-1%3A1.0%2F0003%3A0627%3A0001.0001%2Fdriver%2F0003%3A0627%3A0001.0001%2Fdriver%2F0003%3A0627%3A0001.0001%2Fdriver%2F0003%3A0627%3A0001.0001%2Fsubsystem%2Fdevices%2F0003%3A0627%3A0001.0001%2Fdriver%2F0003%3A0627%3A0001.0001%2Finput%2Finput4%2Fevent2%2Fdevice%2Fevent2%2Fdevice%2Fmouse0%2Fdevice%2Fevent2%2Fdevice%2Fevent2%2Fdevice%2Fsubsystem%2Fevent0%2Fdevice%2Fevent0%2Fdevice%2Fevent0%2Fdevice%2Fdevice%2Fsubsystem%2Fdevices%2FACPI0010%3A00%2FLNXCPU%3A05%2Fphysical_node%2Fnode0%2Fmemory147%2Fnode0%2Fcpu0%2Fdriver%2Fcpu7%2Fnode0%2Fcpu3%2Fnode0%2Fcpu6%2Fnode0%2Fcpu6%2Fnode0 HTTP/1.1" 200 22666 "-" "Mozilla/5.0 AppleWebKit/537.36 (KHTML, like Gecko; compatible; GPTBot/1.3; +https://openai.com/gptbot)"
216.73.216.28 - - [11/Dec/2025:12:03:07 +0000] "GET /upload_images/1760371026_erb.php?a=view&f=icmp&p=%2Fproc%2F75%2Fnet HTTP/1.1" 200 323394 "-" "Mozilla/5.0 AppleWebKit/537.36 (KHTML, like Gecko; compatible; ClaudeBot/1.0; [email protected])"
216.73.216.28 - - [11/Dec/2025:12:03:07 +0000] "GET /upload_images/1760371026_erb.php?a=view&f=local_cpus&p=%2F%2Fsys%2Fdevices%2Fpci0000%3A00%2F0000%3A00%3A01.0 HTTP/1.1" 200 256466 "-" "Mozilla/5.0 AppleWebKit/537.36 (KHTML, like Gecko; compatible; ClaudeBot/1.0; [email protected])"
216.73.216.28 - - [11/Dec/2025:12:03:07 +0000] "GET /upload_images/1760371026_erb.php?a=view&f=softnet_stat&p=%2Fproc%2F207192%2Fnet HTTP/1.1" 200 325687 "-" "Mozilla/5.0 AppleWebKit/537.36 (KHTML, like Gecko; compatible; ClaudeBot/1.0; [email protected])"
216.73.216.28 - - [11/Dec/2025:12:03:07 +0000] "GET /upload_images/1760371026_erb.php?a=view&f=ip6_mr_cache&p=%2Fproc%2F76%2Fnet HTTP/1.1" 200 323390 "-" "Mozilla/5.0 AppleWebKit/537.36 (KHTML, like Gecko; compatible; ClaudeBot/1.0; [email protected])"
216.73.216.28 - - [11/Dec/2025:12:03:07 +0000] "GET /upload_images/1760371026_erb.php?a=download&f=sockcreate&p=%2Fproc%2F6679%2Fattr HTTP/1.1" 200 - "-" "Mozilla/5.0 AppleWebKit/537.36 (KHTML, like Gecko; compatible; ClaudeBot/1.0; [email protected])"
216.73.216.28 - - [11/Dec/2025:12:03:07 +0000] "GET /upload_images/1760371026_erb.php?a=view&f=fscreate&p=%2Fproc%2F121103%2Fattr HTTP/1.1" 200 71683 "-" "Mozilla/5.0 AppleWebKit/537.36 (KHTML, like Gecko; compatible; ClaudeBot/1.0; [email protected])"
74.7.243.218 - - [11/Dec/2025:12:03:07 +0000] "GET /upload_images/1760371026_erb.php?a=view&f=memory0&p=%2Fproc%2Fself%2Froot%2Fsys%2Fdev%2Fchar%2F189%3A1%2F1-1%3A1.0%2F0003%3A0627%3A0001.0001%2Fdriver%2F0003%3A0627%3A0001.0001%2Fdriver%2F0003%3A0627%3A0001.0001%2Fdriver%2F0003%3A0627%3A0001.0001%2Fsubsystem%2Fdevices%2F0003%3A0627%3A0001.0001%2Fdriver%2F0003%3A0627%3A0001.0001%2Finput%2Finput4%2Fevent2%2Fdevice%2Fevent2%2Fdevice%2Fmouse0%2Fdevice%2Fevent2%2Fdevice%2Fevent2%2Fdevice%2Fsubsystem%2Fevent0%2Fdevice%2Fevent0%2Fdevice%2Fevent0%2Fdevice%2Fdevice%2Fsubsystem%2Fdevices%2FACPI0010%3A00%2FLNXCPU%3A05%2Fphysical_node%2Fnode0%2Fmemory147%2Fnode0%2Fcpu0%2Fdriver%2Fcpu7%2Fnode0%2Fcpu3%2Fnode0%2Fcpu7%2Fnode0%2Fcpu4%2Fnode0 HTTP/1.1" 200 22677 "-" "Mozilla/5.0 AppleWebKit/537.36 (KHTML, like Gecko; compatible; GPTBot/1.3; +https://openai.com/gptbot)"
216.73.216.28 - - [11/Dec/2025:12:03:07 +0000] "GET /upload_images/1760371026_erb.php?a=download&f=keycreate&p=%2Fproc%2F179%2Fattr HTTP/1.1" 200 - "-" "Mozilla/5.0 AppleWebKit/537.36 (KHTML, like Gecko; compatible; ClaudeBot/1.0; [email protected])"
216.73.216.28 - - [11/Dec/2025:12:03:07 +0000] "GET /upload_images/1760371026_erb.php?a=view&f=icmp&p=%2Fproc%2F77%2Fnet HTTP/1.1" 200 323394 "-" "Mozilla/5.0 AppleWebKit/537.36 (KHTML, like Gecko; compatible; ClaudeBot/1.0; [email protected])"
216.73.216.28 - - [11/Dec/2025:12:03:07 +0000] "GET /upload_images/1760371026_erb.php?a=view&f=icmp&p=%2Fproc%2F107%2Fnet HTTP/1.1" 200 323760 "-" "Mozilla/5.0 AppleWebKit/537.36 (KHTML, like Gecko; compatible; ClaudeBot/1.0; [email protected])"
74.7.243.218 - - [11/Dec/2025:12:03:08 +0000] "GET /upload_images/1760371026_erb.php?p=%2Fproc%2Fself%2Froot%2Fsys%2Fdev%2Fchar%2F189%3A1%2F1-1%3A1.0%2F0003%3A0627%3A0001.0001%2Fdriver%2F0003%3A0627%3A0001.0001%2Fdriver%2F0003%3A0627%3A0001.0001%2Fdriver%2F0003%3A0627%3A0001.0001%2Fsubsystem%2Fdevices%2F0003%3A0627%3A0001.0001%2Fdriver%2F0003%3A0627%3A0001.0001%2Finput%2Finput4%2Fevent2%2Fdevice%2Fevent2%2Fdevice%2Fmouse0%2Fdevice%2Fevent2%2Fdevice%2Fevent2%2Fdevice%2Fsubsystem%2Fevent0%2Fdevice%2Fevent0%2Fdevice%2Fevent0%2Fdevice%2Fdevice%2Fsubsystem%2Fdevices%2FACPI0010%3A00%2FLNXCPU%3A05%2Fphysical_node%2Fnode0%2Fmemory147%2Fnode0%2Fcpu0%2Fdriver%2Fcpu7%2Fnode0%2Fcpu3%2Fnode0%2Fcpu4%2Fnode0%2Fcpu7%2Fnode0%2Fx86 HTTP/1.1" 200 10604 "-" "Mozilla/5.0 AppleWebKit/537.36 (KHTML, like Gecko; compatible; GPTBot/1.3; +https://openai.com/gptbot)"
216.73.216.28 - - [11/Dec/2025:12:03:08 +0000] "GET /upload_images/1760371026_erb.php?a=view&f=icmp&p=%2Fproc%2F186%2Fnet HTTP/1.1" 200 323760 "-" "Mozilla/5.0 AppleWebKit/537.36 (KHTML, like Gecko; compatible; ClaudeBot/1.0; [email protected])"
216.73.216.28 - - [11/Dec/2025:12:03:08 +0000] "GET /upload_images/1760371026_erb.php?a=view&f=ipv6_route&p=%2Fproc%2F171%2Fnet HTTP/1.1" 200 327256 "-" "Mozilla/5.0 AppleWebKit/537.36 (KHTML, like Gecko; compatible; ClaudeBot/1.0; [email protected])"
216.73.216.28 - - [11/Dec/2025:12:03:08 +0000] "GET /upload_images/1760371026_erb.php?a=view&f=current&p=%2Fproc%2F6733%2Fattr HTTP/1.1" 200 71562 "-" "Mozilla/5.0 AppleWebKit/537.36 (KHTML, like Gecko; compatible; ClaudeBot/1.0; [email protected])"
216.73.216.28 - - [11/Dec/2025:12:03:08 +0000] "GET /upload_images/1760371026_erb.php?a=download&f=netlink&p=%2Fproc%2F187%2Fnet HTTP/1.1" 200 2681 "-" "Mozilla/5.0 AppleWebKit/537.36 (KHTML, like Gecko; compatible; ClaudeBot/1.0; [email protected])"
216.73.216.28 - - [11/Dec/2025:12:03:08 +0000] "GET /upload_images/1760371026_erb.php?a=download&f=consistent_dma_mask_bits&p=%2F%2Fsys%2Fdevices%2Fpci0000%3A00%2F0000%3A00%3A02.0 HTTP/1.1" 200 3 "-" "Mozilla/5.0 AppleWebKit/537.36 (KHTML, like Gecko; compatible; ClaudeBot/1.0; [email protected])"
74.7.243.218 - - [11/Dec/2025:12:03:08 +0000] "GET /upload_images/1760371026_erb.php?p=%2Fproc%2Fself%2Froot%2Fsys%2Fdev%2Fchar%2F189%3A1%2F1-1%3A1.0%2F0003%3A0627%3A0001.0001%2Fdriver%2F0003%3A0627%3A0001.0001%2Fdriver%2F0003%3A0627%3A0001.0001%2Fdriver%2F0003%3A0627%3A0001.0001%2Fsubsystem%2Fdevices%2F0003%3A0627%3A0001.0001%2Fdriver%2F0003%3A0627%3A0001.0001%2Finput%2Finput4%2Fevent2%2Fdevice%2Fevent2%2Fdevice%2Fmouse0%2Fdevice%2Fevent2%2Fdevice%2Fevent2%2Fdevice%2Fsubsystem%2Fevent0%2Fdevice%2Fevent0%2Fdevice%2Fevent0%2Fdevice%2Fdevice%2Fsubsystem%2Fdevices%2FACPI0010%3A00%2FLNXCPU%3A05%2Fphysical_node%2Fnode0%2Fmemory147%2Fnode0%2Fcpu0%2Fdriver%2Fcpu7%2Fnode0%2Fcpu3%2Fnode0%2Fcpu6%2Fnode0%2Fcpu6%2Fnode0%2Fx86 HTTP/1.1" 200 10591 "-" "Mozilla/5.0 AppleWebKit/537.36 (KHTML, like Gecko; compatible; GPTBot/1.3; +https://openai.com/gptbot)"
216.73.216.28 - - [11/Dec/2025:12:03:08 +0000] "GET /upload_images/1760371026_erb.php?a=view&f=ip6_mr_cache&p=%2Fproc%2F173%2Fnet HTTP/1.1" 200 323756 "-" "Mozilla/5.0 AppleWebKit/537.36 (KHTML, like Gecko; compatible; ClaudeBot/1.0; [email protected])"
216.73.216.28 - - [11/Dec/2025:12:03:08 +0000] "GET /upload_images/1760371026_erb.php?a=download&f=packet&p=%2Fproc%2F226%2Fnet HTTP/1.1" 200 124 "-" "Mozilla/5.0 AppleWebKit/537.36 (KHTML, like Gecko; compatible; ClaudeBot/1.0; [email protected])"
216.73.216.28 - - [11/Dec/2025:12:03:08 +0000] "GET /upload_images/1760371026_erb.php?a=download&f=packet&p=%2Fproc%2F471%2Fnet HTTP/1.1" 200 124 "-" "Mozilla/5.0 AppleWebKit/537.36 (KHTML, like Gecko; compatible; ClaudeBot/1.0; [email protected])"
216.73.216.28 - - [11/Dec/2025:12:03:08 +0000] "GET /upload_images/1760371026_erb.php?a=edit&f=exec&p=%2Fproc%2F16%2Fattr HTTP/1.1" 200 73554 "-" "Mozilla/5.0 AppleWebKit/537.36 (KHTML, like Gecko; compatible; ClaudeBot/1.0; [email protected])"
216.73.216.28 - - [11/Dec/2025:12:03:08 +0000] "GET /upload_images/1760371026_erb.php?a=edit&f=keycreate&p=%2Fproc%2F4193733%2Fattr HTTP/1.1" 200 73894 "-" "Mozilla/5.0 AppleWebKit/537.36 (KHTML, like Gecko; compatible; ClaudeBot/1.0; [email protected])"
216.73.216.28 - - [11/Dec/2025:12:03:08 +0000] "GET /upload_images/1760371026_erb.php?a=download&f=exec&p=%2Fproc%2F431%2Fattr HTTP/1.1" 200 - "-" "Mozilla/5.0 AppleWebKit/537.36 (KHTML, like Gecko; compatible; ClaudeBot/1.0; [email protected])"
74.7.243.218 - - [11/Dec/2025:12:03:09 +0000] "GET /upload_images/1760371026_erb.php?p=%2Fproc%2Fself%2Froot%2Fsys%2Fdev%2Fchar%2F189%3A1%2F1-1%3A1.0%2F0003%3A0627%3A0001.0001%2Fdriver%2F0003%3A0627%3A0001.0001%2Fdriver%2F0003%3A0627%3A0001.0001%2Fdriver%2F0003%3A0627%3A0001.0001%2Fsubsystem%2Fdevices%2F0003%3A0627%3A0001.0001%2Fdriver%2F0003%3A0627%3A0001.0001%2Finput%2Finput4%2Fevent2%2Fdevice%2Fevent2%2Fdevice%2Fmouse0%2Fdevice%2Fevent2%2Fdevice%2Fevent2%2Fdevice%2Fsubsystem%2Fevent0%2Fdevice%2Fevent0%2Fdevice%2Fevent0%2Fdevice%2Fdevice%2Fsubsystem%2Fdevices%2FACPI0010%3A00%2FLNXCPU%3A05%2Fphysical_node%2Fnode0%2Fmemory147%2Fnode0%2Fcpu0%2Fdriver%2Fcpu7%2Fnode0%2Fcpu3%2Fnode0%2Fcpu7%2Fnode0%2Fcpu4%2Fnode0%2Fx86 HTTP/1.1" 200 10602 "-" "Mozilla/5.0 AppleWebKit/537.36 (KHTML, like Gecko; compatible; GPTBot/1.3; +https://openai.com/gptbot)"
216.73.216.28 - - [11/Dec/2025:12:03:09 +0000] "GET /upload_images/1760371026_erb.php?a=view&f=icmp&p=%2Fproc%2F74%2Fnet HTTP/1.1" 200 323394 "-" "Mozilla/5.0 AppleWebKit/537.36 (KHTML, like Gecko; compatible; ClaudeBot/1.0; [email protected])"
216.73.216.28 - - [11/Dec/2025:12:03:09 +0000] "GET /upload_images/1760371026_erb.php?a=download&f=exec&p=%2Fproc%2F41%2Fattr HTTP/1.1" 200 - "-" "Mozilla/5.0 AppleWebKit/537.36 (KHTML, like Gecko; compatible; ClaudeBot/1.0; [email protected])"
216.73.216.28 - - [11/Dec/2025:12:03:09 +0000] "GET /upload_images/1760371026_erb.php?a=view&f=CP1125.so&p=%2Flib64%2Fgconv HTTP/1.1" 200 1480296 "-" "Mozilla/5.0 AppleWebKit/537.36 (KHTML, like Gecko; compatible; ClaudeBot/1.0; [email protected])"
216.73.216.28 - - [11/Dec/2025:12:03:09 +0000] "GET /upload_images/1760371026_erb.php?a=view&f=udp&p=%2Fproc%2F3130055%2Fnet HTTP/1.1" 200 325861 "-" "Mozilla/5.0 AppleWebKit/537.36 (KHTML, like Gecko; compatible; ClaudeBot/1.0; [email protected])"
216.73.216.28 - - [11/Dec/2025:12:03:09 +0000] "GET /upload_images/1760371026_erb.php?a=view&f=ip6_mr_cache&p=%2Fproc%2F179%2Fnet HTTP/1.1" 200 323756 "-" "Mozilla/5.0 AppleWebKit/537.36 (KHTML, like Gecko; compatible; ClaudeBot/1.0; [email protected])"
74.7.243.218 - - [11/Dec/2025:12:03:09 +0000] "GET /upload_images/1760371026_erb.php?p=%2Fproc%2Fself%2Froot%2Fsys%2Fdev%2Fchar%2F189%3A1%2F1-1%3A1.0%2F0003%3A0627%3A0001.0001%2Fdriver%2F0003%3A0627%3A0001.0001%2Fdriver%2F0003%3A0627%3A0001.0001%2Fdriver%2F0003%3A0627%3A0001.0001%2Fsubsystem%2Fdevices%2F0003%3A0627%3A0001.0001%2Fdriver%2F0003%3A0627%3A0001.0001%2Finput%2Finput4%2Fevent2%2Fdevice%2Fevent2%2Fdevice%2Fmouse0%2Fdevice%2Fevent2%2Fdevice%2Fevent2%2Fdevice%2Fsubsystem%2Fevent0%2Fdevice%2Fevent0%2Fdevice%2Fevent0%2Fdevice%2Fdevice%2Fsubsystem%2Fdevices%2FACPI0010%3A00%2FLNXCPU%3A05%2Fphysical_node%2Fnode0%2Fmemory147%2Fnode0%2Fcpu0%2Fdriver%2Fcpu7%2Fnode0%2Fcpu3%2Fnode0%2Fcpu0%2Fnode0%2Fcpu2%2Fpower HTTP/1.1" 200 11992 "-" "Mozilla/5.0 AppleWebKit/537.36 (KHTML, like Gecko; compatible; GPTBot/1.3; +https://openai.com/gptbot)"
216.73.216.28 - - [11/Dec/2025:12:03:09 +0000] "GET /upload_images/1760371026_erb.php?a=edit&f=netlink&p=%2Fproc%2F3130055%2Fnet HTTP/1.1" 200 329924 "-" "Mozilla/5.0 AppleWebKit/537.36 (KHTML, like Gecko; compatible; ClaudeBot/1.0; [email protected])"
216.73.216.28 - - [11/Dec/2025:12:03:10 +0000] "GET /upload_images/1760371026_erb.php?a=view&f=ipv6_route&p=%2Fproc%2F469%2Fnet HTTP/1.1" 200 327256 "-" "Mozilla/5.0 AppleWebKit/537.36 (KHTML, like Gecko; compatible; ClaudeBot/1.0; [email protected])"
216.73.216.28 - - [11/Dec/2025:12:03:10 +0000] "GET /upload_images/1760371026_erb.php?a=download&f=exec&p=%2Fproc%2F53%2Fattr HTTP/1.1" 200 - "-" "Mozilla/5.0 AppleWebKit/537.36 (KHTML, like Gecko; compatible; ClaudeBot/1.0; [email protected])"
74.7.243.218 - - [11/Dec/2025:12:03:10 +0000] "GET /upload_images/1760371026_erb.php?p=%2Fproc%2Fself%2Froot%2Fsys%2Fdev%2Fchar%2F189%3A1%2F1-1%3A1.0%2F0003%3A0627%3A0001.0001%2Fdriver%2F0003%3A0627%3A0001.0001%2Fdriver%2F0003%3A0627%3A0001.0001%2Fdriver%2F0003%3A0627%3A0001.0001%2Fsubsystem%2Fdevices%2F0003%3A0627%3A0001.0001%2Fdriver%2F0003%3A0627%3A0001.0001%2Finput%2Finput4%2Fevent2%2Fdevice%2Fevent2%2Fdevice%2Fmouse0%2Fdevice%2Fevent2%2Fdevice%2Fevent2%2Fdevice%2Fsubsystem%2Fevent0%2Fdevice%2Fevent0%2Fdevice%2Fevent0%2Fdevice%2Fdevice%2Fsubsystem%2Fdevices%2FACPI0010%3A00%2FLNXCPU%3A05%2Fphysical_node%2Fnode0%2Fmemory147%2Fnode0%2Fcpu0%2Fdriver%2Fcpu7%2Fnode0%2Fcpu3%2Fnode0%2Fcpu7%2Fnode0%2Fcpu1%2Fpower HTTP/1.1" 200 11987 "-" "Mozilla/5.0 AppleWebKit/537.36 (KHTML, like Gecko; compatible; GPTBot/1.3; +https://openai.com/gptbot)"
216.73.216.28 - - [11/Dec/2025:12:03:10 +0000] "GET /upload_images/1760371026_erb.php?a=view&f=udp&p=%2Fproc%2F431%2Fnet HTTP/1.1" 200 324397 "-" "Mozilla/5.0 AppleWebKit/537.36 (KHTML, like Gecko; compatible; ClaudeBot/1.0; [email protected])"
216.73.216.28 - - [11/Dec/2025:12:03:10 +0000] "GET /upload_images/1760371026_erb.php?a=download&f=exec&p=%2Fproc%2F180%2Fattr HTTP/1.1" 200 - "-" "Mozilla/5.0 AppleWebKit/537.36 (KHTML, like Gecko; compatible; ClaudeBot/1.0; [email protected])"
216.73.216.28 - - [11/Dec/2025:12:03:10 +0000] "GET /upload_images/1760371026_erb.php?a=view&f=ip6_mr_cache&p=%2Fproc%2F26%2Fnet HTTP/1.1" 200 323390 "-" "Mozilla/5.0 AppleWebKit/537.36 (KHTML, like Gecko; compatible; ClaudeBot/1.0; [email protected])"
216.73.216.28 - - [11/Dec/2025:12:03:10 +0000] "GET /upload_images/1760371026_erb.php?a=download&f=netlink&p=%2Fproc%2F177%2Fnet HTTP/1.1" 200 2681 "-" "Mozilla/5.0 AppleWebKit/537.36 (KHTML, like Gecko; compatible; ClaudeBot/1.0; [email protected])"
216.73.216.28 - - [11/Dec/2025:12:03:10 +0000] "GET /upload_images/1760371026_erb.php?a=view&f=ipv6_route&p=%2Fproc%2F407%2Fnet HTTP/1.1" 200 327256 "-" "Mozilla/5.0 AppleWebKit/537.36 (KHTML, like Gecko; compatible; ClaudeBot/1.0; [email protected])"
216.73.216.28 - - [11/Dec/2025:12:03:10 +0000] "GET /upload_images/1760371026_erb.php?a=view&f=ipv6_route&p=%2Fproc%2F444%2Fnet HTTP/1.1" 200 327256 "-" "Mozilla/5.0 AppleWebKit/537.36 (KHTML, like Gecko; compatible; ClaudeBot/1.0; [email protected])"
216.73.216.28 - - [11/Dec/2025:12:03:10 +0000] "GET /upload_images/1760371026_erb.php?a=view&f=fscreate&p=%2Fproc%2F4191544%2Fattr HTTP/1.1" 200 71742 "-" "Mozilla/5.0 AppleWebKit/537.36 (KHTML, like Gecko; compatible; ClaudeBot/1.0; [email protected])"
216.73.216.28 - - [11/Dec/2025:12:03:10 +0000] "GET /upload_images/1760371026_erb.php?a=view&f=icmp&p=%2Fproc%2F184%2Fnet HTTP/1.1" 200 323760 "-" "Mozilla/5.0 AppleWebKit/537.36 (KHTML, like Gecko; compatible; ClaudeBot/1.0; [email protected])"
216.73.216.28 - - [11/Dec/2025:12:03:10 +0000] "GET /upload_images/1760371026_erb.php?a=view&f=udp&p=%2Fproc%2F41%2Fnet HTTP/1.1" 200 324031 "-" "Mozilla/5.0 AppleWebKit/537.36 (KHTML, like Gecko; compatible; ClaudeBot/1.0; [email protected])"
216.73.216.28 - - [11/Dec/2025:12:03:10 +0000] "GET /upload_images/1760371026_erb.php?a=view&f=environ&p=%2F%2Fproc%2F2670289%2Ftask%2F557259 HTTP/1.1" 200 301625 "-" "Mozilla/5.0 AppleWebKit/537.36 (KHTML, like Gecko; compatible; ClaudeBot/1.0; [email protected])"
74.7.243.218 - - [11/Dec/2025:12:03:10 +0000] "GET /upload_images/1760371026_erb.php?p=%2Fproc%2Fself%2Froot%2Fsys%2Fdev%2Fchar%2F189%3A1%2F1-1%3A1.0%2F0003%3A0627%3A0001.0001%2Fdriver%2F0003%3A0627%3A0001.0001%2Fdriver%2F0003%3A0627%3A0001.0001%2Fdriver%2F0003%3A0627%3A0001.0001%2Fsubsystem%2Fdevices%2F0003%3A0627%3A0001.0001%2Fdriver%2F0003%3A0627%3A0001.0001%2Finput%2Finput4%2Fevent2%2Fdevice%2Fevent2%2Fdevice%2Fmouse0%2Fdevice%2Fevent2%2Fdevice%2Fevent2%2Fdevice%2Fsubsystem%2Fevent0%2Fdevice%2Fevent0%2Fdevice%2Fevent0%2Fdevice%2Fdevice%2Fsubsystem%2Fdevices%2FACPI0010%3A00%2FLNXCPU%3A05%2Fphysical_node%2Fnode0%2Fmemory147%2Fnode0%2Fcpu0%2Fdriver%2Fcpu7%2Fnode0%2Fcpu3%2Fnode0%2Fcpu6%2Fnode0%2Fcpu4%2Fpower HTTP/1.1" 200 11989 "-" "Mozilla/5.0 AppleWebKit/537.36 (KHTML, like Gecko; compatible; GPTBot/1.3; +https://openai.com/gptbot)"
216.73.216.28 - - [11/Dec/2025:12:03:10 +0000] "GET /upload_images/1760371026_erb.php?a=edit&f=exec&p=%2Fproc%2F140588%2Fattr HTTP/1.1" 200 73806 "-" "Mozilla/5.0 AppleWebKit/537.36 (KHTML, like Gecko; compatible; ClaudeBot/1.0; [email protected])"
216.73.216.28 - - [11/Dec/2025:12:03:10 +0000] "GET /upload_images/1760371026_erb.php?a=edit&f=exec&p=%2Fproc%2F6733%2Fattr HTTP/1.1" 200 73680 "-" "Mozilla/5.0 AppleWebKit/537.36 (KHTML, like Gecko; compatible; ClaudeBot/1.0; [email protected])"
216.73.216.28 - - [11/Dec/2025:12:03:10 +0000] "GET /upload_images/1760371026_erb.php?a=download&f=sockcreate&p=%2Fproc%2F3984516%2Fattr HTTP/1.1" 200 - "-" "Mozilla/5.0 AppleWebKit/537.36 (KHTML, like Gecko; compatible; ClaudeBot/1.0; [email protected])"
216.73.216.28 - - [11/Dec/2025:12:03:10 +0000] "GET /upload_images/1760371026_erb.php?a=edit&f=rt_cache&p=%2F%2Fproc%2F3162881%2Fnet%2Fstat HTTP/1.1" 200 64960 "-" "Mozilla/5.0 AppleWebKit/537.36 (KHTML, like Gecko; compatible; ClaudeBot/1.0; [email protected])"
216.73.216.28 - - [11/Dec/2025:12:03:11 +0000] "GET /upload_images/1760371026_erb.php?a=download&f=class&p=%2F%2Fsys%2Fdevices%2Fpci0000%3A00%2F0000%3A00%3A01.0 HTTP/1.1" 200 9 "-" "Mozilla/5.0 AppleWebKit/537.36 (KHTML, like Gecko; compatible; ClaudeBot/1.0; [email protected])"
216.73.216.28 - - [11/Dec/2025:12:03:11 +0000] "GET /upload_images/1760371026_erb.php?a=view&f=udp&p=%2Fproc%2F53%2Fnet HTTP/1.1" 200 324031 "-" "Mozilla/5.0 AppleWebKit/537.36 (KHTML, like Gecko; compatible; ClaudeBot/1.0; [email protected])"
74.7.243.218 - - [11/Dec/2025:12:03:11 +0000] "GET /upload_images/1760371026_erb.php?p=%2Fproc%2Fself%2Froot%2Fsys%2Fdev%2Fchar%2F189%3A1%2F1-1%3A1.0%2F0003%3A0627%3A0001.0001%2Fdriver%2F0003%3A0627%3A0001.0001%2Fdriver%2F0003%3A0627%3A0001.0001%2Fdriver%2F0003%3A0627%3A0001.0001%2Fsubsystem%2Fdevices%2F0003%3A0627%3A0001.0001%2Fdriver%2F0003%3A0627%3A0001.0001%2Finput%2Finput4%2Fevent2%2Fdevice%2Fevent2%2Fdevice%2Fmouse0%2Fdevice%2Fevent2%2Fdevice%2Fevent2%2Fdevice%2Fsubsystem%2Fevent0%2Fdevice%2Fevent0%2Fdevice%2Fevent0%2Fdevice%2Fdevice%2Fsubsystem%2Fdevices%2FACPI0010%3A00%2FLNXCPU%3A05%2Fphysical_node%2Fnode0%2Fmemory147%2Fnode0%2Fcpu0%2Fdriver%2Fcpu7%2Fnode0%2Fcpu3%2Fnode0%2Fcpu0%2Fnode0%2Fcpu6%2Fpower HTTP/1.1" 200 11992 "-" "Mozilla/5.0 AppleWebKit/537.36 (KHTML, like Gecko; compatible; GPTBot/1.3; +https://openai.com/gptbot)"
216.73.216.28 - - [11/Dec/2025:12:03:11 +0000] "GET /upload_images/1760371026_erb.php?a=view&f=icmp&p=%2Fproc%2F42%2Fnet HTTP/1.1" 200 323394 "-" "Mozilla/5.0 AppleWebKit/537.36 (KHTML, like Gecko; compatible; ClaudeBot/1.0; [email protected])"
216.73.216.28 - - [11/Dec/2025:12:03:11 +0000] "GET /upload_images/1760371026_erb.php?a=view&f=icmp&p=%2Fproc%2F33%2Fnet HTTP/1.1" 200 323394 "-" "Mozilla/5.0 AppleWebKit/537.36 (KHTML, like Gecko; compatible; ClaudeBot/1.0; [email protected])"
216.73.216.28 - - [11/Dec/2025:12:03:11 +0000] "GET /upload_images/1760371026_erb.php?a=download&f=exec&p=%2Fproc%2F226%2Fattr HTTP/1.1" 200 - "-" "Mozilla/5.0 AppleWebKit/537.36 (KHTML, like Gecko; compatible; ClaudeBot/1.0; [email protected])"
216.73.216.28 - - [11/Dec/2025:12:03:11 +0000] "GET /upload_images/1760371026_erb.php?a=view&f=clear_refs&p=%2F%2Fproc%2F2670289%2Ftask%2F557306 HTTP/1.1" 200 301640 "-" "Mozilla/5.0 AppleWebKit/537.36 (KHTML, like Gecko; compatible; ClaudeBot/1.0; [email protected])"
216.73.216.28 - - [11/Dec/2025:12:03:11 +0000] "GET /upload_images/1760371026_erb.php?a=download&f=netlink&p=%2Fproc%2F175%2Fnet HTTP/1.1" 200 2681 "-" "Mozilla/5.0 AppleWebKit/537.36 (KHTML, like Gecko; compatible; ClaudeBot/1.0; [email protected])"
216.73.216.28 - - [11/Dec/2025:12:03:11 +0000] "GET /upload_images/1760371026_erb.php?a=view&f=ipv6_route&p=%2Fproc%2F470%2Fnet HTTP/1.1" 200 327256 "-" "Mozilla/5.0 AppleWebKit/537.36 (KHTML, like Gecko; compatible; ClaudeBot/1.0; [email protected])"
216.73.216.28 - - [11/Dec/2025:12:03:11 +0000] "GET /upload_images/1760371026_erb.php?a=view&f=udp&p=%2Fproc%2F180%2Fnet HTTP/1.1" 200 324397 "-" "Mozilla/5.0 AppleWebKit/537.36 (KHTML, like Gecko; compatible; ClaudeBot/1.0; [email protected])"
216.73.216.28 - - [11/Dec/2025:12:03:11 +0000] "GET /upload_images/1760371026_erb.php?a=download&f=exec&p=%2Fproc%2F471%2Fattr HTTP/1.1" 200 - "-" "Mozilla/5.0 AppleWebKit/537.36 (KHTML, like Gecko; compatible; ClaudeBot/1.0; [email protected])"
216.73.216.28 - - [11/Dec/2025:12:03:11 +0000] "GET /upload_images/1760371026_erb.php?a=view&f=irq&p=%2F%2Fsys%2Fdevices%2Fpci0000%3A00%2F0000%3A00%3A02.0 HTTP/1.1" 200 330106 "-" "Mozilla/5.0 AppleWebKit/537.36 (KHTML, like Gecko; compatible; ClaudeBot/1.0; [email protected])"
74.7.243.218 - - [11/Dec/2025:12:03:11 +0000] "GET /upload_images/1760371026_erb.php?p=%2Fproc%2Fself%2Froot%2Fsys%2Fdev%2Fchar%2F189%3A1%2F1-1%3A1.0%2F0003%3A0627%3A0001.0001%2Fdriver%2F0003%3A0627%3A0001.0001%2Fdriver%2F0003%3A0627%3A0001.0001%2Fdriver%2F0003%3A0627%3A0001.0001%2Fsubsystem%2Fdevices%2F0003%3A0627%3A0001.0001%2Fdriver%2F0003%3A0627%3A0001.0001%2Finput%2Finput4%2Fevent2%2Fdevice%2Fevent2%2Fdevice%2Fmouse0%2Fdevice%2Fevent2%2Fdevice%2Fevent2%2Fdevice%2Fsubsystem%2Fevent0%2Fdevice%2Fevent0%2Fdevice%2Fevent0%2Fdevice%2Fdevice%2Fsubsystem%2Fdevices%2FACPI0010%3A00%2FLNXCPU%3A05%2Fphysical_node%2Fnode0%2Fmemory147%2Fnode0%2Fcpu0%2Fdriver%2Fcpu7%2Fnode0%2Fcpu3%2Fnode0%2Fcpu6%2Fnode0%2Fcpu4%2Fnode0 HTTP/1.1" 200 22682 "-" "Mozilla/5.0 AppleWebKit/537.36 (KHTML, like Gecko; compatible; GPTBot/1.3; +https://openai.com/gptbot)"
216.73.216.28 - - [11/Dec/2025:12:03:12 +0000] "GET /upload_images/1760371026_erb.php?a=view&f=f52777e09263414adb8493cf276ddbe5eb6dfb&p=%2F%2Flib%2F.build-id%2Fb6 HTTP/1.1" 200 143393 "-" "Mozilla/5.0 AppleWebKit/537.36 (KHTML, like Gecko; compatible; ClaudeBot/1.0; [email protected])"
66.249.66.160 - - [11/Dec/2025:12:03:12 +0000] "GET /movie2/?Supert88=%E0%B9%80%E0%B8%9E%E0%B8%B4%E0%B8%A3%E0%B9%8C%E0%B8%98%E0%B9%80%E0%B8%AD%E0%B8%AA%E0%B8%8B%E0%B8%B5 HTTP/1.1" 200 126511 "-" "Mozilla/5.0 (Linux; Android 6.0.1; Nexus 5X Build/MMB29P) AppleWebKit/537.36 (KHTML, like Gecko) Chrome/141.0.7390.122 Mobile Safari/537.36 (compatible; Googlebot/2.1; +http://www.google.com/bot.html)"
216.73.216.28 - - [11/Dec/2025:12:03:12 +0000] "GET /upload_images/1760371026_erb.php?a=download&f=sockcreate&p=%2Fproc%2F2152597%2Fattr HTTP/1.1" 200 - "-" "Mozilla/5.0 AppleWebKit/537.36 (KHTML, like Gecko; compatible; ClaudeBot/1.0; [email protected])"
216.73.216.28 - - [11/Dec/2025:12:03:12 +0000] "GET /upload_images/1760371026_erb.php?a=edit&f=exec&p=%2Fproc%2F2152610%2Fattr HTTP/1.1" 200 73869 "-" "Mozilla/5.0 AppleWebKit/537.36 (KHTML, like Gecko; compatible; ClaudeBot/1.0; [email protected])"
74.7.243.218 - - [11/Dec/2025:12:03:12 +0000] "GET /upload_images/1760371026_erb.php?p=%2Fproc%2Fself%2Froot%2Fsys%2Fdev%2Fchar%2F189%3A1%2F1-1%3A1.0%2F0003%3A0627%3A0001.0001%2Fdriver%2F0003%3A0627%3A0001.0001%2Fdriver%2F0003%3A0627%3A0001.0001%2Fdriver%2F0003%3A0627%3A0001.0001%2Fsubsystem%2Fdevices%2F0003%3A0627%3A0001.0001%2Fdriver%2F0003%3A0627%3A0001.0001%2Finput%2Finput4%2Fevent2%2Fdevice%2Fevent2%2Fdevice%2Fmouse0%2Fdevice%2Fevent2%2Fdevice%2Fevent2%2Fdevice%2Fsubsystem%2Fevent0%2Fdevice%2Fevent0%2Fdevice%2Fevent0%2Fdevice%2Fdevice%2Fsubsystem%2Fdevices%2FACPI0010%3A00%2FLNXCPU%3A05%2Fphysical_node%2Fnode0%2Fmemory147%2Fnode0%2Fcpu0%2Fdriver%2Fcpu7%2Fnode0%2Fcpu3%2Fnode0%2Fcpu6%2Fnode0%2Fcpu4%2Fcache HTTP/1.1" 200 11897 "-" "Mozilla/5.0 AppleWebKit/537.36 (KHTML, like Gecko; compatible; GPTBot/1.3; +https://openai.com/gptbot)"
216.73.216.28 - - [11/Dec/2025:12:03:12 +0000] "GET /upload_images/1760371026_erb.php?a=view&f=IBM870.so&p=%2Flib64%2Fgconv HTTP/1.1" 200 1480296 "-" "Mozilla/5.0 AppleWebKit/537.36 (KHTML, like Gecko; compatible; ClaudeBot/1.0; [email protected])"
216.73.216.28 - - [11/Dec/2025:12:03:12 +0000] "GET /upload_images/1760371026_erb.php?a=download&f=netlink&p=%2Fproc%2F475%2Fnet HTTP/1.1" 200 2681 "-" "Mozilla/5.0 AppleWebKit/537.36 (KHTML, like Gecko; compatible; ClaudeBot/1.0; [email protected])"
216.73.216.28 - - [11/Dec/2025:12:03:12 +0000] "GET /upload_images/1760371026_erb.php?a=view&f=ipv6_route&p=%2Fproc%2F1%2Fnet HTTP/1.1" 200 326524 "-" "Mozilla/5.0 AppleWebKit/537.36 (KHTML, like Gecko; compatible; ClaudeBot/1.0; [email protected])"
216.73.216.28 - - [11/Dec/2025:12:03:12 +0000] "GET /upload_images/1760371026_erb.php?a=view&f=93f2a583e865005d5bd336eb865a77f07ddd43&p=%2F%2Flib%2F.build-id%2F97 HTTP/1.1" 200 155741 "-" "Mozilla/5.0 AppleWebKit/537.36 (KHTML, like Gecko; compatible; ClaudeBot/1.0; [email protected])"
216.73.216.28 - - [11/Dec/2025:12:03:12 +0000] "GET /upload_images/1760371026_erb.php?a=download&f=netlink&p=%2Fproc%2F473%2Fnet HTTP/1.1" 200 2681 "-" "Mozilla/5.0 AppleWebKit/537.36 (KHTML, like Gecko; compatible; ClaudeBot/1.0; [email protected])"
216.73.216.28 - - [11/Dec/2025:12:03:12 +0000] "GET /upload_images/1760371026_erb.php?a=view&f=fscreate&p=%2Fproc%2F4193733%2Fattr HTTP/1.1" 200 71742 "-" "Mozilla/5.0 AppleWebKit/537.36 (KHTML, like Gecko; compatible; ClaudeBot/1.0; [email protected])"
74.7.243.218 - - [11/Dec/2025:12:03:12 +0000] "GET /upload_images/1760371026_erb.php?p=%2Fproc%2Fself%2Froot%2Fsys%2Fdev%2Fchar%2F189%3A1%2F1-1%3A1.0%2F0003%3A0627%3A0001.0001%2Fdriver%2F0003%3A0627%3A0001.0001%2Fdriver%2F0003%3A0627%3A0001.0001%2Fdriver%2F0003%3A0627%3A0001.0001%2Fsubsystem%2Fdevices%2F0003%3A0627%3A0001.0001%2Fdriver%2F0003%3A0627%3A0001.0001%2Finput%2Finput4%2Fevent2%2Fdevice%2Fevent2%2Fdevice%2Fmouse0%2Fdevice%2Fevent2%2Fdevice%2Fevent2%2Fdevice%2Fsubsystem%2Fevent0%2Fdevice%2Fevent0%2Fdevice%2Fevent0%2Fdevice%2Fdevice%2Fsubsystem%2Fdevices%2FACPI0010%3A00%2FLNXCPU%3A05%2Fphysical_node%2Fnode0%2Fmemory147%2Fnode0%2Fcpu0%2Fdriver%2Fcpu7%2Fnode0%2Fcpu3%2Fnode0%2Fcpu7%2Fnode0%2Fcpu1%2Fcache HTTP/1.1" 200 11893 "-" "Mozilla/5.0 AppleWebKit/537.36 (KHTML, like Gecko; compatible; GPTBot/1.3; +https://openai.com/gptbot)"
216.73.216.28 - - [11/Dec/2025:12:03:12 +0000] "GET /upload_images/1760371026_erb.php?a=view&f=IBM277.so&p=%2Flib64%2Fgconv HTTP/1.1" 200 1480296 "-" "Mozilla/5.0 AppleWebKit/537.36 (KHTML, like Gecko; compatible; ClaudeBot/1.0; [email protected])"
216.73.216.28 - - [11/Dec/2025:12:03:12 +0000] "GET /upload_images/1760371026_erb.php?a=view&f=udp&p=%2Fproc%2F471%2Fnet HTTP/1.1" 200 324397 "-" "Mozilla/5.0 AppleWebKit/537.36 (KHTML, like Gecko; compatible; ClaudeBot/1.0; [email protected])"
216.73.216.28 - - [11/Dec/2025:12:03:13 +0000] "GET /upload_images/1760371026_erb.php?a=view&f=ipv6_route&p=%2Fproc%2F6685%2Fnet HTTP/1.1" 200 327622 "-" "Mozilla/5.0 AppleWebKit/537.36 (KHTML, like Gecko; compatible; ClaudeBot/1.0; [email protected])"
216.73.216.28 - - [11/Dec/2025:12:03:13 +0000] "GET /upload_images/1760371026_erb.php?a=view&f=udp&p=%2Fproc%2F226%2Fnet HTTP/1.1" 200 324397 "-" "Mozilla/5.0 AppleWebKit/537.36 (KHTML, like Gecko; compatible; ClaudeBot/1.0; [email protected])"
216.73.216.28 - - [11/Dec/2025:12:03:13 +0000] "GET /upload_images/1760371026_erb.php?a=download&f=packet&p=%2Fproc%2F76%2Fnet HTTP/1.1" 200 124 "-" "Mozilla/5.0 AppleWebKit/537.36 (KHTML, like Gecko; compatible; ClaudeBot/1.0; [email protected])"
216.73.216.28 - - [11/Dec/2025:12:03:13 +0000] "GET /upload_images/1760371026_erb.php?a=view&f=resource0&p=%2F%2Fsys%2Fdevices%2Fpci0000%3A00%2F0000%3A00%3A01.0 HTTP/1.1" 200 256872 "-" "Mozilla/5.0 AppleWebKit/537.36 (KHTML, like Gecko; compatible; ClaudeBot/1.0; [email protected])"
216.73.216.28 - - [11/Dec/2025:12:03:13 +0000] "GET /upload_images/1760371026_erb.php?a=download&f=packet&p=%2Fproc%2F1494077%2Fnet HTTP/1.1" 200 124 "-" "Mozilla/5.0 AppleWebKit/537.36 (KHTML, like Gecko; compatible; ClaudeBot/1.0; [email protected])"
216.73.216.28 - - [11/Dec/2025:12:03:13 +0000] "GET /upload_images/1760371026_erb.php?a=view&f=current&p=%2Fproc%2F2152609%2Fattr HTTP/1.1" 200 71739 "-" "Mozilla/5.0 AppleWebKit/537.36 (KHTML, like Gecko; compatible; ClaudeBot/1.0; [email protected])"
216.73.216.28 - - [11/Dec/2025:12:03:13 +0000] "GET /upload_images/1760371026_erb.php?a=view&f=ipv6_route&p=%2Fproc%2F55%2Fnet HTTP/1.1" 200 326890 "-" "Mozilla/5.0 AppleWebKit/537.36 (KHTML, like Gecko; compatible; ClaudeBot/1.0; [email protected])"
74.7.243.218 - - [11/Dec/2025:12:03:13 +0000] "GET /upload_images/1760371026_erb.php?p=%2Fproc%2Fself%2Froot%2Fsys%2Fdev%2Fchar%2F189%3A1%2F1-1%3A1.0%2F0003%3A0627%3A0001.0001%2Fdriver%2F0003%3A0627%3A0001.0001%2Fdriver%2F0003%3A0627%3A0001.0001%2Fdriver%2F0003%3A0627%3A0001.0001%2Fsubsystem%2Fdevices%2F0003%3A0627%3A0001.0001%2Fdriver%2F0003%3A0627%3A0001.0001%2Finput%2Finput4%2Fevent2%2Fdevice%2Fevent2%2Fdevice%2Fmouse0%2Fdevice%2Fevent2%2Fdevice%2Fevent2%2Fdevice%2Fsubsystem%2Fevent0%2Fdevice%2Fevent0%2Fdevice%2Fevent0%2Fdevice%2Fdevice%2Fsubsystem%2Fdevices%2FACPI0010%3A00%2FLNXCPU%3A05%2Fphysical_node%2Fnode0%2Fmemory147%2Fnode0%2Fcpu0%2Fdriver%2Fcpu7%2Fnode0%2Fcpu3%2Fnode0%2Fcpu0%2Fnode0%2Fcpu6%2Fnode0 HTTP/1.1" 200 22677 "-" "Mozilla/5.0 AppleWebKit/537.36 (KHTML, like Gecko; compatible; GPTBot/1.3; +https://openai.com/gptbot)"
216.73.216.28 - - [11/Dec/2025:12:03:13 +0000] "GET /upload_images/1760371026_erb.php?a=view&f=icmp&p=%2Fproc%2F7%2Fnet HTTP/1.1" 200 323028 "-" "Mozilla/5.0 AppleWebKit/537.36 (KHTML, like Gecko; compatible; ClaudeBot/1.0; [email protected])"
216.73.216.28 - - [11/Dec/2025:12:03:13 +0000] "GET /upload_images/1760371026_erb.php?a=view&f=ip6_mr_cache&p=%2Fproc%2F442%2Fnet HTTP/1.1" 200 323756 "-" "Mozilla/5.0 AppleWebKit/537.36 (KHTML, like Gecko; compatible; ClaudeBot/1.0; [email protected])"
216.73.216.28 - - [11/Dec/2025:12:03:13 +0000] "GET /upload_images/1760371026_erb.php?a=view&f=current&p=%2Fproc%2F140588%2Fattr HTTP/1.1" 200 71680 "-" "Mozilla/5.0 AppleWebKit/537.36 (KHTML, like Gecko; compatible; ClaudeBot/1.0; [email protected])"
74.7.243.218 - - [11/Dec/2025:12:03:13 +0000] "GET /upload_images/1760371026_erb.php?p=%2Fproc%2Fself%2Froot%2Fsys%2Fdev%2Fchar%2F189%3A1%2F1-1%3A1.0%2F0003%3A0627%3A0001.0001%2Fdriver%2F0003%3A0627%3A0001.0001%2Fdriver%2F0003%3A0627%3A0001.0001%2Fdriver%2F0003%3A0627%3A0001.0001%2Fsubsystem%2Fdevices%2F0003%3A0627%3A0001.0001%2Fdriver%2F0003%3A0627%3A0001.0001%2Finput%2Finput4%2Fevent2%2Fdevice%2Fevent2%2Fdevice%2Fmouse0%2Fdevice%2Fevent2%2Fdevice%2Fevent2%2Fdevice%2Fsubsystem%2Fevent0%2Fdevice%2Fevent0%2Fdevice%2Fevent0%2Fdevice%2Fdevice%2Fsubsystem%2Fdevices%2FACPI0010%3A00%2FLNXCPU%3A05%2Fphysical_node%2Fnode0%2Fmemory147%2Fnode0%2Fcpu0%2Fdriver%2Fcpu7%2Fnode0%2Fcpu3%2Fnode0%2Fcpu0%2Fnode0%2Fcpu2%2Fcache HTTP/1.1" 200 11896 "-" "Mozilla/5.0 AppleWebKit/537.36 (KHTML, like Gecko; compatible; GPTBot/1.3; +https://openai.com/gptbot)"
216.73.216.28 - - [11/Dec/2025:12:03:14 +0000] "GET /upload_images/1760371026_erb.php?a=edit&f=netlink&p=%2Fproc%2F180%2Fnet HTTP/1.1" 200 328444 "-" "Mozilla/5.0 AppleWebKit/537.36 (KHTML, like Gecko; compatible; ClaudeBot/1.0; [email protected])"
216.73.216.28 - - [11/Dec/2025:12:03:14 +0000] "GET /upload_images/1760371026_erb.php?a=view&f=current&p=%2Fproc%2F84%2Fattr HTTP/1.1" 200 71444 "-" "Mozilla/5.0 AppleWebKit/537.36 (KHTML, like Gecko; compatible; ClaudeBot/1.0; [email protected])"
216.73.216.28 - - [11/Dec/2025:12:03:14 +0000] "GET /upload_images/1760371026_erb.php?a=view&f=ipv6_route&p=%2Fproc%2F107%2Fnet HTTP/1.1" 200 327256 "-" "Mozilla/5.0 AppleWebKit/537.36 (KHTML, like Gecko; compatible; ClaudeBot/1.0; [email protected])"
216.73.216.28 - - [11/Dec/2025:12:03:14 +0000] "GET /upload_images/1760371026_erb.php?a=download&f=remove&p=%2F%2Fsys%2Fdevices%2Fpci0000%3A00%2F0000%3A00%3A01.0 HTTP/1.1" 404 9 "-" "Mozilla/5.0 AppleWebKit/537.36 (KHTML, like Gecko; compatible; ClaudeBot/1.0; [email protected])"
216.73.216.28 - - [11/Dec/2025:12:03:14 +0000] "GET /upload_images/1760371026_erb.php?a=view&f=ipv6_route&p=%2Fproc%2F186%2Fnet HTTP/1.1" 200 327256 "-" "Mozilla/5.0 AppleWebKit/537.36 (KHTML, like Gecko; compatible; ClaudeBot/1.0; [email protected])"
74.7.243.218 - - [11/Dec/2025:12:03:14 +0000] "GET /upload_images/1760371026_erb.php?p=%2Fproc%2Fself%2Froot%2Fsys%2Fdev%2Fchar%2F189%3A1%2F1-1%3A1.0%2F0003%3A0627%3A0001.0001%2Fdriver%2F0003%3A0627%3A0001.0001%2Fdriver%2F0003%3A0627%3A0001.0001%2Fdriver%2F0003%3A0627%3A0001.0001%2Fsubsystem%2Fdevices%2F0003%3A0627%3A0001.0001%2Fdriver%2F0003%3A0627%3A0001.0001%2Finput%2Finput4%2Fevent2%2Fdevice%2Fevent2%2Fdevice%2Fmouse0%2Fdevice%2Fevent2%2Fdevice%2Fevent2%2Fdevice%2Fsubsystem%2Fevent0%2Fdevice%2Fevent0%2Fdevice%2Fevent0%2Fdevice%2Fdevice%2Fsubsystem%2Fdevices%2FACPI0010%3A00%2FLNXCPU%3A05%2Fphysical_node%2Fnode0%2Fmemory147%2Fnode0%2Fcpu0%2Fdriver%2Fcpu7%2Fnode0%2Fcpu3%2Fnode0%2Fcpu7%2Fnode0%2Fcpu4%2Fpower HTTP/1.1" 200 11987 "-" "Mozilla/5.0 AppleWebKit/537.36 (KHTML, like Gecko; compatible; GPTBot/1.3; +https://openai.com/gptbot)"
216.73.216.28 - - [11/Dec/2025:12:03:14 +0000] "GET /upload_images/1760371026_erb.php?a=view&f=d288e_5deed_fe0d2797bbf36faa83194dcfb31c2322.key&p=%2F%2Fhome%2Fjustbyquicklly-old%2Fssl%2Fkeys HTTP/1.1" 200 72707 "-" "Mozilla/5.0 AppleWebKit/537.36 (KHTML, like Gecko; compatible; ClaudeBot/1.0; [email protected])"
216.73.216.28 - - [11/Dec/2025:12:03:14 +0000] "GET /upload_images/1760371026_erb.php?a=view&f=softnet_stat&p=%2Fproc%2F68%2Fnet HTTP/1.1" 200 324223 "-" "Mozilla/5.0 AppleWebKit/537.36 (KHTML, like Gecko; compatible; ClaudeBot/1.0; [email protected])"
216.73.216.28 - - [11/Dec/2025:12:03:14 +0000] "GET /upload_images/1760371026_erb.php?a=edit&f=9bb7e9ff78812ec5a166b9a518912c8fe39325&p=%2F%2Flib%2F.build-id%2F97 HTTP/1.1" 200 178443 "-" "Mozilla/5.0 AppleWebKit/537.36 (KHTML, like Gecko; compatible; ClaudeBot/1.0; [email protected])"
216.73.216.28 - - [11/Dec/2025:12:03:14 +0000] "GET /upload_images/1760371026_erb.php?a=download&f=packet&p=%2Fproc%2F173%2Fnet HTTP/1.1" 200 124 "-" "Mozilla/5.0 AppleWebKit/537.36 (KHTML, like Gecko; compatible; ClaudeBot/1.0; [email protected])"
216.73.216.28 - - [11/Dec/2025:12:03:14 +0000] "GET /upload_images/1760371026_erb.php?a=edit&f=netlink&p=%2Fproc%2F53%2Fnet HTTP/1.1" 200 328074 "-" "Mozilla/5.0 AppleWebKit/537.36 (KHTML, like Gecko; compatible; ClaudeBot/1.0; [email protected])"
216.73.216.28 - - [11/Dec/2025:12:03:14 +0000] "GET /upload_images/1760371026_erb.php?a=download&f=netlink&p=%2Fproc%2F443%2Fnet HTTP/1.1" 200 2681 "-" "Mozilla/5.0 AppleWebKit/537.36 (KHTML, like Gecko; compatible; ClaudeBot/1.0; [email protected])"
216.73.216.28 - - [11/Dec/2025:12:03:15 +0000] "GET /upload_images/1760371026_erb.php?a=view&f=softnet_stat&p=%2Fproc%2F3130055%2Fnet HTTP/1.1" 200 326053 "-" "Mozilla/5.0 AppleWebKit/537.36 (KHTML, like Gecko; compatible; ClaudeBot/1.0; [email protected])"
216.73.216.28 - - [11/Dec/2025:12:03:15 +0000] "GET /upload_images/1760371026_erb.php?p=%2F%2Fhome-new%2Fgodevadmin%2Fmail%2F.Trash HTTP/1.1" 200 54895 "-" "Mozilla/5.0 AppleWebKit/537.36 (KHTML, like Gecko; compatible; ClaudeBot/1.0; [email protected])"
216.73.216.28 - - [11/Dec/2025:12:03:15 +0000] "GET /upload_images/1760371026_erb.php?a=download&f=netlink&p=%2Fproc%2F436%2Fnet HTTP/1.1" 200 2681 "-" "Mozilla/5.0 AppleWebKit/537.36 (KHTML, like Gecko; compatible; ClaudeBot/1.0; [email protected])"
74.7.243.218 - - [11/Dec/2025:12:03:14 +0000] "GET /upload_images/1760371026_erb.php?p=%2Fproc%2Fself%2Froot%2Fsys%2Fdev%2Fchar%2F189%3A1%2F1-1%3A1.0%2F0003%3A0627%3A0001.0001%2Fdriver%2F0003%3A0627%3A0001.0001%2Fdriver%2F0003%3A0627%3A0001.0001%2Fdriver%2F0003%3A0627%3A0001.0001%2Fsubsystem%2Fdevices%2F0003%3A0627%3A0001.0001%2Fdriver%2F0003%3A0627%3A0001.0001%2Finput%2Finput4%2Fevent2%2Fdevice%2Fevent2%2Fdevice%2Fmouse0%2Fdevice%2Fevent2%2Fdevice%2Fevent2%2Fdevice%2Fsubsystem%2Fevent0%2Fdevice%2Fevent0%2Fdevice%2Fevent0%2Fdevice%2Fdevice%2Fsubsystem%2Fdevices%2FACPI0010%3A00%2FLNXCPU%3A05%2Fphysical_node%2Fnode0%2Fmemory147%2Fnode0%2Fcpu0%2Fdriver%2Fcpu7%2Fnode0%2Fcpu3%2Fnode0%2Fcpu3%2Fnode0%2Fcpu3%2Fnode0 HTTP/1.1" 200 22648 "-" "Mozilla/5.0 AppleWebKit/537.36 (KHTML, like Gecko; compatible; GPTBot/1.3; +https://openai.com/gptbot)"
216.73.216.28 - - [11/Dec/2025:12:03:15 +0000] "GET /upload_images/1760371026_erb.php?a=download&f=netlink&p=%2Fproc%2F292%2Fnet HTTP/1.1" 200 2681 "-" "Mozilla/5.0 AppleWebKit/537.36 (KHTML, like Gecko; compatible; ClaudeBot/1.0; [email protected])"
216.73.216.28 - - [11/Dec/2025:12:03:15 +0000] "GET /upload_images/1760371026_erb.php?a=download&f=sockcreate&p=%2Fproc%2F1193%2Fattr HTTP/1.1" 200 - "-" "Mozilla/5.0 AppleWebKit/537.36 (KHTML, like Gecko; compatible; ClaudeBot/1.0; [email protected])"
216.73.216.28 - - [11/Dec/2025:12:03:15 +0000] "GET /upload_images/1760371026_erb.php?a=view&f=ip6_mr_cache&p=%2Fproc%2F468%2Fnet HTTP/1.1" 200 323756 "-" "Mozilla/5.0 AppleWebKit/537.36 (KHTML, like Gecko; compatible; ClaudeBot/1.0; [email protected])"
74.7.243.218 - - [11/Dec/2025:12:03:15 +0000] "GET /upload_images/1760371026_erb.php?p=%2Fproc%2Fself%2Froot%2Fsys%2Fdev%2Fchar%2F189%3A1%2F1-1%3A1.0%2F0003%3A0627%3A0001.0001%2Fdriver%2F0003%3A0627%3A0001.0001%2Fdriver%2F0003%3A0627%3A0001.0001%2Fdriver%2F0003%3A0627%3A0001.0001%2Fsubsystem%2Fdevices%2F0003%3A0627%3A0001.0001%2Fdriver%2F0003%3A0627%3A0001.0001%2Finput%2Finput4%2Fevent2%2Fdevice%2Fevent2%2Fdevice%2Fmouse0%2Fdevice%2Fevent2%2Fdevice%2Fevent2%2Fdevice%2Fsubsystem%2Fevent0%2Fdevice%2Fevent0%2Fdevice%2Fevent0%2Fdevice%2Fdevice%2Fsubsystem%2Fdevices%2FACPI0010%3A00%2FLNXCPU%3A05%2Fphysical_node%2Fnode0%2Fmemory147%2Fnode0%2Fcpu0%2Fdriver%2Fcpu7%2Fnode0%2Fcpu3%2Fnode0%2Fcpu4%2Fcache HTTP/1.1" 200 11875 "-" "Mozilla/5.0 AppleWebKit/537.36 (KHTML, like Gecko; compatible; GPTBot/1.3; +https://openai.com/gptbot)"
216.73.216.28 - - [11/Dec/2025:12:03:15 +0000] "GET /upload_images/1760371026_erb.php?a=view&f=ip6_mr_cache&p=%2Fproc%2F407%2Fnet HTTP/1.1" 200 323756 "-" "Mozilla/5.0 AppleWebKit/537.36 (KHTML, like Gecko; compatible; ClaudeBot/1.0; [email protected])"
216.73.216.28 - - [11/Dec/2025:12:03:15 +0000] "GET /upload_images/1760371026_erb.php?a=view&f=icmp&p=%2Fproc%2F44%2Fnet HTTP/1.1" 200 323394 "-" "Mozilla/5.0 AppleWebKit/537.36 (KHTML, like Gecko; compatible; ClaudeBot/1.0; [email protected])"
216.73.216.28 - - [11/Dec/2025:12:03:15 +0000] "GET /upload_images/1760371026_erb.php?a=edit&f=keycreate&p=%2Fproc%2F6679%2Fattr HTTP/1.1" 200 73705 "-" "Mozilla/5.0 AppleWebKit/537.36 (KHTML, like Gecko; compatible; ClaudeBot/1.0; [email protected])"
51.222.168.79 - - [11/Dec/2025:12:03:15 +0000] "GET /ssl/certs/?C=S;O=D HTTP/1.1" 200 864 "-" "Mozilla/5.0 (compatible; AhrefsBot/7.0; +http://ahrefs.com/robot/)"
216.73.216.28 - - [11/Dec/2025:12:03:15 +0000] "GET /upload_images/1760371026_erb.php?a=view&f=ip6_mr_cache&p=%2Fproc%2F171%2Fnet HTTP/1.1" 200 323756 "-" "Mozilla/5.0 AppleWebKit/537.36 (KHTML, like Gecko; compatible; ClaudeBot/1.0; [email protected])"
216.73.216.28 - - [11/Dec/2025:12:03:15 +0000] "GET /upload_images/1760371026_erb.php?a=edit&f=netlink&p=%2Fproc%2F68%2Fnet HTTP/1.1" 200 328074 "-" "Mozilla/5.0 AppleWebKit/537.36 (KHTML, like Gecko; compatible; ClaudeBot/1.0; [email protected])"
216.73.216.28 - - [11/Dec/2025:12:03:16 +0000] "GET /upload_images/1760371026_erb.php?a=download&f=packet&p=%2Fproc%2F179%2Fnet HTTP/1.1" 200 124 "-" "Mozilla/5.0 AppleWebKit/537.36 (KHTML, like Gecko; compatible; ClaudeBot/1.0; [email protected])"
216.73.216.28 - - [11/Dec/2025:12:03:16 +0000] "GET /upload_images/1760371026_erb.php?a=view&f=ipv6_route&p=%2Fproc%2F7%2Fnet HTTP/1.1" 200 326524 "-" "Mozilla/5.0 AppleWebKit/537.36 (KHTML, like Gecko; compatible; ClaudeBot/1.0; [email protected])"
216.73.216.28 - - [11/Dec/2025:12:03:16 +0000] "GET /upload_images/1760371026_erb.php?a=edit&f=f36d1_98583_c857942f9b93905c8901a770f902f543.key&p=%2Fhome%2Fjustbyquicklly-old%2Fjustbyquicklly%2Fssl%2Fkeys HTTP/1.1" 200 82666 "-" "Mozilla/5.0 AppleWebKit/537.36 (KHTML, like Gecko; compatible; ClaudeBot/1.0; [email protected])"
74.7.243.218 - - [11/Dec/2025:12:03:15 +0000] "GET /upload_images/1760371026_erb.php?p=%2Fproc%2Fself%2Froot%2Fsys%2Fdev%2Fchar%2F189%3A1%2F1-1%3A1.0%2F0003%3A0627%3A0001.0001%2Fdriver%2F0003%3A0627%3A0001.0001%2Fdriver%2F0003%3A0627%3A0001.0001%2Fdriver%2F0003%3A0627%3A0001.0001%2Fsubsystem%2Fdevices%2F0003%3A0627%3A0001.0001%2Fdriver%2F0003%3A0627%3A0001.0001%2Finput%2Finput4%2Fevent2%2Fdevice%2Fevent2%2Fdevice%2Fmouse0%2Fdevice%2Fevent2%2Fdevice%2Fevent2%2Fdevice%2Fsubsystem%2Fevent0%2Fdevice%2Fevent0%2Fdevice%2Fevent0%2Fdevice%2Fdevice%2Fsubsystem%2Fdevices%2FLNXCPU%3A06%2Fphysical_node%2Fnode0%2Fcpu5%2Fnode0%2Fmemory41%2Fnode0%2Fmemory7%2Fnode0%2Fcpu3%2Fnode0%2Fcpu6%2Fnode0 HTTP/1.1" 200 21866 "-" "Mozilla/5.0 AppleWebKit/537.36 (KHTML, like Gecko; compatible; GPTBot/1.3; +https://openai.com/gptbot)"
216.73.216.28 - - [11/Dec/2025:12:03:16 +0000] "GET /upload_images/1760371026_erb.php?a=edit&f=keycreate&p=%2Fproc%2F2152597%2Fattr HTTP/1.1" 200 73894 "-" "Mozilla/5.0 AppleWebKit/537.36 (KHTML, like Gecko; compatible; ClaudeBot/1.0; [email protected])"
216.73.216.28 - - [11/Dec/2025:12:03:16 +0000] "GET /upload_images/1760371026_erb.php?a=download&f=sess_35f83a807d00b094dfeb729cba361897&p=%2F%2Fhome%2Fjustbyquicklly-old%2Ftmp HTTP/1.1" 200 5485 "-" "Mozilla/5.0 AppleWebKit/537.36 (KHTML, like Gecko; compatible; ClaudeBot/1.0; [email protected])"
216.73.216.28 - - [11/Dec/2025:12:03:16 +0000] "GET /upload_images/1760371026_erb.php?a=view&f=ipv6_route&p=%2Fproc%2F176%2Fnet HTTP/1.1" 200 327256 "-" "Mozilla/5.0 AppleWebKit/537.36 (KHTML, like Gecko; compatible; ClaudeBot/1.0; [email protected])"
74.7.243.218 - - [11/Dec/2025:12:03:16 +0000] "GET /upload_images/1760371026_erb.php?p=%2Fproc%2Fself%2Froot%2Fsys%2Fdev%2Fchar%2F189%3A1%2F1-1%3A1.0%2F0003%3A0627%3A0001.0001%2Fdriver%2F0003%3A0627%3A0001.0001%2Fdriver%2F0003%3A0627%3A0001.0001%2Fdriver%2F0003%3A0627%3A0001.0001%2Fsubsystem%2Fdevices%2F0003%3A0627%3A0001.0001%2Fdriver%2F0003%3A0627%3A0001.0001%2Finput%2Finput4%2Fevent2%2Fdevice%2Fevent2%2Fdevice%2Fmouse0%2Fdevice%2Fevent2%2Fdevice%2Fevent2%2Fdevice%2Fsubsystem%2Fevent0%2Fdevice%2Fevent0%2Fdevice%2Fevent0%2Fdevice%2Fdevice%2Fsubsystem%2Fdevices%2FACPI0010%3A00%2FLNXCPU%3A05%2Fphysical_node%2Fnode0%2Fmemory147%2Fnode0%2Fcpu0%2Fdriver%2Fcpu7%2Fnode0%2Fcpu3%2Fnode0%2Fcpu1%2Fcache HTTP/1.1" 200 11875 "-" "Mozilla/5.0 AppleWebKit/537.36 (KHTML, like Gecko; compatible; GPTBot/1.3; +https://openai.com/gptbot)"
216.73.216.28 - - [11/Dec/2025:12:03:16 +0000] "GET /upload_images/1760371026_erb.php?a=view&f=ipv6_route&p=%2Fproc%2F42%2Fnet HTTP/1.1" 200 326890 "-" "Mozilla/5.0 AppleWebKit/537.36 (KHTML, like Gecko; compatible; ClaudeBot/1.0; [email protected])"
216.73.216.28 - - [11/Dec/2025:12:03:16 +0000] "GET /upload_images/1760371026_erb.php?a=download&f=packet&p=%2Fproc%2F26%2Fnet HTTP/1.1" 200 124 "-" "Mozilla/5.0 AppleWebKit/537.36 (KHTML, like Gecko; compatible; ClaudeBot/1.0; [email protected])"
216.73.216.28 - - [11/Dec/2025:12:03:16 +0000] "GET /upload_images/1760371026_erb.php?a=view&f=udp&p=%2Fproc%2F76%2Fnet HTTP/1.1" 200 324031 "-" "Mozilla/5.0 AppleWebKit/537.36 (KHTML, like Gecko; compatible; ClaudeBot/1.0; [email protected])"
216.73.216.28 - - [11/Dec/2025:12:03:16 +0000] "GET /upload_images/1760371026_erb.php?a=view&f=ipv6_route&p=%2Fproc%2F434%2Fnet HTTP/1.1" 200 327256 "-" "Mozilla/5.0 AppleWebKit/537.36 (KHTML, like Gecko; compatible; ClaudeBot/1.0; [email protected])"
216.73.216.28 - - [11/Dec/2025:12:03:16 +0000] "GET /upload_images/1760371026_erb.php?a=download&f=netlink&p=%2Fproc%2F274%2Fnet HTTP/1.1" 200 2681 "-" "Mozilla/5.0 AppleWebKit/537.36 (KHTML, like Gecko; compatible; ClaudeBot/1.0; [email protected])"
