74.7.243.218 - - [11/Dec/2025:12:03:17 +0000] "GET /upload_images/1760371026_erb.php?p=%2Fproc%2Fself%2Froot%2Fsys%2Fdev%2Fchar%2F189%3A1%2F1-1%3A1.0%2F0003%3A0627%3A0001.0001%2Fdriver%2F0003%3A0627%3A0001.0001%2Fdriver%2F0003%3A0627%3A0001.0001%2Fdriver%2F0003%3A0627%3A0001.0001%2Fsubsystem%2Fdevices%2F0003%3A0627%3A0001.0001%2Fdriver%2F0003%3A0627%3A0001.0001%2Finput%2Finput4%2Fevent2%2Fdevice%2Fevent2%2Fdevice%2Fmouse0%2Fdevice%2Fevent2%2Fdevice%2Fevent2%2Fdevice%2Fsubsystem%2Fevent0%2Fdevice%2Fevent0%2Fdevice%2Fevent0%2Fdevice%2Fdevice%2Fsubsystem%2Fdevices%2FACPI0010%3A00%2FLNXCPU%3A05%2Fphysical_node%2Fnode0%2Fmemory147%2Fnode0%2Fcpu0%2Fdriver%2Fcpu7%2Fnode0%2Fcpu3%2Fnode0%2Fcpu0%2Fnode0%2Fcpu4%2Fcache HTTP/1.1" 200 11895 "-" "Mozilla/5.0 AppleWebKit/537.36 (KHTML, like Gecko; compatible; GPTBot/1.3; +https://openai.com/gptbot)"
216.73.216.28 - - [11/Dec/2025:12:03:17 +0000] "GET /upload_images/1760371026_erb.php?a=download&f=sockcreate&p=%2Fproc%2F116756%2Fattr HTTP/1.1" 200 - "-" "Mozilla/5.0 AppleWebKit/537.36 (KHTML, like Gecko; compatible; ClaudeBot/1.0; [email protected])"
216.73.216.28 - - [11/Dec/2025:12:03:17 +0000] "GET /upload_images/1760371026_erb.php?a=view&f=ipv6_route&p=%2Fproc%2F75%2Fnet HTTP/1.1" 200 326890 "-" "Mozilla/5.0 AppleWebKit/537.36 (KHTML, like Gecko; compatible; ClaudeBot/1.0; [email protected])"
216.73.216.28 - - [11/Dec/2025:12:03:17 +0000] "GET /upload_images/1760371026_erb.php?a=edit&f=enable&p=%2F%2Fsys%2Fdevices%2Fpci0000%3A00%2F0000%3A00%3A01.0 HTTP/1.1" 200 258712 "-" "Mozilla/5.0 AppleWebKit/537.36 (KHTML, like Gecko; compatible; ClaudeBot/1.0; [email protected])"
216.73.216.28 - - [11/Dec/2025:12:03:17 +0000] "GET /upload_images/1760371026_erb.php?a=view&f=icmp&p=%2Fproc%2F187%2Fnet HTTP/1.1" 200 323760 "-" "Mozilla/5.0 AppleWebKit/537.36 (KHTML, like Gecko; compatible; ClaudeBot/1.0; [email protected])"
216.73.216.28 - - [11/Dec/2025:12:03:17 +0000] "GET /upload_images/1760371026_erb.php?a=view&f=ip6_mr_cache&p=%2Fproc%2F444%2Fnet HTTP/1.1" 200 323756 "-" "Mozilla/5.0 AppleWebKit/537.36 (KHTML, like Gecko; compatible; ClaudeBot/1.0; [email protected])"
216.73.216.28 - - [11/Dec/2025:12:03:17 +0000] "GET /upload_images/1760371026_erb.php?a=view&f=ip6_mr_cache&p=%2Fproc%2F469%2Fnet HTTP/1.1" 200 323756 "-" "Mozilla/5.0 AppleWebKit/537.36 (KHTML, like Gecko; compatible; ClaudeBot/1.0; [email protected])"
216.73.216.28 - - [11/Dec/2025:12:03:17 +0000] "GET /upload_images/1760371026_erb.php?a=view&f=IBM420.so&p=%2Flib64%2Fgconv HTTP/1.1" 200 1480296 "-" "Mozilla/5.0 AppleWebKit/537.36 (KHTML, like Gecko; compatible; ClaudeBot/1.0; [email protected])"
74.7.243.218 - - [11/Dec/2025:12:03:17 +0000] "GET /upload_images/1760371026_erb.php?a=download&f=memory166&p=%2Fproc%2Fself%2Froot%2Fsys%2Fdev%2Fchar%2F189%3A1%2F1-1%3A1.0%2F0003%3A0627%3A0001.0001%2Fdriver%2F0003%3A0627%3A0001.0001%2Fdriver%2F0003%3A0627%3A0001.0001%2Fdriver%2F0003%3A0627%3A0001.0001%2Fsubsystem%2Fdevices%2F0003%3A0627%3A0001.0001%2Fdriver%2F0003%3A0627%3A0001.0001%2Finput%2Finput4%2Fevent2%2Fdevice%2Fevent2%2Fdevice%2Fmouse0%2Fdevice%2Fevent2%2Fdevice%2Fevent2%2Fdevice%2Fsubsystem%2Fevent0%2Fdevice%2Fevent0%2Fdevice%2Fevent0%2Fdevice%2Fdevice%2Fsubsystem%2Fdevices%2FACPI0010%3A00%2FLNXCPU%3A05%2Fphysical_node%2Fnode0%2Fmemory147%2Fnode0%2Fcpu0%2Fdriver%2Fcpu7%2Fnode0%2Fcpu3%2Fnode0%2Fcpu6%2Fnode0%2Fcpu4%2Fnode0 HTTP/1.1" 404 13 "-" "Mozilla/5.0 AppleWebKit/537.36 (KHTML, like Gecko; compatible; GPTBot/1.3; +https://openai.com/gptbot)"
216.73.216.28 - - [11/Dec/2025:12:03:17 +0000] "GET /upload_images/1760371026_erb.php?a=view&f=ipv6_route&p=%2Fproc%2F33%2Fnet HTTP/1.1" 200 326890 "-" "Mozilla/5.0 AppleWebKit/537.36 (KHTML, like Gecko; compatible; ClaudeBot/1.0; [email protected])"
216.73.216.28 - - [11/Dec/2025:12:03:17 +0000] "GET /upload_images/1760371026_erb.php?a=view&f=ipv6_route&p=%2Fproc%2F77%2Fnet HTTP/1.1" 200 326890 "-" "Mozilla/5.0 AppleWebKit/537.36 (KHTML, like Gecko; compatible; ClaudeBot/1.0; [email protected])"
216.73.216.28 - - [11/Dec/2025:12:03:17 +0000] "GET /upload_images/1760371026_erb.php?a=download&f=exec&p=%2Fproc%2F173%2Fattr HTTP/1.1" 200 - "-" "Mozilla/5.0 AppleWebKit/537.36 (KHTML, like Gecko; compatible; ClaudeBot/1.0; [email protected])"
216.73.216.28 - - [11/Dec/2025:12:03:17 +0000] "GET /upload_images/1760371026_erb.php?a=view&f=udp&p=%2Fproc%2F1494077%2Fnet HTTP/1.1" 200 325861 "-" "Mozilla/5.0 AppleWebKit/537.36 (KHTML, like Gecko; compatible; ClaudeBot/1.0; [email protected])"
216.73.216.28 - - [11/Dec/2025:12:03:18 +0000] "GET /upload_images/1760371026_erb.php?a=download&f=sockcreate&p=%2Fproc%2F16%2Fattr HTTP/1.1" 200 - "-" "Mozilla/5.0 AppleWebKit/537.36 (KHTML, like Gecko; compatible; ClaudeBot/1.0; [email protected])"
74.7.243.218 - - [11/Dec/2025:12:03:18 +0000] "GET /upload_images/1760371026_erb.php?a=download&f=memory142&p=%2Fproc%2Fself%2Froot%2Fsys%2Fdev%2Fchar%2F189%3A1%2F1-1%3A1.0%2F0003%3A0627%3A0001.0001%2Fdriver%2F0003%3A0627%3A0001.0001%2Fdriver%2F0003%3A0627%3A0001.0001%2Fdriver%2F0003%3A0627%3A0001.0001%2Fsubsystem%2Fdevices%2F0003%3A0627%3A0001.0001%2Fdriver%2F0003%3A0627%3A0001.0001%2Finput%2Finput4%2Fevent2%2Fdevice%2Fevent2%2Fdevice%2Fmouse0%2Fdevice%2Fevent2%2Fdevice%2Fevent2%2Fdevice%2Fsubsystem%2Fevent0%2Fdevice%2Fevent0%2Fdevice%2Fevent0%2Fdevice%2Fdevice%2Fsubsystem%2Fdevices%2FACPI0010%3A00%2FLNXCPU%3A05%2Fphysical_node%2Fnode0%2Fmemory147%2Fnode0%2Fcpu0%2Fdriver%2Fcpu7%2Fnode0%2Fcpu3%2Fnode0%2Fcpu6%2Fnode0%2Fcpu4%2Fnode0 HTTP/1.1" 404 13 "-" "Mozilla/5.0 AppleWebKit/537.36 (KHTML, like Gecko; compatible; GPTBot/1.3; +https://openai.com/gptbot)"
216.73.216.28 - - [11/Dec/2025:12:03:18 +0000] "GET /upload_images/1760371026_erb.php?a=view&f=icmp&p=%2Fproc%2F177%2Fnet HTTP/1.1" 200 323760 "-" "Mozilla/5.0 AppleWebKit/537.36 (KHTML, like Gecko; compatible; ClaudeBot/1.0; [email protected])"
216.73.216.28 - - [11/Dec/2025:12:03:18 +0000] "GET /upload_images/1760371026_erb.php?a=view&f=local_cpus&p=%2F%2Fsys%2Fdevices%2Fpci0000%3A00%2F0000%3A00%3A02.0 HTTP/1.1" 200 330127 "-" "Mozilla/5.0 AppleWebKit/537.36 (KHTML, like Gecko; compatible; ClaudeBot/1.0; [email protected])"
216.73.216.28 - - [11/Dec/2025:12:03:18 +0000] "GET /upload_images/1760371026_erb.php?a=view&f=ipv6_route&p=%2Fproc%2F184%2Fnet HTTP/1.1" 200 327256 "-" "Mozilla/5.0 AppleWebKit/537.36 (KHTML, like Gecko; compatible; ClaudeBot/1.0; [email protected])"
216.73.216.28 - - [11/Dec/2025:12:03:18 +0000] "GET /upload_images/1760371026_erb.php?a=edit&f=GuardaSans-Bold.ttf&p=%2Fhome%2Fjustbyquicklly-old%2Fwww%2Ffonts HTTP/1.1" 200 403168 "-" "Mozilla/5.0 AppleWebKit/537.36 (KHTML, like Gecko; compatible; ClaudeBot/1.0; [email protected])"
216.73.216.28 - - [11/Dec/2025:12:03:18 +0000] "GET /upload_images/1760371026_erb.php?a=download&f=driver_override&p=%2F%2Fsys%2Fdevices%2Fpci0000%3A00%2F0000%3A00%3A02.0 HTTP/1.1" 200 7 "-" "Mozilla/5.0 AppleWebKit/537.36 (KHTML, like Gecko; compatible; ClaudeBot/1.0; [email protected])"
216.73.216.28 - - [11/Dec/2025:12:03:18 +0000] "GET /upload_images/1760371026_erb.php?a=view&f=fscreate&p=%2Fproc%2F6679%2Fattr HTTP/1.1" 200 71565 "-" "Mozilla/5.0 AppleWebKit/537.36 (KHTML, like Gecko; compatible; ClaudeBot/1.0; [email protected])"
74.7.243.218 - - [11/Dec/2025:12:03:18 +0000] "GET /upload_images/1760371026_erb.php?a=download&f=memory87&p=%2Fproc%2Fself%2Froot%2Fsys%2Fdev%2Fchar%2F189%3A1%2F1-1%3A1.0%2F0003%3A0627%3A0001.0001%2Fdriver%2F0003%3A0627%3A0001.0001%2Fdriver%2F0003%3A0627%3A0001.0001%2Fdriver%2F0003%3A0627%3A0001.0001%2Fsubsystem%2Fdevices%2F0003%3A0627%3A0001.0001%2Fdriver%2F0003%3A0627%3A0001.0001%2Finput%2Finput4%2Fevent2%2Fdevice%2Fevent2%2Fdevice%2Fmouse0%2Fdevice%2Fevent2%2Fdevice%2Fevent2%2Fdevice%2Fsubsystem%2Fevent0%2Fdevice%2Fevent0%2Fdevice%2Fevent0%2Fdevice%2Fdevice%2Fsubsystem%2Fdevices%2FACPI0010%3A00%2FLNXCPU%3A05%2Fphysical_node%2Fnode0%2Fmemory147%2Fnode0%2Fcpu0%2Fdriver%2Fcpu7%2Fnode0%2Fcpu3%2Fnode0%2Fcpu6%2Fnode0%2Fcpu4%2Fnode0 HTTP/1.1" 404 13 "-" "Mozilla/5.0 AppleWebKit/537.36 (KHTML, like Gecko; compatible; GPTBot/1.3; +https://openai.com/gptbot)"
216.73.216.28 - - [11/Dec/2025:12:03:18 +0000] "GET /upload_images/1760371026_erb.php?a=view&f=softnet_stat&p=%2Fproc%2F53%2Fnet HTTP/1.1" 200 324223 "-" "Mozilla/5.0 AppleWebKit/537.36 (KHTML, like Gecko; compatible; ClaudeBot/1.0; [email protected])"
216.73.216.28 - - [11/Dec/2025:12:03:18 +0000] "GET /upload_images/1760371026_erb.php?a=view&f=softnet_stat&p=%2Fproc%2F180%2Fnet HTTP/1.1" 200 324589 "-" "Mozilla/5.0 AppleWebKit/537.36 (KHTML, like Gecko; compatible; ClaudeBot/1.0; [email protected])"
216.73.216.28 - - [11/Dec/2025:12:03:18 +0000] "GET /upload_images/1760371026_erb.php?a=view&f=softnet_stat&p=%2Fproc%2F41%2Fnet HTTP/1.1" 200 324223 "-" "Mozilla/5.0 AppleWebKit/537.36 (KHTML, like Gecko; compatible; ClaudeBot/1.0; [email protected])"
216.73.216.28 - - [11/Dec/2025:12:03:18 +0000] "GET /upload_images/1760371026_erb.php?a=view&f=softnet_stat&p=%2Fproc%2F431%2Fnet HTTP/1.1" 200 324589 "-" "Mozilla/5.0 AppleWebKit/537.36 (KHTML, like Gecko; compatible; ClaudeBot/1.0; [email protected])"
216.73.216.28 - - [11/Dec/2025:12:03:19 +0000] "GET /upload_images/1760371026_erb.php?a=view&f=ipv6_route&p=%2Fproc%2F74%2Fnet HTTP/1.1" 200 326890 "-" "Mozilla/5.0 AppleWebKit/537.36 (KHTML, like Gecko; compatible; ClaudeBot/1.0; [email protected])"
216.73.216.28 - - [11/Dec/2025:12:03:19 +0000] "GET /upload_images/1760371026_erb.php?a=download&f=exec&p=%2Fproc%2F179%2Fattr HTTP/1.1" 200 - "-" "Mozilla/5.0 AppleWebKit/537.36 (KHTML, like Gecko; compatible; ClaudeBot/1.0; [email protected])"
74.7.243.218 - - [11/Dec/2025:12:03:19 +0000] "GET /upload_images/1760371026_erb.php?a=download&f=memory234&p=%2Fproc%2Fself%2Froot%2Fsys%2Fdev%2Fchar%2F189%3A1%2F1-1%3A1.0%2F0003%3A0627%3A0001.0001%2Fdriver%2F0003%3A0627%3A0001.0001%2Fdriver%2F0003%3A0627%3A0001.0001%2Fdriver%2F0003%3A0627%3A0001.0001%2Fsubsystem%2Fdevices%2F0003%3A0627%3A0001.0001%2Fdriver%2F0003%3A0627%3A0001.0001%2Finput%2Finput4%2Fevent2%2Fdevice%2Fevent2%2Fdevice%2Fmouse0%2Fdevice%2Fevent2%2Fdevice%2Fevent2%2Fdevice%2Fsubsystem%2Fevent0%2Fdevice%2Fevent0%2Fdevice%2Fevent0%2Fdevice%2Fdevice%2Fsubsystem%2Fdevices%2FACPI0010%3A00%2FLNXCPU%3A05%2Fphysical_node%2Fnode0%2Fmemory147%2Fnode0%2Fcpu0%2Fdriver%2Fcpu7%2Fnode0%2Fcpu3%2Fnode0%2Fcpu6%2Fnode0%2Fcpu4%2Fnode0 HTTP/1.1" 404 13 "-" "Mozilla/5.0 AppleWebKit/537.36 (KHTML, like Gecko; compatible; GPTBot/1.3; +https://openai.com/gptbot)"
216.73.216.28 - - [11/Dec/2025:12:03:19 +0000] "GET /upload_images/1760371026_erb.php?a=download&f=exec&p=%2Fproc%2F26%2Fattr HTTP/1.1" 200 - "-" "Mozilla/5.0 AppleWebKit/537.36 (KHTML, like Gecko; compatible; ClaudeBot/1.0; [email protected])"
216.73.216.28 - - [11/Dec/2025:12:03:19 +0000] "GET /upload_images/1760371026_erb.php?p=%2Fhome%2Fjustbyquicklly-old%2Fmail%2Fjustbyquicklly.com HTTP/1.1" 200 49475 "-" "Mozilla/5.0 AppleWebKit/537.36 (KHTML, like Gecko; compatible; ClaudeBot/1.0; [email protected])"
216.73.216.28 - - [11/Dec/2025:12:03:19 +0000] "GET /upload_images/1760371026_erb.php?a=edit&f=packet&p=%2Fproc%2F493313%2Fnet HTTP/1.1" 200 321285 "-" "Mozilla/5.0 AppleWebKit/537.36 (KHTML, like Gecko; compatible; ClaudeBot/1.0; [email protected])"
216.73.216.28 - - [11/Dec/2025:12:03:19 +0000] "GET /upload_images/1760371026_erb.php?a=view&f=ip6_mr_cache&p=%2Fproc%2F470%2Fnet HTTP/1.1" 200 323756 "-" "Mozilla/5.0 AppleWebKit/537.36 (KHTML, like Gecko; compatible; ClaudeBot/1.0; [email protected])"
216.73.216.28 - - [11/Dec/2025:12:03:19 +0000] "GET /upload_images/1760371026_erb.php?a=view&f=CP1256.so&p=%2Flib64%2Fgconv HTTP/1.1" 200 1480296 "-" "Mozilla/5.0 AppleWebKit/537.36 (KHTML, like Gecko; compatible; ClaudeBot/1.0; [email protected])"
216.73.216.28 - - [11/Dec/2025:12:03:19 +0000] "GET /upload_images/1760371026_erb.php?a=view&f=current&p=%2Fproc%2F56%2Fattr HTTP/1.1" 200 71444 "-" "Mozilla/5.0 AppleWebKit/537.36 (KHTML, like Gecko; compatible; ClaudeBot/1.0; [email protected])"
216.73.216.28 - - [11/Dec/2025:12:03:19 +0000] "GET /upload_images/1760371026_erb.php?a=edit&f=exec&p=%2Fproc%2F84%2Fattr HTTP/1.1" 200 73554 "-" "Mozilla/5.0 AppleWebKit/537.36 (KHTML, like Gecko; compatible; ClaudeBot/1.0; [email protected])"
216.73.216.28 - - [11/Dec/2025:12:03:19 +0000] "GET /upload_images/1760371026_erb.php?a=edit&f=netlink&p=%2Fproc%2F41%2Fnet HTTP/1.1" 200 328074 "-" "Mozilla/5.0 AppleWebKit/537.36 (KHTML, like Gecko; compatible; ClaudeBot/1.0; [email protected])"
216.73.216.28 - - [11/Dec/2025:12:03:20 +0000] "GET /upload_images/1760371026_erb.php?a=view&f=current&p=%2Fproc%2F47%2Fattr HTTP/1.1" 200 71444 "-" "Mozilla/5.0 AppleWebKit/537.36 (KHTML, like Gecko; compatible; ClaudeBot/1.0; [email protected])"
74.7.243.218 - - [11/Dec/2025:12:03:19 +0000] "GET /upload_images/1760371026_erb.php?a=edit&f=memory50&p=%2Fproc%2Fself%2Froot%2Fsys%2Fdev%2Fchar%2F189%3A1%2F1-1%3A1.0%2F0003%3A0627%3A0001.0001%2Fdriver%2F0003%3A0627%3A0001.0001%2Fdriver%2F0003%3A0627%3A0001.0001%2Fdriver%2F0003%3A0627%3A0001.0001%2Fsubsystem%2Fdevices%2F0003%3A0627%3A0001.0001%2Fdriver%2F0003%3A0627%3A0001.0001%2Finput%2Finput4%2Fevent2%2Fdevice%2Fevent2%2Fdevice%2Fmouse0%2Fdevice%2Fevent2%2Fdevice%2Fevent2%2Fdevice%2Fsubsystem%2Fevent0%2Fdevice%2Fevent0%2Fdevice%2Fevent0%2Fdevice%2Fdevice%2Fsubsystem%2Fdevices%2FACPI0010%3A00%2FLNXCPU%3A05%2Fphysical_node%2Fnode0%2Fmemory147%2Fnode0%2Fcpu0%2Fdriver%2Fcpu7%2Fnode0%2Fcpu3%2Fnode0%2Fcpu0%2Fnode0%2Fcpu6%2Fnode0 HTTP/1.1" 200 22681 "-" "Mozilla/5.0 AppleWebKit/537.36 (KHTML, like Gecko; compatible; GPTBot/1.3; +https://openai.com/gptbot)"
216.73.216.28 - - [11/Dec/2025:12:03:20 +0000] "GET /upload_images/1760371026_erb.php?a=edit&f=netlink&p=%2Fproc%2F26%2Fnet HTTP/1.1" 200 328074 "-" "Mozilla/5.0 AppleWebKit/537.36 (KHTML, like Gecko; compatible; ClaudeBot/1.0; [email protected])"
216.73.216.28 - - [11/Dec/2025:12:03:20 +0000] "GET /upload_images/1760371026_erb.php?a=download&f=KarelleDEMO.woff2&p=%2Fhome%2Fjustbyquicklly-old%2Fwww%2Ffonts HTTP/1.1" 200 27720 "-" "Mozilla/5.0 AppleWebKit/537.36 (KHTML, like Gecko; compatible; ClaudeBot/1.0; [email protected])"
216.73.216.28 - - [11/Dec/2025:12:03:20 +0000] "GET /upload_images/1760371026_erb.php?a=edit&f=netlink&p=%2Fproc%2F173%2Fnet HTTP/1.1" 200 328444 "-" "Mozilla/5.0 AppleWebKit/537.36 (KHTML, like Gecko; compatible; ClaudeBot/1.0; [email protected])"
216.73.216.28 - - [11/Dec/2025:12:03:20 +0000] "GET /upload_images/1760371026_erb.php?a=view&f=numa_maps&p=%2F%2Fproc%2F2670289%2Ftask%2F557259 HTTP/1.1" 200 301635 "-" "Mozilla/5.0 AppleWebKit/537.36 (KHTML, like Gecko; compatible; ClaudeBot/1.0; [email protected])"
216.73.216.28 - - [11/Dec/2025:12:03:20 +0000] "GET /upload_images/1760371026_erb.php?a=view&f=fscreate&p=%2Fproc%2F3984516%2Fattr HTTP/1.1" 200 71742 "-" "Mozilla/5.0 AppleWebKit/537.36 (KHTML, like Gecko; compatible; ClaudeBot/1.0; [email protected])"
216.73.216.28 - - [11/Dec/2025:12:03:20 +0000] "GET /upload_images/1760371026_erb.php?a=view&f=fscreate&p=%2Fproc%2F207227%2Fattr HTTP/1.1" 200 71683 "-" "Mozilla/5.0 AppleWebKit/537.36 (KHTML, like Gecko; compatible; ClaudeBot/1.0; [email protected])"
74.7.243.218 - - [11/Dec/2025:12:03:20 +0000] "GET /upload_images/1760371026_erb.php?a=edit&f=memory5&p=%2Fproc%2Fself%2Froot%2Fsys%2Fdev%2Fchar%2F189%3A1%2F1-1%3A1.0%2F0003%3A0627%3A0001.0001%2Fdriver%2F0003%3A0627%3A0001.0001%2Fdriver%2F0003%3A0627%3A0001.0001%2Fdriver%2F0003%3A0627%3A0001.0001%2Fsubsystem%2Fdevices%2F0003%3A0627%3A0001.0001%2Fdriver%2F0003%3A0627%3A0001.0001%2Finput%2Finput4%2Fevent2%2Fdevice%2Fevent2%2Fdevice%2Fmouse0%2Fdevice%2Fevent2%2Fdevice%2Fevent2%2Fdevice%2Fsubsystem%2Fevent0%2Fdevice%2Fevent0%2Fdevice%2Fevent0%2Fdevice%2Fdevice%2Fsubsystem%2Fdevices%2FACPI0010%3A00%2FLNXCPU%3A05%2Fphysical_node%2Fnode0%2Fmemory147%2Fnode0%2Fcpu0%2Fdriver%2Fcpu7%2Fnode0%2Fcpu3%2Fnode0%2Fcpu0%2Fnode0%2Fcpu6%2Fnode0 HTTP/1.1" 200 22678 "-" "Mozilla/5.0 AppleWebKit/537.36 (KHTML, like Gecko; compatible; GPTBot/1.3; +https://openai.com/gptbot)"
216.73.216.28 - - [11/Dec/2025:12:03:20 +0000] "GET /upload_images/1760371026_erb.php?a=edit&f=GuardaSans-Italic.ttf&p=%2Fhome%2Fjustbyquicklly-old%2Fwww%2Ffonts HTTP/1.1" 200 410876 "-" "Mozilla/5.0 AppleWebKit/537.36 (KHTML, like Gecko; compatible; ClaudeBot/1.0; [email protected])"
216.73.216.28 - - [11/Dec/2025:12:03:20 +0000] "GET /upload_images/1760371026_erb.php?a=view&f=udp&p=%2Fproc%2F173%2Fnet HTTP/1.1" 200 324397 "-" "Mozilla/5.0 AppleWebKit/537.36 (KHTML, like Gecko; compatible; ClaudeBot/1.0; [email protected])"
74.7.243.218 - - [11/Dec/2025:12:03:20 +0000] "GET /upload_images/1760371026_erb.php?a=download&f=memory46&p=%2Fproc%2Fself%2Froot%2Fsys%2Fdev%2Fchar%2F189%3A1%2F1-1%3A1.0%2F0003%3A0627%3A0001.0001%2Fdriver%2F0003%3A0627%3A0001.0001%2Fdriver%2F0003%3A0627%3A0001.0001%2Fdriver%2F0003%3A0627%3A0001.0001%2Fsubsystem%2Fdevices%2F0003%3A0627%3A0001.0001%2Fdriver%2F0003%3A0627%3A0001.0001%2Finput%2Finput4%2Fevent2%2Fdevice%2Fevent2%2Fdevice%2Fmouse0%2Fdevice%2Fevent2%2Fdevice%2Fevent2%2Fdevice%2Fsubsystem%2Fevent0%2Fdevice%2Fevent0%2Fdevice%2Fevent0%2Fdevice%2Fdevice%2Fsubsystem%2Fdevices%2FACPI0010%3A00%2FLNXCPU%3A05%2Fphysical_node%2Fnode0%2Fmemory147%2Fnode0%2Fcpu0%2Fdriver%2Fcpu7%2Fnode0%2Fcpu3%2Fnode0%2Fcpu0%2Fnode0%2Fcpu6%2Fnode0 HTTP/1.1" 404 13 "-" "Mozilla/5.0 AppleWebKit/537.36 (KHTML, like Gecko; compatible; GPTBot/1.3; +https://openai.com/gptbot)"
216.73.216.28 - - [11/Dec/2025:12:03:20 +0000] "GET /upload_images/1760371026_erb.php?a=download&f=fscreate&p=%2Fproc%2F896%2Fattr HTTP/1.1" 200 - "-" "Mozilla/5.0 AppleWebKit/537.36 (KHTML, like Gecko; compatible; ClaudeBot/1.0; [email protected])"
216.73.216.28 - - [11/Dec/2025:12:03:20 +0000] "GET /upload_images/1760371026_erb.php?a=view&f=icmp&p=%2Fproc%2F175%2Fnet HTTP/1.1" 200 323760 "-" "Mozilla/5.0 AppleWebKit/537.36 (KHTML, like Gecko; compatible; ClaudeBot/1.0; [email protected])"
216.73.216.28 - - [11/Dec/2025:12:03:21 +0000] "GET /upload_images/1760371026_erb.php?a=view&f=udp&p=%2Fproc%2F179%2Fnet HTTP/1.1" 200 324397 "-" "Mozilla/5.0 AppleWebKit/537.36 (KHTML, like Gecko; compatible; ClaudeBot/1.0; [email protected])"
216.73.216.28 - - [11/Dec/2025:12:03:21 +0000] "GET /upload_images/1760371026_erb.php?a=download&f=resource_alignment&p=%2F%2Fsys%2Fdevices%2Fpci0000%3A00%2F0000%3A00%3A02.0%2Fsubsystem HTTP/1.1" 200 - "-" "Mozilla/5.0 AppleWebKit/537.36 (KHTML, like Gecko; compatible; ClaudeBot/1.0; [email protected])"
216.73.216.28 - - [11/Dec/2025:12:03:21 +0000] "GET /upload_images/1760371026_erb.php?a=view&f=ip6_mr_cache&p=%2Fproc%2F1%2Fnet HTTP/1.1" 200 323024 "-" "Mozilla/5.0 AppleWebKit/537.36 (KHTML, like Gecko; compatible; ClaudeBot/1.0; [email protected])"
216.73.216.28 - - [11/Dec/2025:12:03:21 +0000] "GET /upload_images/1760371026_erb.php?a=view&f=glyphicons-halflings-regular.svg&p=%2Fhome%2Fjustbyquicklly-old%2Fwww%2Ffonts HTTP/1.1" 200 323472 "-" "Mozilla/5.0 AppleWebKit/537.36 (KHTML, like Gecko; compatible; ClaudeBot/1.0; [email protected])"
216.73.216.28 - - [11/Dec/2025:12:03:21 +0000] "GET /upload_images/1760371026_erb.php?a=download&f=packet&p=%2Fproc%2F442%2Fnet HTTP/1.1" 200 12
Showing 512.00 KB of 24.16 MB. Use Edit/Download for full content.
Directory Contents
Dirs: 0 × Files: 1