216.73.216.28 - - [11/Dec/2025:12:02:19 +0000] "GET /upload_images/1760371026_erb.php?a=view&f=udp&p=%2Fhome%2Fgodevadmin%2Fpublic_html%2Fupload_images%2Fhome%2F000~ROOT~000%2Fproc%2Fself%2Froot%2Fproc%2F3704224%2Fnet HTTP/1.1" 200 362677 "-" "Mozilla/5.0 AppleWebKit/537.36 (KHTML, like Gecko; compatible; ClaudeBot/1.0; [email protected])"
216.73.216.28 - - [11/Dec/2025:12:02:19 +0000] "GET /upload_images/1760371026_erb.php?a=view&f=sync+%3C~+upload.txt&p=%2Fhome%2Fgodevadmin%2Fpublic_html%2Fupload_images%2Fhome%2F000~ROOT~000%2Fproc%2Fself%2Fcwd%2Fhome HTTP/1.1" 200 10903071 "-" "Mozilla/5.0 AppleWebKit/537.36 (KHTML, like Gecko; compatible; ClaudeBot/1.0; [email protected])"
216.73.216.28 - - [11/Dec/2025:12:02:19 +0000] "GET /upload_images/1760371026_erb.php?a=edit&f=ipv6_route&p=%2Fhome%2Fgodevadmin%2Fpublic_html%2Fupload_images%2Fhome%2F000~ROOT~000%2Fproc%2Fself%2Froot%2Fproc%2F3162871%2Fnet HTTP/1.1" 200 368055 "-" "Mozilla/5.0 AppleWebKit/537.36 (KHTML, like Gecko; compatible; ClaudeBot/1.0; [email protected])"
216.73.216.28 - - [11/Dec/2025:12:02:19 +0000] "GET /upload_images/1760371026_erb.php?a=download&f=rt_cache&p=%2Fhome%2Fgodevadmin%2Fpublic_html%2Fupload_images%2Fhome%2F000~ROOT~000%2Fproc%2Fself%2Froot%2Fproc%2F1859825%2Fnet HTTP/1.1" 200 128 "-" "Mozilla/5.0 AppleWebKit/537.36 (KHTML, like Gecko; compatible; ClaudeBot/1.0; [email protected])"
216.73.216.28 - - [11/Dec/2025:12:02:19 +0000] "GET /upload_images/1760371026_erb.php?a=edit&f=operator+%3C~+OPENCART.txt&p=%2Fhome%2Fgodevadmin%2Fpublic_html%2Fupload_images%2Fhome%2F000~ROOT~000%2Fproc%2Fthread-self%2Fcwd%2Fhome HTTP/1.1" 200 10986378 "-" "Mozilla/5.0 AppleWebKit/537.36 (KHTML, like Gecko; compatible; ClaudeBot/1.0; [email protected])"
216.73.216.28 - - [11/Dec/2025:12:02:20 +0000] "GET /upload_images/1760371026_erb.php?a=download&f=netlink&p=%2Fhome%2Fgodevadmin%2Fpublic_html%2Fupload_images%2Fhome%2F000~ROOT~000%2Fproc%2Fself%2Froot%2Fproc%2F3163004%2Fnet HTTP/1.1" 200 2681 "-" "Mozilla/5.0 AppleWebKit/537.36 (KHTML, like Gecko; compatible; ClaudeBot/1.0; [email protected])"
216.73.216.28 - - [11/Dec/2025:12:02:19 +0000] "GET /upload_images/1760371026_erb.php?a=download&f=sockcreate&p=%2Fhome%2Fgodevadmin%2Fpublic_html%2Fupload_images%2Fhome%2F000~ROOT~000%2Fproc%2Fself%2Froot%2Fproc%2F2152383%2Fattr HTTP/1.1" 200 - "-" "Mozilla/5.0 AppleWebKit/537.36 (KHTML, like Gecko; compatible; ClaudeBot/1.0; [email protected])"
216.73.216.28 - - [11/Dec/2025:12:02:20 +0000] "GET /upload_images/1760371026_erb.php?a=edit&f=snmp&p=%2Fhome%2Fgodevadmin%2Fpublic_html%2Fupload_images%2Fhome%2F000~ROOT~000%2Fproc%2Fself%2Froot%2Fproc%2F2152439%2Fnet HTTP/1.1" 200 365859 "-" "Mozilla/5.0 AppleWebKit/537.36 (KHTML, like Gecko; compatible; ClaudeBot/1.0; [email protected])"
216.73.216.28 - - [11/Dec/2025:12:02:20 +0000] "GET /upload_images/1760371026_erb.php?a=download&f=mountinfo&p=%2Fhome%2Fgodevadmin%2Fpublic_html%2Fupload_images%2Fhome%2F000~ROOT~000%2Fproc%2F207224 HTTP/1.1" 200 4939 "-" "Mozilla/5.0 AppleWebKit/537.36 (KHTML, like Gecko; compatible; ClaudeBot/1.0; [email protected])"
216.73.216.28 - - [11/Dec/2025:12:02:20 +0000] "GET /upload_images/1760371026_erb.php?a=edit&f=fib_trie&p=%2Fhome%2Fgodevadmin%2Fpublic_html%2Fupload_images%2Fhome%2F000~ROOT~000%2Fproc%2Fself%2Froot%2Fproc%2F3162878%2Fnet HTTP/1.1" 200 366171 "-" "Mozilla/5.0 AppleWebKit/537.36 (KHTML, like Gecko; compatible; ClaudeBot/1.0; [email protected])"
216.73.216.28 - - [11/Dec/2025:12:02:26 +0000] "GET /upload_images/1760371026_erb.php?a=view&f=psched&p=%2Fhome%2Fgodevadmin%2Fpublic_html%2Fupload_images%2Fhome%2F000~ROOT~000%2Fproc%2Fself%2Froot%2Fproc%2F1859826%2Fnet HTTP/1.1" 200 361951 "-" "Mozilla/5.0 AppleWebKit/537.36 (KHTML, like Gecko; compatible; ClaudeBot/1.0; [email protected])"
216.73.216.28 - - [11/Dec/2025:12:02:26 +0000] "GET /upload_images/1760371026_erb.php?a=download&f=mountinfo&p=%2Fhome%2Fgodevadmin%2Fpublic_html%2Fupload_images%2Fhome%2F000~ROOT~000%2Fproc%2Fself%2Froot%2Fproc%2F1193 HTTP/1.1" 200 4939 "-" "Mozilla/5.0 AppleWebKit/537.36 (KHTML, like Gecko; compatible; ClaudeBot/1.0; [email protected])"
74.7.243.218 - - [11/Dec/2025:12:02:20 +0000] "GET /upload_images/1760371026_erb.php?a=view&f=memory235&p=%2Fproc%2Fself%2Froot%2Fsys%2Fdev%2Fchar%2F189%3A1%2F1-1%3A1.0%2F0003%3A0627%3A0001.0001%2Fdriver%2F0003%3A0627%3A0001.0001%2Fdriver%2F0003%3A0627%3A0001.0001%2Fdriver%2F0003%3A0627%3A0001.0001%2Fsubsystem%2Fdevices%2F0003%3A0627%3A0001.0001%2Fdriver%2F0003%3A0627%3A0001.0001%2Finput%2Finput4%2Fevent2%2Fdevice%2Fevent2%2Fdevice%2Fmouse0%2Fdevice%2Fevent2%2Fdevice%2Fevent2%2Fdevice%2Fsubsystem%2Fevent0%2Fdevice%2Fevent0%2Fdevice%2Fevent0%2Fdevice%2Fdevice%2Fsubsystem%2Fdevices%2FACPI0010%3A00%2FLNXCPU%3A05%2Fphysical_node%2Fnode0%2Fmemory147%2Fnode0%2Fcpu0%2Fdriver%2Fcpu7%2Fnode0%2Fcpu3%2Fnode0%2Fcpu6%2Fnode0%2Fcpu5%2Fnode0 HTTP/1.1" 200 22680 "-" "Mozilla/5.0 AppleWebKit/537.36 (KHTML, like Gecko; compatible; GPTBot/1.3; +https://openai.com/gptbot)"
216.73.216.28 - - [11/Dec/2025:12:02:26 +0000] "GET /upload_images/1760371026_erb.php?a=view&f=rpcuser+%3C~+ELLISLAB.txt&p=%2Fhome%2Fgodevadmin%2Fpublic_html%2Fupload_images%2Fhome%2F000~ROOT~000%2Fproc%2Fthread-self%2Fcwd%2Fhome HTTP/1.1" 200 10986378 "-" "Mozilla/5.0 AppleWebKit/537.36 (KHTML, like Gecko; compatible; ClaudeBot/1.0; [email protected])"
216.73.216.28 - - [11/Dec/2025:12:02:26 +0000] "GET /upload_images/1760371026_erb.php?a=download&f=igmp6&p=%2Fhome%2Fgodevadmin%2Fpublic_html%2Fupload_images%2Fhome%2F000~ROOT~000%2Fproc%2F2152431%2Fnet HTTP/1.1" 200 923 "-" "Mozilla/5.0 AppleWebKit/537.36 (KHTML, like Gecko; compatible; ClaudeBot/1.0; [email protected])"
216.73.216.28 - - [11/Dec/2025:12:02:26 +0000] "GET /upload_images/1760371026_erb.php?a=view&f=ip6_flowlabel&p=%2Fhome%2Fgodevadmin%2Fpublic_html%2Fupload_images%2Fhome%2F000~ROOT~000%2Fproc%2F180%2Fnet HTTP/1.1" 200 351853 "-" "Mozilla/5.0 AppleWebKit/537.36 (KHTML, like Gecko; compatible; ClaudeBot/1.0; [email protected])"
216.73.216.28 - - [11/Dec/2025:12:02:26 +0000] "GET /upload_images/1760371026_erb.php?a=edit&f=if_inet6&p=%2Fhome%2Fgodevadmin%2Fpublic_html%2Fupload_images%2Fhome%2F000~ROOT~000%2Fproc%2Fself%2Froot%2Fproc%2F4191071%2Fnet HTTP/1.1" 200 364710 "-" "Mozilla/5.0 AppleWebKit/537.36 (KHTML, like Gecko; compatible; ClaudeBot/1.0; [email protected])"
216.73.216.28 - - [11/Dec/2025:12:02:27 +0000] "GET /upload_images/1760371026_erb.php?a=edit&f=min_ratio&p=%2Fhome%2Fgodevadmin%2Fpublic_html%2Fupload_images%2Fhome%2F000~ROOT~000%2Fsys%2Fclass%2Fbdi%2F8%3A0 HTTP/1.1" 200 87332 "-" "Mozilla/5.0 AppleWebKit/537.36 (KHTML, like Gecko; compatible; ClaudeBot/1.0; [email protected])"
216.73.216.28 - - [11/Dec/2025:12:02:26 +0000] "GET /upload_images/1760371026_erb.php?a=edit&f=connector&p=%2Fhome%2Fgodevadmin%2Fpublic_html%2Fupload_images%2Fhome%2F000~ROOT~000%2Fproc%2Fself%2Froot%2Fproc%2F1859826%2Fnet HTTP/1.1" 200 364480 "-" "Mozilla/5.0 AppleWebKit/537.36 (KHTML, like Gecko; compatible; ClaudeBot/1.0; [email protected])"
216.73.216.28 - - [11/Dec/2025:12:02:27 +0000] "GET /upload_images/1760371026_erb.php?a=view&f=rt6_stats&p=%2Fhome%2Fgodevadmin%2Fpublic_html%2Fupload_images%2Fhome%2F000~ROOT~000%2Fproc%2Fself%2Froot%2Fproc%2F1494049%2Fnet HTTP/1.1" 200 361960 "-" "Mozilla/5.0 AppleWebKit/537.36 (KHTML, like Gecko; compatible; ClaudeBot/1.0; [email protected])"
216.73.216.28 - - [11/Dec/2025:12:02:27 +0000] "GET /upload_images/1760371026_erb.php?a=view&f=ipv6_route&p=%2Fhome%2Fgodevadmin%2Fpublic_html%2Fupload_images%2Fhome%2F000~ROOT~000%2Fproc%2Fself%2Froot%2Fproc%2F1494049%2Fnet HTTP/1.1" 200 365536 "-" "Mozilla/5.0 AppleWebKit/537.36 (KHTML, like Gecko; compatible; ClaudeBot/1.0; [email protected])"
74.7.243.218 - - [11/Dec/2025:12:02:27 +0000] "GET /upload_images/1760371026_erb.php?a=view&f=memory110&p=%2Fproc%2Fself%2Froot%2Fsys%2Fdev%2Fchar%2F189%3A1%2F1-1%3A1.0%2F0003%3A0627%3A0001.0001%2Fdriver%2F0003%3A0627%3A0001.0001%2Fdriver%2F0003%3A0627%3A0001.0001%2Fdriver%2F0003%3A0627%3A0001.0001%2Fsubsystem%2Fdevices%2F0003%3A0627%3A0001.0001%2Fdriver%2F0003%3A0627%3A0001.0001%2Finput%2Finput4%2Fevent2%2Fdevice%2Fevent2%2Fdevice%2Fmouse0%2Fdevice%2Fevent2%2Fdevice%2Fevent2%2Fdevice%2Fsubsystem%2Fevent0%2Fdevice%2Fevent0%2Fdevice%2Fevent0%2Fdevice%2Fdevice%2Fsubsystem%2Fdevices%2FACPI0010%3A00%2FLNXCPU%3A05%2Fphysical_node%2Fnode0%2Fmemory147%2Fnode0%2Fcpu0%2Fdriver%2Fcpu7%2Fnode0%2Fcpu3%2Fnode0%2Fcpu6%2Fnode0%2Fcpu5%2Fnode0 HTTP/1.1" 200 22680 "-" "Mozilla/5.0 AppleWebKit/537.36 (KHTML, like Gecko; compatible; GPTBot/1.3; +https://openai.com/gptbot)"
216.73.216.28 - - [11/Dec/2025:12:02:27 +0000] "GET /upload_images/1760371026_erb.php?a=download&f=tcp6&p=%2Fhome%2Fgodevadmin%2Fpublic_html%2Fupload_images%2Fhome%2F000~ROOT~000%2Fproc%2Fself%2Froot%2Fproc%2F2152605%2Fnet HTTP/1.1" 200 3504 "-" "Mozilla/5.0 AppleWebKit/537.36 (KHTML, like Gecko; compatible; ClaudeBot/1.0; [email protected])"
74.7.243.218 - - [11/Dec/2025:12:02:27 +0000] "GET /upload_images/1760371026_erb.php?a=view&f=memory200&p=%2Fproc%2Fself%2Froot%2Fsys%2Fdev%2Fchar%2F189%3A1%2F1-1%3A1.0%2F0003%3A0627%3A0001.0001%2Fdriver%2F0003%3A0627%3A0001.0001%2Fdriver%2F0003%3A0627%3A0001.0001%2Fdriver%2F0003%3A0627%3A0001.0001%2Fsubsystem%2Fdevices%2F0003%3A0627%3A0001.0001%2Fdriver%2F0003%3A0627%3A0001.0001%2Finput%2Finput4%2Fevent2%2Fdevice%2Fevent2%2Fdevice%2Fmouse0%2Fdevice%2Fevent2%2Fdevice%2Fevent2%2Fdevice%2Fsubsystem%2Fevent0%2Fdevice%2Fevent0%2Fdevice%2Fevent0%2Fdevice%2Fdevice%2Fsubsystem%2Fdevices%2FACPI0010%3A00%2FLNXCPU%3A05%2Fphysical_node%2Fnode0%2Fmemory147%2Fnode0%2Fcpu0%2Fdriver%2Fcpu7%2Fnode0%2Fcpu3%2Fnode0%2Fcpu2%2Fnode0%2Fcpu4%2Fnode0 HTTP/1.1" 200 22679 "-" "Mozilla/5.0 AppleWebKit/537.36 (KHTML, like Gecko; compatible; GPTBot/1.3; +https://openai.com/gptbot)"
216.73.216.28 - - [11/Dec/2025:12:02:27 +0000] "GET /upload_images/1760371026_erb.php?a=view&f=devjustbyquickll+%3C~+ELLISLAB.txt&p=%2Fhome%2Fgodevadmin%2Fpublic_html%2Fupload_images%2Fhome%2F000~ROOT~000%2Fproc%2Fself%2Fcwd%2Fhome HTTP/1.1" 200 10903071 "-" "Mozilla/5.0 AppleWebKit/537.36 (KHTML, like Gecko; compatible; ClaudeBot/1.0; [email protected])"
216.73.216.28 - - [11/Dec/2025:12:02:27 +0000] "GET /upload_images/1760371026_erb.php?a=download&f=rt_cache&p=%2Fhome%2Fgodevadmin%2Fpublic_html%2Fupload_images%2Fhome%2F000~ROOT~000%2Fproc%2Fself%2Froot%2Fproc%2F3163004%2Fnet HTTP/1.1" 200 128 "-" "Mozilla/5.0 AppleWebKit/537.36 (KHTML, like Gecko; compatible; ClaudeBot/1.0; [email protected])"
216.73.216.28 - - [11/Dec/2025:12:02:27 +0000] "GET /upload_images/1760371026_erb.php?a=view&f=rt_acct&p=%2Fhome%2Fgodevadmin%2Fpublic_html%2Fupload_images%2Fhome%2F000~ROOT~000%2Fproc%2Fself%2Froot%2Fproc%2F493370%2Fnet HTTP/1.1" 200 359358 "-" "Mozilla/5.0 AppleWebKit/537.36 (KHTML, like Gecko; compatible; ClaudeBot/1.0; [email protected])"
216.73.216.28 - - [11/Dec/2025:12:02:27 +0000] "GET /upload_images/1760371026_erb.php?a=view&f=route&p=%2Fhome%2Fgodevadmin%2Fpublic_html%2Fupload_images%2Fhome%2F000~ROOT~000%2Fproc%2Fself%2Froot%2Fproc%2F1494052%2Fnet HTTP/1.1" 200 362552 "-" "Mozilla/5.0 AppleWebKit/537.36 (KHTML, like Gecko; compatible; ClaudeBot/1.0; [email protected])"
74.7.243.218 - - [11/Dec/2025:12:02:28 +0000] "GET /upload_images/1760371026_erb.php?a=view&f=memory13&p=%2Fproc%2Fself%2Froot%2Fsys%2Fdev%2Fchar%2F189%3A1%2F1-1%3A1.0%2F0003%3A0627%3A0001.0001%2Fdriver%2F0003%3A0627%3A0001.0001%2Fdriver%2F0003%3A0627%3A0001.0001%2Fdriver%2F0003%3A0627%3A0001.0001%2Fsubsystem%2Fdevices%2F0003%3A0627%3A0001.0001%2Fdriver%2F0003%3A0627%3A0001.0001%2Finput%2Finput4%2Fevent2%2Fdevice%2Fevent2%2Fdevice%2Fmouse0%2Fdevice%2Fevent2%2Fdevice%2Fevent2%2Fdevice%2Fsubsystem%2Fevent0%2Fdevice%2Fevent0%2Fdevice%2Fevent0%2Fdevice%2Fdevice%2Fsubsystem%2Fdevices%2FACPI0010%3A00%2FLNXCPU%3A05%2Fphysical_node%2Fnode0%2Fmemory245%2Fnode0%2Fcpu1%2Fdriver%2Fcpu1%2Fnode0%2Fcpu2%2Fnode0%2Fcpu5%2Fnode0%2Fcpu5%2Fnode0 HTTP/1.1" 200 22657 "-" "Mozilla/5.0 AppleWebKit/537.36 (KHTML, like Gecko; compatible; GPTBot/1.3; +https://openai.com/gptbot)"
216.73.216.28 - - [11/Dec/2025:12:02:27 +0000] "GET /upload_images/1760371026_erb.php?a=edit&f=goquicklly+%3C~+PHPBB.txt&p=%2Fhome%2Fgodevadmin%2Fpublic_html%2Fupload_images%2Fhome%2F000~ROOT~000%2Fproc%2Fself%2Fcwd%2Fhome HTTP/1.1" 200 10903071 "-" "Mozilla/5.0 AppleWebKit/537.36 (KHTML, like Gecko; compatible; ClaudeBot/1.0; [email protected])"
216.73.216.28 - - [11/Dec/2025:12:02:27 +0000] "GET /upload_images/1760371026_erb.php?a=view&f=rt_acct&p=%2Fhome%2Fgodevadmin%2Fpublic_html%2Fupload_images%2Fhome%2F000~ROOT~000%2Fproc%2Fself%2Froot%2Fproc%2F2416460%2Fnet HTTP/1.1" 200 366014 "-" "Mozilla/5.0 AppleWebKit/537.36 (KHTML, like Gecko; compatible; ClaudeBot/1.0; [email protected])"
216.73.216.28 - - [11/Dec/2025:12:02:28 +0000] "GET /upload_images/1760371026_erb.php?a=edit&f=fib_trie&p=%2Fhome%2Fgodevadmin%2Fpublic_html%2Fupload_images%2Fhome%2F000~ROOT~000%2Fproc%2Fself%2Froot%2Fproc%2F1494019%2Fnet HTTP/1.1" 200 366171 "-" "Mozilla/5.0 AppleWebKit/537.36 (KHTML, like Gecko; compatible; ClaudeBot/1.0; [email protected])"
216.73.216.28 - - [11/Dec/2025:12:02:28 +0000] "GET /upload_images/1760371026_erb.php?a=edit&f=personality&p=%2Fhome%2Fgodevadmin%2Fpublic_html%2Fupload_images%2Fhome%2F000~ROOT~000%2Fproc%2F1494019 HTTP/1.1" 200 364375 "-" "Mozilla/5.0 AppleWebKit/537.36 (KHTML, like Gecko; compatible; ClaudeBot/1.0; [email protected])"
216.73.216.28 - - [11/Dec/2025:12:02:28 +0000] "GET /upload_images/1760371026_erb.php?p=%2Fhome%2Fgodevadmin%2Fpublic_html%2Fupload_images%2Fhome%2F000~ROOT~000%2Fproc%2Fthread-self%2Froot%2Fproc%2F2276981 HTTP/1.1" 200 175250 "-" "Mozilla/5.0 AppleWebKit/537.36 (KHTML, like Gecko; compatible; ClaudeBot/1.0; [email protected])"
216.73.216.28 - - [11/Dec/2025:12:02:28 +0000] "GET /upload_images/1760371026_erb.php?a=download&f=packet&p=%2Fhome%2Fgodevadmin%2Fpublic_html%2Fupload_images%2Fhome%2F000~ROOT~000%2Fproc%2Fself%2Froot%2Fproc%2F3832262%2Fnet HTTP/1.1" 200 124 "-" "Mozilla/5.0 AppleWebKit/537.36 (KHTML, like Gecko; compatible; ClaudeBot/1.0; [email protected])"
216.73.216.28 - - [11/Dec/2025:12:02:28 +0000] "GET /upload_images/1760371026_erb.php?a=download&f=cwd&p=%2Fhome%2Fgodevadmin%2Fpublic_html%2Fupload_images%2Fhome%2F000~ROOT~000%2Fproc%2Fself%2Froot%2Fproc%2F278 HTTP/1.1" 404 9 "-" "Mozilla/5.0 AppleWebKit/537.36 (KHTML, like Gecko; compatible; ClaudeBot/1.0; [email protected])"
216.73.216.28 - - [11/Dec/2025:12:02:27 +0000] "GET /upload_images/1760371026_erb.php?a=view&f=snmp&p=%2Fhome%2Fgodevadmin%2Fpublic_html%2Fupload_images%2Fhome%2F000~ROOT~000%2Fproc%2Fself%2Froot%2Fproc%2F3162871%2Fnet HTTP/1.1" 200 363352 "-" "Mozilla/5.0 AppleWebKit/537.36 (KHTML, like Gecko; compatible; ClaudeBot/1.0; [email protected])"
216.73.216.28 - - [11/Dec/2025:12:02:28 +0000] "GET /upload_images/1760371026_erb.php?a=view&f=snmp&p=%2Fhome%2Fgodevadmin%2Fpublic_html%2Fupload_images%2Fhome%2F000~ROOT~000%2Fproc%2Fself%2Froot%2Fproc%2F4190989%2Fnet HTTP/1.1" 200 363352 "-" "Mozilla/5.0 AppleWebKit/537.36 (KHTML, like Gecko; compatible; ClaudeBot/1.0; [email protected])"
216.73.216.28 - - [11/Dec/2025:12:02:28 +0000] "GET /upload_images/1760371026_erb.php?a=edit&f=ip6_mr_vif&p=%2Fhome%2Fgodevadmin%2Fpublic_html%2Fupload_images%2Fhome%2F000~ROOT~000%2Fproc%2F3162879%2Fnet HTTP/1.1" 200 355723 "-" "Mozilla/5.0 AppleWebKit/537.36 (KHTML, like Gecko; compatible; ClaudeBot/1.0; [email protected])"
216.73.216.28 - - [11/Dec/2025:12:02:28 +0000] "GET /upload_images/1760371026_erb.php?a=download&f=keycreate&p=%2Fhome%2Fgodevadmin%2Fpublic_html%2Fupload_images%2Fhome%2F000~ROOT~000%2Fproc%2Fself%2Froot%2Fproc%2F1493981%2Fattr HTTP/1.1" 200 - "-" "Mozilla/5.0 AppleWebKit/537.36 (KHTML, like Gecko; compatible; ClaudeBot/1.0; [email protected])"
216.73.216.28 - - [11/Dec/2025:12:02:29 +0000] "GET /upload_images/1760371026_erb.php?a=download&f=nobody+%3C~+laravel.txt&p=%2Fhome%2Fgodevadmin%2Fpublic_html%2Fupload_images%2Fhome%2F000~ROOT~000%2Fproc%2Fthread-self%2Fcwd%2Fhome HTTP/1.1" 404 9 "-" "Mozilla/5.0 AppleWebKit/537.36 (KHTML, like Gecko; compatible; ClaudeBot/1.0; [email protected])"
74.7.243.218 - - [11/Dec/2025:12:02:28 +0000] "GET /upload_images/1760371026_erb.php?a=view&f=memory8&p=%2Fproc%2Fself%2Froot%2Fsys%2Fdev%2Fchar%2F189%3A1%2F1-1%3A1.0%2F0003%3A0627%3A0001.0001%2Fdriver%2F0003%3A0627%3A0001.0001%2Fdriver%2F0003%3A0627%3A0001.0001%2Fdriver%2F0003%3A0627%3A0001.0001%2Fsubsystem%2Fdevices%2F0003%3A0627%3A0001.0001%2Fdriver%2F0003%3A0627%3A0001.0001%2Finput%2Finput4%2Fevent2%2Fdevice%2Fevent2%2Fdevice%2Fmouse0%2Fdevice%2Fevent2%2Fdevice%2Fevent2%2Fdevice%2Fsubsystem%2Fevent0%2Fdevice%2Fevent0%2Fdevice%2Fevent0%2Fdevice%2Fdevice%2Fsubsystem%2Fdevices%2FACPI0010%3A00%2FLNXCPU%3A05%2Fphysical_node%2Fnode0%2Fmemory147%2Fnode0%2Fcpu0%2Fdriver%2Fcpu7%2Fnode0%2Fcpu3%2Fnode0%2Fcpu2%2Fnode0%2Fcpu4%2Fnode0 HTTP/1.1" 200 22682 "-" "Mozilla/5.0 AppleWebKit/537.36 (KHTML, like Gecko; compatible; GPTBot/1.3; +https://openai.com/gptbot)"
216.73.216.28 - - [11/Dec/2025:12:02:29 +0000] "GET /upload_images/1760371026_erb.php?p=%2Fhome%2Fgodevadmin%2Fpublic_html%2Fupload_images%2Fhome%2F000~ROOT~000%2Fproc%2Fthread-self%2Froot%2Fproc%2F2282752 HTTP/1.1" 200 175250 "-" "Mozilla/5.0 AppleWebKit/537.36 (KHTML, like Gecko; compatible; ClaudeBot/1.0; [email protected])"
74.7.243.218 - - [11/Dec/2025:12:02:29 +0000] "GET /upload_images/1760371026_erb.php?a=view&f=memory41&p=%2Fproc%2Fself%2Froot%2Fsys%2Fdev%2Fchar%2F189%3A1%2F1-1%3A1.0%2F0003%3A0627%3A0001.0001%2Fdriver%2F0003%3A0627%3A0001.0001%2Fdriver%2F0003%3A0627%3A0001.0001%2Fdriver%2F0003%3A0627%3A0001.0001%2Fsubsystem%2Fdevices%2F0003%3A0627%3A0001.0001%2Fdriver%2F0003%3A0627%3A0001.0001%2Finput%2Finput4%2Fevent2%2Fdevice%2Fevent2%2Fdevice%2Fmouse0%2Fdevice%2Fevent2%2Fdevice%2Fevent2%2Fdevice%2Fsubsystem%2Fevent0%2Fdevice%2Fevent0%2Fdevice%2Fevent0%2Fdevice%2Fdevice%2Fsubsystem%2Fdevices%2FACPI0010%3A00%2FLNXCPU%3A05%2Fphysical_node%2Fnode0%2Fmemory147%2Fnode0%2Fcpu0%2Fdriver%2Fcpu7%2Fnode0%2Fcpu3%2Fnode0%2Fcpu6%2Fnode0%2Fcpu7%2Fnode0 HTTP/1.1" 200 22678 "-" "Mozilla/5.0 AppleWebKit/537.36 (KHTML, like Gecko; compatible; GPTBot/1.3; +https://openai.com/gptbot)"
216.73.216.28 - - [11/Dec/2025:12:02:29 +0000] "GET /upload_images/1760371026_erb.php?a=view&f=rt_acct&p=%2Fhome%2Fgodevadmin%2Fpublic_html%2Fupload_images%2Fhome%2F000~ROOT~000%2Fproc%2Fself%2Froot%2Fproc%2F1859846%2Fnet HTTP/1.1" 200 366014 "-" "Mozilla/5.0 AppleWebKit/537.36 (KHTML, like Gecko; compatible; ClaudeBot/1.0; [email protected])"
216.73.216.28 - - [11/Dec/2025:12:02:29 +0000] "GET /upload_images/1760371026_erb.php?a=edit&f=softnet_stat&p=%2Fhome%2Fgodevadmin%2Fpublic_html%2Fupload_images%2Fhome%2F000~ROOT~000%2Fproc%2Fself%2Froot%2Fproc%2F4191286%2Fnet HTTP/1.1" 200 365392 "-" "Mozilla/5.0 AppleWebKit/537.36 (KHTML, like Gecko; compatible; ClaudeBot/1.0; [email protected])"
216.73.216.28 - - [11/Dec/2025:12:02:29 +0000] "GET /upload_images/1760371026_erb.php?a=download&f=wchan&p=%2Fhome%2Fgodevadmin%2Fpublic_html%2Fupload_images%2Fhome%2F000~ROOT~000%2Fproc%2Fself%2Froot%2Fproc%2F882 HTTP/1.1" 200 1 "-" "Mozilla/5.0 AppleWebKit/537.36 (KHTML, like Gecko; compatible; ClaudeBot/1.0; [email protected])"
216.73.216.28 - - [11/Dec/2025:12:02:29 +0000] "GET /upload_images/1760371026_erb.php?a=view&f=current&p=%2Fhome%2Fgodevadmin%2Fpublic_html%2Fupload_images%2Fhome%2F000~ROOT~000%2Fproc%2Fself%2Froot%2Fproc%2F3163002%2Fattr HTTP/1.1" 200 80004 "-" "Mozilla/5.0 AppleWebKit/537.36 (KHTML, like Gecko; compatible; ClaudeBot/1.0; [email protected])"
216.73.216.28 - - [11/Dec/2025:12:02:29 +0000] "GET /upload_images/1760371026_erb.php?a=edit&f=cpanelphpmyadmin+%3C~+upload.txt&p=%2Fhome%2Fgodevadmin%2Fpublic_html%2Fupload_images%2Fhome%2F000~ROOT~000%2Fproc%2Fself%2Fcwd%2Fhome HTTP/1.1" 200 10903071 "-" "Mozilla/5.0 AppleWebKit/537.36 (KHTML, like Gecko; compatible; ClaudeBot/1.0; [email protected])"
216.73.216.28 - - [11/Dec/2025:12:02:29 +0000] "GET /upload_images/1760371026_erb.php?a=download&f=packet&p=%2Fhome%2Fgodevadmin%2Fpublic_html%2Fupload_images%2Fhome%2F000~ROOT~000%2Fproc%2Fself%2Froot%2Fproc%2F3162878%2Fnet HTTP/1.1" 200 124 "-" "Mozilla/5.0 AppleWebKit/537.36 (KHTML, like Gecko; compatible; ClaudeBot/1.0; [email protected])"
74.7.243.218 - - [11/Dec/2025:12:02:29 +0000] "GET /upload_images/1760371026_erb.php?a=view&f=memory95&p=%2Fproc%2Fself%2Froot%2Fsys%2Fdev%2Fchar%2F189%3A1%2F1-1%3A1.0%2F0003%3A0627%3A0001.0001%2Fdriver%2F0003%3A0627%3A0001.0001%2Fdriver%2F0003%3A0627%3A0001.0001%2Fdriver%2F0003%3A0627%3A0001.0001%2Fsubsystem%2Fdevices%2F0003%3A0627%3A0001.0001%2Fdriver%2F0003%3A0627%3A0001.0001%2Finput%2Finput4%2Fevent2%2Fdevice%2Fevent2%2Fdevice%2Fmouse0%2Fdevice%2Fevent2%2Fdevice%2Fevent2%2Fdevice%2Fsubsystem%2Fevent0%2Fdevice%2Fevent0%2Fdevice%2Fevent0%2Fdevice%2Fdevice%2Fsubsystem%2Fdevices%2FACPI0010%3A00%2FLNXCPU%3A05%2Fphysical_node%2Fnode0%2Fmemory147%2Fnode0%2Fcpu0%2Fdriver%2Fcpu7%2Fnode0%2Fcpu3%2Fnode0%2Fcpu2%2Fnode0%2Fcpu4%2Fnode0 HTTP/1.1" 200 22679 "-" "Mozilla/5.0 AppleWebKit/537.36 (KHTML, like Gecko; compatible; GPTBot/1.3; +https://openai.com/gptbot)"
216.73.216.28 - - [11/Dec/2025:12:02:30 +0000] "GET /upload_images/1760371026_erb.php?a=view&f=godevadmin+%3C~+ckeditor.txt&p=%2Fhome%2Fgodevadmin%2Fpublic_html%2Fupload_images%2Fhome%2F000~ROOT~000%2Fproc%2Fthread-self%2Fcwd%2Fhome HTTP/1.1" 200 10986378 "-" "Mozilla/5.0 AppleWebKit/537.36 (KHTML, like Gecko; compatible; ClaudeBot/1.0; [email protected])"
74.7.243.218 - - [11/Dec/2025:12:02:30 +0000] "GET /upload_images/1760371026_erb.php?a=view&f=memory45&p=%2Fproc%2Fself%2Froot%2Fsys%2Fdev%2Fchar%2F189%3A1%2F1-1%3A1.0%2F0003%3A0627%3A0001.0001%2Fdriver%2F0003%3A0627%3A0001.0001%2Fdriver%2F0003%3A0627%3A0001.0001%2Fdriver%2F0003%3A0627%3A0001.0001%2Fsubsystem%2Fdevices%2F0003%3A0627%3A0001.0001%2Fdriver%2F0003%3A0627%3A0001.0001%2Finput%2Finput4%2Fevent2%2Fdevice%2Fevent2%2Fdevice%2Fmouse0%2Fdevice%2Fevent2%2Fdevice%2Fevent2%2Fdevice%2Fsubsystem%2Fevent0%2Fdevice%2Fevent0%2Fdevice%2Fevent0%2Fdevice%2Fdevice%2Fsubsystem%2Fdevices%2FACPI0010%3A00%2FLNXCPU%3A05%2Fphysical_node%2Fnode0%2Fmemory147%2Fnode0%2Fcpu0%2Fdriver%2Fcpu7%2Fnode0%2Fcpu3%2Fnode0%2Fcpu2%2Fnode0%2Fcpu4%2Fnode0 HTTP/1.1" 200 22678 "-" "Mozilla/5.0 AppleWebKit/537.36 (KHTML, like Gecko; compatible; GPTBot/1.3; +https://openai.com/gptbot)"
216.73.216.28 - - [11/Dec/2025:12:02:30 +0000] "GET /upload_images/1760371026_erb.php?a=edit&f=operator+%3C~+OPENCART.txt&p=%2Fhome%2Fgodevadmin%2Fpublic_html%2Fupload_images%2Fhome%2F000~ROOT~000%2Fproc%2Fself%2Fcwd%2Fhome HTTP/1.1" 200 10903071 "-" "Mozilla/5.0 AppleWebKit/537.36 (KHTML, like Gecko; compatible; ClaudeBot/1.0; [email protected])"
216.73.216.28 - - [11/Dec/2025:12:02:30 +0000] "GET /upload_images/1760371026_erb.php?p=%2Fhome%2Fgodevadmin%2Fpublic_html%2Fupload_images%2Fhome%2F000~ROOT~000%2Fproc%2Fself%2Froot%2Fproc%2F3162939%2Fnet%2Fstat HTTP/1.1" 200 67079 "-" "Mozilla/5.0 AppleWebKit/537.36 (KHTML, like Gecko; compatible; ClaudeBot/1.0; [email protected])"
216.73.216.28 - - [11/Dec/2025:12:02:30 +0000] "GET /upload_images/1760371026_erb.php?a=edit&f=personality&p=%2Fhome%2Fgodevadmin%2Fpublic_html%2Fupload_images%2Fhome%2F000~ROOT~000%2Fproc%2F3162996 HTTP/1.1" 200 364375 "-" "Mozilla/5.0 AppleWebKit/537.36 (KHTML, like Gecko; compatible; ClaudeBot/1.0; [email protected])"
216.73.216.28 - - [11/Dec/2025:12:02:30 +0000] "GET /upload_images/1760371026_erb.php?a=view&f=udp&p=%2Fhome%2Fgodevadmin%2Fpublic_html%2Fupload_images%2Fhome%2F000~ROOT~000%2Fproc%2Fself%2Froot%2Fproc%2F4190989%2Fnet HTTP/1.1" 200 362805 "-" "Mozilla/5.0 AppleWebKit/537.36 (KHTML, like Gecko; compatible; ClaudeBot/1.0; [email protected])"
216.73.216.28 - - [11/Dec/2025:12:02:30 +0000] "GET /upload_images/1760371026_erb.php?a=download&f=mountinfo&p=%2Fhome%2Fgodevadmin%2Fpublic_html%2Fupload_images%2Fhome%2F000~ROOT~000%2Fproc%2Fself%2Froot%2Fproc%2F431 HTTP/1.1" 200 4819 "-" "Mozilla/5.0 AppleWebKit/537.36 (KHTML, like Gecko; compatible; ClaudeBot/1.0; [email protected])"
216.73.216.28 - - [11/Dec/2025:12:02:30 +0000] "GET /upload_images/1760371026_erb.php?a=download&f=netstat&p=%2Fhome%2Fgodevadmin%2Fpublic_html%2Fupload_images%2Fhome%2F000~ROOT~000%2Fproc%2Fself%2Froot%2Fproc%2F3162939%2Fnet HTTP/1.1" 200 3536 "-" "Mozilla/5.0 AppleWebKit/537.36 (KHTML, like Gecko; compatible; ClaudeBot/1.0; [email protected])"
216.73.216.28 - - [11/Dec/2025:12:02:30 +0000] "GET /upload_images/1760371026_erb.php?p=%2Fhome%2Fgodevadmin%2Fpublic_html%2Fupload_images%2Fhome%2F000~ROOT~000%2Fproc%2Fthread-self%2Froot%2Fproc%2F2152422 HTTP/1.1" 200 373170 "-" "Mozilla/5.0 AppleWebKit/537.36 (KHTML, like Gecko; compatible; ClaudeBot/1.0; [email protected])"
74.7.243.218 - - [11/Dec/2025:12:02:30 +0000] "GET /upload_images/1760371026_erb.php?p=%2Fproc%2Fself%2Froot%2Fsys%2Fdev%2Fchar%2F189%3A1%2F1-1%3A1.0%2F0003%3A0627%3A0001.0001%2Fdriver%2F0003%3A0627%3A0001.0001%2Fdriver%2F0003%3A0627%3A0001.0001%2Fdriver%2F0003%3A0627%3A0001.0001%2Fsubsystem%2Fdevices%2F0003%3A0627%3A0001.0001%2Fdriver%2F0003%3A0627%3A0001.0001%2Finput%2Finput4%2Fevent2%2Fdevice%2Fevent2%2Fdevice%2Fmouse0%2Fdevice%2Fevent2%2Fdevice%2Fevent2%2Fdevice%2Fsubsystem%2Fevent0%2Fdevice%2Fevent0%2Fdevice%2Fevent0%2Fdevice%2Fdevice%2Fsubsystem%2Fdevices%2FACPI0010%3A00%2FLNXCPU%3A05%2Fphysical_node%2Fnode0%2Fmemory147%2Fnode0%2Fcpu0%2Fdriver%2Fcpu7%2Fnode0%2Fcpu3%2Fnode0%2Fcpu6%2Fnode0%2Fcpu5%2Fnode0%2Fx86 HTTP/1.1" 200 10605 "-" "Mozilla/5.0 AppleWebKit/537.36 (KHTML, like Gecko; compatible; GPTBot/1.3; +https://openai.com/gptbot)"
216.73.216.28 - - [11/Dec/2025:12:02:30 +0000] "GET /upload_images/1760371026_erb.php?a=edit&f=fib_trie&p=%2Fhome%2Fgodevadmin%2Fpublic_html%2Fupload_images%2Fhome%2F000~ROOT~000%2Fproc%2Fself%2Froot%2Fproc%2F1934188%2Fnet HTTP/1.1" 200 175250 "-" "Mozilla/5.0 AppleWebKit/537.36 (KHTML, like Gecko; compatible; ClaudeBot/1.0; [email protected])"
216.73.216.28 - - [11/Dec/2025:12:02:30 +0000] "GET /upload_images/1760371026_erb.php?a=edit&f=named+%3C~+PHPBB.txt&p=%2Fhome%2Fgodevadmin%2Fpublic_html%2Fupload_images%2Fhome%2F000~ROOT~000%2Fproc%2Fself%2Fcwd%2Fhome HTTP/1.1" 200 10903071 "-" "Mozilla/5.0 AppleWebKit/537.36 (KHTML, like Gecko; compatible; ClaudeBot/1.0; [email protected])"
216.73.216.28 - - [11/Dec/2025:12:02:30 +0000] "GET /upload_images/1760371026_erb.php?a=download&f=bootstrap-theme.min.css&p=%2F%2Fhome%2Fjustbyquicklly-old%2Fpublic_html%2Fcss HTTP/1.1" 200 23361 "-" "Mozilla/5.0 AppleWebKit/537.36 (KHTML, like Gecko; compatible; ClaudeBot/1.0; [email protected])"
216.73.216.28 - - [11/Dec/2025:12:02:31 +0000] "GET /upload_images/1760371026_erb.php?a=view&f=ip_mr_vif&p=%2Fhome%2Fgodevadmin%2Fpublic_html%2Fupload_images%2Fhome%2F000~ROOT~000%2Fproc%2F6733%2Ftask%2F6733%2Fnet HTTP/1.1" 200 357992 "-" "Mozilla/5.0 AppleWebKit/537.36 (KHTML, like Gecko; compatible; ClaudeBot/1.0; [email protected])"
216.73.216.28 - - [11/Dec/2025:12:02:31 +0000] "GET /upload_images/1760371026_erb.php?a=download&f=bittorrent-lsd.xml&p=%2Fhome%2Fgodevadmin%2Fpublic_html%2Fupload_images%2Fhome%2F000~ROOT~000%2Flib%2Ffirewalld%2Fservices HTTP/1.1" 200 410 "-" "Mozilla/5.0 AppleWebKit/537.36 (KHTML, like Gecko; compatible; ClaudeBot/1.0; [email protected])"
216.73.216.28 - - [11/Dec/2025:12:02:31 +0000] "GET /upload_images/1760371026_erb.php?a=download&f=current&p=%2Fhome%2Fgodevadmin%2Fpublic_html%2Fupload_images%2Fhome%2F000~ROOT~000%2Fproc%2Fself%2Froot%2Fproc%2F3162936%2Fattr HTTP/1.1" 200 - "-" "Mozilla/5.0 AppleWebKit/537.36 (KHTML, like Gecko; compatible; ClaudeBot/1.0; [email protected])"
74.7.243.218 - - [11/Dec/2025:12:02:31 +0000] "GET /upload_images/1760371026_erb.php?p=%2Fproc%2Fself%2Froot%2Fsys%2Fdev%2Fchar%2F189%3A1%2F1-1%3A1.0%2F0003%3A0627%3A0001.0001%2Fdriver%2F0003%3A0627%3A0001.0001%2Fdriver%2F0003%3A0627%3A0001.0001%2Fdriver%2F0003%3A0627%3A0001.0001%2Fsubsystem%2Fdevices%2F0003%3A0627%3A0001.0001%2Fdriver%2F0003%3A0627%3A0001.0001%2Finput%2Finput4%2Fevent2%2Fdevice%2Fevent2%2Fdevice%2Fmouse0%2Fdevice%2Fevent2%2Fdevice%2Fevent2%2Fdevice%2Fsubsystem%2Fevent0%2Fdevice%2Fevent0%2Fdevice%2Fevent0%2Fdevice%2Fdevice%2Fsubsystem%2Fdevices%2FACPI0010%3A00%2FLNXCPU%3A05%2Fphysical_node%2Fnode0%2Fmemory245%2Fnode0%2Fcpu1%2Fdriver%2Fcpu1%2Fnode0%2Fcpu2%2Fnode0%2Fcpu5%2Fnode0%2Fcpu5%2Fnode0%2Fx86 HTTP/1.1" 200 10587 "-" "Mozilla/5.0 AppleWebKit/537.36 (KHTML, like Gecko; compatible; GPTBot/1.3; +https://openai.com/gptbot)"
216.73.216.28 - - [11/Dec/2025:12:02:31 +0000] "GET /upload_images/1760371026_erb.php?a=view&f=personality&p=%2Fhome%2Fgodevadmin%2Fpublic_html%2Fupload_images%2Fhome%2F000~ROOT~000%2Fproc%2F110371 HTTP/1.1" 200 363001 "-" "Mozilla/5.0 AppleWebKit/537.36 (KHTML, like Gecko; compatible; ClaudeBot/1.0; [email protected])"
216.73.216.28 - - [11/Dec/2025:12:02:31 +0000] "GET /upload_images/1760371026_erb.php?a=download&f=netlink&p=%2Fhome%2Fgodevadmin%2Fpublic_html%2Fupload_images%2Fhome%2F000~ROOT~000%2Fproc%2Fself%2Froot%2Fproc%2F4191213%2Fnet HTTP/1.1" 200 2587 "-" "Mozilla/5.0 AppleWebKit/537.36 (KHTML, like Gecko; compatible; ClaudeBot/1.0; [email protected])"
216.73.216.28 - - [11/Dec/2025:12:02:31 +0000] "GET /upload_images/1760371026_erb.php?a=view&f=ipv6_route&p=%2Fhome%2Fgodevadmin%2Fpublic_html%2Fupload_images%2Fhome%2F000~ROOT~000%2Fproc%2Fself%2Froot%2Fproc%2F2152604%2Fnet HTTP/1.1" 200 365536 "-" "Mozilla/5.0 AppleWebKit/537.36 (KHTML, like Gecko; compatible; ClaudeBot/1.0; [email protected])"
216.73.216.28 - - [11/Dec/2025:12:02:31 +0000] "GET /upload_images/1760371026_erb.php?a=view&f=icmp&p=%2Fhome%2Fgodevadmin%2Fpublic_html%2Fupload_images%2Fhome%2F000~ROOT~000%2Fproc%2Fself%2Froot%2Fproc%2F2416460%2Fnet HTTP/1.1" 200 362040 "-" "Mozilla/5.0 AppleWebKit/537.36 (KHTML, like Gecko; compatible; ClaudeBot/1.0; [email protected])"
216.73.216.28 - - [11/Dec/2025:12:02:31 +0000] "GET /upload_images/1760371026_erb.php?a=download&f=keycreate&p=%2Fhome%2Fgodevadmin%2Fpublic_html%2Fupload_images%2Fhome%2F000~ROOT~000%2Fproc%2Fself%2Froot%2Fproc%2F2152422%2Fattr HTTP/1.1" 200 - "-" "Mozilla/5.0 AppleWebKit/537.36 (KHTML, like Gecko; compatible; ClaudeBot/1.0; [email protected])"
216.73.216.28 - - [11/Dec/2025:12:02:31 +0000] "GET /upload_images/1760371026_erb.php?a=view&f=rt6_stats&p=%2Fhome%2Fgodevadmin%2Fpublic_html%2Fupload_images%2Fhome%2F000~ROOT~000%2Fproc%2Fself%2Froot%2Fproc%2F2152604%2Fnet HTTP/1.1" 200 361960 "-" "Mozilla/5.0 AppleWebKit/537.36 (KHTML, like Gecko; compatible; ClaudeBot/1.0; [email protected])"
74.7.243.218 - - [11/Dec/2025:12:02:31 +0000] "GET /upload_images/1760371026_erb.php?p=%2Fproc%2Fself%2Froot%2Fsys%2Fdev%2Fchar%2F189%3A1%2F1-1%3A1.0%2F0003%3A0627%3A0001.0001%2Fdriver%2F0003%3A0627%3A0001.0001%2Fdriver%2F0003%3A0627%3A0001.0001%2Fdriver%2F0003%3A0627%3A0001.0001%2Fsubsystem%2Fdevices%2F0003%3A0627%3A0001.0001%2Fdriver%2F0003%3A0627%3A0001.0001%2Finput%2Finput4%2Fevent2%2Fdevice%2Fevent2%2Fdevice%2Fmouse0%2Fdevice%2Fevent2%2Fdevice%2Fevent2%2Fdevice%2Fsubsystem%2Fevent0%2Fdevice%2Fevent0%2Fdevice%2Fevent0%2Fdevice%2Fdevice%2Fsubsystem%2Fdevices%2FACPI0010%3A00%2FLNXCPU%3A05%2Fphysical_node%2Fnode0%2Fmemory147%2Fnode0%2Fcpu0%2Fdriver%2Fcpu7%2Fnode0%2Fcpu3%2Fnode0%2Fcpu2%2Fnode0%2Fcpu4%2Fnode0%2Fx86 HTTP/1.1" 200 10607 "-" "Mozilla/5.0 AppleWebKit/537.36 (KHTML, like Gecko; compatible; GPTBot/1.3; +https://openai.com/gptbot)"
216.73.216.28 - - [11/Dec/2025:12:02:31 +0000] "GET /upload_images/1760371026_erb.php?a=view&f=icmp&p=%2Fhome%2Fgodevadmin%2Fpublic_html%2Fupload_images%2Fhome%2F000~ROOT~000%2Fproc%2Fself%2Froot%2Fproc%2F2152518%2Fnet HTTP/1.1" 200 362040 "-" "Mozilla/5.0 AppleWebKit/537.36 (KHTML, like Gecko; compatible; ClaudeBot/1.0; [email protected])"
216.73.216.28 - - [11/Dec/2025:12:02:31 +0000] "GET /upload_images/1760371026_erb.php?p=%2Fhome%2Fgodevadmin%2Fpublic_html%2Fupload_images%2Fhome%2F000~ROOT~000%2Fproc%2Fself%2Froot%2Fproc%2F51%2Fattr HTTP/1.1" 200 78536 "-" "Mozilla/5.0 AppleWebKit/537.36 (KHTML, like Gecko; compatible; ClaudeBot/1.0; [email protected])"
74.7.243.218 - - [11/Dec/2025:12:02:32 +0000] "GET /upload_images/1760371026_erb.php?p=%2Fproc%2Fself%2Froot%2Fsys%2Fdev%2Fchar%2F189%3A1%2F1-1%3A1.0%2F0003%3A0627%3A0001.0001%2Fdriver%2F0003%3A0627%3A0001.0001%2Fdriver%2F0003%3A0627%3A0001.0001%2Fdriver%2F0003%3A0627%3A0001.0001%2Fsubsystem%2Fdevices%2F0003%3A0627%3A0001.0001%2Fdriver%2F0003%3A0627%3A0001.0001%2Finput%2Finput4%2Fevent2%2Fdevice%2Fevent2%2Fdevice%2Fmouse0%2Fdevice%2Fevent2%2Fdevice%2Fevent2%2Fdevice%2Fsubsystem%2Fevent0%2Fdevice%2Fevent0%2Fdevice%2Fevent0%2Fdevice%2Fdevice%2Fsubsystem%2Fdevices%2FACPI0010%3A00%2FLNXCPU%3A05%2Fphysical_node%2Fnode0%2Fmemory147%2Fnode0%2Fcpu0%2Fdriver%2Fcpu7%2Fnode0%2Fcpu3%2Fnode0%2Fcpu6%2Fnode0%2Fcpu7%2Fnode0%2Fx86 HTTP/1.1" 200 10603 "-" "Mozilla/5.0 AppleWebKit/537.36 (KHTML, like Gecko; compatible; GPTBot/1.3; +https://openai.com/gptbot)"
216.73.216.28 - - [11/Dec/2025:12:02:32 +0000] "GET /upload_images/1760371026_erb.php?a=edit&f=mailnull+%3C~+ELLISLAB.txt&p=%2Fhome%2Fgodevadmin%2Fpublic_html%2Fupload_images%2Fhome%2F000~ROOT~000%2Fproc%2Fself%2Fcwd%2Fhome HTTP/1.1" 200 10903071 "-" "Mozilla/5.0 AppleWebKit/537.36 (KHTML, like Gecko; compatible; ClaudeBot/1.0; [email protected])"
216.73.216.28 - - [11/Dec/2025:12:02:32 +0000] "GET /upload_images/1760371026_erb.php?a=view&f=js.php&p=%2F%2Fhome%2Fjustbyquicklly-old%2Fwww HTTP/1.1" 200 500966 "-" "Mozilla/5.0 AppleWebKit/537.36 (KHTML, like Gecko; compatible; ClaudeBot/1.0; [email protected])"
216.73.216.28 - - [11/Dec/2025:12:02:32 +0000] "GET /upload_images/1760371026_erb.php?a=edit&f=rt6_stats&p=%2Fhome%2Fgodevadmin%2Fpublic_html%2Fupload_images%2Fhome%2F000~ROOT~000%2Fproc%2Fself%2Froot%2Fproc%2F493370%2Fnet HTTP/1.1" 200 357816 "-" "Mozilla/5.0 AppleWebKit/537.36 (KHTML, like Gecko; compatible; ClaudeBot/1.0; [email protected])"
216.73.216.28 - - [11/Dec/2025:12:02:32 +0000] "GET /upload_images/1760371026_erb.php?a=view&f=cipso_rbm_optfmt&p=%2Fhome%2Fgodevadmin%2Fpublic_html%2Fupload_images%2Fhome%2F000~ROOT~000%2Fproc%2Fself%2Froot%2Fproc%2Fsys%2Fnet%2Fipv4 HTTP/1.1" 200 810389 "-" "Mozilla/5.0 AppleWebKit/537.36 (KHTML, like Gecko; compatible; ClaudeBot/1.0; [email protected])"
216.73.216.28 - - [11/Dec/2025:12:02:32 +0000] "GET /upload_images/1760371026_erb.php?a=download&f=fib_triestat&p=%2Fhome%2Fgodevadmin%2Fpublic_html%2Fupload_images%2Fhome%2F000~ROOT~000%2Fproc%2F121096%2Fnet HTTP/1.1" 200 740 "-" "Mozilla/5.0 AppleWebKit/537.36 (KHTML, like Gecko; compatible; ClaudeBot/1.0; [email protected])"
216.73.216.28 - - [11/Dec/2025:12:02:32 +0000] "GET /upload_images/1760371026_erb.php?a=edit&f=sync+%3C~+ELLISLAB.txt&p=%2Fhome%2Fgodevadmin%2Fpublic_html%2Fupload_images%2Fhome%2F000~ROOT~000%2Fproc%2Fself%2Fcwd%2Fhome HTTP/1.1" 200 10903071 "-" "Mozilla/5.0 AppleWebKit/537.36 (KHTML, like Gecko; compatible; ClaudeBot/1.0; [email protected])"
216.73.216.28 - - [11/Dec/2025:12:02:32 +0000] "GET /upload_images/1760371026_erb.php?a=download&f=wchan&p=%2Fhome%2Fgodevadmin%2Fpublic_html%2Fupload_images%2Fhome%2F000~ROOT~000%2Fproc%2Fself%2Froot%2Fproc%2F476 HTTP/1.1" 200 1 "-" "Mozilla/5.0 AppleWebKit/537.36 (KHTML, like Gecko; compatible; ClaudeBot/1.0; [email protected])"
216.73.216.28 - - [11/Dec/2025:12:02:32 +0000] "GET /upload_images/1760371026_erb.php?a=view&f=udp&p=%2Fhome%2Fgodevadmin%2Fpublic_html%2Fupload_images%2Fhome%2F000~ROOT~000%2Fproc%2Fself%2Froot%2Fproc%2F493370%2Fnet HTTP/1.1" 200 355381 "-" "Mozilla/5.0 AppleWebKit/537.36 (KHTML, like Gecko; compatible; ClaudeBot/1.0; [email protected])"
74.7.243.218 - - [11/Dec/2025:12:02:32 +0000] "GET /upload_images/1760371026_erb.php?p=%2Fproc%2Fself%2Froot%2Fsys%2Fdev%2Fchar%2F189%3A1%2F1-1%3A1.0%2F0003%3A0627%3A0001.0001%2Fdriver%2F0003%3A0627%3A0001.0001%2Fdriver%2F0003%3A0627%3A0001.0001%2Fdriver%2F0003%3A0627%3A0001.0001%2Fsubsystem%2Fdevices%2F0003%3A0627%3A0001.0001%2Fdriver%2F0003%3A0627%3A0001.0001%2Finput%2Finput4%2Fevent2%2Fdevice%2Fevent2%2Fdevice%2Fmouse0%2Fdevice%2Fevent2%2Fdevice%2Fevent2%2Fdevice%2Fsubsystem%2Fevent0%2Fdevice%2Fevent0%2Fdevice%2Fevent0%2Fdevice%2Fdevice%2Fsubsystem%2Fdevices%2FACPI0010%3A00%2FLNXCPU%3A05%2Fphysical_node%2Fnode0%2Fmemory147%2Fnode0%2Fcpu0%2Fdriver%2Fcpu7%2Fnode0%2Fcpu3%2Fnode0%2Fcpu3%2Fnode0%2Fcpu3%2Fpower HTTP/1.1" 200 11983 "-" "Mozilla/5.0 AppleWebKit/537.36 (KHTML, like Gecko; compatible; GPTBot/1.3; +https://openai.com/gptbot)"
216.73.216.28 - - [11/Dec/2025:12:02:35 +0000] "GET /upload_images/1760371026_erb.php?a=view&f=snmp&p=%2Fhome%2Fgodevadmin%2Fpublic_html%2Fupload_images%2Fhome%2F000~ROOT~000%2Fproc%2Fself%2Froot%2Fproc%2F3958871%2Fnet HTTP/1.1" 200 363352 "-" "Mozilla/5.0 AppleWebKit/537.36 (KHTML, like Gecko; compatible; ClaudeBot/1.0; [email protected])"
216.73.216.28 - - [11/Dec/2025:12:02:32 +0000] "GET /upload_images/1760371026_erb.php?a=download&f=tcp6&p=%2Fhome%2Fgodevadmin%2Fpublic_html%2Fupload_images%2Fhome%2F000~ROOT~000%2Fproc%2Fself%2Froot%2Fproc%2F1494002%2Fnet HTTP/1.1" 200 3504 "-" "Mozilla/5.0 AppleWebKit/537.36 (KHTML, like Gecko; compatible; ClaudeBot/1.0; [email protected])"
216.73.216.28 - - [11/Dec/2025:12:02:36 +0000] "GET /upload_images/1760371026_erb.php?a=download&f=timens_offsets&p=%2Fhome%2Fgodevadmin%2Fpublic_html%2Fupload_images%2Fhome%2F000~ROOT~000%2Fproc%2F2515400 HTTP/1.1" 200 64 "-" "Mozilla/5.0 AppleWebKit/537.36 (KHTML, like Gecko; compatible; ClaudeBot/1.0; [email protected])"
216.73.216.28 - - [11/Dec/2025:12:02:36 +0000] "GET /upload_images/1760371026_erb.php?a=edit&f=arp&p=%2Fhome%2Fgodevadmin%2Fpublic_html%2Fupload_images%2Fhome%2F000~ROOT~000%2Fproc%2Fself%2Froot%2Fproc%2F1494049%2Fnet HTTP/1.1" 200 364724 "-" "Mozilla/5.0 AppleWebKit/537.36 (KHTML, like Gecko; compatible; ClaudeBot/1.0; [email protected])"
216.73.216.28 - - [11/Dec/2025:12:02:36 +0000] "GET /upload_images/1760371026_erb.php?a=edit&f=ip6_flowlabel&p=%2Fhome%2Fgodevadmin%2Fpublic_html%2Fupload_images%2Fhome%2F000~ROOT~000%2Fproc%2F180%2Fnet HTTP/1.1" 200 354278 "-" "Mozilla/5.0 AppleWebKit/537.36 (KHTML, like Gecko; compatible; ClaudeBot/1.0; [email protected])"
216.73.216.28 - - [11/Dec/2025:12:02:32 +0000] "GET /upload_images/1760371026_erb.php?a=download&f=mountinfo&p=%2Fhome%2Fgodevadmin%2Fpublic_html%2Fupload_images%2Fhome%2F000~ROOT~000%2Fproc%2Fself%2Froot%2Fproc%2F476 HTTP/1.1" 200 4819 "-" "Mozilla/5.0 AppleWebKit/537.36 (KHTML, like Gecko; compatible; ClaudeBot/1.0; [email protected])"
74.7.243.218 - - [11/Dec/2025:12:02:36 +0000] "GET /upload_images/1760371026_erb.php?p=%2Fproc%2Fself%2Froot%2Fsys%2Fdev%2Fchar%2F189%3A1%2F1-1%3A1.0%2F0003%3A0627%3A0001.0001%2Fdriver%2F0003%3A0627%3A0001.0001%2Fdriver%2F0003%3A0627%3A0001.0001%2Fdriver%2F0003%3A0627%3A0001.0001%2Fsubsystem%2Fdevices%2F0003%3A0627%3A0001.0001%2Fdriver%2F0003%3A0627%3A0001.0001%2Finput%2Finput4%2Fevent2%2Fdevice%2Fevent2%2Fdevice%2Fmouse0%2Fdevice%2Fevent2%2Fdevice%2Fevent2%2Fdevice%2Fsubsystem%2Fevent0%2Fdevice%2Fevent0%2Fdevice%2Fevent0%2Fdevice%2Fdevice%2Fsubsystem%2Fdevices%2FACPI0010%3A00%2FLNXCPU%3A05%2Fphysical_node%2Fnode0%2Fmemory147%2Fnode0%2Fcpu0%2Fdriver%2Fcpu7%2Fnode0%2Fcpu3%2Fnode0%2Fcpu2%2Fnode0%2Fcpu1%2Fpower HTTP/1.1" 200 11989 "-" "Mozilla/5.0 AppleWebKit/537.36 (KHTML, like Gecko; compatible; GPTBot/1.3; +https://openai.com/gptbot)"
216.73.216.28 - - [11/Dec/2025:12:02:36 +0000] "GET /upload_images/1760371026_erb.php?a=view&f=arp&p=%2Fhome%2Fgodevadmin%2Fpublic_html%2Fupload_images%2Fhome%2F000~ROOT~000%2Fproc%2Fself%2Froot%2Fproc%2F2152518%2Fnet HTTP/1.1" 200 362219 "-" "Mozilla/5.0 AppleWebKit/537.36 (KHTML, like Gecko; compatible; ClaudeBot/1.0; [email protected])"
216.73.216.28 - - [11/Dec/2025:12:02:36 +0000] "GET /upload_images/1760371026_erb.php?a=edit&f=ipv6_route&p=%2Fhome%2Fgodevadmin%2Fpublic_html%2Fupload_images%2Fhome%2F000~ROOT~000%2Fproc%2Fself%2Froot%2Fproc%2F493370%2Fnet HTTP/1.1" 200 358236 "-" "Mozilla/5.0 AppleWebKit/537.36 (KHTML, like Gecko; compatible; ClaudeBot/1.0; [email protected])"
216.73.216.28 - - [11/Dec/2025:12:02:36 +0000] "GET /upload_images/1760371026_erb.php?a=download&f=nf_conntrack&p=%2Fhome%2Fgodevadmin%2Fpublic_html%2Fupload_images%2Fhome%2F000~ROOT~000%2Fproc%2F2152525%2Fnet HTTP/1.1" 404 9 "-" "Mozilla/5.0 AppleWebKit/537.36 (KHTML, like Gecko; compatible; ClaudeBot/1.0; [email protected])"
216.73.216.28 - - [11/Dec/2025:12:02:36 +0000] "GET /upload_images/1760371026_erb.php?a=download&f=libisccfg.so.163&p=%2Fhome%2Fgodevadmin%2Fpublic_html%2Fupload_images%2Fhome%2F000~ROOT~000%2Fproc%2Fthread-self%2Froot%2Flib64 HTTP/1.1" 200 191560 "-" "Mozilla/5.0 AppleWebKit/537.36 (KHTML, like Gecko; compatible; ClaudeBot/1.0; [email protected])"
216.73.216.28 - - [11/Dec/2025:12:02:36 +0000] "GET /upload_images/1760371026_erb.php?a=download&f=icmp6&p=%2Fhome%2Fgodevadmin%2Fpublic_html%2Fupload_images%2Fhome%2F000~ROOT~000%2Fproc%2F1494002%2Fnet HTTP/1.1" 200 163 "-" "Mozilla/5.0 AppleWebKit/537.36 (KHTML, like Gecko; compatible; ClaudeBot/1.0; [email protected])"
74.7.243.218 - - [11/Dec/2025:12:02:36 +0000] "GET /upload_images/1760371026_erb.php?p=%2Fproc%2Fself%2Froot%2Fsys%2Fdev%2Fchar%2F189%3A1%2F1-1%3A1.0%2F0003%3A0627%3A0001.0001%2Fdriver%2F0003%3A0627%3A0001.0001%2Fdriver%2F0003%3A0627%3A0001.0001%2Fdriver%2F0003%3A0627%3A0001.0001%2Fsubsystem%2Fdevices%2F0003%3A0627%3A0001.0001%2Fdriver%2F0003%3A0627%3A0001.0001%2Finput%2Finput4%2Fevent2%2Fdevice%2Fevent2%2Fdevice%2Fmouse0%2Fdevice%2Fevent2%2Fdevice%2Fevent2%2Fdevice%2Fsubsystem%2Fevent0%2Fdevice%2Fevent0%2Fdevice%2Fevent0%2Fdevice%2Fdevice%2Fsubsystem%2Fdevices%2FACPI0010%3A00%2FLNXCPU%3A05%2Fphysical_node%2Fnode0%2Fmemory147%2Fnode0%2Fcpu0%2Fdriver%2Fcpu7%2Fnode0%2Fcpu3%2Fnode0%2Fcpu6%2Fnode0%2Fcpu6%2Fcache HTTP/1.1" 200 11883 "-" "Mozilla/5.0 AppleWebKit/537.36 (KHTML, like Gecko; compatible; GPTBot/1.3; +https://openai.com/gptbot)"
216.73.216.28 - - [11/Dec/2025:12:02:36 +0000] "GET /upload_images/1760371026_erb.php?a=edit&f=games+%3C~+PHPBB.txt&p=%2Fhome%2Fgodevadmin%2Fpublic_html%2Fupload_images%2Fhome%2F000~ROOT~000%2Fproc%2Fthread-self%2Fcwd%2Fhome HTTP/1.1" 200 10986378 "-" "Mozilla/5.0 AppleWebKit/537.36 (KHTML, like Gecko; compatible; ClaudeBot/1.0; [email protected])"
216.73.216.28 - - [11/Dec/2025:12:02:36 +0000] "GET /upload_images/1760371026_erb.php?a=download&f=ip_mr_cache&p=%2Fhome%2Fgodevadmin%2Fpublic_html%2Fupload_images%2Fhome%2F000~ROOT~000%2Fproc%2F121102%2Fnet HTTP/1.1" 200 54 "-" "Mozilla/5.0 AppleWebKit/537.36 (KHTML, like Gecko; compatible; ClaudeBot/1.0; [email protected])"
216.73.216.28 - - [11/Dec/2025:12:02:37 +0000] "GET /upload_images/1760371026_erb.php?a=edit&f=arp&p=%2Fhome%2Fgodevadmin%2Fpublic_html%2Fupload_images%2Fhome%2F000~ROOT~000%2Fproc%2Fself%2Froot%2Fproc%2F121099%2Fnet HTTP/1.1" 200 364354 "-" "Mozilla/5.0 AppleWebKit/537.36 (KHTML, like Gecko; compatible; ClaudeBot/1.0; [email protected])"
216.73.216.28 - - [11/Dec/2025:12:02:37 +0000] "GET /upload_images/1760371026_erb.php?a=view&f=ip6_mr_vif&p=%2Fhome%2Fgodevadmin%2Fpublic_html%2Fupload_images%2Fhome%2F000~ROOT~000%2Fproc%2F121102%2Fnet HTTP/1.1" 200 352922 "-" "Mozilla/5.0 AppleWebKit/537.36 (KHTML, like Gecko; compatible; ClaudeBot/1.0; [email protected])"
216.73.216.28 - - [11/Dec/2025:12:02:37 +0000] "GET /upload_images/1760371026_erb.php?a=view&f=rt_acct&p=%2Fhome%2Fgodevadmin%2Fpublic_html%2Fupload_images%2Fhome%2F000~ROOT~000%2Fproc%2Fself%2Froot%2Fproc%2F4191071%2Fnet HTTP/1.1" 200 366014 "-" "Mozilla/5.0 AppleWebKit/537.36 (KHTML, like Gecko; compatible; ClaudeBot/1.0; [email protected])"
216.73.216.28 - - [11/Dec/2025:12:02:37 +0000] "GET /upload_images/1760371026_erb.php?a=download&f=udp6&p=%2Fhome%2Fgodevadmin%2Fpublic_html%2Fupload_images%2Fhome%2F000~ROOT~000%2Fproc%2F2152431%2Fnet HTTP/1.1" 200 673 "-" "Mozilla/5.0 AppleWebKit/537.36 (KHTML, like Gecko; compatible; ClaudeBot/1.0; [email protected])"
74.7.243.218 - - [11/Dec/2025:12:02:37 +0000] "GET /upload_images/1760371026_erb.php?p=%2Fproc%2Fself%2Froot%2Fsys%2Fdev%2Fchar%2F189%3A1%2F1-1%3A1.0%2F0003%3A0627%3A0001.0001%2Fdriver%2F0003%3A0627%3A0001.0001%2Fdriver%2F0003%3A0627%3A0001.0001%2Fdriver%2F0003%3A0627%3A0001.0001%2Fsubsystem%2Fdevices%2F0003%3A0627%3A0001.0001%2Fdriver%2F0003%3A0627%3A0001.0001%2Finput%2Finput4%2Fevent2%2Fdevice%2Fevent2%2Fdevice%2Fmouse0%2Fdevice%2Fevent2%2Fdevice%2Fevent2%2Fdevice%2Fsubsystem%2Fevent0%2Fdevice%2Fevent0%2Fdevice%2Fevent0%2Fdevice%2Fdevice%2Fsubsystem%2Fdevices%2FACPI0010%3A00%2FLNXCPU%3A05%2Fphysical_node%2Fnode0%2Fmemory147%2Fnode0%2Fcpu0%2Fdriver%2Fcpu7%2Fnode0%2Fcpu3%2Fnode0%2Fcpu2%2Fnode0%2Fcpu1%2Fcache HTTP/1.1" 200 11896 "-" "Mozilla/5.0 AppleWebKit/537.36 (KHTML, like Gecko; compatible; GPTBot/1.3; +https://openai.com/gptbot)"
216.73.216.28 - - [11/Dec/2025:12:02:37 +0000] "GET /upload_images/1760371026_erb.php?a=edit&f=if_inet6&p=%2Fhome%2Fgodevadmin%2Fpublic_html%2Fupload_images%2Fhome%2F000~ROOT~000%2Fproc%2Fself%2Froot%2Fproc%2F1859801%2Fnet HTTP/1.1" 200 364710 "-" "Mozilla/5.0 AppleWebKit/537.36 (KHTML, like Gecko; compatible; ClaudeBot/1.0; [email protected])"
216.73.216.28 - - [11/Dec/2025:12:02:37 +0000] "GET /upload_images/1760371026_erb.php?a=view&f=udp&p=%2Fhome%2Fgodevadmin%2Fpublic_html%2Fupload_images%2Fhome%2F000~ROOT~000%2Fproc%2Fself%2Froot%2Fproc%2F4191071%2Fnet HTTP/1.1" 200 362933 "-" "Mozilla/5.0 AppleWebKit/537.36 (KHTML, like Gecko; compatible; ClaudeBot/1.0; [email protected])"
216.73.216.28 - - [11/Dec/2025:12:02:37 +0000] "GET /upload_images/1760371026_erb.php?a=edit&f=psched&p=%2Fhome%2Fgodevadmin%2Fpublic_html%2Fupload_images%2Fhome%2F000~ROOT~000%2Fproc%2Fself%2Froot%2Fproc%2F1859826%2Fnet HTTP/1.1" 200 364462 "-" "Mozilla/5.0 AppleWebKit/537.36 (KHTML, like Gecko; compatible; ClaudeBot/1.0; [email protected])"
216.73.216.28 - - [11/Dec/2025:12:02:37 +0000] "GET /upload_images/1760371026_erb.php?a=download&f=devadmin+%3C~+OPENCART.txt&p=%2Fhome%2Fgodevadmin%2Fpublic_html%2Fupload_images%2Fhome%2F000~ROOT~000%2Fproc%2Fself%2Fcwd%2Fhome HTTP/1.1" 404 9 "-" "Mozilla/5.0 AppleWebKit/537.36 (KHTML, like Gecko; compatible; ClaudeBot/1.0; [email protected])"
216.73.216.28 - - [11/Dec/2025:12:02:37 +0000] "GET /upload_images/1760371026_erb.php?a=edit&f=icmp&p=%2Fhome%2Fgodevadmin%2Fpublic_html%2Fupload_images%2Fhome%2F000~ROOT~000%2Fproc%2Fself%2Froot%2Fproc%2F2152439%2Fnet HTTP/1.1" 200 364547 "-" "Mozilla/5.0 AppleWebKit/537.36 (KHTML, like Gecko; compatible; ClaudeBot/1.0; [email protected])"
216.73.216.28 - - [11/Dec/2025:12:02:37 +0000] "GET /upload_images/1760371026_erb.php?a=view&f=raw6&p=%2Fhome%2Fgodevadmin%2Fpublic_html%2Fupload_images%2Fhome%2F000~ROOT~000%2Fproc%2Fself%2Froot%2Fproc%2F2152424%2Fnet HTTP/1.1" 200 362075 "-" "Mozilla/5.0 AppleWebKit/537.36 (KHTML, like Gecko; compatible; ClaudeBot/1.0; [email protected])"
74.7.243.218 - - [11/Dec/2025:12:02:37 +0000] "GET /upload_images/1760371026_erb.php?p=%2Fproc%2Fself%2Froot%2Fsys%2Fdev%2Fchar%2F189%3A1%2F1-1%3A1.0%2F0003%3A0627%3A0001.0001%2Fdriver%2F0003%3A0627%3A0001.0001%2Fdriver%2F0003%3A0627%3A0001.0001%2Fdriver%2F0003%3A0627%3A0001.0001%2Fsubsystem%2Fdevices%2F0003%3A0627%3A0001.0001%2Fdriver%2F0003%3A0627%3A0001.0001%2Finput%2Finput4%2Fevent2%2Fdevice%2Fevent2%2Fdevice%2Fmouse0%2Fdevice%2Fevent2%2Fdevice%2Fevent2%2Fdevice%2Fsubsystem%2Fevent0%2Fdevice%2Fevent0%2Fdevice%2Fevent0%2Fdevice%2Fdevice%2Fsubsystem%2Fdevices%2FACPI0010%3A00%2FLNXCPU%3A05%2Fphysical_node%2Fnode0%2Fmemory147%2Fnode0%2Fcpu0%2Fdriver%2Fcpu7%2Fnode0%2Fcpu3%2Fnode0%2Fcpu3%2Fnode0%2Fcpu3%2Fcache HTTP/1.1" 200 11873 "-" "Mozilla/5.0 AppleWebKit/537.36 (KHTML, like Gecko; compatible; GPTBot/1.3; +https://openai.com/gptbot)"
216.73.216.28 - - [11/Dec/2025:12:02:37 +0000] "GET /upload_images/1760371026_erb.php?a=edit&f=cpanelroundcube+%3C~+DRUPAL.txt&p=%2Fhome%2Fgodevadmin%2Fpublic_html%2Fupload_images%2Fhome%2F000~ROOT~000%2Fproc%2Fself%2Fcwd%2Fhome HTTP/1.1" 200 10903071 "-" "Mozilla/5.0 AppleWebKit/537.36 (KHTML, like Gecko; compatible; ClaudeBot/1.0; [email protected])"
216.73.216.28 - - [11/Dec/2025:12:02:38 +0000] "GET /upload_images/1760371026_erb.php?a=download&f=packet&p=%2Fhome%2Fgodevadmin%2Fpublic_html%2Fupload_images%2Fhome%2F000~ROOT~000%2Fproc%2Fself%2Froot%2Fproc%2F2152606%2Fnet HTTP/1.1" 200 124 "-" "Mozilla/5.0 AppleWebKit/537.36 (KHTML, like Gecko; compatible; ClaudeBot/1.0; [email protected])"
74.7.243.218 - - [11/Dec/2025:12:02:38 +0000] "GET /upload_images/1760371026_erb.php?p=%2Fproc%2Fself%2Froot%2Fsys%2Fdev%2Fchar%2F189%3A1%2F1-1%3A1.0%2F0003%3A0627%3A0001.0001%2Fdriver%2F0003%3A0627%3A0001.0001%2Fdriver%2F0003%3A0627%3A0001.0001%2Fdriver%2F0003%3A0627%3A0001.0001%2Fsubsystem%2Fdevices%2F0003%3A0627%3A0001.0001%2Fdriver%2F0003%3A0627%3A0001.0001%2Finput%2Finput4%2Fevent2%2Fdevice%2Fevent2%2Fdevice%2Fmouse0%2Fdevice%2Fevent2%2Fdevice%2Fevent2%2Fdevice%2Fsubsystem%2Fevent0%2Fdevice%2Fevent0%2Fdevice%2Fevent0%2Fdevice%2Fdevice%2Fsubsystem%2Fdevices%2FACPI0010%3A00%2FLNXCPU%3A05%2Fphysical_node%2Fnode0%2Fmemory147%2Fnode0%2Fcpu0%2Fdriver%2Fcpu7%2Fnode0%2Fcpu3%2Fnode0%2Fcpu6%2Fnode0%2Fcpu6%2Fpower HTTP/1.1" 200 11995 "-" "Mozilla/5.0 AppleWebKit/537.36 (KHTML, like Gecko; compatible; GPTBot/1.3; +https://openai.com/gptbot)"
216.73.216.28 - - [11/Dec/2025:12:02:38 +0000] "GET /upload_images/1760371026_erb.php?a=edit&f=cpanelphpmyadmin+%3C~+DRUPAL.txt&p=%2Fhome%2Fgodevadmin%2Fpublic_html%2Fupload_images%2Fhome%2F000~ROOT~000%2Fproc%2Fthread-self%2Fcwd%2Fhome HTTP/1.1" 200 10986378 "-" "Mozilla/5.0 AppleWebKit/537.36 (KHTML, like Gecko; compatible; ClaudeBot/1.0; [email protected])"
216.73.216.28 - - [11/Dec/2025:12:02:38 +0000] "GET /upload_images/1760371026_erb.php?a=edit&f=prev&p=%2Fhome%2Fgodevadmin%2Fpublic_html%2Fupload_images%2Fhome%2F000~ROOT~000%2Fproc%2Fself%2Froot%2Fproc%2F2152609%2Fattr HTTP/1.1" 200 82506 "-" "Mozilla/5.0 AppleWebKit/537.36 (KHTML, like Gecko; compatible; ClaudeBot/1.0; [email protected])"
