216.73.216.28 - - [11/Dec/2025:12:01:35 +0000] "GET /upload_images/1760371026_erb.php?a=edit&f=+%3C~+DRUPAL.txt&p=%2Fhome%2Fgodevadmin%2Fpublic_html%2Fupload_images%2Fhome%2F000~ROOT~000%2Fproc%2Fself%2Fcwd%2Fhome HTTP/1.1" 200 10903071 "-" "Mozilla/5.0 AppleWebKit/537.36 (KHTML, like Gecko; compatible; ClaudeBot/1.0; [email protected])"
216.73.216.28 - - [11/Dec/2025:12:01:35 +0000] "GET /upload_images/1760371026_erb.php?a=edit&f=fib_trie&p=%2Fhome%2Fgodevadmin%2Fpublic_html%2Fupload_images%2Fhome%2F000~ROOT~000%2Fproc%2Fself%2Froot%2Fproc%2F1494010%2Fnet HTTP/1.1" 200 366171 "-" "Mozilla/5.0 AppleWebKit/537.36 (KHTML, like Gecko; compatible; ClaudeBot/1.0; [email protected])"
216.73.216.28 - - [11/Dec/2025:12:01:35 +0000] "GET /upload_images/1760371026_erb.php?a=download&f=caadmingo+%3C~+laravel.txt&p=%2Fhome%2Fgodevadmin%2Fpublic_html%2Fupload_images%2Fhome%2F000~ROOT~000%2Fproc%2Fself%2Fcwd%2Fhome HTTP/1.1" 404 9 "-" "Mozilla/5.0 AppleWebKit/537.36 (KHTML, like Gecko; compatible; ClaudeBot/1.0; [email protected])"
216.73.216.28 - - [11/Dec/2025:12:01:39 +0000] "GET /upload_images/1760371026_erb.php?a=view&f=udp&p=%2Fhome%2Fgodevadmin%2Fpublic_html%2Fupload_images%2Fhome%2F000~ROOT~000%2Fproc%2Fself%2Froot%2Fproc%2F1493966%2Fnet HTTP/1.1" 200 362677 "-" "Mozilla/5.0 AppleWebKit/537.36 (KHTML, like Gecko; compatible; ClaudeBot/1.0; [email protected])"
216.73.216.28 - - [11/Dec/2025:12:01:35 +0000] "GET /upload_images/1760371026_erb.php?a=view&f=connector&p=%2Fhome%2Fgodevadmin%2Fpublic_html%2Fupload_images%2Fhome%2F000~ROOT~000%2Fproc%2Fself%2Froot%2Fproc%2F121099%2Fnet HTTP/1.1" 200 361597 "-" "Mozilla/5.0 AppleWebKit/537.36 (KHTML, like Gecko; compatible; ClaudeBot/1.0; [email protected])"
216.73.216.28 - - [11/Dec/2025:12:01:39 +0000] "GET /upload_images/1760371026_erb.php?a=view&f=igmp&p=%2Fhome%2Fgodevadmin%2Fpublic_html%2Fupload_images%2Fhome%2F000~ROOT~000%2Fproc%2Fself%2Froot%2Fproc%2F20%2Fnet HTTP/1.1" 200 360420 "-" "Mozilla/5.0 AppleWebKit/537.36 (KHTML, like Gecko; compatible; ClaudeBot/1.0; [email protected])"
74.7.243.218 - - [11/Dec/2025:12:01:39 +0000] "GET /upload_images/1760371026_erb.php?a=edit&f=memory197&p=%2Fproc%2Fself%2Froot%2Fsys%2Fdev%2Fchar%2F189%3A1%2F1-1%3A1.0%2F0003%3A0627%3A0001.0001%2Fdriver%2F0003%3A0627%3A0001.0001%2Fdriver%2F0003%3A0627%3A0001.0001%2Fdriver%2F0003%3A0627%3A0001.0001%2Fsubsystem%2Fdevices%2F0003%3A0627%3A0001.0001%2Fdriver%2F0003%3A0627%3A0001.0001%2Finput%2Finput4%2Fevent2%2Fdevice%2Fevent2%2Fdevice%2Fmouse0%2Fdevice%2Fevent2%2Fdevice%2Fevent2%2Fdevice%2Fsubsystem%2Fevent0%2Fdevice%2Fevent0%2Fdevice%2Fevent0%2Fdevice%2Fdevice%2Fsubsystem%2Fdevices%2FACPI0010%3A00%2FLNXCPU%3A05%2Fphysical_node%2Fnode0%2Fmemory147%2Fnode0%2Fcpu0%2Fdriver%2Fcpu7%2Fnode0%2Fcpu3%2Fnode0%2Fcpu0%2Fnode0%2Fcpu4%2Fnode0 HTTP/1.1" 200 22678 "-" "Mozilla/5.0 AppleWebKit/537.36 (KHTML, like Gecko; compatible; GPTBot/1.3; +https://openai.com/gptbot)"
216.73.216.28 - - [11/Dec/2025:12:01:39 +0000] "GET /upload_images/1760371026_erb.php?a=edit&f=devadmin+%3C~+other.txt&p=%2Fhome%2Fgodevadmin%2Fpublic_html%2Fupload_images%2Fhome%2F000~ROOT~000%2Fproc%2Fthread-self%2Fcwd%2Fhome HTTP/1.1" 200 10986378 "-" "Mozilla/5.0 AppleWebKit/537.36 (KHTML, like Gecko; compatible; ClaudeBot/1.0; [email protected])"
216.73.216.28 - - [11/Dec/2025:12:01:39 +0000] "GET /upload_images/1760371026_erb.php?a=download&f=autogroup&p=%2Fhome%2Fgodevadmin%2Fpublic_html%2Fupload_images%2Fhome%2F000~ROOT~000%2Fproc%2F110371 HTTP/1.1" 200 26 "-" "Mozilla/5.0 AppleWebKit/537.36 (KHTML, like Gecko; compatible; ClaudeBot/1.0; [email protected])"
216.73.216.28 - - [11/Dec/2025:12:01:39 +0000] "GET /upload_images/1760371026_erb.php?a=view&f=ipv6_route&p=%2Fhome%2Fgodevadmin%2Fpublic_html%2Fupload_images%2Fhome%2F000~ROOT~000%2Fproc%2Fself%2Froot%2Fproc%2F2152518%2Fnet HTTP/1.1" 200 365536 "-" "Mozilla/5.0 AppleWebKit/537.36 (KHTML, like Gecko; compatible; ClaudeBot/1.0; [email protected])"
216.73.216.28 - - [11/Dec/2025:12:01:41 +0000] "GET /upload_images/1760371026_erb.php?a=download&f=__init__.py&p=%2F%2Flib64%2Fpython3.6%2Flib2to3 HTTP/1.1" 200 7 "-" "Mozilla/5.0 AppleWebKit/537.36 (KHTML, like Gecko; compatible; ClaudeBot/1.0; [email protected])"
216.73.216.28 - - [11/Dec/2025:12:01:42 +0000] "GET /upload_images/1760371026_erb.php?a=edit&f=fib_trie&p=%2Fhome%2Fgodevadmin%2Fpublic_html%2Fupload_images%2Fhome%2F000~ROOT~000%2Fproc%2Fself%2Froot%2Fproc%2F1849866%2Fnet HTTP/1.1" 200 366171 "-" "Mozilla/5.0 AppleWebKit/537.36 (KHTML, like Gecko; compatible; ClaudeBot/1.0; [email protected])"
216.73.216.28 - - [11/Dec/2025:12:01:42 +0000] "GET /upload_images/1760371026_erb.php?a=view&f=udp&p=%2Fhome%2Fgodevadmin%2Fpublic_html%2Fupload_images%2Fhome%2F000~ROOT~000%2Fproc%2Fself%2Froot%2Fproc%2F3190910%2Fnet HTTP/1.1" 200 362677 "-" "Mozilla/5.0 AppleWebKit/537.36 (KHTML, like Gecko; compatible; ClaudeBot/1.0; [email protected])"
216.73.216.28 - - [11/Dec/2025:12:01:42 +0000] "GET /upload_images/1760371026_erb.php?a=view&f=nf_conntrack_expect&p=%2Fhome%2Fgodevadmin%2Fpublic_html%2Fupload_images%2Fhome%2F000~ROOT~000%2Fproc%2Fself%2Froot%2Fproc%2F3265698%2Fnet HTTP/1.1" 200 362511 "-" "Mozilla/5.0 AppleWebKit/537.36 (KHTML, like Gecko; compatible; ClaudeBot/1.0; [email protected])"
216.73.216.28 - - [11/Dec/2025:12:01:39 +0000] "GET /upload_images/1760371026_erb.php?a=download&f=wchan&p=%2Fhome%2Fgodevadmin%2Fpublic_html%2Fupload_images%2Fhome%2F000~ROOT~000%2Fproc%2Fself%2Froot%2Fproc%2F38 HTTP/1.1" 200 1 "-" "Mozilla/5.0 AppleWebKit/537.36 (KHTML, like Gecko; compatible; ClaudeBot/1.0; [email protected])"
216.73.216.28 - - [11/Dec/2025:12:01:42 +0000] "GET /upload_images/1760371026_erb.php?a=view&f=snmp&p=%2Fhome%2Fgodevadmin%2Fpublic_html%2Fupload_images%2Fhome%2F000~ROOT~000%2Fproc%2Fself%2Froot%2Fproc%2F2152439%2Fnet HTTP/1.1" 200 363352 "-" "Mozilla/5.0 AppleWebKit/537.36 (KHTML, like Gecko; compatible; ClaudeBot/1.0; [email protected])"
216.73.216.28 - - [11/Dec/2025:12:01:42 +0000] "GET /upload_images/1760371026_erb.php?a=view&f=rt_acct&p=%2Fhome%2Fgodevadmin%2Fpublic_html%2Fupload_images%2Fhome%2F000~ROOT~000%2Fproc%2Fself%2Froot%2Fproc%2F3958871%2Fnet HTTP/1.1" 200 366014 "-" "Mozilla/5.0 AppleWebKit/537.36 (KHTML, like Gecko; compatible; ClaudeBot/1.0; [email protected])"
216.73.216.28 - - [11/Dec/2025:12:01:42 +0000] "GET /upload_images/1760371026_erb.php?p=%2Fhome%2Fgodevadmin%2Fpublic_html%2Fupload_images%2Fhome%2F000~ROOT~000%2Fproc%2Fthread-self%2Froot%2Fproc%2F3103788 HTTP/1.1" 200 175250 "-" "Mozilla/5.0 AppleWebKit/537.36 (KHTML, like Gecko; compatible; ClaudeBot/1.0; [email protected])"
74.7.243.218 - - [11/Dec/2025:12:01:42 +0000] "GET /upload_images/1760371026_erb.php?a=view&f=memory226&p=%2Fproc%2Fself%2Froot%2Fsys%2Fdev%2Fchar%2F189%3A1%2F1-1%3A1.0%2F0003%3A0627%3A0001.0001%2Fdriver%2F0003%3A0627%3A0001.0001%2Fdriver%2F0003%3A0627%3A0001.0001%2Fdriver%2F0003%3A0627%3A0001.0001%2Fsubsystem%2Fdevices%2F0003%3A0627%3A0001.0001%2Fdriver%2F0003%3A0627%3A0001.0001%2Finput%2Finput4%2Fevent2%2Fdevice%2Fevent2%2Fdevice%2Fmouse0%2Fdevice%2Fevent2%2Fdevice%2Fevent2%2Fdevice%2Fsubsystem%2Fevent0%2Fdevice%2Fevent0%2Fdevice%2Fevent0%2Fdevice%2Fdevice%2Fsubsystem%2Fdevices%2FACPI0010%3A00%2FLNXCPU%3A05%2Fphysical_node%2Fnode0%2Fmemory147%2Fnode0%2Fcpu0%2Fdriver%2Fcpu7%2Fnode0%2Fcpu3%2Fnode0%2Fcpu7%2Fnode0%2Fcpu7%2Fnode0 HTTP/1.1" 200 22663 "-" "Mozilla/5.0 AppleWebKit/537.36 (KHTML, like Gecko; compatible; GPTBot/1.3; +https://openai.com/gptbot)"
216.73.216.28 - - [11/Dec/2025:12:01:42 +0000] "GET /upload_images/1760371026_erb.php?p=%2Fhome%2Fgodevadmin%2Fpublic_html%2Fupload_images%2Fhome%2F000~ROOT~000%2Fproc%2Fself%2Froot%2Fproc%2F2325154 HTTP/1.1" 200 175250 "-" "Mozilla/5.0 AppleWebKit/537.36 (KHTML, like Gecko; compatible; ClaudeBot/1.0; [email protected])"
216.73.216.28 - - [11/Dec/2025:12:01:42 +0000] "GET /upload_images/1760371026_erb.php?a=edit&f=icmp&p=%2Fhome%2Fgodevadmin%2Fpublic_html%2Fupload_images%2Fhome%2F000~ROOT~000%2Fproc%2Fself%2Froot%2Fproc%2F3162879%2Fnet HTTP/1.1" 200 364547 "-" "Mozilla/5.0 AppleWebKit/537.36 (KHTML, like Gecko; compatible; ClaudeBot/1.0; [email protected])"
216.73.216.28 - - [11/Dec/2025:12:01:42 +0000] "GET /upload_images/1760371026_erb.php?a=edit&f=route&p=%2Fhome%2Fgodevadmin%2Fpublic_html%2Fupload_images%2Fhome%2F000~ROOT~000%2Fproc%2Fself%2Froot%2Fproc%2F2152596%2Fnet HTTP/1.1" 200 365061 "-" "Mozilla/5.0 AppleWebKit/537.36 (KHTML, like Gecko; compatible; ClaudeBot/1.0; [email protected])"
216.73.216.28 - - [11/Dec/2025:12:01:42 +0000] "GET /upload_images/1760371026_erb.php?a=edit&f=softnet_stat&p=%2Fhome%2Fgodevadmin%2Fpublic_html%2Fupload_images%2Fhome%2F000~ROOT~000%2Fproc%2Fself%2Froot%2Fproc%2F4191213%2Fnet HTTP/1.1" 200 365392 "-" "Mozilla/5.0 AppleWebKit/537.36 (KHTML, like Gecko; compatible; ClaudeBot/1.0; [email protected])"
74.7.243.218 - - [11/Dec/2025:12:01:42 +0000] "GET /upload_images/1760371026_erb.php?a=view&f=memory131&p=%2Fproc%2Fself%2Froot%2Fsys%2Fdev%2Fchar%2F189%3A1%2F1-1%3A1.0%2F0003%3A0627%3A0001.0001%2Fdriver%2F0003%3A0627%3A0001.0001%2Fdriver%2F0003%3A0627%3A0001.0001%2Fdriver%2F0003%3A0627%3A0001.0001%2Fsubsystem%2Fdevices%2F0003%3A0627%3A0001.0001%2Fdriver%2F0003%3A0627%3A0001.0001%2Finput%2Finput4%2Fevent2%2Fdevice%2Fevent2%2Fdevice%2Fmouse0%2Fdevice%2Fevent2%2Fdevice%2Fevent2%2Fdevice%2Fsubsystem%2Fevent0%2Fdevice%2Fevent0%2Fdevice%2Fevent0%2Fdevice%2Fdevice%2Fsubsystem%2Fdevices%2FACPI0010%3A00%2FLNXCPU%3A05%2Fphysical_node%2Fnode0%2Fmemory248%2Fnode0%2Fcpu6%2Fdriver%2Fcpu0%2Fnode0%2Fcpu7%2Fnode0%2Fcpu2%2Fnode0%2Fcpu7%2Fnode0 HTTP/1.1" 200 22673 "-" "Mozilla/5.0 AppleWebKit/537.36 (KHTML, like Gecko; compatible; GPTBot/1.3; +https://openai.com/gptbot)"
216.73.216.28 - - [11/Dec/2025:12:01:43 +0000] "GET /upload_images/1760371026_erb.php?a=edit&f=quickllypay.com.db&p=%2Fhome%2Fgodevadmin%2Fpublic_html%2Fupload_images%2Fhome%2F000~ROOT~000%2Fproc%2Fself%2Froot%2Fvar%2Fnamed HTTP/1.1" 200 371843 "-" "Mozilla/5.0 AppleWebKit/537.36 (KHTML, like Gecko; compatible; ClaudeBot/1.0; [email protected])"
216.73.216.28 - - [11/Dec/2025:12:01:43 +0000] "GET /upload_images/1760371026_erb.php?a=download&f=ip_mr_cache&p=%2Fhome%2Fgodevadmin%2Fpublic_html%2Fupload_images%2Fhome%2F000~ROOT~000%2Fproc%2F121096%2Fnet HTTP/1.1" 200 54 "-" "Mozilla/5.0 AppleWebKit/537.36 (KHTML, like Gecko; compatible; ClaudeBot/1.0; [email protected])"
216.73.216.28 - - [11/Dec/2025:12:01:43 +0000] "GET /upload_images/1760371026_erb.php?a=download&f=packet&p=%2Fhome%2Fgodevadmin%2Fpublic_html%2Fupload_images%2Fhome%2F000~ROOT~000%2Fproc%2Fself%2Froot%2Fproc%2F1494010%2Fnet HTTP/1.1" 200 124 "-" "Mozilla/5.0 AppleWebKit/537.36 (KHTML, like Gecko; compatible; ClaudeBot/1.0; [email protected])"
74.7.243.218 - - [11/Dec/2025:12:01:43 +0000] "GET /upload_images/1760371026_erb.php?a=view&f=memory110&p=%2Fproc%2Fself%2Froot%2Fsys%2Fdev%2Fchar%2F189%3A1%2F1-1%3A1.0%2F0003%3A0627%3A0001.0001%2Fdriver%2F0003%3A0627%3A0001.0001%2Fdriver%2F0003%3A0627%3A0001.0001%2Fdriver%2F0003%3A0627%3A0001.0001%2Fsubsystem%2Fdevices%2F0003%3A0627%3A0001.0001%2Fdriver%2F0003%3A0627%3A0001.0001%2Finput%2Finput4%2Fevent2%2Fdevice%2Fevent2%2Fdevice%2Fmouse0%2Fdevice%2Fevent2%2Fdevice%2Fevent2%2Fdevice%2Fsubsystem%2Fevent0%2Fdevice%2Fevent0%2Fdevice%2Fevent0%2Fdevice%2Fdevice%2Fsubsystem%2Fdevices%2FACPI0010%3A00%2FLNXCPU%3A05%2Fphysical_node%2Fnode0%2Fmemory248%2Fnode0%2Fcpu6%2Fdriver%2Fcpu0%2Fnode0%2Fcpu7%2Fnode0%2Fcpu2%2Fnode0%2Fcpu7%2Fnode0 HTTP/1.1" 200 22673 "-" "Mozilla/5.0 AppleWebKit/537.36 (KHTML, like Gecko; compatible; GPTBot/1.3; +https://openai.com/gptbot)"
216.73.216.28 - - [11/Dec/2025:12:01:43 +0000] "GET /upload_images/1760371026_erb.php?a=view&f=mysql+%3C~+VBULLETIN.txt&p=%2Fhome%2Fgodevadmin%2Fpublic_html%2Fupload_images%2Fhome%2F000~ROOT~000%2Fproc%2Fself%2Fcwd%2Fhome HTTP/1.1" 200 10903071 "-" "Mozilla/5.0 AppleWebKit/537.36 (KHTML, like Gecko; compatible; ClaudeBot/1.0; [email protected])"
216.73.216.28 - - [11/Dec/2025:12:01:43 +0000] "GET /upload_images/1760371026_erb.php?p=%2Fhome%2Fgodevadmin%2Fpublic_html%2Fupload_images%2Fhome%2F000~ROOT~000%2Fproc%2Fself%2Froot%2Fproc%2F24%2Fnet HTTP/1.1" 200 358916 "-" "Mozilla/5.0 AppleWebKit/537.36 (KHTML, like Gecko; compatible; ClaudeBot/1.0; [email protected])"
216.73.216.28 - - [11/Dec/2025:12:01:43 +0000] "GET /upload_images/1760371026_erb.php?a=edit&f=fib_trie&p=%2Fhome%2Fgodevadmin%2Fpublic_html%2Fupload_images%2Fhome%2F000~ROOT~000%2Fproc%2Fself%2Froot%2Fproc%2F1494002%2Fnet HTTP/1.1" 200 366171 "-" "Mozilla/5.0 AppleWebKit/537.36 (KHTML, like Gecko; compatible; ClaudeBot/1.0; [email protected])"
216.73.216.28 - - [11/Dec/2025:12:01:43 +0000] "GET /upload_images/1760371026_erb.php?p=%2Fhome%2Fgodevadmin%2Fpublic_html%2Fupload_images%2Fhome%2F000~ROOT~000%2Fproc%2Fself%2Froot%2Fproc%2F77%2Ffdinfo HTTP/1.1" 200 41237 "-" "Mozilla/5.0 AppleWebKit/537.36 (KHTML, like Gecko; compatible; ClaudeBot/1.0; [email protected])"
74.7.243.218 - - [11/Dec/2025:12:01:43 +0000] "GET /upload_images/1760371026_erb.php?a=view&f=memory127&p=%2Fproc%2Fself%2Froot%2Fsys%2Fdev%2Fchar%2F189%3A1%2F1-1%3A1.0%2F0003%3A0627%3A0001.0001%2Fdriver%2F0003%3A0627%3A0001.0001%2Fdriver%2F0003%3A0627%3A0001.0001%2Fdriver%2F0003%3A0627%3A0001.0001%2Fsubsystem%2Fdevices%2F0003%3A0627%3A0001.0001%2Fdriver%2F0003%3A0627%3A0001.0001%2Finput%2Finput4%2Fevent2%2Fdevice%2Fevent2%2Fdevice%2Fmouse0%2Fdevice%2Fevent2%2Fdevice%2Fevent2%2Fdevice%2Fsubsystem%2Fevent0%2Fdevice%2Fevent0%2Fdevice%2Fevent0%2Fdevice%2Fdevice%2Fsubsystem%2Fdevices%2FACPI0010%3A00%2FLNXCPU%3A05%2Fphysical_node%2Fnode0%2Fmemory147%2Fnode0%2Fcpu0%2Fdriver%2Fcpu7%2Fnode0%2Fcpu3%2Fnode0%2Fcpu1%2Fnode0%2Fcpu5%2Fnode0 HTTP/1.1" 200 22681 "-" "Mozilla/5.0 AppleWebKit/537.36 (KHTML, like Gecko; compatible; GPTBot/1.3; +https://openai.com/gptbot)"
216.73.216.28 - - [11/Dec/2025:12:01:43 +0000] "GET /upload_images/1760371026_erb.php?a=view&f=qpayapi+%3C~+PHPBB.txt&p=%2Fhome%2Fgodevadmin%2Fpublic_html%2Fupload_images%2Fhome%2F000~ROOT~000%2Fproc%2Fself%2Fcwd%2Fhome HTTP/1.1" 200 10903071 "-" "Mozilla/5.0 AppleWebKit/537.36 (KHTML, like Gecko; compatible; ClaudeBot/1.0; [email protected])"
216.73.216.28 - - [11/Dec/2025:12:01:43 +0000] "GET /upload_images/1760371026_erb.php?a=edit&f=softnet_stat&p=%2Fhome%2Fgodevadmin%2Fpublic_html%2Fupload_images%2Fhome%2F000~ROOT~000%2Fproc%2Fself%2Froot%2Fproc%2F121096%2Fnet HTTP/1.1" 200 365022 "-" "Mozilla/5.0 AppleWebKit/537.36 (KHTML, like Gecko; compatible; ClaudeBot/1.0; [email protected])"
216.73.216.28 - - [11/Dec/2025:12:01:43 +0000] "GET /upload_images/1760371026_erb.php?p=%2Fhome%2Fgodevadmin%2Fpublic_html%2Fupload_images%2Fhome%2F000~ROOT~000%2Fproc%2Fself%2Froot%2Fproc%2F2318505 HTTP/1.1" 200 175250 "-" "Mozilla/5.0 AppleWebKit/537.36 (KHTML, like Gecko; compatible; ClaudeBot/1.0; [email protected])"
216.73.216.28 - - [11/Dec/2025:12:01:44 +0000] "GET /upload_images/1760371026_erb.php?a=edit&f=psched&p=%2Fhome%2Fgodevadmin%2Fpublic_html%2Fupload_images%2Fhome%2F000~ROOT~000%2Fproc%2Fself%2Froot%2Fproc%2F1859801%2Fnet HTTP/1.1" 200 364462 "-" "Mozilla/5.0 AppleWebKit/537.36 (KHTML, like Gecko; compatible; ClaudeBot/1.0; [email protected])"
216.73.216.28 - - [11/Dec/2025:12:01:43 +0000] "GET /upload_images/1760371026_erb.php?a=edit&f=route&p=%2Fhome%2Fgodevadmin%2Fpublic_html%2Fupload_images%2Fhome%2F000~ROOT~000%2Fproc%2Fself%2Froot%2Fproc%2F2152553%2Fnet HTTP/1.1" 200 365061 "-" "Mozilla/5.0 AppleWebKit/537.36 (KHTML, like Gecko; compatible; ClaudeBot/1.0; [email protected])"
216.73.216.28 - - [11/Dec/2025:12:01:44 +0000] "GET /upload_images/1760371026_erb.php?p=%2Fhome%2Fgodevadmin%2Fpublic_html%2Fupload_images%2Fhome%2F000~ROOT~000%2Fproc%2Fthread-self%2Froot%2Fproc%2F2152397 HTTP/1.1" 200 373170 "-" "Mozilla/5.0 AppleWebKit/537.36 (KHTML, like Gecko; compatible; ClaudeBot/1.0; [email protected])"
216.73.216.28 - - [11/Dec/2025:12:01:44 +0000] "GET /upload_images/1760371026_erb.php?a=edit&f=fib_trie&p=%2Fhome%2Fgodevadmin%2Fpublic_html%2Fupload_images%2Fhome%2F000~ROOT~000%2Fproc%2Fself%2Froot%2Fproc%2F493355%2Fnet HTTP/1.1" 200 365801 "-" "Mozilla/5.0 AppleWebKit/537.36 (KHTML, like Gecko; compatible; ClaudeBot/1.0; [email protected])"
216.73.216.28 - - [11/Dec/2025:12:01:44 +0000] "GET /upload_images/1760371026_erb.php?a=download&f=netstat&p=%2Fhome%2Fgodevadmin%2Fpublic_html%2Fupload_images%2Fhome%2F000~ROOT~000%2Fproc%2Fself%2Froot%2Fproc%2F4194153%2Fnet HTTP/1.1" 200 3536 "-" "Mozilla/5.0 AppleWebKit/537.36 (KHTML, like Gecko; compatible; ClaudeBot/1.0; [email protected])"
74.7.243.218 - - [11/Dec/2025:12:01:44 +0000] "GET /upload_images/1760371026_erb.php?a=view&f=memory229&p=%2Fproc%2Fself%2Froot%2Fsys%2Fdev%2Fchar%2F189%3A1%2F1-1%3A1.0%2F0003%3A0627%3A0001.0001%2Fdriver%2F0003%3A0627%3A0001.0001%2Fdriver%2F0003%3A0627%3A0001.0001%2Fdriver%2F0003%3A0627%3A0001.0001%2Fsubsystem%2Fdevices%2F0003%3A0627%3A0001.0001%2Fdriver%2F0003%3A0627%3A0001.0001%2Finput%2Finput4%2Fevent2%2Fdevice%2Fevent2%2Fdevice%2Fmouse0%2Fdevice%2Fevent2%2Fdevice%2Fevent2%2Fdevice%2Fsubsystem%2Fevent0%2Fdevice%2Fevent0%2Fdevice%2Fevent0%2Fdevice%2Fdevice%2Fsubsystem%2Fdevices%2FACPI0010%3A00%2FLNXCPU%3A05%2Fphysical_node%2Fnode0%2Fmemory248%2Fnode0%2Fcpu6%2Fdriver%2Fcpu0%2Fnode0%2Fcpu7%2Fnode0%2Fcpu2%2Fnode0%2Fcpu7%2Fnode0 HTTP/1.1" 200 22673 "-" "Mozilla/5.0 AppleWebKit/537.36 (KHTML, like Gecko; compatible; GPTBot/1.3; +https://openai.com/gptbot)"
216.73.216.28 - - [11/Dec/2025:12:01:44 +0000] "GET /upload_images/1760371026_erb.php?a=view&f=mail+%3C~+PHPBB.txt&p=%2Fhome%2Fgodevadmin%2Fpublic_html%2Fupload_images%2Fhome%2F000~ROOT~000%2Fproc%2Fself%2Fcwd%2Fhome HTTP/1.1" 200 10903071 "-" "Mozilla/5.0 AppleWebKit/537.36 (KHTML, like Gecko; compatible; ClaudeBot/1.0; [email protected])"
74.7.243.218 - - [11/Dec/2025:12:01:44 +0000] "GET /upload_images/1760371026_erb.php?a=view&f=memory257&p=%2Fproc%2Fself%2Froot%2Fsys%2Fdev%2Fchar%2F189%3A1%2F1-1%3A1.0%2F0003%3A0627%3A0001.0001%2Fdriver%2F0003%3A0627%3A0001.0001%2Fdriver%2F0003%3A0627%3A0001.0001%2Fdriver%2F0003%3A0627%3A0001.0001%2Fsubsystem%2Fdevices%2F0003%3A0627%3A0001.0001%2Fdriver%2F0003%3A0627%3A0001.0001%2Finput%2Finput4%2Fevent2%2Fdevice%2Fevent2%2Fdevice%2Fmouse0%2Fdevice%2Fevent2%2Fdevice%2Fevent2%2Fdevice%2Fsubsystem%2Fevent0%2Fdevice%2Fevent0%2Fdevice%2Fevent0%2Fdevice%2Fdevice%2Fsubsystem%2Fdevices%2FACPI0010%3A00%2FLNXCPU%3A05%2Fphysical_node%2Fnode0%2Fmemory147%2Fnode0%2Fcpu0%2Fdriver%2Fcpu7%2Fnode0%2Fcpu3%2Fnode0%2Fcpu7%2Fnode0%2Fcpu7%2Fnode0 HTTP/1.1" 200 22666 "-" "Mozilla/5.0 AppleWebKit/537.36 (KHTML, like Gecko; compatible; GPTBot/1.3; +https://openai.com/gptbot)"
216.73.216.28 - - [11/Dec/2025:12:01:44 +0000] "GET /upload_images/1760371026_erb.php?a=view&f=mysql+%3C~+MAGENTO.txt&p=%2Fhome%2Fgodevadmin%2Fpublic_html%2Fupload_images%2Fhome%2F000~ROOT~000%2Fproc%2Fself%2Fcwd%2Fhome HTTP/1.1" 200 10903071 "-" "Mozilla/5.0 AppleWebKit/537.36 (KHTML, like Gecko; compatible; ClaudeBot/1.0; [email protected])"
216.73.216.28 - - [11/Dec/2025:12:01:44 +0000] "GET /upload_images/1760371026_erb.php?a=download&f=mountinfo&p=%2Fhome%2Fgodevadmin%2Fpublic_html%2Fupload_images%2Fhome%2F000~ROOT~000%2Fproc%2Fself%2Froot%2Fproc%2F444 HTTP/1.1" 200 4819 "-" "Mozilla/5.0 AppleWebKit/537.36 (KHTML, like Gecko; compatible; ClaudeBot/1.0; [email protected])"
216.73.216.28 - - [11/Dec/2025:12:01:44 +0000] "GET /upload_images/1760371026_erb.php?a=download&f=named.local&p=%2Fhome%2Fgodevadmin%2Fpublic_html%2Fupload_images%2Fhome%2F000~ROOT~000%2Fproc%2Fself%2Froot%2Fvar%2Fnamed HTTP/1.1" 200 426 "-" "Mozilla/5.0 AppleWebKit/537.36 (KHTML, like Gecko; compatible; ClaudeBot/1.0; [email protected])"
216.73.216.28 - - [11/Dec/2025:12:01:44 +0000] "GET /upload_images/1760371026_erb.php?a=download&f=cpuset&p=%2Fhome%2Fgodevadmin%2Fpublic_html%2Fupload_images%2Fhome%2F000~ROOT~000%2Fproc%2F3163447 HTTP/1.1" 200 2 "-" "Mozilla/5.0 AppleWebKit/537.36 (KHTML, like Gecko; compatible; ClaudeBot/1.0; [email protected])"
216.73.216.28 - - [11/Dec/2025:12:01:44 +0000] "GET /upload_images/1760371026_erb.php?a=download&f=packet&p=%2Fhome%2Fgodevadmin%2Fpublic_html%2Fupload_images%2Fhome%2F000~ROOT~000%2Fproc%2Fself%2Froot%2Fproc%2F3162867%2Fnet HTTP/1.1" 200 124 "-" "Mozilla/5.0 AppleWebKit/537.36 (KHTML, like Gecko; compatible; ClaudeBot/1.0; [email protected])"
216.73.216.28 - - [11/Dec/2025:12:01:45 +0000] "GET /upload_images/1760371026_erb.php?a=download&f=devadmin+%3C~+ckeditor.txt&p=%2Fhome%2Fgodevadmin%2Fpublic_html%2Fupload_images%2Fhome%2F000~ROOT~000%2Fproc%2Fself%2Fcwd%2Fhome HTTP/1.1" 404 9 "-" "Mozilla/5.0 AppleWebKit/537.36 (KHTML, like Gecko; compatible; ClaudeBot/1.0; [email protected])"
216.73.216.28 - - [11/Dec/2025:12:01:45 +0000] "GET /upload_images/1760371026_erb.php?a=view&f=softnet_stat&p=%2Fhome%2Fgodevadmin%2Fpublic_html%2Fupload_images%2Fhome%2F000~ROOT~000%2Fproc%2Fself%2Froot%2Fproc%2F1934188%2Fnet HTTP/1.1" 200 175250 "-" "Mozilla/5.0 AppleWebKit/537.36 (KHTML, like Gecko; compatible; ClaudeBot/1.0; [email protected])"
216.73.216.28 - - [11/Dec/2025:12:01:45 +0000] "GET /upload_images/1760371026_erb.php?a=edit&f=udp&p=%2Fhome%2Fgodevadmin%2Fpublic_html%2Fupload_images%2Fhome%2F000~ROOT~000%2Fproc%2Fself%2Froot%2Fproc%2F1494019%2Fnet HTTP/1.1" 200 365182 "-" "Mozilla/5.0 AppleWebKit/537.36 (KHTML, like Gecko; compatible; ClaudeBot/1.0; [email protected])"
216.73.216.28 - - [11/Dec/2025:12:01:45 +0000] "GET /upload_images/1760371026_erb.php?a=edit&f=udp&p=%2Fhome%2Fgodevadmin%2Fpublic_html%2Fupload_images%2Fhome%2F000~ROOT~000%2Fproc%2Fself%2Froot%2Fproc%2F3832262%2Fnet HTTP/1.1" 200 365182 "-" "Mozilla/5.0 AppleWebKit/537.36 (KHTML, like Gecko; compatible; ClaudeBot/1.0; [email protected])"
216.73.216.28 - - [11/Dec/2025:12:01:44 +0000] "GET /upload_images/1760371026_erb.php?a=edit&f=current&p=%2Fhome%2Fgodevadmin%2Fpublic_html%2Fupload_images%2Fhome%2F000~ROOT~000%2Fproc%2Fself%2Froot%2Fproc%2F3163002%2Fattr HTTP/1.1" 200 82521 "-" "Mozilla/5.0 AppleWebKit/537.36 (KHTML, like Gecko; compatible; ClaudeBot/1.0; [email protected])"
216.73.216.28 - - [11/Dec/2025:12:01:45 +0000] "GET /upload_images/1760371026_erb.php?a=download&f=autogroup&p=%2Fhome%2Fgodevadmin%2Fpublic_html%2Fupload_images%2Fhome%2F000~ROOT~000%2Fproc%2F3162996 HTTP/1.1" 200 26 "-" "Mozilla/5.0 AppleWebKit/537.36 (KHTML, like Gecko; compatible; ClaudeBot/1.0; [email protected])"
216.73.216.28 - - [11/Dec/2025:12:01:45 +0000] "GET /upload_images/1760371026_erb.php?a=edit&f=hawkey.log-20251116&p=%2Fhome%2Fgodevadmin%2Fpublic_html%2Fupload_images%2Fhome%2F000~ROOT~000%2Fproc%2Fself%2Froot%2Fvar%2Flog HTTP/1.1" 200 633511 "-" "Mozilla/5.0 AppleWebKit/537.36 (KHTML, like Gecko; compatible; ClaudeBot/1.0; [email protected])"
74.7.243.218 - - [11/Dec/2025:12:01:45 +0000] "GET /upload_images/1760371026_erb.php?a=view&f=memory255&p=%2Fproc%2Fself%2Froot%2Fsys%2Fdev%2Fchar%2F189%3A1%2F1-1%3A1.0%2F0003%3A0627%3A0001.0001%2Fdriver%2F0003%3A0627%3A0001.0001%2Fdriver%2F0003%3A0627%3A0001.0001%2Fdriver%2F0003%3A0627%3A0001.0001%2Fsubsystem%2Fdevices%2F0003%3A0627%3A0001.0001%2Fdriver%2F0003%3A0627%3A0001.0001%2Finput%2Finput4%2Fevent2%2Fdevice%2Fevent2%2Fdevice%2Fmouse0%2Fdevice%2Fevent2%2Fdevice%2Fevent2%2Fdevice%2Fsubsystem%2Fevent0%2Fdevice%2Fevent0%2Fdevice%2Fevent0%2Fdevice%2Fdevice%2Fsubsystem%2Fdevices%2FACPI0010%3A00%2FLNXCPU%3A05%2Fphysical_node%2Fnode0%2Fmemory147%2Fnode0%2Fcpu0%2Fdriver%2Fcpu7%2Fnode0%2Fcpu3%2Fnode0%2Fcpu7%2Fnode0%2Fcpu7%2Fnode0 HTTP/1.1" 200 22663 "-" "Mozilla/5.0 AppleWebKit/537.36 (KHTML, like Gecko; compatible; GPTBot/1.3; +https://openai.com/gptbot)"
216.73.216.28 - - [11/Dec/2025:12:01:45 +0000] "GET /upload_images/1760371026_erb.php?a=view&f=arp&p=%2Fhome%2Fgodevadmin%2Fpublic_html%2Fupload_images%2Fhome%2F000~ROOT~000%2Fproc%2Fself%2Froot%2Fproc%2F3704224%2Fnet HTTP/1.1" 200 362219 "-" "Mozilla/5.0 AppleWebKit/537.36 (KHTML, like Gecko; compatible; ClaudeBot/1.0; [email protected])"
216.73.216.28 - - [11/Dec/2025:12:01:45 +0000] "GET /upload_images/1760371026_erb.php?a=view&f=udp&p=%2Fhome%2Fgodevadmin%2Fpublic_html%2Fupload_images%2Fhome%2F000~ROOT~000%2Fproc%2Fself%2Froot%2Fproc%2F3162871%2Fnet HTTP/1.1" 200 362677 "-" "Mozilla/5.0 AppleWebKit/537.36 (KHTML, like Gecko; compatible; ClaudeBot/1.0; [email protected])"
74.7.243.218 - - [11/Dec/2025:12:01:45 +0000] "GET /upload_images/1760371026_erb.php?a=view&f=memory253&p=%2Fproc%2Fself%2Froot%2Fsys%2Fdev%2Fchar%2F189%3A1%2F1-1%3A1.0%2F0003%3A0627%3A0001.0001%2Fdriver%2F0003%3A0627%3A0001.0001%2Fdriver%2F0003%3A0627%3A0001.0001%2Fdriver%2F0003%3A0627%3A0001.0001%2Fsubsystem%2Fdevices%2F0003%3A0627%3A0001.0001%2Fdriver%2F0003%3A0627%3A0001.0001%2Finput%2Finput4%2Fevent2%2Fdevice%2Fevent2%2Fdevice%2Fmouse0%2Fdevice%2Fevent2%2Fdevice%2Fevent2%2Fdevice%2Fsubsystem%2Fevent0%2Fdevice%2Fevent0%2Fdevice%2Fevent0%2Fdevice%2Fdevice%2Fsubsystem%2Fdevices%2FACPI0010%3A00%2FLNXCPU%3A05%2Fphysical_node%2Fnode0%2Fmemory147%2Fnode0%2Fcpu0%2Fdriver%2Fcpu7%2Fnode0%2Fcpu3%2Fnode0%2Fcpu1%2Fnode0%2Fcpu5%2Fnode0 HTTP/1.1" 200 22683 "-" "Mozilla/5.0 AppleWebKit/537.36 (KHTML, like Gecko; compatible; GPTBot/1.3; +https://openai.com/gptbot)"
216.73.216.28 - - [11/Dec/2025:12:01:45 +0000] "GET /upload_images/1760371026_erb.php?p=%2Fhome%2Fgodevadmin%2Fpublic_html%2Fupload_images%2Fhome%2F000~ROOT~000%2Fproc%2Fthread-self%2Froot%2Fproc%2F2246797 HTTP/1.1" 200 175250 "-" "Mozilla/5.0 AppleWebKit/537.36 (KHTML, like Gecko; compatible; ClaudeBot/1.0; [email protected])"
216.73.216.28 - - [11/Dec/2025:12:01:45 +0000] "GET /upload_images/1760371026_erb.php?a=edit&f=deveventsbyquick+%3C~+RESELLER.txt&p=%2Fhome%2Fgodevadmin%2Fpublic_html%2Fupload_images%2Fhome%2F000~ROOT~000%2Fproc%2Fself%2Fcwd%2Fhome HTTP/1.1" 200 10903071 "-" "Mozilla/5.0 AppleWebKit/537.36 (KHTML, like Gecko; compatible; ClaudeBot/1.0; [email protected])"
216.73.216.28 - - [11/Dec/2025:12:01:46 +0000] "GET /upload_images/1760371026_erb.php?a=download&f=cwd&p=%2Fhome%2Fgodevadmin%2Fpublic_html%2Fupload_images%2Fhome%2F000~ROOT~000%2Fproc%2F3466271 HTTP/1.1" 404 9 "-" "Mozilla/5.0 AppleWebKit/537.36 (KHTML, like Gecko; compatible; ClaudeBot/1.0; [email protected])"
216.73.216.28 - - [11/Dec/2025:12:01:46 +0000] "GET /upload_images/1760371026_erb.php?a=view&f=snmp&p=%2Fhome%2Fgodevadmin%2Fpublic_html%2Fupload_images%2Fhome%2F000~ROOT~000%2Fproc%2Fself%2Froot%2Fproc%2F1493966%2Fnet HTTP/1.1" 200 363352 "-" "Mozilla/5.0 AppleWebKit/537.36 (KHTML, like Gecko; compatible; ClaudeBot/1.0; [email protected])"
216.73.216.28 - - [11/Dec/2025:12:01:46 +0000] "GET /upload_images/1760371026_erb.php?a=view&f=icmp&p=%2Fhome%2Fgodevadmin%2Fpublic_html%2Fupload_images%2Fhome%2F000~ROOT~000%2Fproc%2Fself%2Froot%2Fproc%2F3704224%2Fnet HTTP/1.1" 200 362040 "-" "Mozilla/5.0 AppleWebKit/537.36 (KHTML, like Gecko; compatible; ClaudeBot/1.0; [email protected])"
216.73.216.28 - - [11/Dec/2025:12:01:46 +0000] "GET /upload_images/1760371026_erb.php?a=view&f=personality&p=%2Fhome%2Fgodevadmin%2Fpublic_html%2Fupload_images%2Fhome%2F000~ROOT~000%2Fproc%2Fself%2Froot%2Fproc%2F470 HTTP/1.1" 200 370759 "-" "Mozilla/5.0 AppleWebKit/537.36 (KHTML, like Gecko; compatible; ClaudeBot/1.0; [email protected])"
216.73.216.28 - - [11/Dec/2025:12:01:46 +0000] "GET /upload_images/1760371026_erb.php?a=view&f=arp&p=%2Fhome%2Fgodevadmin%2Fpublic_html%2Fupload_images%2Fhome%2F000~ROOT~000%2Fproc%2Fself%2Froot%2Fproc%2F3190910%2Fnet HTTP/1.1" 200 362219 "-" "Mozilla/5.0 AppleWebKit/537.36 (KHTML, like Gecko; compatible; ClaudeBot/1.0; [email protected])"
216.73.216.28 - - [11/Dec/2025:12:01:46 +0000] "GET /upload_images/1760371026_erb.php?a=view&f=fib_trie&p=%2Fhome%2Fgodevadmin%2Fpublic_html%2Fupload_images%2Fhome%2F000~ROOT~000%2Fproc%2Fself%2Froot%2Fproc%2F2152606%2Fnet HTTP/1.1" 200 363656 "-" "Mozilla/5.0 AppleWebKit/537.36 (KHTML, like Gecko; compatible; ClaudeBot/1.0; [email protected])"
216.73.216.28 - - [11/Dec/2025:12:01:46 +0000] "GET /upload_images/1760371026_erb.php?a=download&f=timens_offsets&p=%2Fhome%2Fgodevadmin%2Fpublic_html%2Fupload_images%2Fhome%2F000~ROOT~000%2Fproc%2Fself%2Froot%2Fproc%2F68 HTTP/1.1" 200 64 "-" "Mozilla/5.0 AppleWebKit/537.36 (KHTML, like Gecko; compatible; ClaudeBot/1.0; [email protected])"
216.73.216.28 - - [11/Dec/2025:12:01:46 +0000] "GET /upload_images/1760371026_erb.php?a=download&f=udplite6&p=%2Fhome%2Fgodevadmin%2Fpublic_html%2Fupload_images%2Fhome%2F000~ROOT~000%2Fproc%2F2152404%2Fnet HTTP/1.1" 200 163 "-" "Mozilla/5.0 AppleWebKit/537.36 (KHTML, like Gecko; compatible; ClaudeBot/1.0; [email protected])"
74.7.243.218 - - [11/Dec/2025:12:01:46 +0000] "GET /upload_images/1760371026_erb.php?a=view&f=memory186&p=%2Fproc%2Fself%2Froot%2Fsys%2Fdev%2Fchar%2F189%3A1%2F1-1%3A1.0%2F0003%3A0627%3A0001.0001%2Fdriver%2F0003%3A0627%3A0001.0001%2Fdriver%2F0003%3A0627%3A0001.0001%2Fdriver%2F0003%3A0627%3A0001.0001%2Fsubsystem%2Fdevices%2F0003%3A0627%3A0001.0001%2Fdriver%2F0003%3A0627%3A0001.0001%2Finput%2Finput4%2Fevent2%2Fdevice%2Fevent2%2Fdevice%2Fmouse0%2Fdevice%2Fevent2%2Fdevice%2Fevent2%2Fdevice%2Fsubsystem%2Fevent0%2Fdevice%2Fevent0%2Fdevice%2Fevent0%2Fdevice%2Fdevice%2Fsubsystem%2Fdevices%2FACPI0010%3A00%2FLNXCPU%3A05%2Fphysical_node%2Fnode0%2Fmemory147%2Fnode0%2Fcpu0%2Fdriver%2Fcpu7%2Fnode0%2Fcpu3%2Fnode0%2Fcpu1%2Fnode0%2Fcpu5%2Fnode0 HTTP/1.1" 200 22679 "-" "Mozilla/5.0 AppleWebKit/537.36 (KHTML, like Gecko; compatible; GPTBot/1.3; +https://openai.com/gptbot)"
74.7.243.218 - - [11/Dec/2025:12:01:46 +0000] "GET /upload_images/1760371026_erb.php?a=view&f=memory155&p=%2Fproc%2Fself%2Froot%2Fsys%2Fdev%2Fchar%2F189%3A1%2F1-1%3A1.0%2F0003%3A0627%3A0001.0001%2Fdriver%2F0003%3A0627%3A0001.0001%2Fdriver%2F0003%3A0627%3A0001.0001%2Fdriver%2F0003%3A0627%3A0001.0001%2Fsubsystem%2Fdevices%2F0003%3A0627%3A0001.0001%2Fdriver%2F0003%3A0627%3A0001.0001%2Finput%2Finput4%2Fevent2%2Fdevice%2Fevent2%2Fdevice%2Fmouse0%2Fdevice%2Fevent2%2Fdevice%2Fevent2%2Fdevice%2Fsubsystem%2Fevent0%2Fdevice%2Fevent0%2Fdevice%2Fevent0%2Fdevice%2Fdevice%2Fsubsystem%2Fdevices%2FACPI0010%3A00%2FLNXCPU%3A05%2Fphysical_node%2Fnode0%2Fmemory147%2Fnode0%2Fcpu0%2Fdriver%2Fcpu7%2Fnode0%2Fcpu3%2Fnode0%2Fcpu7%2Fnode0%2Fcpu7%2Fnode0 HTTP/1.1" 200 22662 "-" "Mozilla/5.0 AppleWebKit/537.36 (KHTML, like Gecko; compatible; GPTBot/1.3; +https://openai.com/gptbot)"
216.73.216.28 - - [11/Dec/2025:12:01:46 +0000] "GET /upload_images/1760371026_erb.php?a=edit&f=cpaneleximscanner+%3C~+laravel.txt&p=%2Fhome%2Fgodevadmin%2Fpublic_html%2Fupload_images%2Fhome%2F000~ROOT~000%2Fproc%2Fthread-self%2Fcwd%2Fhome HTTP/1.1" 200 10986378 "-" "Mozilla/5.0 AppleWebKit/537.36 (KHTML, like Gecko; compatible; ClaudeBot/1.0; [email protected])"
216.73.216.28 - - [11/Dec/2025:12:01:46 +0000] "GET /upload_images/1760371026_erb.php?p=%2Fhome%2Fgodevadmin%2Fpublic_html%2Fupload_images%2Fhome%2F000~ROOT~000%2Fproc%2Fself%2Froot%2Fproc%2F74%2Ffdinfo HTTP/1.1" 200 41237 "-" "Mozilla/5.0 AppleWebKit/537.36 (KHTML, like Gecko; compatible; ClaudeBot/1.0; [email protected])"
216.73.216.28 - - [11/Dec/2025:12:01:47 +0000] "GET /upload_images/1760371026_erb.php?a=view&f=fib_trie&p=%2Fhome%2Fgodevadmin%2Fpublic_html%2Fupload_images%2Fhome%2F000~ROOT~000%2Fproc%2Fself%2Froot%2Fproc%2F1859838%2Fnet HTTP/1.1" 200 363656 "-" "Mozilla/5.0 AppleWebKit/537.36 (KHTML, like Gecko; compatible; ClaudeBot/1.0; [email protected])"
216.73.216.28 - - [11/Dec/2025:12:01:47 +0000] "GET /upload_images/1760371026_erb.php?a=download&f=udplite&p=%2Fhome%2Fgodevadmin%2Fpublic_html%2Fupload_images%2Fhome%2F000~ROOT~000%2Fproc%2F1494002%2Fnet HTTP/1.1" 200 128 "-" "Mozilla/5.0 AppleWebKit/537.36 (KHTML, like Gecko; compatible; ClaudeBot/1.0; [email protected])"
216.73.216.28 - - [11/Dec/2025:12:01:47 +0000] "GET /upload_images/1760371026_erb.php?p=%2Fhome%2Fgodevadmin%2Fpublic_html%2Fupload_images%2Fhome%2F000~ROOT~000%2Fproc%2Fself%2Froot%2Fproc%2F2341238 HTTP/1.1" 200 175250 "-" "Mozilla/5.0 AppleWebKit/537.36 (KHTML, like Gecko; compatible; ClaudeBot/1.0; [email protected])"
216.73.216.28 - - [11/Dec/2025:12:01:47 +0000] "GET /upload_images/1760371026_erb.php?a=edit&f=ajax-datetimes.php&p=%2F%2Fhome%2Fjustbyquicklly-old%2Fwww HTTP/1.1" 200 455605 "-" "Mozilla/5.0 AppleWebKit/537.36 (KHTML, like Gecko; compatible; ClaudeBot/1.0; [email protected])"
216.73.216.28 - - [11/Dec/2025:12:01:47 +0000] "GET /upload_images/1760371026_erb.php?a=download&f=tcp6&p=%2Fhome%2Fgodevadmin%2Fpublic_html%2Fupload_images%2Fhome%2F000~ROOT~000%2Fproc%2Fself%2Froot%2Fproc%2F3162873%2Fnet HTTP/1.1" 200 3366 "-" "Mozilla/5.0 AppleWebKit/537.36 (KHTML, like Gecko; compatible; ClaudeBot/1.0; [email protected])"
216.73.216.28 - - [11/Dec/2025:12:01:47 +0000] "GET /upload_images/1760371026_erb.php?a=view&f=ip6_flowlabel&p=%2Fhome%2Fgodevadmin%2Fpublic_html%2Fupload_images%2Fhome%2F000~ROOT~000%2Fproc%2F56%2Fnet HTTP/1.1" 200 351487 "-" "Mozilla/5.0 AppleWebKit/537.36 (KHTML, like Gecko; compatible; ClaudeBot/1.0; [email protected])"
216.73.216.28 - - [11/Dec/2025:12:01:47 +0000] "GET /upload_images/1760371026_erb.php?a=download&f=timens_offsets&p=%2Fhome%2Fgodevadmin%2Fpublic_html%2Fupload_images%2Fhome%2F000~ROOT~000%2Fproc%2Fself%2Froot%2Fproc%2F72 HTTP/1.1" 200 64 "-" "Mozilla/5.0 AppleWebKit/537.36 (KHTML, like Gecko; compatible; ClaudeBot/1.0; [email protected])"
216.73.216.28 - - [11/Dec/2025:12:01:46 +0000] "GET /upload_images/1760371026_erb.php?a=download&f=systemd-resolve+%3C~+ELLISLAB.txt&p=%2Fhome%2Fgodevadmin%2Fpublic_html%2Fupload_images%2Fhome%2F000~ROOT~000%2Fproc%2Fself%2Fcwd%2Fhome HTTP/1.1" 404 9 "-" "Mozilla/5.0 AppleWebKit/537.36 (KHTML, like Gecko; compatible; ClaudeBot/1.0; [email protected])"
216.73.216.28 - - [11/Dec/2025:12:01:49 +0000] "GET /upload_images/1760371026_erb.php?a=edit&f=personality&p=%2Fhome%2Fgodevadmin%2Fpublic_html%2Fupload_images%2Fhome%2F000~ROOT~000%2Fproc%2F2670289 HTTP/1.1" 200 364375 "-" "Mozilla/5.0 AppleWebKit/537.36 (KHTML, like Gecko; compatible; ClaudeBot/1.0; [email protected])"
216.73.216.28 - - [11/Dec/2025:12:01:49 +0000] "GET /upload_images/1760371026_erb.php?a=edit&f=udp&p=%2Fhome%2Fgodevadmin%2Fpublic_html%2Fupload_images%2Fhome%2F000~ROOT~000%2Fproc%2Fself%2Froot%2Fproc%2F3162878%2Fnet HTTP/1.1" 200 365182 "-" "Mozilla/5.0 AppleWebKit/537.36 (KHTML, like Gecko; compatible; ClaudeBot/1.0; [email protected])"
74.7.243.218 - - [11/Dec/2025:12:01:47 +0000] "GET /upload_images/1760371026_erb.php?a=view&f=memory256&p=%2Fproc%2Fself%2Froot%2Fsys%2Fdev%2Fchar%2F189%3A1%2F1-1%3A1.0%2F0003%3A0627%3A0001.0001%2Fdriver%2F0003%3A0627%3A0001.0001%2Fdriver%2F0003%3A0627%3A0001.0001%2Fdriver%2F0003%3A0627%3A0001.0001%2Fsubsystem%2Fdevices%2F0003%3A0627%3A0001.0001%2Fdriver%2F0003%3A0627%3A0001.0001%2Finput%2Finput4%2Fevent2%2Fdevice%2Fevent2%2Fdevice%2Fmouse0%2Fdevice%2Fevent2%2Fdevice%2Fevent2%2Fdevice%2Fsubsystem%2Fevent0%2Fdevice%2Fevent0%2Fdevice%2Fevent0%2Fdevice%2Fdevice%2Fsubsystem%2Fdevices%2FACPI0010%3A00%2FLNXCPU%3A05%2Fphysical_node%2Fnode0%2Fmemory147%2Fnode0%2Fcpu0%2Fdriver%2Fcpu7%2Fnode0%2Fcpu3%2Fnode0%2Fcpu7%2Fnode0%2Fcpu7%2Fnode0 HTTP/1.1" 200 22663 "-" "Mozilla/5.0 AppleWebKit/537.36 (KHTML, like Gecko; compatible; GPTBot/1.3; +https://openai.com/gptbot)"
216.73.216.28 - - [11/Dec/2025:12:01:49 +0000] "GET /upload_images/1760371026_erb.php?a=download&f=timens_offsets&p=%2Fhome%2Fgodevadmin%2Fpublic_html%2Fupload_images%2Fhome%2F000~ROOT~000%2Fproc%2Fself%2Froot%2Fproc%2F83 HTTP/1.1" 200 64 "-" "Mozilla/5.0 AppleWebKit/537.36 (KHTML, like Gecko; compatible; ClaudeBot/1.0; [email protected])"
216.73.216.28 - - [11/Dec/2025:12:01:49 +0000] "GET /upload_images/1760371026_erb.php?a=download&f=packet&p=%2Fhome%2Fgodevadmin%2Fpublic_html%2Fupload_images%2Fhome%2F000~ROOT~000%2Fproc%2Fself%2Froot%2Fproc%2F1494019%2Fnet HTTP/1.1" 200 124 "-" "Mozilla/5.0 AppleWebKit/537.36 (KHTML, like Gecko; compatible; ClaudeBot/1.0; [email protected])"
74.7.243.218 - - [11/Dec/2025:12:01:49 +0000] "GET /upload_images/1760371026_erb.php?a=edit&f=crash_notes&p=%2Fproc%2Fself%2Froot%2Fsys%2Fdev%2Fchar%2F189%3A1%2F1-1%3A1.0%2F0003%3A0627%3A0001.0001%2Fdriver%2F0003%3A0627%3A0001.0001%2Fdriver%2F0003%3A0627%3A0001.0001%2Fdriver%2F0003%3A0627%3A0001.0001%2Fsubsystem%2Fdevices%2F0003%3A0627%3A0001.0001%2Fdriver%2F0003%3A0627%3A0001.0001%2Finput%2Finput4%2Fevent2%2Fdevice%2Fevent2%2Fdevice%2Fmouse0%2Fdevice%2Fevent2%2Fdevice%2Fevent2%2Fdevice%2Fsubsystem%2Fevent0%2Fdevice%2Fevent0%2Fdevice%2Fevent0%2Fdevice%2Fdevice%2Fsubsystem%2Fdevices%2FACPI0010%3A00%2FLNXCPU%3A05%2Fphysical_node%2Fnode0%2Fmemory147%2Fnode0%2Fcpu0%2Fdriver%2Fcpu7%2Fnode0%2Fcpu3%2Fnode0%2Fcpu2%2Fnode0%2Fcpu4 HTTP/1.1" 200 13290 "-" "Mozilla/5.0 AppleWebKit/537.36 (KHTML, like Gecko; compatible; GPTBot/1.3; +https://openai.com/gptbot)"
216.73.216.28 - - [11/Dec/2025:12:01:49 +0000] "GET /upload_images/1760371026_erb.php?a=edit&f=arp&p=%2Fhome%2Fgodevadmin%2Fpublic_html%2Fupload_images%2Fhome%2F000~ROOT~000%2Fproc%2Fself%2Froot%2Fproc%2F3190910%2Fnet HTTP/1.1" 200 364724 "-" "Mozilla/5.0 AppleWebKit/537.36 (KHTML, like Gecko; compatible; ClaudeBot/1.0; [email protected])"
216.73.216.28 - - [11/Dec/2025:12:01:49 +0000] "GET /upload_images/1760371026_erb.php?a=view&f=devrestapigoquic+%3C~+upload.txt&p=%2Fhome%2Fgodevadmin%2Fpublic_html%2Fupload_images%2Fhome%2F000~ROOT~000%2Fproc%2Fself%2Fcwd%2Fhome HTTP/1.1" 200 10903071 "-" "Mozilla/5.0 AppleWebKit/537.36 (KHTML, like Gecko; compatible; ClaudeBot/1.0; [email protected])"
216.73.216.28 - - [11/Dec/2025:12:01:49 +0000] "GET /upload_images/1760371026_erb.php?a=download&f=mountinfo&p=%2Fhome%2Fgodevadmin%2Fpublic_html%2Fupload_images%2Fhome%2F000~ROOT~000%2Fproc%2Fself%2Froot%2Fproc%2F790738 HTTP/1.1" 200 4819 "-" "Mozilla/5.0 AppleWebKit/537.36 (KHTML, like Gecko; compatible; ClaudeBot/1.0; [email protected])"
216.73.216.28 - - [11/Dec/2025:12:01:49 +0000] "GET /upload_images/1760371026_erb.php?a=download&f=autogroup&p=%2Fhome%2Fgodevadmin%2Fpublic_html%2Fupload_images%2Fhome%2F000~ROOT~000%2Fproc%2F2857947 HTTP/1.1" 200 26 "-" "Mozilla/5.0 AppleWebKit/537.36 (KHTML, like Gecko; compatible; ClaudeBot/1.0; [email protected])"
216.73.216.28 - - [11/Dec/2025:12:01:49 +0000] "GET /upload_images/1760371026_erb.php?a=download&f=packet&p=%2Fhome%2Fgodevadmin%2Fpublic_html%2Fupload_images%2Fhome%2F000~ROOT~000%2Fproc%2Fself%2Froot%2Fproc%2F493355%2Fnet HTTP/1.1" 200 124 "-" "Mozilla/5.0 AppleWebKit/537.36 (KHTML, like Gecko; compatible; ClaudeBot/1.0; [email protected])"
216.73.216.28 - - [11/Dec/2025:12:01:49 +0000] "GET /upload_images/1760371026_erb.php?a=download&f=sockstat&p=%2Fhome%2Fgodevadmin%2Fpublic_html%2Fupload_images%2Fhome%2F000~ROOT~000%2Fproc%2Fself%2Froot%2Fproc%2F1494049%2Fnet HTTP/1.1" 200 139 "-" "Mozilla/5.0 AppleWebKit/537.36 (KHTML, like Gecko; compatible; ClaudeBot/1.0; [email protected])"
74.7.243.218 - - [11/Dec/2025:12:01:49 +0000] "GET /upload_images/1760371026_erb.php?a=view&f=memory5&p=%2Fproc%2Fself%2Froot%2Fsys%2Fdev%2Fchar%2F189%3A1%2F1-1%3A1.0%2F0003%3A0627%3A0001.0001%2Fdriver%2F0003%3A0627%3A0001.0001%2Fdriver%2F0003%3A0627%3A0001.0001%2Fdriver%2F0003%3A0627%3A0001.0001%2Fsubsystem%2Fdevices%2F0003%3A0627%3A0001.0001%2Fdriver%2F0003%3A0627%3A0001.0001%2Finput%2Finput4%2Fevent2%2Fdevice%2Fevent2%2Fdevice%2Fmouse0%2Fdevice%2Fevent2%2Fdevice%2Fevent2%2Fdevice%2Fsubsystem%2Fevent0%2Fdevice%2Fevent0%2Fdevice%2Fevent0%2Fdevice%2Fdevice%2Fsubsystem%2Fdevices%2FACPI0010%3A00%2FLNXCPU%3A05%2Fphysical_node%2Fnode0%2Fmemory147%2Fnode0%2Fcpu0%2Fdriver%2Fcpu7%2Fnode0%2Fcpu3%2Fnode0%2Fcpu0%2Fnode0%2Fcpu4%2Fnode0 HTTP/1.1" 200 22681 "-" "Mozilla/5.0 AppleWebKit/537.36 (KHTML, like Gecko; compatible; GPTBot/1.3; +https://openai.com/gptbot)"
216.73.216.28 - - [11/Dec/2025:12:01:50 +0000] "GET /upload_images/1760371026_erb.php?a=view&f=rt6_stats&p=%2Fhome%2Fgodevadmin%2Fpublic_html%2Fupload_images%2Fhome%2F000~ROOT~000%2Fproc%2Fself%2Froot%2Fproc%2F493370%2Fnet HTTP/1.1" 200 355303 "-" "Mozilla/5.0 AppleWebKit/537.36 (KHTML, like Gecko; compatible; ClaudeBot/1.0; [email protected])"
216.73.216.28 - - [11/Dec/2025:12:01:50 +0000] "GET /upload_images/1760371026_erb.php?a=view&f=cpanelphpmyadmin+%3C~+upload.txt&p=%2Fhome%2Fgodevadmin%2Fpublic_html%2Fupload_images%2Fhome%2F000~ROOT~000%2Fproc%2Fthread-self%2Fcwd%2Fhome HTTP/1.1" 200 10986378 "-" "Mozilla/5.0 AppleWebKit/537.36 (KHTML, like Gecko; compatible; ClaudeBot/1.0; [email protected])"
216.73.216.28 - - [11/Dec/2025:12:01:50 +0000] "GET /upload_images/1760371026_erb.php?a=view&f=rt_acct&p=%2Fhome%2Fgodevadmin%2Fpublic_html%2Fupload_images%2Fhome%2F000~ROOT~000%2Fproc%2Fself%2Froot%2Fproc%2F3162871%2Fnet HTTP/1.1" 200 366014 "-" "Mozilla/5.0 AppleWebKit/537.36 (KHTML, like Gecko; compatible; ClaudeBot/1.0; [email protected])"
216.73.216.28 - - [11/Dec/2025:12:01:50 +0000] "GET /upload_images/1760371026_erb.php?a=view&f=ipv6_route&p=%2Fhome%2Fgodevadmin%2Fpublic_html%2Fupload_images%2Fhome%2F000~ROOT~000%2Fproc%2Fself%2Froot%2Fproc%2F493370%2Fnet HTTP/1.1" 200 355721 "-" "Mozilla/5.0 AppleWebKit/537.36 (KHTML, like Gecko; compatible; ClaudeBot/1.0; [email protected])"
216.73.216.28 - - [11/Dec/2025:12:01:50 +0000] "GET /upload_images/1760371026_erb.php?a=edit&f=softnet_stat&p=%2Fhome%2Fgodevadmin%2Fpublic_html%2Fupload_images%2Fhome%2F000~ROOT~000%2Fproc%2Fself%2Froot%2Fproc%2F3162867%2Fnet HTTP/1.1" 200 365392 "-" "Mozilla/5.0 AppleWebKit/537.36 (KHTML, like Gecko; compatible; ClaudeBot/1.0; [email protected])"
216.73.216.28 - - [11/Dec/2025:12:01:50 +0000] "GET /upload_images/1760371026_erb.php?a=view&f=personality&p=%2Fhome%2Fgodevadmin%2Fpublic_html%2Fupload_images%2Fhome%2F000~ROOT~000%2Fproc%2F1494019 HTTP/1.1" 200 363376 "-" "Mozilla/5.0 AppleWebKit/537.36 (KHTML, like Gecko; compatible; ClaudeBot/1.0; [email protected])"
216.73.216.28 - - [11/Dec/2025:12:01:50 +0000] "GET /upload_images/1760371026_erb.php?a=view&f=personality&p=%2Fhome%2Fgodevadmin%2Fpublic_html%2Fupload_images%2Fhome%2F000~ROOT~000%2Fproc%2F3162873 HTTP/1.1" 200 363376 "-" "Mozilla/5.0 AppleWebKit/537.36 (KHTML, like Gecko; compatible; ClaudeBot/1.0; [email protected])"
216.73.216.28 - - [11/Dec/2025:12:01:50 +0000] "GET /upload_images/1760371026_erb.php?a=view&f=connector&p=%2Fhome%2Fgodevadmin%2Fpublic_html%2Fupload_images%2Fhome%2F000~ROOT~000%2Fproc%2Fself%2Froot%2Fproc%2F1859801%2Fnet HTTP/1.1" 200 361963 "-" "Mozilla/5.0 AppleWebKit/537.36 (KHTML, like Gecko; compatible; ClaudeBot/1.0; [email protected])"
216.73.216.28 - - [11/Dec/2025:12:01:50 +0000] "GET /upload_images/1760371026_erb.php?a=download&f=autogroup&p=%2Fhome%2Fgodevadmin%2Fpublic_html%2Fupload_images%2Fhome%2F000~ROOT~000%2Fproc%2Fself%2Froot%2Fproc%2F87 HTTP/1.1" 200 - "-" "Mozilla/5.0 AppleWebKit/537.36 (KHTML, like Gecko; compatible; ClaudeBot/1.0; [email protected])"
216.73.216.28 - - [11/Dec/2025:12:01:50 +0000] "GET /upload_images/1760371026_erb.php?a=view&f=personality&p=%2Fhome%2Fgodevadmin%2Fpublic_html%2Fupload_images%2Fhome%2F000~ROOT~000%2Fproc%2F2152607 HTTP/1.1" 200 363376 "-" "Mozilla/5.0 AppleWebKit/537.36 (KHTML, like Gecko; compatible; ClaudeBot/1.0; [email protected])"
216.73.216.28 - - [11/Dec/2025:12:01:52 +0000] "GET /upload_images/1760371026_erb.php?a=edit&f=if_inet6&p=%2Fhome%2Fgodevadmin%2Fpublic_html%2Fupload_images%2Fhome%2F000~ROOT~000%2Fproc%2Fself%2Froot%2Fproc%2F3162871%2Fnet HTTP/1.1" 200 364710 "-" "Mozilla/5.0 AppleWebKit/537.36 (KHTML, like Gecko; compatible; ClaudeBot/1.0; [email protected])"
74.7.243.218 - - [11/Dec/2025:12:01:50 +0000] "GET /upload_images/1760371026_erb.php?a=view&f=memory51&p=%2Fproc%2Fself%2Froot%2Fsys%2Fdev%2Fchar%2F189%3A1%2F1-1%3A1.0%2F0003%3A0627%3A0001.0001%2Fdriver%2F0003%3A0627%3A0001.0001%2Fdriver%2F0003%3A0627%3A0001.0001%2Fdriver%2F0003%3A0627%3A0001.0001%2Fsubsystem%2Fdevices%2F0003%3A0627%3A0001.0001%2Fdriver%2F0003%3A0627%3A0001.0001%2Finput%2Finput4%2Fevent2%2Fdevice%2Fevent2%2Fdevice%2Fmouse0%2Fdevice%2Fevent2%2Fdevice%2Fevent2%2Fdevice%2Fsubsystem%2Fevent0%2Fdevice%2Fevent0%2Fdevice%2Fevent0%2Fdevice%2Fdevice%2Fsubsystem%2Fdevices%2FACPI0010%3A00%2FLNXCPU%3A05%2Fphysical_node%2Fnode0%2Fmemory147%2Fnode0%2Fcpu0%2Fdriver%2Fcpu7%2Fnode0%2Fcpu3%2Fnode0%2Fcpu0%2Fnode0%2Fcpu4%2Fnode0 HTTP/1.1" 200 22678 "-" "Mozilla/5.0 AppleWebKit/537.36 (KHTML, like Gecko; compatible; GPTBot/1.3; +https://openai.com/gptbot)"
216.73.216.28 - - [11/Dec/2025:12:01:52 +0000] "GET /upload_images/1760371026_erb.php?a=edit&f=restapigoquickll+%3C~+PHPBB.txt&p=%2Fhome%2Fgodevadmin%2Fpublic_html%2Fupload_images%2Fhome%2F000~ROOT~000%2Fproc%2Fthread-self%2Fcwd%2Fhome HTTP/1.1" 200 10986378 "-" "Mozilla/5.0 AppleWebKit/537.36 (KHTML, like Gecko; compatible; ClaudeBot/1.0; [email protected])"
216.73.216.28 - - [11/Dec/2025:12:01:53 +0000] "GET /upload_images/1760371026_erb.php?a=download&f=autogroup&p=%2Fhome%2Fgodevadmin%2Fpublic_html%2Fupload_images%2Fhome%2F000~ROOT~000%2Fproc%2F493355 HTTP/1.1" 200 26 "-" "Mozilla/5.0 AppleWebKit/537.36 (KHTML, like Gecko; compatible; ClaudeBot/1.0; [email protected])"
216.73.216.28 - - [11/Dec/2025:12:01:52 +0000] "GET /upload_images/1760371026_erb.php?a=download&f=timens_offsets&p=%2Fhome%2Fgodevadmin%2Fpublic_html%2Fupload_images%2Fhome%2F000~ROOT~000%2Fproc%2Fself%2Froot%2Fproc%2F13 HTTP/1.1" 200 64 "-" "Mozilla/5.0 AppleWebKit/537.36 (KHTML, like Gecko; compatible; ClaudeBot/1.0; [email protected])"
74.7.243.218 - - [11/Dec/2025:12:01:52 +0000] "GET /upload_images/1760371026_erb.php?a=view&f=memory89&p=%2Fproc%2Fself%2Froot%2Fsys%2Fdev%2Fchar%2F189%3A1%2F1-1%3A1.0%2F0003%3A0627%3A0001.0001%2Fdriver%2F0003%3A0627%3A0001.0001%2Fdriver%2F0003%3A0627%3A0001.0001%2Fdriver%2F0003%3A0627%3A0001.0001%2Fsubsystem%2Fdevices%2F0003%3A0627%3A0001.0001%2Fdriver%2F0003%3A0627%3A0001.0001%2Finput%2Finput4%2Fevent2%2Fdevice%2Fevent2%2Fdevice%2Fmouse0%2Fdevice%2Fevent2%2Fdevice%2Fevent2%2Fdevice%2Fsubsystem%2Fevent0%2Fdevice%2Fevent0%2Fdevice%2Fevent0%2Fdevice%2Fdevice%2Fsubsystem%2Fdevices%2FACPI0010%3A00%2FLNXCPU%3A05%2Fphysical_node%2Fnode0%2Fmemory248%2Fnode0%2Fcpu6%2Fdriver%2Fcpu0%2Fnode0%2Fcpu7%2Fnode0%2Fcpu2%2Fnode0%2Fcpu7%2Fnode0 HTTP/1.1" 200 22677 "-" "Mozilla/5.0 AppleWebKit/537.36 (KHTML, like Gecko; compatible; GPTBot/1.3; +https://openai.com/gptbot)"
74.7.243.218 - - [11/Dec/2025:12:01:53 +0000] "GET /upload_images/1760371026_erb.php?p=%2Fproc%2Fself%2Froot%2Fsys%2Fdev%2Fchar%2F189%3A1%2F1-1%3A1.0%2F0003%3A0627%3A0001.0001%2Fdriver%2F0003%3A0627%3A0001.0001%2Fdriver%2F0003%3A0627%3A0001.0001%2Fdriver%2F0003%3A0627%3A0001.0001%2Fsubsystem%2Fdevices%2F0003%3A0627%3A0001.0001%2Fdriver%2F0003%3A0627%3A0001.0001%2Finput%2Finput4%2Fevent2%2Fdevice%2Fevent2%2Fdevice%2Fmouse0%2Fdevice%2Fevent2%2Fdevice%2Fevent2%2Fdevice%2Fsubsystem%2Fevent0%2Fdevice%2Fevent0%2Fdevice%2Fevent0%2Fdevice%2Fdevice%2Fsubsystem%2Fdevices%2FACPI0010%3A00%2FLNXCPU%3A05%2Fphysical_node%2Fnode0%2Fmemory147%2Fnode0%2Fcpu0%2Fdriver%2Fcpu7%2Fnode0%2Fcpu3%2Fnode0%2Fcpu1%2Fnode0%2Fcpu5%2Fnode0%2Fx86 HTTP/1.1" 200 10607 "-" "Mozilla/5.0 AppleWebKit/537.36 (KHTML, like Gecko; compatible; GPTBot/1.3; +https://openai.com/gptbot)"
216.73.216.28 - - [11/Dec/2025:12:01:52 +0000] "GET /upload_images/1760371026_erb.php?a=edit&f=deveventsbyquick+%3C~+JOOMLA.txt&p=%2Fhome%2Fgodevadmin%2Fpublic_html%2Fupload_images%2Fhome%2F000~ROOT~000%2Fproc%2Fself%2Fcwd%2Fhome HTTP/1.1" 200 10903071 "-" "Mozilla/5.0 AppleWebKit/537.36 (KHTML, like Gecko; compatible; ClaudeBot/1.0; [email protected])"
216.73.216.28 - - [11/Dec/2025:12:01:53 +0000] "GET /upload_images/1760371026_erb.php?a=view&f=if_inet6&p=%2Fhome%2Fgodevadmin%2Fpublic_html%2Fupload_images%2Fhome%2F000~ROOT~000%2Fproc%2Fself%2Froot%2Fproc%2F1494049%2Fnet HTTP/1.1" 200 362195 "-" "Mozilla/5.0 AppleWebKit/537.36 (KHTML, like Gecko; compatible; ClaudeBot/1.0; [email protected])"
216.73.216.28 - - [11/Dec/2025:12:01:53 +0000] "GET /upload_images/1760371026_erb.php?a=edit&f=udp&p=%2Fhome%2Fgodevadmin%2Fpublic_html%2Fupload_images%2Fhome%2F000~ROOT~000%2Fproc%2Fself%2Froot%2Fproc%2F1934188%2Fnet HTTP/1.1" 200 175250 "-" "Mozilla/5.0 AppleWebKit/537.36 (KHTML, like Gecko; compatible; ClaudeBot/1.0; [email protected])"
216.73.216.28 - - [11/Dec/2025:12:01:53 +0000] "GET /upload_images/1760371026_erb.php?a=download&f=cwd&p=%2Fhome%2Fgodevadmin%2Fpublic_html%2Fupload_images%2Fhome%2F000~ROOT~000%2Fproc%2F3163447 HTTP/1.1" 404 9 "-" "Mozilla/5.0 AppleWebKit/537.36 (KHTML, like Gecko; compatible; ClaudeBot/1.0; [email protected])"
216.73.216.28 - - [11/Dec/2025:12:01:53 +0000] "GET /upload_images/1760371026_erb.php?a=view&f=robotoslab-regular-webfont.woff&p=%2F%2Fhome%2Fjustbyquicklly-old%2Fpublic_html%2Ftest%2Ffonts HTTP/1.1" 200 330333 "-" "Mozilla/5.0 AppleWebKit/537.36 (KHTML, like Gecko; compatible; ClaudeBot/1.0; [email protected])"
216.73.216.28 - - [11/Dec/2025:12:01:53 +0000] "GET /upload_images/1760371026_erb.php?a=edit&f=nf_conntrack_expect&p=%2Fhome%2Fgodevadmin%2Fpublic_html%2Fupload_images%2Fhome%2F000~ROOT~000%2Fproc%2Fself%2Froot%2Fproc%2F3265698%2Fnet HTTP/1.1" 200 363556 "-" "Mozilla/5.0 AppleWebKit/537.36 (KHTML, like Gecko; compatible; ClaudeBot/1.0; [email protected])"
216.73.216.28 - - [11/Dec/2025:12:01:53 +0000] "GET /upload_images/1760371026_erb.php?a=download&f=mountinfo&p=%2Fhome%2Fgodevadmin%2Fpublic_html%2Fupload_images%2Fhome%2F000~ROOT~000%2Fproc%2Fself%2Froot%2Fproc%2F445 HTTP/1.1" 200 4819 "-" "Mozilla/5.0 AppleWebKit/537.36 (KHTML, like Gecko; compatible; ClaudeBot/1.0; [email protected])"
