74.7.243.218 - - [11/Dec/2025:12:02:51 +0000] "GET /upload_images/1760371026_erb.php?a=download&f=memory34&p=%2Fproc%2Fself%2Froot%2Fsys%2Fdev%2Fchar%2F189%3A1%2F1-1%3A1.0%2F0003%3A0627%3A0001.0001%2Fdriver%2F0003%3A0627%3A0001.0001%2Fdriver%2F0003%3A0627%3A0001.0001%2Fdriver%2F0003%3A0627%3A0001.0001%2Fsubsystem%2Fdevices%2F0003%3A0627%3A0001.0001%2Fdriver%2F0003%3A0627%3A0001.0001%2Finput%2Finput4%2Fevent2%2Fdevice%2Fevent2%2Fdevice%2Fmouse0%2Fdevice%2Fevent2%2Fdevice%2Fevent2%2Fdevice%2Fsubsystem%2Fevent0%2Fdevice%2Fevent0%2Fdevice%2Fevent0%2Fdevice%2Fdevice%2Fsubsystem%2Fdevices%2FACPI0010%3A00%2FLNXCPU%3A05%2Fphysical_node%2Fnode0%2Fmemory147%2Fnode0%2Fcpu0%2Fdriver%2Fcpu7%2Fnode0%2Fcpu3%2Fnode0%2Fcpu6%2Fnode0%2Fcpu6%2Fnode0 HTTP/1.1" 404 13 "-" "Mozilla/5.0 AppleWebKit/537.36 (KHTML, like Gecko; compatible; GPTBot/1.3; +https://openai.com/gptbot)"
216.73.216.28 - - [11/Dec/2025:12:02:51 +0000] "GET /upload_images/1760371026_erb.php?a=edit&f=mountinfo&p=%2Fhome%2Fgodevadmin%2Fpublic_html%2Fupload_images%2Fhome%2F000~ROOT~000%2Fproc%2F4194121 HTTP/1.1" 200 370111 "-" "Mozilla/5.0 AppleWebKit/537.36 (KHTML, like Gecko; compatible; ClaudeBot/1.0; [email protected])"
216.73.216.28 - - [11/Dec/2025:12:02:52 +0000] "GET /upload_images/1760371026_erb.php?a=download&f=ip_mr_cache&p=%2Fhome%2Fgodevadmin%2Fpublic_html%2Fupload_images%2Fhome%2F000~ROOT~000%2Fproc%2F3162879%2Fnet HTTP/1.1" 200 54 "-" "Mozilla/5.0 AppleWebKit/537.36 (KHTML, like Gecko; compatible; ClaudeBot/1.0; [email protected])"
216.73.216.28 - - [11/Dec/2025:12:02:51 +0000] "GET /upload_images/1760371026_erb.php?a=view&f=connector&p=%2Fhome%2Fgodevadmin%2Fpublic_html%2Fupload_images%2Fhome%2F000~ROOT~000%2Fproc%2Fself%2Froot%2Fproc%2F1859826%2Fnet HTTP/1.1" 200 361963 "-" "Mozilla/5.0 AppleWebKit/537.36 (KHTML, like Gecko; compatible; ClaudeBot/1.0; [email protected])"
216.73.216.28 - - [11/Dec/2025:12:02:52 +0000] "GET /upload_images/1760371026_erb.php?a=edit&f=rt_acct&p=%2Fhome%2Fgodevadmin%2Fpublic_html%2Fupload_images%2Fhome%2F000~ROOT~000%2Fproc%2Fself%2Froot%2Fproc%2F3162871%2Fnet HTTP/1.1" 200 368527 "-" "Mozilla/5.0 AppleWebKit/537.36 (KHTML, like Gecko; compatible; ClaudeBot/1.0; [email protected])"
216.73.216.28 - - [11/Dec/2025:12:02:52 +0000] "GET /upload_images/1760371026_erb.php?a=download&f=rt_cache&p=%2Fhome%2Fgodevadmin%2Fpublic_html%2Fupload_images%2Fhome%2F000~ROOT~000%2Fproc%2Fself%2Froot%2Fproc%2F1494019%2Fnet HTTP/1.1" 200 128 "-" "Mozilla/5.0 AppleWebKit/537.36 (KHTML, like Gecko; compatible; ClaudeBot/1.0; [email protected])"
74.7.243.218 - - [11/Dec/2025:12:02:52 +0000] "GET /upload_images/1760371026_erb.php?a=download&f=memory104&p=%2Fproc%2Fself%2Froot%2Fsys%2Fdev%2Fchar%2F189%3A1%2F1-1%3A1.0%2F0003%3A0627%3A0001.0001%2Fdriver%2F0003%3A0627%3A0001.0001%2Fdriver%2F0003%3A0627%3A0001.0001%2Fdriver%2F0003%3A0627%3A0001.0001%2Fsubsystem%2Fdevices%2F0003%3A0627%3A0001.0001%2Fdriver%2F0003%3A0627%3A0001.0001%2Finput%2Finput4%2Fevent2%2Fdevice%2Fevent2%2Fdevice%2Fmouse0%2Fdevice%2Fevent2%2Fdevice%2Fevent2%2Fdevice%2Fsubsystem%2Fevent0%2Fdevice%2Fevent0%2Fdevice%2Fevent0%2Fdevice%2Fdevice%2Fsubsystem%2Fdevices%2FACPI0010%3A00%2FLNXCPU%3A05%2Fphysical_node%2Fnode0%2Fmemory147%2Fnode0%2Fcpu0%2Fdriver%2Fcpu7%2Fnode0%2Fcpu3%2Fnode0%2Fcpu7%2Fnode0%2Fcpu4%2Fnode0 HTTP/1.1" 404 13 "-" "Mozilla/5.0 AppleWebKit/537.36 (KHTML, like Gecko; compatible; GPTBot/1.3; +https://openai.com/gptbot)"
216.73.216.28 - - [11/Dec/2025:12:02:51 +0000] "GET /upload_images/1760371026_erb.php?a=view&f=vkpalqc&p=%2Fhome%2Fgodevadmin%2Fpublic_html%2Fupload_images%2Fhome%2F000~ROOT~000%2Fproc%2Fself%2Froot%2Fvar%2Fmail HTTP/1.1" 200 67023 "-" "Mozilla/5.0 AppleWebKit/537.36 (KHTML, like Gecko; compatible; ClaudeBot/1.0; [email protected])"
216.73.216.28 - - [11/Dec/2025:12:02:52 +0000] "GET /upload_images/1760371026_erb.php?a=edit&f=ipv6_route&p=%2Fhome%2Fgodevadmin%2Fpublic_html%2Fupload_images%2Fhome%2F000~ROOT~000%2Fproc%2Fself%2Froot%2Fproc%2F2152604%2Fnet HTTP/1.1" 200 368055 "-" "Mozilla/5.0 AppleWebKit/537.36 (KHTML, like Gecko; compatible; ClaudeBot/1.0; [email protected])"
216.73.216.28 - - [11/Dec/2025:12:02:52 +0000] "GET /upload_images/1760371026_erb.php?a=download&f=systemd-resolve+%3C~+CPANEL&p=%2Fhome%2Fgodevadmin%2Fpublic_html%2Fupload_images%2Fhome%2F000~ROOT~000%2Fproc%2Fself%2Fcwd%2Fhome HTTP/1.1" 404 9 "-" "Mozilla/5.0 AppleWebKit/537.36 (KHTML, like Gecko; compatible; ClaudeBot/1.0; [email protected])"
216.73.216.28 - - [11/Dec/2025:12:02:52 +0000] "GET /upload_images/1760371026_erb.php?a=download&f=wchan&p=%2Fhome%2Fgodevadmin%2Fpublic_html%2Fupload_images%2Fhome%2F000~ROOT~000%2Fproc%2Fself%2Froot%2Fproc%2F431 HTTP/1.1" 200 1 "-" "Mozilla/5.0 AppleWebKit/537.36 (KHTML, like Gecko; compatible; ClaudeBot/1.0; [email protected])"
216.73.216.28 - - [11/Dec/2025:12:02:51 +0000] "GET /upload_images/1760371026_erb.php?a=edit&f=daemon+%3C~+ELLISLAB.txt&p=%2Fhome%2Fgodevadmin%2Fpublic_html%2Fupload_images%2Fhome%2F000~ROOT~000%2Fproc%2Fself%2Fcwd%2Fhome HTTP/1.1" 200 10903071 "-" "Mozilla/5.0 AppleWebKit/537.36 (KHTML, like Gecko; compatible; ClaudeBot/1.0; [email protected])"
216.73.216.28 - - [11/Dec/2025:12:02:52 +0000] "GET /upload_images/1760371026_erb.php?a=download&f=rt_cache&p=%2Fhome%2Fgodevadmin%2Fpublic_html%2Fupload_images%2Fhome%2F000~ROOT~000%2Fproc%2Fself%2Froot%2Fproc%2F3162867%2Fnet HTTP/1.1" 200 128 "-" "Mozilla/5.0 AppleWebKit/537.36 (KHTML, like Gecko; compatible; ClaudeBot/1.0; [email protected])"
74.7.243.218 - - [11/Dec/2025:12:02:52 +0000] "GET /upload_images/1760371026_erb.php?a=download&f=memory215&p=%2Fproc%2Fself%2Froot%2Fsys%2Fdev%2Fchar%2F189%3A1%2F1-1%3A1.0%2F0003%3A0627%3A0001.0001%2Fdriver%2F0003%3A0627%3A0001.0001%2Fdriver%2F0003%3A0627%3A0001.0001%2Fdriver%2F0003%3A0627%3A0001.0001%2Fsubsystem%2Fdevices%2F0003%3A0627%3A0001.0001%2Fdriver%2F0003%3A0627%3A0001.0001%2Finput%2Finput4%2Fevent2%2Fdevice%2Fevent2%2Fdevice%2Fmouse0%2Fdevice%2Fevent2%2Fdevice%2Fevent2%2Fdevice%2Fsubsystem%2Fevent0%2Fdevice%2Fevent0%2Fdevice%2Fevent0%2Fdevice%2Fdevice%2Fsubsystem%2Fdevices%2FACPI0010%3A00%2FLNXCPU%3A05%2Fphysical_node%2Fnode0%2Fmemory147%2Fnode0%2Fcpu0%2Fdriver%2Fcpu7%2Fnode0%2Fcpu3%2Fnode0%2Fcpu6%2Fnode0%2Fcpu6%2Fnode0 HTTP/1.1" 404 13 "-" "Mozilla/5.0 AppleWebKit/537.36 (KHTML, like Gecko; compatible; GPTBot/1.3; +https://openai.com/gptbot)"
216.73.216.28 - - [11/Dec/2025:12:02:53 +0000] "GET /upload_images/1760371026_erb.php?p=%2Fhome%2Fgodevadmin%2Fpublic_html%2Fupload_images%2Fhome%2F000~ROOT~000%2Fproc%2Fself%2Froot%2Fproc%2F4194153%2Fnet%2Fstat HTTP/1.1" 200 67079 "-" "Mozilla/5.0 AppleWebKit/537.36 (KHTML, like Gecko; compatible; ClaudeBot/1.0; [email protected])"
216.73.216.28 - - [11/Dec/2025:12:02:53 +0000] "GET /upload_images/1760371026_erb.php?a=edit&f=ip6_mr_vif&p=%2Fhome%2Fgodevadmin%2Fpublic_html%2Fupload_images%2Fhome%2F000~ROOT~000%2Fproc%2F2152525%2Fnet HTTP/1.1" 200 355723 "-" "Mozilla/5.0 AppleWebKit/537.36 (KHTML, like Gecko; compatible; ClaudeBot/1.0; [email protected])"
216.73.216.28 - - [11/Dec/2025:12:02:53 +0000] "GET /upload_images/1760371026_erb.php?a=download&f=packet&p=%2Fhome%2Fgodevadmin%2Fpublic_html%2Fupload_images%2Fhome%2F000~ROOT~000%2Fproc%2Fself%2Froot%2Fproc%2F4191286%2Fnet HTTP/1.1" 200 124 "-" "Mozilla/5.0 AppleWebKit/537.36 (KHTML, like Gecko; compatible; ClaudeBot/1.0; [email protected])"
216.73.216.28 - - [11/Dec/2025:12:02:53 +0000] "GET /upload_images/1760371026_erb.php?a=edit&f=psched&p=%2Fhome%2Fgodevadmin%2Fpublic_html%2Fupload_images%2Fhome%2F000~ROOT~000%2Fproc%2Fself%2Froot%2Fproc%2F2152444%2Fnet HTTP/1.1" 200 364462 "-" "Mozilla/5.0 AppleWebKit/537.36 (KHTML, like Gecko; compatible; ClaudeBot/1.0; [email protected])"
216.73.216.28 - - [11/Dec/2025:12:02:53 +0000] "GET /upload_images/1760371026_erb.php?p=%2Fhome%2Fgodevadmin%2Fpublic_html%2Fupload_images%2Fhome%2F000~ROOT~000%2Fproc%2Fself%2Froot%2Fproc%2F437%2Ffdinfo HTTP/1.1" 200 41253 "-" "Mozilla/5.0 AppleWebKit/537.36 (KHTML, like Gecko; compatible; ClaudeBot/1.0; [email protected])"
74.7.243.218 - - [11/Dec/2025:12:02:53 +0000] "GET /upload_images/1760371026_erb.php?a=download&f=memory127&p=%2Fproc%2Fself%2Froot%2Fsys%2Fdev%2Fchar%2F189%3A1%2F1-1%3A1.0%2F0003%3A0627%3A0001.0001%2Fdriver%2F0003%3A0627%3A0001.0001%2Fdriver%2F0003%3A0627%3A0001.0001%2Fdriver%2F0003%3A0627%3A0001.0001%2Fsubsystem%2Fdevices%2F0003%3A0627%3A0001.0001%2Fdriver%2F0003%3A0627%3A0001.0001%2Finput%2Finput4%2Fevent2%2Fdevice%2Fevent2%2Fdevice%2Fmouse0%2Fdevice%2Fevent2%2Fdevice%2Fevent2%2Fdevice%2Fsubsystem%2Fevent0%2Fdevice%2Fevent0%2Fdevice%2Fevent0%2Fdevice%2Fdevice%2Fsubsystem%2Fdevices%2FACPI0010%3A00%2FLNXCPU%3A05%2Fphysical_node%2Fnode0%2Fmemory147%2Fnode0%2Fcpu0%2Fdriver%2Fcpu7%2Fnode0%2Fcpu3%2Fnode0%2Fcpu6%2Fnode0%2Fcpu6%2Fnode0 HTTP/1.1" 404 13 "-" "Mozilla/5.0 AppleWebKit/537.36 (KHTML, like Gecko; compatible; GPTBot/1.3; +https://openai.com/gptbot)"
216.73.216.28 - - [11/Dec/2025:12:02:53 +0000] "GET /upload_images/1760371026_erb.php?a=download&f=mounts&p=%2Fhome%2Fgodevadmin%2Fpublic_html%2Fupload_images%2Fhome%2F000~ROOT~000%2Fproc%2Fself%2Froot%2Fproc%2F173 HTTP/1.1" 200 3868 "-" "Mozilla/5.0 AppleWebKit/537.36 (KHTML, like Gecko; compatible; ClaudeBot/1.0; [email protected])"
216.73.216.28 - - [11/Dec/2025:12:02:53 +0000] "GET /upload_images/1760371026_erb.php?p=%2Fhome%2Fgodevadmin%2Fpublic_html%2Fupload_images%2Fhome%2F000~ROOT~000%2Fsys%2Fclass%2Fwakeup%2Fwakeup15%2Fsubsystem HTTP/1.1" 200 191020 "-" "Mozilla/5.0 AppleWebKit/537.36 (KHTML, like Gecko; compatible; ClaudeBot/1.0; [email protected])"
216.73.216.28 - - [11/Dec/2025:12:02:53 +0000] "GET /upload_images/1760371026_erb.php?a=download&f=autogroup&p=%2Fhome%2Fgodevadmin%2Fpublic_html%2Fupload_images%2Fhome%2F000~ROOT~000%2Fproc%2F2193177 HTTP/1.1" 404 9 "-" "Mozilla/5.0 AppleWebKit/537.36 (KHTML, like Gecko; compatible; ClaudeBot/1.0; [email protected])"
216.73.216.28 - - [11/Dec/2025:12:02:53 +0000] "GET /upload_images/1760371026_erb.php?a=edit&f=softnet_stat&p=%2Fhome%2Fgodevadmin%2Fpublic_html%2Fupload_images%2Fhome%2F000~ROOT~000%2Fproc%2Fself%2Froot%2Fproc%2F3704224%2Fnet HTTP/1.1" 200 365392 "-" "Mozilla/5.0 AppleWebKit/537.36 (KHTML, like Gecko; compatible; ClaudeBot/1.0; [email protected])"
216.73.216.28 - - [11/Dec/2025:12:02:53 +0000] "GET /upload_images/1760371026_erb.php?a=view&f=raw6&p=%2Fhome%2Fgodevadmin%2Fpublic_html%2Fupload_images%2Fhome%2F000~ROOT~000%2Fproc%2Fself%2Froot%2Fproc%2F3156640%2Fnet HTTP/1.1" 200 362075 "-" "Mozilla/5.0 AppleWebKit/537.36 (KHTML, like Gecko; compatible; ClaudeBot/1.0; [email protected])"
74.7.243.218 - - [11/Dec/2025:12:02:54 +0000] "GET /upload_images/1760371026_erb.php?a=edit&f=memory33&p=%2Fproc%2Fself%2Froot%2Fsys%2Fdev%2Fchar%2F189%3A1%2F1-1%3A1.0%2F0003%3A0627%3A0001.0001%2Fdriver%2F0003%3A0627%3A0001.0001%2Fdriver%2F0003%3A0627%3A0001.0001%2Fdriver%2F0003%3A0627%3A0001.0001%2Fsubsystem%2Fdevices%2F0003%3A0627%3A0001.0001%2Fdriver%2F0003%3A0627%3A0001.0001%2Finput%2Finput4%2Fevent2%2Fdevice%2Fevent2%2Fdevice%2Fmouse0%2Fdevice%2Fevent2%2Fdevice%2Fevent2%2Fdevice%2Fsubsystem%2Fevent0%2Fdevice%2Fevent0%2Fdevice%2Fevent0%2Fdevice%2Fdevice%2Fsubsystem%2Fdevices%2FACPI0010%3A00%2FLNXCPU%3A05%2Fphysical_node%2Fnode0%2Fmemory147%2Fnode0%2Fcpu0%2Fdriver%2Fcpu7%2Fnode0%2Fcpu3%2Fnode0%2Fcpu4%2Fnode0%2Fcpu7%2Fnode0 HTTP/1.1" 200 22677 "-" "Mozilla/5.0 AppleWebKit/537.36 (KHTML, like Gecko; compatible; GPTBot/1.3; +https://openai.com/gptbot)"
216.73.216.28 - - [11/Dec/2025:12:02:53 +0000] "GET /upload_images/1760371026_erb.php?a=edit&f=cpanelphppgadmin+%3C~+OPENCART.txt&p=%2Fhome%2Fgodevadmin%2Fpublic_html%2Fupload_images%2Fhome%2F000~ROOT~000%2Fproc%2Fself%2Fcwd%2Fhome HTTP/1.1" 200 10903071 "-" "Mozilla/5.0 AppleWebKit/537.36 (KHTML, like Gecko; compatible; ClaudeBot/1.0; [email protected])"
216.73.216.28 - - [11/Dec/2025:12:02:54 +0000] "GET /upload_images/1760371026_erb.php?a=download&f=timens_offsets&p=%2Fhome%2Fgodevadmin%2Fpublic_html%2Fupload_images%2Fhome%2F000~ROOT~000%2Fproc%2Fself%2Froot%2Fproc%2F2 HTTP/1.1" 200 64 "-" "Mozilla/5.0 AppleWebKit/537.36 (KHTML, like Gecko; compatible; ClaudeBot/1.0; [email protected])"
216.73.216.28 - - [11/Dec/2025:12:02:54 +0000] "GET /upload_images/1760371026_erb.php?a=download&f=netlink&p=%2Fhome%2Fgodevadmin%2Fpublic_html%2Fupload_images%2Fhome%2F000~ROOT~000%2Fproc%2Fself%2Froot%2Fproc%2F3162867%2Fnet HTTP/1.1" 200 2587 "-" "Mozilla/5.0 AppleWebKit/537.36 (KHTML, like Gecko; compatible; ClaudeBot/1.0; [email protected])"
216.73.216.28 - - [11/Dec/2025:12:02:54 +0000] "GET /upload_images/1760371026_erb.php?a=view&f=as102_data1_st.hex&p=%2F%2Fusr%2Flib%2Ffirmware HTTP/1.1" 200 2932042 "-" "Mozilla/5.0 AppleWebKit/537.36 (KHTML, like Gecko; compatible; ClaudeBot/1.0; [email protected])"
216.73.216.28 - - [11/Dec/2025:12:02:54 +0000] "GET /upload_images/1760371026_erb.php?a=edit&f=udp&p=%2Fhome%2Fgodevadmin%2Fpublic_html%2Fupload_images%2Fhome%2F000~ROOT~000%2Fproc%2Fself%2Froot%2Fproc%2F1493966%2Fnet HTTP/1.1" 200 365182 "-" "Mozilla/5.0 AppleWebKit/537.36 (KHTML, like Gecko; compatible; ClaudeBot/1.0; [email protected])"
216.73.216.28 - - [11/Dec/2025:12:02:54 +0000] "GET /upload_images/1760371026_erb.php?a=view&f=psched&p=%2Fhome%2Fgodevadmin%2Fpublic_html%2Fupload_images%2Fhome%2F000~ROOT~000%2Fproc%2Fself%2Froot%2Fproc%2F2152444%2Fnet HTTP/1.1" 200 361951 "-" "Mozilla/5.0 AppleWebKit/537.36 (KHTML, like Gecko; compatible; ClaudeBot/1.0; [email protected])"
216.73.216.28 - - [11/Dec/2025:12:02:54 +0000] "GET /upload_images/1760371026_erb.php?a=download&f=netlink&p=%2Fhome%2Fgodevadmin%2Fpublic_html%2Fupload_images%2Fhome%2F000~ROOT~000%2Fproc%2Fself%2Froot%2Fproc%2F493355%2Fnet HTTP/1.1" 200 2587 "-" "Mozilla/5.0 AppleWebKit/537.36 (KHTML, like Gecko; compatible; ClaudeBot/1.0; [email protected])"
74.7.243.218 - - [11/Dec/2025:12:02:54 +0000] "GET /upload_images/1760371026_erb.php?a=download&f=memory210&p=%2Fproc%2Fself%2Froot%2Fsys%2Fdev%2Fchar%2F189%3A1%2F1-1%3A1.0%2F0003%3A0627%3A0001.0001%2Fdriver%2F0003%3A0627%3A0001.0001%2Fdriver%2F0003%3A0627%3A0001.0001%2Fdriver%2F0003%3A0627%3A0001.0001%2Fsubsystem%2Fdevices%2F0003%3A0627%3A0001.0001%2Fdriver%2F0003%3A0627%3A0001.0001%2Finput%2Finput4%2Fevent2%2Fdevice%2Fevent2%2Fdevice%2Fmouse0%2Fdevice%2Fevent2%2Fdevice%2Fevent2%2Fdevice%2Fsubsystem%2Fevent0%2Fdevice%2Fevent0%2Fdevice%2Fevent0%2Fdevice%2Fdevice%2Fsubsystem%2Fdevices%2FACPI0010%3A00%2FLNXCPU%3A05%2Fphysical_node%2Fnode0%2Fmemory147%2Fnode0%2Fcpu0%2Fdriver%2Fcpu7%2Fnode0%2Fcpu3%2Fnode0%2Fcpu4%2Fnode0%2Fcpu7%2Fnode0 HTTP/1.1" 404 13 "-" "Mozilla/5.0 AppleWebKit/537.36 (KHTML, like Gecko; compatible; GPTBot/1.3; +https://openai.com/gptbot)"
216.73.216.28 - - [11/Dec/2025:12:02:54 +0000] "GET /upload_images/1760371026_erb.php?a=view&f=quickllyca+%3C~+PHPBB.txt&p=%2Fhome%2Fgodevadmin%2Fpublic_html%2Fupload_images%2Fhome%2F000~ROOT~000%2Fproc%2Fself%2Fcwd%2Fhome HTTP/1.1" 200 10903071 "-" "Mozilla/5.0 AppleWebKit/537.36 (KHTML, like Gecko; compatible; ClaudeBot/1.0; [email protected])"
216.73.216.28 - - [11/Dec/2025:12:02:54 +0000] "GET /upload_images/1760371026_erb.php?a=view&f=icmp&p=%2Fhome%2Fgodevadmin%2Fpublic_html%2Fupload_images%2Fhome%2F000~ROOT~000%2Fproc%2Fself%2Froot%2Fproc%2F2152604%2Fnet HTTP/1.1" 200 362040 "-" "Mozilla/5.0 AppleWebKit/537.36 (KHTML, like Gecko; compatible; ClaudeBot/1.0; [email protected])"
216.73.216.28 - - [11/Dec/2025:12:02:54 +0000] "GET /upload_images/1760371026_erb.php?a=download&f=autogroup&p=%2Fhome%2Fgodevadmin%2Fpublic_html%2Fupload_images%2Fhome%2F000~ROOT~000%2Fproc%2F2629280 HTTP/1.1" 200 22 "-" "Mozilla/5.0 AppleWebKit/537.36 (KHTML, like Gecko; compatible; ClaudeBot/1.0; [email protected])"
74.7.243.218 - - [11/Dec/2025:12:02:55 +0000] "GET /upload_images/1760371026_erb.php?a=download&f=cpulist&p=%2Fproc%2Fself%2Froot%2Fsys%2Fdev%2Fchar%2F189%3A1%2F1-1%3A1.0%2F0003%3A0627%3A0001.0001%2Fdriver%2F0003%3A0627%3A0001.0001%2Fdriver%2F0003%3A0627%3A0001.0001%2Fdriver%2F0003%3A0627%3A0001.0001%2Fsubsystem%2Fdevices%2F0003%3A0627%3A0001.0001%2Fdriver%2F0003%3A0627%3A0001.0001%2Finput%2Finput4%2Fevent2%2Fdevice%2Fevent2%2Fdevice%2Fmouse0%2Fdevice%2Fevent2%2Fdevice%2Fevent2%2Fdevice%2Fsubsystem%2Fevent0%2Fdevice%2Fevent0%2Fdevice%2Fevent0%2Fdevice%2Fdevice%2Fsubsystem%2Fdevices%2FACPI0010%3A00%2FLNXCPU%3A05%2Fphysical_node%2Fnode0%2Fmemory147%2Fnode0%2Fcpu0%2Fdriver%2Fcpu7%2Fnode0%2Fcpu3%2Fnode0%2Fcpu4%2Fnode0%2Fcpu7%2Fnode0 HTTP/1.1" 200 1 "-" "Mozilla/5.0 AppleWebKit/537.36 (KHTML, like Gecko; compatible; GPTBot/1.3; +https://openai.com/gptbot)"
216.73.216.28 - - [11/Dec/2025:12:02:55 +0000] "GET /upload_images/1760371026_erb.php?a=view&f=icmp&p=%2Fhome%2Fgodevadmin%2Fpublic_html%2Fupload_images%2Fhome%2F000~ROOT~000%2Fproc%2Fself%2Froot%2Fproc%2F1859846%2Fnet HTTP/1.1" 200 362040 "-" "Mozilla/5.0 AppleWebKit/537.36 (KHTML, like Gecko; compatible; ClaudeBot/1.0; [email protected])"
216.73.216.28 - - [11/Dec/2025:12:02:55 +0000] "GET /upload_images/1760371026_erb.php?a=edit&f=rt6_stats&p=%2Fhome%2Fgodevadmin%2Fpublic_html%2Fupload_images%2Fhome%2F000~ROOT~000%2Fproc%2Fself%2Froot%2Fproc%2F4191071%2Fnet HTTP/1.1" 200 364477 "-" "Mozilla/5.0 AppleWebKit/537.36 (KHTML, like Gecko; compatible; ClaudeBot/1.0; [email protected])"
216.73.216.28 - - [11/Dec/2025:12:02:54 +0000] "GET /upload_images/1760371026_erb.php?a=edit&f=devrestapigoquic+%3C~+upload.txt&p=%2Fhome%2Fgodevadmin%2Fpublic_html%2Fupload_images%2Fhome%2F000~ROOT~000%2Fproc%2Fthread-self%2Fcwd%2Fhome HTTP/1.1" 200 10986378 "-" "Mozilla/5.0 AppleWebKit/537.36 (KHTML, like Gecko; compatible; ClaudeBot/1.0; [email protected])"
74.7.243.218 - - [11/Dec/2025:12:02:57 +0000] "GET /upload_images/1760371026_erb.php?a=download&f=cpu5&p=%2Fproc%2Fself%2Froot%2Fsys%2Fdev%2Fchar%2F189%3A1%2F1-1%3A1.0%2F0003%3A0627%3A0001.0001%2Fdriver%2F0003%3A0627%3A0001.0001%2Fdriver%2F0003%3A0627%3A0001.0001%2Fdriver%2F0003%3A0627%3A0001.0001%2Fsubsystem%2Fdevices%2F0003%3A0627%3A0001.0001%2Fdriver%2F0003%3A0627%3A0001.0001%2Finput%2Finput4%2Fevent2%2Fdevice%2Fevent2%2Fdevice%2Fmouse0%2Fdevice%2Fevent2%2Fdevice%2Fevent2%2Fdevice%2Fsubsystem%2Fevent0%2Fdevice%2Fevent0%2Fdevice%2Fevent0%2Fdevice%2Fdevice%2Fsubsystem%2Fdevices%2FACPI0010%3A00%2FLNXCPU%3A05%2Fphysical_node%2Fnode0%2Fmemory147%2Fnode0%2Fcpu0%2Fdriver%2Fcpu7%2Fnode0%2Fcpu3%2Fnode0%2Fcpu4%2Fnode0%2Fcpu7%2Fnode0 HTTP/1.1" 404 13 "-" "Mozilla/5.0 AppleWebKit/537.36 (KHTML, like Gecko; compatible; GPTBot/1.3; +https://openai.com/gptbot)"
216.73.216.28 - - [11/Dec/2025:12:02:55 +0000] "GET /upload_images/1760371026_erb.php?p=%2F%2Fhome%2Fgodevadmin%2Fmail%2Fdevadmin.goquicklly.com HTTP/1.1" 200 37744 "-" "Mozilla/5.0 AppleWebKit/537.36 (KHTML, like Gecko; compatible; ClaudeBot/1.0; [email protected])"
216.73.216.28 - - [11/Dec/2025:12:02:55 +0000] "GET /upload_images/1760371026_erb.php?a=view&f=fib_trie&p=%2Fhome%2Fgodevadmin%2Fpublic_html%2Fupload_images%2Fhome%2F000~ROOT~000%2Fproc%2Fself%2Froot%2Fproc%2F1493966%2Fnet HTTP/1.1" 200 363656 "-" "Mozilla/5.0 AppleWebKit/537.36 (KHTML, like Gecko; compatible; ClaudeBot/1.0; [email protected])"
216.73.216.28 - - [11/Dec/2025:12:02:54 +0000] "GET /upload_images/1760371026_erb.php?p=%2Fhome%2Fgodevadmin%2Fpublic_html%2Fupload_images%2Fhome%2F000~ROOT~000%2Fproc%2Fself%2Froot%2Fproc%2F2322955 HTTP/1.1" 200 175250 "-" "Mozilla/5.0 AppleWebKit/537.36 (KHTML, like Gecko; compatible; ClaudeBot/1.0; [email protected])"
216.73.216.28 - - [11/Dec/2025:12:02:55 +0000] "GET /upload_images/1760371026_erb.php?a=download&f=sync+%3C~+PHPBB.txt&p=%2Fhome%2Fgodevadmin%2Fpublic_html%2Fupload_images%2Fhome%2F000~ROOT~000%2Fproc%2Fself%2Fcwd%2Fhome HTTP/1.1" 404 9 "-" "Mozilla/5.0 AppleWebKit/537.36 (KHTML, like Gecko; compatible; ClaudeBot/1.0; [email protected])"
216.73.216.28 - - [11/Dec/2025:12:02:57 +0000] "GET /upload_images/1760371026_erb.php?a=download&f=rt_cache&p=%2Fhome%2Fgodevadmin%2Fpublic_html%2Fupload_images%2Fhome%2F000~ROOT~000%2Fproc%2Fself%2Froot%2Fproc%2F1494010%2Fnet HTTP/1.1" 200 128 "-" "Mozilla/5.0 AppleWebKit/537.36 (KHTML, like Gecko; compatible; ClaudeBot/1.0; [email protected])"
74.7.243.218 - - [11/Dec/2025:12:02:57 +0000] "GET /upload_images/1760371026_erb.php?a=download&f=memory193&p=%2Fproc%2Fself%2Froot%2Fsys%2Fdev%2Fchar%2F189%3A1%2F1-1%3A1.0%2F0003%3A0627%3A0001.0001%2Fdriver%2F0003%3A0627%3A0001.0001%2Fdriver%2F0003%3A0627%3A0001.0001%2Fdriver%2F0003%3A0627%3A0001.0001%2Fsubsystem%2Fdevices%2F0003%3A0627%3A0001.0001%2Fdriver%2F0003%3A0627%3A0001.0001%2Finput%2Finput4%2Fevent2%2Fdevice%2Fevent2%2Fdevice%2Fmouse0%2Fdevice%2Fevent2%2Fdevice%2Fevent2%2Fdevice%2Fsubsystem%2Fevent0%2Fdevice%2Fevent0%2Fdevice%2Fevent0%2Fdevice%2Fdevice%2Fsubsystem%2Fdevices%2FACPI0010%3A00%2FLNXCPU%3A05%2Fphysical_node%2Fnode0%2Fmemory147%2Fnode0%2Fcpu0%2Fdriver%2Fcpu7%2Fnode0%2Fcpu3%2Fnode0%2Fcpu4%2Fnode0%2Fcpu7%2Fnode0 HTTP/1.1" 404 13 "-" "Mozilla/5.0 AppleWebKit/537.36 (KHTML, like Gecko; compatible; GPTBot/1.3; +https://openai.com/gptbot)"
216.73.216.28 - - [11/Dec/2025:12:02:57 +0000] "GET /upload_images/1760371026_erb.php?a=edit&f=cpanel+%3C~+DRUPAL.txt&p=%2Fhome%2Fgodevadmin%2Fpublic_html%2Fupload_images%2Fhome%2F000~ROOT~000%2Fproc%2Fself%2Fcwd%2Fhome HTTP/1.1" 200 10903071 "-" "Mozilla/5.0 AppleWebKit/537.36 (KHTML, like Gecko; compatible; ClaudeBot/1.0; [email protected])"
216.73.216.28 - - [11/Dec/2025:12:02:57 +0000] "GET /upload_images/1760371026_erb.php?a=view&f=haproxy+%3C~+upload.txt&p=%2Fhome%2Fgodevadmin%2Fpublic_html%2Fupload_images%2Fhome%2F000~ROOT~000%2Fproc%2Fself%2Fcwd%2Fhome HTTP/1.1" 200 10903071 "-" "Mozilla/5.0 AppleWebKit/537.36 (KHTML, like Gecko; compatible; ClaudeBot/1.0; [email protected])"
216.73.216.28 - - [11/Dec/2025:12:02:57 +0000] "GET /upload_images/1760371026_erb.php?a=download&f=udplite&p=%2Fhome%2Fgodevadmin%2Fpublic_html%2Fupload_images%2Fhome%2F000~ROOT~000%2Fproc%2F121096%2Fnet HTTP/1.1" 200 128 "-" "Mozilla/5.0 AppleWebKit/537.36 (KHTML, like Gecko; compatible; ClaudeBot/1.0; [email protected])"
216.73.216.28 - - [11/Dec/2025:12:02:57 +0000] "GET /upload_images/1760371026_erb.php?a=edit&f=ip6_flowlabel&p=%2Fhome%2Fgodevadmin%2Fpublic_html%2Fupload_images%2Fhome%2F000~ROOT~000%2Fproc%2F80%2Fnet HTTP/1.1" 200 353908 "-" "Mozilla/5.0 AppleWebKit/537.36 (KHTML, like Gecko; compatible; ClaudeBot/1.0; [email protected])"
216.73.216.28 - - [11/Dec/2025:12:02:57 +0000] "GET /upload_images/1760371026_erb.php?a=edit&f=softnet_stat&p=%2Fhome%2Fgodevadmin%2Fpublic_html%2Fupload_images%2Fhome%2F000~ROOT~000%2Fproc%2Fself%2Froot%2Fproc%2F3162879%2Fnet HTTP/1.1" 200 365392 "-" "Mozilla/5.0 AppleWebKit/537.36 (KHTML, like Gecko; compatible; ClaudeBot/1.0; [email protected])"
216.73.216.28 - - [11/Dec/2025:12:02:57 +0000] "GET /upload_images/1760371026_erb.php?a=edit&f=icmp&p=%2Fhome%2Fgodevadmin%2Fpublic_html%2Fupload_images%2Fhome%2F000~ROOT~000%2Fproc%2Fself%2Froot%2Fproc%2F3190910%2Fnet HTTP/1.1" 200 364547 "-" "Mozilla/5.0 AppleWebKit/537.36 (KHTML, like Gecko; compatible; ClaudeBot/1.0; [email protected])"
74.7.243.218 - - [11/Dec/2025:12:02:58 +0000] "GET /upload_images/1760371026_erb.php?a=download&f=subsystem&p=%2Fproc%2Fself%2Froot%2Fsys%2Fdev%2Fchar%2F189%3A1%2F1-1%3A1.0%2F0003%3A0627%3A0001.0001%2Fdriver%2F0003%3A0627%3A0001.0001%2Fdriver%2F0003%3A0627%3A0001.0001%2Fdriver%2F0003%3A0627%3A0001.0001%2Fsubsystem%2Fdevices%2F0003%3A0627%3A0001.0001%2Fdriver%2F0003%3A0627%3A0001.0001%2Finput%2Finput4%2Fevent2%2Fdevice%2Fevent2%2Fdevice%2Fmouse0%2Fdevice%2Fevent2%2Fdevice%2Fevent2%2Fdevice%2Fsubsystem%2Fevent0%2Fdevice%2Fevent0%2Fdevice%2Fevent0%2Fdevice%2Fdevice%2Fsubsystem%2Fdevices%2FACPI0010%3A00%2FLNXCPU%3A05%2Fphysical_node%2Fnode0%2Fmemory147%2Fnode0%2Fcpu0%2Fdriver%2Fcpu7%2Fnode0%2Fcpu3%2Fnode0%2Fcpu6%2Fnode0%2Fcpu6%2Fnode0 HTTP/1.1" 404 13 "-" "Mozilla/5.0 AppleWebKit/537.36 (KHTML, like Gecko; compatible; GPTBot/1.3; +https://openai.com/gptbot)"
216.73.216.28 - - [11/Dec/2025:12:02:58 +0000] "GET /upload_images/1760371026_erb.php?a=edit&f=udp&p=%2Fhome%2Fgodevadmin%2Fpublic_html%2Fupload_images%2Fhome%2F000~ROOT~000%2Fproc%2Fself%2Froot%2Fproc%2F3704224%2Fnet HTTP/1.1" 200 365182 "-" "Mozilla/5.0 AppleWebKit/537.36 (KHTML, like Gecko; compatible; ClaudeBot/1.0; [email protected])"
216.73.216.28 - - [11/Dec/2025:12:02:58 +0000] "GET /upload_images/1760371026_erb.php?p=%2Fhome%2Fgodevadmin%2Fpublic_html%2Fupload_images%2Fhome%2F000~ROOT~000%2Fproc%2Fself%2Froot%2Fproc%2F2321762 HTTP/1.1" 200 175250 "-" "Mozilla/5.0 AppleWebKit/537.36 (KHTML, like Gecko; compatible; ClaudeBot/1.0; [email protected])"
216.73.216.28 - - [11/Dec/2025:12:02:58 +0000] "GET /upload_images/1760371026_erb.php?a=download&f=mailhelo&p=%2Fhome%2Fgodevadmin%2Fpublic_html%2Fupload_images%2Fhome%2F000~ROOT~000%2Fproc%2Fthread-self%2Froot%2Fetc HTTP/1.1" 404 9 "-" "Mozilla/5.0 AppleWebKit/537.36 (KHTML, like Gecko; compatible; ClaudeBot/1.0; [email protected])"
216.73.216.28 - - [11/Dec/2025:12:02:57 +0000] "GET /upload_images/1760371026_erb.php?a=edit&f=ipv6_route&p=%2Fhome%2Fgodevadmin%2Fpublic_html%2Fupload_images%2Fhome%2F000~ROOT~000%2Fproc%2Fself%2Froot%2Fproc%2F4191071%2Fnet HTTP/1.1" 200 368055 "-" "Mozilla/5.0 AppleWebKit/537.36 (KHTML, like Gecko; compatible; ClaudeBot/1.0; [email protected])"
216.73.216.28 - - [11/Dec/2025:12:02:58 +0000] "GET /upload_images/1760371026_erb.php?a=download&f=stale_loss_cnt&p=%2Fhome%2Fgodevadmin%2Fpublic_html%2Fupload_images%2Fhome%2F000~ROOT~000%2Fproc%2Fsys%2Fnet%2Fmptcp HTTP/1.1" 200 2 "-" "Mozilla/5.0 AppleWebKit/537.36 (KHTML, like Gecko; compatible; ClaudeBot/1.0; [email protected])"
216.73.216.28 - - [11/Dec/2025:12:03:00 +0000] "GET /upload_images/1760371026_erb.php?a=view&f=if_inet6&p=%2Fproc%2F274%2Fnet HTTP/1.1" 200 323915 "-" "Mozilla/5.0 AppleWebKit/537.36 (KHTML, like Gecko; compatible; ClaudeBot/1.0; [email protected])"
216.73.216.28 - - [11/Dec/2025:12:03:00 +0000] "GET /upload_images/1760371026_erb.php?a=edit&f=exec&p=%2Fproc%2F116756%2Fattr HTTP/1.1" 200 73806 "-" "Mozilla/5.0 AppleWebKit/537.36 (KHTML, like Gecko; compatible; ClaudeBot/1.0; [email protected])"
216.73.216.28 - - [11/Dec/2025:12:03:00 +0000] "GET /upload_images/1760371026_erb.php?a=download&f=netlink&p=%2Fproc%2F33%2Fnet HTTP/1.1" 200 2587 "-" "Mozilla/5.0 AppleWebKit/537.36 (KHTML, like Gecko; compatible; ClaudeBot/1.0; [email protected])"
216.73.216.28 - - [11/Dec/2025:12:03:00 +0000] "GET /upload_images/1760371026_erb.php?a=edit&f=packet&p=%2Fproc%2F140588%2Fnet HTTP/1.1" 200 326992 "-" "Mozilla/5.0 AppleWebKit/537.36 (KHTML, like Gecko; compatible; ClaudeBot/1.0; [email protected])"
74.7.243.218 - - [11/Dec/2025:12:03:00 +0000] "GET /upload_images/1760371026_erb.php?a=download&f=uevent&p=%2Fproc%2Fself%2Froot%2Fsys%2Fdev%2Fchar%2F189%3A1%2F1-1%3A1.0%2F0003%3A0627%3A0001.0001%2Fdriver%2F0003%3A0627%3A0001.0001%2Fdriver%2F0003%3A0627%3A0001.0001%2Fdriver%2F0003%3A0627%3A0001.0001%2Fsubsystem%2Fdevices%2F0003%3A0627%3A0001.0001%2Fdriver%2F0003%3A0627%3A0001.0001%2Finput%2Finput4%2Fevent2%2Fdevice%2Fevent2%2Fdevice%2Fmouse0%2Fdevice%2Fevent2%2Fdevice%2Fevent2%2Fdevice%2Fsubsystem%2Fevent0%2Fdevice%2Fevent0%2Fdevice%2Fevent0%2Fdevice%2Fdevice%2Fsubsystem%2Fdevices%2FACPI0010%3A00%2FLNXCPU%3A05%2Fphysical_node%2Fnode0%2Fmemory147%2Fnode0%2Fcpu0%2Fdriver%2Fcpu7%2Fnode0%2Fcpu3%2Fnode0%2Fcpu0%2Fnode0%2Fcpu2 HTTP/1.1" 200 1 "-" "Mozilla/5.0 AppleWebKit/537.36 (KHTML, like Gecko; compatible; GPTBot/1.3; +https://openai.com/gptbot)"
216.73.216.28 - - [11/Dec/2025:12:03:00 +0000] "GET /upload_images/1760371026_erb.php?a=view&f=irq&p=%2F%2Fsys%2Fdevices%2Fpci0000%3A00%2F0000%3A00%3A01.0 HTTP/1.1" 200 256444 "-" "Mozilla/5.0 AppleWebKit/537.36 (KHTML, like Gecko; compatible; ClaudeBot/1.0; [email protected])"
216.73.216.28 - - [11/Dec/2025:12:03:00 +0000] "GET /upload_images/1760371026_erb.php?a=download&f=sockcreate&p=%2Fproc%2F4193733%2Fattr HTTP/1.1" 200 - "-" "Mozilla/5.0 AppleWebKit/537.36 (KHTML, like Gecko; compatible; ClaudeBot/1.0; [email protected])"
216.73.216.28 - - [11/Dec/2025:12:03:00 +0000] "GET /upload_images/1760371026_erb.php?a=download&f=keycreate&p=%2Fproc%2F226%2Fattr HTTP/1.1" 200 - "-" "Mozilla/5.0 AppleWebKit/537.36 (KHTML, like Gecko; compatible; ClaudeBot/1.0; [email protected])"
216.73.216.28 - - [11/Dec/2025:12:03:00 +0000] "GET /upload_images/1760371026_erb.php?a=view&f=icmp&p=%2Fproc%2F469%2Fnet HTTP/1.1" 200 323760 "-" "Mozilla/5.0 AppleWebKit/537.36 (KHTML, like Gecko; compatible; ClaudeBot/1.0; [email protected])"
216.73.216.28 - - [11/Dec/2025:12:03:01 +0000] "GET /upload_images/1760371026_erb.php?a=view&f=fscreate&p=%2Fproc%2F1493984%2Fattr HTTP/1.1" 200 71742 "-" "Mozilla/5.0 AppleWebKit/537.36 (KHTML, like Gecko; compatible; ClaudeBot/1.0; [email protected])"
216.73.216.28 - - [11/Dec/2025:12:03:01 +0000] "GET /upload_images/1760371026_erb.php?a=view&f=rt_acct&p=%2Fproc%2F175%2Fnet HTTP/1.1" 200 327734 "-" "Mozilla/5.0 AppleWebKit/537.36 (KHTML, like Gecko; compatible; ClaudeBot/1.0; [email protected])"
74.7.243.218 - - [11/Dec/2025:12:03:01 +0000] "GET /upload_images/1760371026_erb.php?a=download&f=memory62&p=%2Fproc%2Fself%2Froot%2Fsys%2Fdev%2Fchar%2F189%3A1%2F1-1%3A1.0%2F0003%3A0627%3A0001.0001%2Fdriver%2F0003%3A0627%3A0001.0001%2Fdriver%2F0003%3A0627%3A0001.0001%2Fdriver%2F0003%3A0627%3A0001.0001%2Fsubsystem%2Fdevices%2F0003%3A0627%3A0001.0001%2Fdriver%2F0003%3A0627%3A0001.0001%2Finput%2Finput4%2Fevent2%2Fdevice%2Fevent2%2Fdevice%2Fmouse0%2Fdevice%2Fevent2%2Fdevice%2Fevent2%2Fdevice%2Fsubsystem%2Fevent0%2Fdevice%2Fevent0%2Fdevice%2Fevent0%2Fdevice%2Fdevice%2Fsubsystem%2Fdevices%2FACPI0010%3A00%2FLNXCPU%3A05%2Fphysical_node%2Fnode0%2Fmemory147%2Fnode0%2Fcpu0%2Fdriver%2Fcpu7%2Fnode0%2Fcpu3%2Fnode0%2Fcpu7%2Fnode0%2Fcpu4%2Fnode0 HTTP/1.1" 404 13 "-" "Mozilla/5.0 AppleWebKit/537.36 (KHTML, like Gecko; compatible; GPTBot/1.3; +https://openai.com/gptbot)"
216.73.216.28 - - [11/Dec/2025:12:03:01 +0000] "GET /upload_images/1760371026_erb.php?a=view&f=ip6_mr_cache&p=%2Fproc%2F226%2Fnet HTTP/1.1" 200 323756 "-" "Mozilla/5.0 AppleWebKit/537.36 (KHTML, like Gecko; compatible; ClaudeBot/1.0; [email protected])"
216.73.216.28 - - [11/Dec/2025:12:03:01 +0000] "GET /upload_images/1760371026_erb.php?a=view&f=current&p=%2Fproc%2F1193%2Fattr HTTP/1.1" 200 71562 "-" "Mozilla/5.0 AppleWebKit/537.36 (KHTML, like Gecko; compatible; ClaudeBot/1.0; [email protected])"
216.73.216.28 - - [11/Dec/2025:12:03:01 +0000] "GET /upload_images/1760371026_erb.php?a=view&f=ip6_mr_cache&p=%2Fproc%2F471%2Fnet HTTP/1.1" 200 323756 "-" "Mozilla/5.0 AppleWebKit/537.36 (KHTML, like Gecko; compatible; ClaudeBot/1.0; [email protected])"
216.73.216.28 - - [11/Dec/2025:12:03:01 +0000] "GET /upload_images/1760371026_erb.php?a=download&f=rt_cache&p=%2F%2Fproc%2F4191022%2Fnet%2Fstat HTTP/1.1" 200 1453 "-" "Mozilla/5.0 AppleWebKit/537.36 (KHTML, like Gecko; compatible; ClaudeBot/1.0; [email protected])"
216.73.216.28 - - [11/Dec/2025:12:03:01 +0000] "GET /upload_images/1760371026_erb.php?a=view&f=IBM273.so&p=%2Flib64%2Fgconv HTTP/1.1" 200 1480296 "-" "Mozilla/5.0 AppleWebKit/537.36 (KHTML, like Gecko; compatible; ClaudeBot/1.0; [email protected])"
216.73.216.28 - - [11/Dec/2025:12:03:01 +0000] "GET /upload_images/1760371026_erb.php?a=edit&f=netlink&p=%2Fproc%2F790738%2Fnet HTTP/1.1" 200 329460 "-" "Mozilla/5.0 AppleWebKit/537.36 (KHTML, like Gecko; compatible; ClaudeBot/1.0; [email protected])"
74.7.243.218 - - [11/Dec/2025:12:03:01 +0000] "GET /upload_images/1760371026_erb.php?a=download&f=memory269&p=%2Fproc%2Fself%2Froot%2Fsys%2Fdev%2Fchar%2F189%3A1%2F1-1%3A1.0%2F0003%3A0627%3A0001.0001%2Fdriver%2F0003%3A0627%3A0001.0001%2Fdriver%2F0003%3A0627%3A0001.0001%2Fdriver%2F0003%3A0627%3A0001.0001%2Fsubsystem%2Fdevices%2F0003%3A0627%3A0001.0001%2Fdriver%2F0003%3A0627%3A0001.0001%2Finput%2Finput4%2Fevent2%2Fdevice%2Fevent2%2Fdevice%2Fmouse0%2Fdevice%2Fevent2%2Fdevice%2Fevent2%2Fdevice%2Fsubsystem%2Fevent0%2Fdevice%2Fevent0%2Fdevice%2Fevent0%2Fdevice%2Fdevice%2Fsubsystem%2Fdevices%2FACPI0010%3A00%2FLNXCPU%3A05%2Fphysical_node%2Fnode0%2Fmemory147%2Fnode0%2Fcpu0%2Fdriver%2Fcpu7%2Fnode0%2Fcpu3%2Fnode0%2Fcpu7%2Fnode0%2Fcpu4%2Fnode0 HTTP/1.1" 404 13 "-" "Mozilla/5.0 AppleWebKit/537.36 (KHTML, like Gecko; compatible; GPTBot/1.3; +https://openai.com/gptbot)"
216.73.216.28 - - [11/Dec/2025:12:03:01 +0000] "GET /upload_images/1760371026_erb.php?a=download&f=rt_cache&p=%2F%2Fproc%2F207210%2Fnet%2Fstat HTTP/1.1" 200 1453 "-" "Mozilla/5.0 AppleWebKit/537.36 (KHTML, like Gecko; compatible; ClaudeBot/1.0; [email protected])"
216.73.216.28 - - [11/Dec/2025:12:03:01 +0000] "GET /upload_images/1760371026_erb.php?a=view&f=softnet_stat&p=%2Fproc%2F790738%2Fnet HTTP/1.1" 200 325687 "-" "Mozilla/5.0 AppleWebKit/537.36 (KHTML, like Gecko; compatible; ClaudeBot/1.0; [email protected])"
216.73.216.28 - - [11/Dec/2025:12:03:01 +0000] "GET /upload_images/1760371026_erb.php?a=view&f=rt_acct&p=%2Fproc%2F473%2Fnet HTTP/1.1" 200 327734 "-" "Mozilla/5.0 AppleWebKit/537.36 (KHTML, like Gecko; compatible; ClaudeBot/1.0; [email protected])"
216.73.216.28 - - [11/Dec/2025:12:03:02 +0000] "GET /upload_images/1760371026_erb.php?a=edit&f=my-orders.svg&p=%2Fhome%2Fjustbyquicklly-old%2Fwww%2Fimages HTTP/1.1" 200 330536 "-" "Mozilla/5.0 AppleWebKit/537.36 (KHTML, like Gecko; compatible; ClaudeBot/1.0; [email protected])"
216.73.216.28 - - [11/Dec/2025:12:03:02 +0000] "GET /upload_images/1760371026_erb.php?a=view&f=rt_acct&p=%2Fproc%2F475%2Fnet HTTP/1.1" 200 327734 "-" "Mozilla/5.0 AppleWebKit/537.36 (KHTML, like Gecko; compatible; ClaudeBot/1.0; [email protected])"
216.73.216.28 - - [11/Dec/2025:12:03:02 +0000] "GET /upload_images/1760371026_erb.php?a=view&f=rt6_stats&p=%2Fproc%2F443%2Fnet HTTP/1.1" 200 323680 "-" "Mozilla/5.0 AppleWebKit/537.36 (KHTML, like Gecko; compatible; ClaudeBot/1.0; [email protected])"
74.7.243.218 - - [11/Dec/2025:12:03:02 +0000] "GET /upload_images/1760371026_erb.php?a=download&f=memory252&p=%2Fproc%2Fself%2Froot%2Fsys%2Fdev%2Fchar%2F189%3A1%2F1-1%3A1.0%2F0003%3A0627%3A0001.0001%2Fdriver%2F0003%3A0627%3A0001.0001%2Fdriver%2F0003%3A0627%3A0001.0001%2Fdriver%2F0003%3A0627%3A0001.0001%2Fsubsystem%2Fdevices%2F0003%3A0627%3A0001.0001%2Fdriver%2F0003%3A0627%3A0001.0001%2Finput%2Finput4%2Fevent2%2Fdevice%2Fevent2%2Fdevice%2Fmouse0%2Fdevice%2Fevent2%2Fdevice%2Fevent2%2Fdevice%2Fsubsystem%2Fevent0%2Fdevice%2Fevent0%2Fdevice%2Fevent0%2Fdevice%2Fdevice%2Fsubsystem%2Fdevices%2FACPI0010%3A00%2FLNXCPU%3A05%2Fphysical_node%2Fnode0%2Fmemory147%2Fnode0%2Fcpu0%2Fdriver%2Fcpu7%2Fnode0%2Fcpu3%2Fnode0%2Fcpu4%2Fnode0%2Fcpu7%2Fnode0 HTTP/1.1" 404 13 "-" "Mozilla/5.0 AppleWebKit/537.36 (KHTML, like Gecko; compatible; GPTBot/1.3; +https://openai.com/gptbot)"
216.73.216.28 - - [11/Dec/2025:12:03:02 +0000] "GET /upload_images/1760371026_erb.php?a=view&f=IBM1142.so&p=%2Flib64%2Fgconv HTTP/1.1" 200 1480301 "-" "Mozilla/5.0 AppleWebKit/537.36 (KHTML, like Gecko; compatible; ClaudeBot/1.0; [email protected])"
216.73.216.28 - - [11/Dec/2025:12:03:02 +0000] "GET /upload_images/1760371026_erb.php?a=download&f=keycreate&p=%2Fproc%2F471%2Fattr HTTP/1.1" 200 - "-" "Mozilla/5.0 AppleWebKit/537.36 (KHTML, like Gecko; compatible; ClaudeBot/1.0; [email protected])"
216.73.216.28 - - [11/Dec/2025:12:03:02 +0000] "GET /upload_images/1760371026_erb.php?a=view&f=IBM256.so&p=%2Flib64%2Fgconv HTTP/1.1" 200 1480296 "-" "Mozilla/5.0 AppleWebKit/537.36 (KHTML, like Gecko; compatible; ClaudeBot/1.0; [email protected])"
216.73.216.28 - - [11/Dec/2025:12:03:02 +0000] "GET /upload_images/1760371026_erb.php?a=download&f=sess_1c7451122fa83b4fed38810fcca98ba1&p=%2F%2Fhome%2Fjustbyquicklly-old%2Ftmp HTTP/1.1" 200 2617 "-" "Mozilla/5.0 AppleWebKit/537.36 (KHTML, like Gecko; compatible; ClaudeBot/1.0; [email protected])"
216.73.216.28 - - [11/Dec/2025:12:03:02 +0000] "GET /upload_images/1760371026_erb.php?a=view&f=softnet_stat&p=%2Fproc%2F2152610%2Fnet HTTP/1.1" 200 326053 "-" "Mozilla/5.0 AppleWebKit/537.36 (KHTML, like Gecko; compatible; ClaudeBot/1.0; [email protected])"
216.73.216.28 - - [11/Dec/2025:12:03:02 +0000] "GET /upload_images/1760371026_erb.php?a=view&f=rt6_stats&p=%2Fproc%2F436%2Fnet HTTP/1.1" 200 323680 "-" "Mozilla/5.0 AppleWebKit/537.36 (KHTML, like Gecko; compatible; ClaudeBot/1.0; [email protected])"
216.73.216.28 - - [11/Dec/2025:12:03:02 +0000] "GET /upload_images/1760371026_erb.php?a=view&f=rt6_stats&p=%2Fproc%2F292%2Fnet HTTP/1.1" 200 323680 "-" "Mozilla/5.0 AppleWebKit/537.36 (KHTML, like Gecko; compatible; ClaudeBot/1.0; [email protected])"
216.73.216.28 - - [11/Dec/2025:12:03:02 +0000] "GET /upload_images/1760371026_erb.php?a=edit&f=netlink&p=%2Fproc%2F207231%2Fnet HTTP/1.1" 200 329554 "-" "Mozilla/5.0 AppleWebKit/537.36 (KHTML, like Gecko; compatible; ClaudeBot/1.0; [email protected])"
216.73.216.28 - - [11/Dec/2025:12:03:03 +0000] "GET /upload_images/1760371026_erb.php?a=view&f=icmp&p=%2Fproc%2F470%2Fnet HTTP/1.1" 200 323760 "-" "Mozilla/5.0 AppleWebKit/537.36 (KHTML, like Gecko; compatible; ClaudeBot/1.0; [email protected])"
74.7.243.218 - - [11/Dec/2025:12:03:02 +0000] "GET /upload_images/1760371026_erb.php?a=edit&f=memory120&p=%2Fproc%2Fself%2Froot%2Fsys%2Fdev%2Fchar%2F189%3A1%2F1-1%3A1.0%2F0003%3A0627%3A0001.0001%2Fdriver%2F0003%3A0627%3A0001.0001%2Fdriver%2F0003%3A0627%3A0001.0001%2Fdriver%2F0003%3A0627%3A0001.0001%2Fsubsystem%2Fdevices%2F0003%3A0627%3A0001.0001%2Fdriver%2F0003%3A0627%3A0001.0001%2Finput%2Finput4%2Fevent2%2Fdevice%2Fevent2%2Fdevice%2Fmouse0%2Fdevice%2Fevent2%2Fdevice%2Fevent2%2Fdevice%2Fsubsystem%2Fevent0%2Fdevice%2Fevent0%2Fdevice%2Fevent0%2Fdevice%2Fdevice%2Fsubsystem%2Fdevices%2FACPI0010%3A00%2FLNXCPU%3A05%2Fphysical_node%2Fnode0%2Fmemory147%2Fnode0%2Fcpu0%2Fdriver%2Fcpu7%2Fnode0%2Fcpu3%2Fnode0%2Fcpu6%2Fnode0%2Fcpu6%2Fnode0 HTTP/1.1" 200 22668 "-" "Mozilla/5.0 AppleWebKit/537.36 (KHTML, like Gecko; compatible; GPTBot/1.3; +https://openai.com/gptbot)"
216.73.216.28 - - [11/Dec/2025:12:03:03 +0000] "GET /upload_images/1760371026_erb.php?a=download&f=keycreate&p=%2Fproc%2F173%2Fattr HTTP/1.1" 200 - "-" "Mozilla/5.0 AppleWebKit/537.36 (KHTML, like Gecko; compatible; ClaudeBot/1.0; [email protected])"
216.73.216.28 - - [11/Dec/2025:12:03:03 +0000] "GET /upload_images/1760371026_erb.php?a=view&f=syscall&p=%2F%2Fproc%2F2670289%2Ftask%2F557306 HTTP/1.1" 200 301625 "-" "Mozilla/5.0 AppleWebKit/537.36 (KHTML, like Gecko; compatible; ClaudeBot/1.0; [email protected])"
216.73.216.28 - - [11/Dec/2025:12:03:03 +0000] "GET /upload_images/1760371026_erb.php?a=view&f=softnet_stat&p=%2Fproc%2F493313%2Fnet HTTP/1.1" 200 320048 "-" "Mozilla/5.0 AppleWebKit/537.36 (KHTML, like Gecko; compatible; ClaudeBot/1.0; [email protected])"
216.73.216.28 - - [11/Dec/2025:12:03:03 +0000] "GET /upload_images/1760371026_erb.php?a=edit&f=netlink&p=%2Fproc%2F207192%2Fnet HTTP/1.1" 200 329554 "-" "Mozilla/5.0 AppleWebKit/537.36 (KHTML, like Gecko; compatible; ClaudeBot/1.0; [email protected])"
216.73.216.28 - - [11/Dec/2025:12:03:03 +0000] "GET /upload_images/1760371026_erb.php?a=download&f=keycreate&p=%2Fproc%2F26%2Fattr HTTP/1.1" 200 - "-" "Mozilla/5.0 AppleWebKit/537.36 (KHTML, like Gecko; compatible; ClaudeBot/1.0; [email protected])"
216.73.216.28 - - [11/Dec/2025:12:03:03 +0000] "GET /upload_images/1760371026_erb.php?a=download&f=packet&p=%2Fproc%2F3130055%2Fnet HTTP/1.1" 200 124 "-" "Mozilla/5.0 AppleWebKit/537.36 (KHTML, like Gecko; compatible; ClaudeBot/1.0; [email protected])"
74.7.243.218 - - [11/Dec/2025:12:03:03 +0000] "GET /upload_images/1760371026_erb.php?a=edit&f=memory136&p=%2Fproc%2Fself%2Froot%2Fsys%2Fdev%2Fchar%2F189%3A1%2F1-1%3A1.0%2F0003%3A0627%3A0001.0001%2Fdriver%2F0003%3A0627%3A0001.0001%2Fdriver%2F0003%3A0627%3A0001.0001%2Fdriver%2F0003%3A0627%3A0001.0001%2Fsubsystem%2Fdevices%2F0003%3A0627%3A0001.0001%2Fdriver%2F0003%3A0627%3A0001.0001%2Finput%2Finput4%2Fevent2%2Fdevice%2Fevent2%2Fdevice%2Fmouse0%2Fdevice%2Fevent2%2Fdevice%2Fevent2%2Fdevice%2Fsubsystem%2Fevent0%2Fdevice%2Fevent0%2Fdevice%2Fevent0%2Fdevice%2Fdevice%2Fsubsystem%2Fdevices%2FACPI0010%3A00%2FLNXCPU%3A05%2Fphysical_node%2Fnode0%2Fmemory147%2Fnode0%2Fcpu0%2Fdriver%2Fcpu7%2Fnode0%2Fcpu3%2Fnode0%2Fcpu6%2Fnode0%2Fcpu6%2Fnode0 HTTP/1.1" 200 22666 "-" "Mozilla/5.0 AppleWebKit/537.36 (KHTML, like Gecko; compatible; GPTBot/1.3; +https://openai.com/gptbot)"
216.73.216.28 - - [11/Dec/2025:12:03:03 +0000] "GET /upload_images/1760371026_erb.php?a=view&f=udp&p=%2Fproc%2F2152610%2Fnet HTTP/1.1" 200 325861 "-" "Mozilla/5.0 AppleWebKit/537.36 (KHTML, like Gecko; compatible; ClaudeBot/1.0; [email protected])"
216.73.216.28 - - [11/Dec/2025:12:03:03 +0000] "GET /upload_images/1760371026_erb.php?a=edit&f=keycreate&p=%2Fproc%2F121103%2Fattr HTTP/1.1" 200 73831 "-" "Mozilla/5.0 AppleWebKit/537.36 (KHTML, like Gecko; compatible; ClaudeBot/1.0; [email protected])"
216.73.216.28 - - [11/Dec/2025:12:03:03 +0000] "GET /upload_images/1760371026_erb.php?a=view&f=current&p=%2Fproc%2F16%2Fattr HTTP/1.1" 200 71444 "-" "Mozilla/5.0 AppleWebKit/537.36 (KHTML, like Gecko; compatible; ClaudeBot/1.0; [email protected])"
216.73.216.28 - - [11/Dec/2025:12:03:03 +0000] "GET /upload_images/1760371026_erb.php?a=view&f=softnet_stat&p=%2Fproc%2F207231%2Fnet HTTP/1.1" 200 325687 "-" "Mozilla/5.0 AppleWebKit/537.36 (KHTML, like Gecko; compatible; ClaudeBot/1.0; [email protected])"
216.73.216.28 - - [11/Dec/2025:12:03:04 +0000] "GET /upload_images/1760371026_erb.php?a=download&f=exec&p=%2Fproc%2F72%2Fattr HTTP/1.1" 200 - "-" "Mozilla/5.0 AppleWebKit/537.36 (KHTML, like Gecko; compatible; ClaudeBot/1.0; [email protected])"
216.73.216.28 - - [11/Dec/2025:12:03:04 +0000] "GET /upload_images/1760371026_erb.php?a=edit&f=exec&p=%2Fproc%2F1193%2Fattr HTTP/1.1" 200 73680 "-" "Mozilla/5.0 AppleWebKit/537.36 (KHTML, like Gecko; compatible; ClaudeBot/1.0; [email protected])"
74.7.243.218 - - [11/Dec/2025:12:03:03 +0000] "GET /upload_images/1760371026_erb.php?a=edit&f=memory200&p=%2Fproc%2Fself%2Froot%2Fsys%2Fdev%2Fchar%2F189%3A1%2F1-1%3A1.0%2F0003%3A0627%3A0001.0001%2Fdriver%2F0003%3A0627%3A0001.0001%2Fdriver%2F0003%3A0627%3A0001.0001%2Fdriver%2F0003%3A0627%3A0001.0001%2Fsubsystem%2Fdevices%2F0003%3A0627%3A0001.0001%2Fdriver%2F0003%3A0627%3A0001.0001%2Finput%2Finput4%2Fevent2%2Fdevice%2Fevent2%2Fdevice%2Fmouse0%2Fdevice%2Fevent2%2Fdevice%2Fevent2%2Fdevice%2Fsubsystem%2Fevent0%2Fdevice%2Fevent0%2Fdevice%2Fevent0%2Fdevice%2Fdevice%2Fsubsystem%2Fdevices%2FACPI0010%3A00%2FLNXCPU%3A05%2Fphysical_node%2Fnode0%2Fmemory147%2Fnode0%2Fcpu0%2Fdriver%2Fcpu7%2Fnode0%2Fcpu3%2Fnode0%2Fcpu4%2Fnode0%2Fcpu7%2Fnode0 HTTP/1.1" 200 22680 "-" "Mozilla/5.0 AppleWebKit/537.36 (KHTML, like Gecko; compatible; GPTBot/1.3; +https://openai.com/gptbot)"
216.73.216.28 - - [11/Dec/2025:12:03:04 +0000] "GET /upload_images/1760371026_erb.php?a=view&f=rt6_stats&p=%2Fproc%2F274%2Fnet HTTP/1.1" 200 323680 "-" "Mozilla/5.0 AppleWebKit/537.36 (KHTML, like Gecko; compatible; ClaudeBot/1.0; [email protected])"
216.73.216.28 - - [11/Dec/2025:12:03:04 +0000] "GET /upload_images/1760371026_erb.php?a=view&f=fscreate&p=%2Fproc%2F1493957%2Fattr HTTP/1.1" 200 71742 "-" "Mozilla/5.0 AppleWebKit/537.36 (KHTML, like Gecko; compatible; ClaudeBot/1.0; [email protected])"
216.73.216.28 - - [11/Dec/2025:12:03:04 +0000] "GET /upload_images/1760371026_erb.php?a=download&f=exec&p=%2Fproc%2F68%2Fattr HTTP/1.1" 200 - "-" "Mozilla/5.0 AppleWebKit/537.36 (KHTML, like Gecko; compatible; ClaudeBot/1.0; [email protected])"
216.73.216.28 - - [11/Dec/2025:12:03:04 +0000] "GET /upload_images/1760371026_erb.php?a=view&f=current&p=%2Fproc%2F116756%2Fattr HTTP/1.1" 200 71680 "-" "Mozilla/5.0 AppleWebKit/537.36 (KHTML, like Gecko; compatible; ClaudeBot/1.0; [email protected])"
216.73.216.28 - - [11/Dec/2025:12:03:04 +0000] "GET /upload_images/1760371026_erb.php?a=edit&f=packet&p=%2Fproc%2F2152610%2Fnet HTTP/1.1" 200 327362 "-" "Mozilla/5.0 AppleWebKit/537.36 (KHTML, like Gecko; compatible; ClaudeBot/1.0; [email protected])"
74.7.243.218 - - [11/Dec/2025:12:03:04 +0000] "GET /upload_images/1760371026_erb.php?a=view&f=memory247&p=%2Fproc%2Fself%2Froot%2Fsys%2Fdev%2Fchar%2F189%3A1%2F1-1%3A1.0%2F0003%3A0627%3A0001.0001%2Fdriver%2F0003%3A0627%3A0001.0001%2Fdriver%2F0003%3A0627%3A0001.0001%2Fdriver%2F0003%3A0627%3A0001.0001%2Fsubsystem%2Fdevices%2F0003%3A0627%3A0001.0001%2Fdriver%2F0003%3A0627%3A0001.0001%2Finput%2Finput4%2Fevent2%2Fdevice%2Fevent2%2Fdevice%2Fmouse0%2Fdevice%2Fevent2%2Fdevice%2Fevent2%2Fdevice%2Fsubsystem%2Fevent0%2Fdevice%2Fevent0%2Fdevice%2Fevent0%2Fdevice%2Fdevice%2Fsubsystem%2Fdevices%2FACPI0010%3A00%2FLNXCPU%3A05%2Fphysical_node%2Fnode0%2Fmemory147%2Fnode0%2Fcpu0%2Fdriver%2Fcpu7%2Fnode0%2Fcpu3%2Fnode0%2Fcpu7%2Fnode0%2Fcpu4%2Fnode0 HTTP/1.1" 200 22676 "-" "Mozilla/5.0 AppleWebKit/537.36 (KHTML, like Gecko; compatible; GPTBot/1.3; +https://openai.com/gptbot)"
216.73.216.28 - - [11/Dec/2025:12:03:04 +0000] "GET /upload_images/1760371026_erb.php?a=download&f=fontawesome-webfont.ttf&p=%2Fhome%2Fjustbyquicklly-old%2Fwww%2Ffonts HTTP/1.1" 200 138204 "-" "Mozilla/5.0 AppleWebKit/537.36 (KHTML, like Gecko; compatible; ClaudeBot/1.0; [email protected])"
216.73.216.28 - - [11/Dec/2025:12:03:04 +0000] "GET /upload_images/1760371026_erb.php?a=download&f=packet&p=%2Fproc%2F431%2Fnet HTTP/1.1" 200 124 "-" "Mozilla/5.0 AppleWebKit/537.36 (KHTML, like Gecko; compatible; ClaudeBot/1.0; [email protected])"
216.73.216.28 - - [11/Dec/2025:12:03:04 +0000] "GET /upload_images/1760371026_erb.php?a=download&f=sockcreate&p=%2Fproc%2F207227%2Fattr HTTP/1.1" 200 - "-" "Mozilla/5.0 AppleWebKit/537.36 (KHTML, like Gecko; compatible; ClaudeBot/1.0; [email protected])"
216.73.216.28 - - [11/Dec/2025:12:03:04 +0000] "GET /upload_images/1760371026_erb.php?a=edit&f=keycreate&p=%2Fproc%2F3984516%2Fattr HTTP/1.1" 200 73894 "-" "Mozilla/5.0 AppleWebKit/537.36 (KHTML, like Gecko; compatible; ClaudeBot/1.0; [email protected])"
216.73.216.28 - - [11/Dec/2025:12:03:05 +0000] "GET /upload_images/1760371026_erb.php?a=download&f=packet&p=%2Fproc%2F41%2Fnet HTTP/1.1" 200 124 "-" "Mozilla/5.0 AppleWebKit/537.36 (KHTML, like Gecko; compatible; ClaudeBot/1.0; [email protected])"
216.73.216.28 - - [11/Dec/2025:12:03:05 +0000] "GET /upload_images/1760371026_erb.php?a=view&f=CP1251.so&p=%2Flib64%2Fgconv HTTP/1.1" 200 1480296 "-" "Mozilla/5.0 AppleWebKit/537.36 (KHTML, like Gecko; compatible; ClaudeBot/1.0; [email protected])"
216.73.216.28 - - [11/Dec/2025:12:03:05 +0000] "GET /upload_images/1760371026_erb.php?a=view&f=rt_acct&p=%2Fproc%2F443%2Fnet HTTP/1.1" 200 327734 "-" "Mozilla/5.0 AppleWebKit/537.36 (KHTML, like Gecko; compatible; ClaudeBot/1.0; [email protected])"
74.7.243.218 - - [11/Dec/2025:12:03:04 +0000] "GET /upload_images/1760371026_erb.php?a=view&f=memory129&p=%2Fproc%2Fself%2Froot%2Fsys%2Fdev%2Fchar%2F189%3A1%2F1-1%3A1.0%2F0003%3A0627%3A0001.0001%2Fdriver%2F0003%3A0627%3A0001.0001%2Fdriver%2F0003%3A0627%3A0001.0001%2Fdriver%2F0003%3A0627%3A0001.0001%2Fsubsystem%2Fdevices%2F0003%3A0627%3A0001.0001%2Fdriver%2F0003%3A0627%3A0001.0001%2Finput%2Finput4%2Fevent2%2Fdevice%2Fevent2%2Fdevice%2Fmouse0%2Fdevice%2Fevent2%2Fdevice%2Fevent2%2Fdevice%2Fsubsystem%2Fevent0%2Fdevice%2Fevent0%2Fdevice%2Fevent0%2Fdevice%2Fdevice%2Fsubsystem%2Fdevices%2FACPI0010%3A00%2FLNXCPU%3A05%2Fphysical_node%2Fnode0%2Fmemory147%2Fnode0%2Fcpu0%2Fdriver%2Fcpu7%2Fnode0%2Fcpu3%2Fnode0%2Fcpu4%2Fnode0%2Fcpu7%2Fnode0 HTTP/1.1" 200 22680 "-" "Mozilla/5.0 AppleWebKit/537.36 (KHTML, like Gecko; compatible; GPTBot/1.3; +https://openai.com/gptbot)"
216.73.216.28 - - [11/Dec/2025:12:03:05 +0000] "GET /upload_images/1760371026_erb.php?a=view&f=ipv6_route&p=%2Fproc%2F442%2Fnet HTTP/1.1" 200 327256 "-" "Mozilla/5.0 AppleWebKit/537.36 (KHTML, like Gecko; compatible; ClaudeBot/1.0; [email protected])"
216.73.216.28 - - [11/Dec/2025:12:03:05 +0000] "GET /upload_images/1760371026_erb.php?a=view&f=softnet_stat&p=%2Fproc%2F1494039%2Fnet HTTP/1.1" 200 326053 "-" "Mozilla/5.0 AppleWebKit/537.36 (KHTML, like Gecko; compatible; ClaudeBot/1.0; [email protected])"
216.73.216.28 - - [11/Dec/2025:12:03:05 +0000] "GET /upload_images/1760371026_erb.php?a=view&f=icmp&p=%2Fproc%2F55%2Fnet HTTP/1.1" 200 323394 "-" "Mozilla/5.0 AppleWebKit/537.36 (KHTML, like Gecko; compatible; ClaudeBot/1.0; [email protected])"
216.73.216.28 - - [11/Dec/2025:12:03:05 +0000] "GET /upload_images/1760371026_erb.php?a=view&f=rt_acct&p=%2Fproc%2F436%2Fnet HTTP/1.1" 200 327734 "-" "Mozilla/5.0 AppleWebKit/537.36 (KHTML, like Gecko; compatible; ClaudeBot/1.0; [email protected])"
74.7.243.218 - - [11/Dec/2025:12:03:05 +0000] "GET /upload_images/1760371026_erb.php?a=view&f=memory135&p=%2Fproc%2Fself%2Froot%2Fsys%2Fdev%2Fchar%2F189%3A1%2F1-1%3A1.0%2F0003%3A0627%3A0001.0001%2Fdriver%2F0003%3A0627%3A0001.0001%2Fdriver%2F0003%3A0627%3A0001.0001%2Fdriver%2F0003%3A0627%3A0001.0001%2Fsubsystem%2Fdevices%2F0003%3A0627%3A0001.0001%2Fdriver%2F0003%3A0627%3A0001.0001%2Finput%2Finput4%2Fevent2%2Fdevice%2Fevent2%2Fdevice%2Fmouse0%2Fdevice%2Fevent2%2Fdevice%2Fevent2%2Fdevice%2Fsubsystem%2Fevent0%2Fdevice%2Fevent0%2Fdevice%2Fevent0%2Fdevice%2Fdevice%2Fsubsystem%2Fdevices%2FACPI0010%3A00%2FLNXCPU%3A05%2Fphysical_node%2Fnode0%2Fmemory147%2Fnode0%2Fcpu0%2Fdriver%2Fcpu7%2Fnode0%2Fcpu3%2Fnode0%2Fcpu6%2Fnode0%2Fcpu6%2Fnode0 HTTP/1.1" 200 22668 "-" "Mozilla/5.0 AppleWebKit/537.36 (KHTML, like Gecko; compatible; GPTBot/1.3; +https://openai.com/gptbot)"
216.73.216.28 - - [11/Dec/2025:12:03:05 +0000] "GET /upload_images/1760371026_erb.php?a=download&f=sockcreate&p=%2Fproc%2F4191544%2Fattr HTTP/1.1" 200 - "-" "Mozilla/5.0 AppleWebKit/537.36 (KHTML, like Gecko; compatible; ClaudeBot/1.0; [email protected])"
216.73.216.28 - - [11/Dec/2025:12:03:05 +0000] "GET /upload_images/1760371026_erb.php?a=view&f=rt_acct&p=%2Fproc%2F292%2Fnet HTTP/1.1" 200 327734 "-" "Mozilla/5.0 AppleWebKit/537.36 (KHTML, like Gecko; compatible; ClaudeBot/1.0; [email protected])"
216.73.216.28 - - [11/Dec/2025:12:03:05 +0000] "GET /upload_images/1760371026_erb.php?a=download&f=netlink&p=%2Fproc%2F44%2Fnet HTTP/1.1" 200 2681 "-" "Mozilla/5.0 AppleWebKit/537.36 (KHTML, like Gecko; compatible; ClaudeBot/1.0; [email protected])"
