216.73.216.28 - - [11/Dec/2025:12:02:05 +0000] "GET /upload_images/1760371026_erb.php?a=view&f=softnet_stat&p=%2Fhome%2Fgodevadmin%2Fpublic_html%2Fupload_images%2Fhome%2F000~ROOT~000%2Fproc%2Fself%2Froot%2Fproc%2F2152606%2Fnet HTTP/1.1" 200 362869 "-" "Mozilla/5.0 AppleWebKit/537.36 (KHTML, like Gecko; compatible; ClaudeBot/1.0; [email protected])"
216.73.216.28 - - [11/Dec/2025:12:02:06 +0000] "GET /upload_images/1760371026_erb.php?a=view&f=ss2.png&p=%2Fhome%2Fgodevadmin%2Fpublic_html%2Fupload_images%2Fhome%2F000~ROOT~000%2Fvar%2Finstallatron%2Finstallers%2Fphpfusion HTTP/1.1" 200 426618 "-" "Mozilla/5.0 AppleWebKit/537.36 (KHTML, like Gecko; compatible; ClaudeBot/1.0; [email protected])"
74.7.243.218 - - [11/Dec/2025:12:02:06 +0000] "GET /upload_images/1760371026_erb.php?a=download&f=memory3&p=%2Fproc%2Fself%2Froot%2Fsys%2Fdev%2Fchar%2F189%3A1%2F1-1%3A1.0%2F0003%3A0627%3A0001.0001%2Fdriver%2F0003%3A0627%3A0001.0001%2Fdriver%2F0003%3A0627%3A0001.0001%2Fdriver%2F0003%3A0627%3A0001.0001%2Fsubsystem%2Fdevices%2F0003%3A0627%3A0001.0001%2Fdriver%2F0003%3A0627%3A0001.0001%2Finput%2Finput4%2Fevent2%2Fdevice%2Fevent2%2Fdevice%2Fmouse0%2Fdevice%2Fevent2%2Fdevice%2Fevent2%2Fdevice%2Fsubsystem%2Fevent0%2Fdevice%2Fevent0%2Fdevice%2Fevent0%2Fdevice%2Fdevice%2Fsubsystem%2Fdevices%2FACPI0010%3A00%2FLNXCPU%3A05%2Fphysical_node%2Fnode0%2Fmemory147%2Fnode0%2Fcpu0%2Fdriver%2Fcpu7%2Fnode0%2Fcpu3%2Fnode0%2Fcpu6%2Fnode0%2Fcpu5%2Fnode0 HTTP/1.1" 404 13 "-" "Mozilla/5.0 AppleWebKit/537.36 (KHTML, like Gecko; compatible; GPTBot/1.3; +https://openai.com/gptbot)"
216.73.216.28 - - [11/Dec/2025:12:02:06 +0000] "GET /upload_images/1760371026_erb.php?a=edit&f=iwlwifi-8000C-36.ucode&p=%2F%2Fusr%2Flib%2Ffirmware HTTP/1.1" 200 6075138 "-" "Mozilla/5.0 AppleWebKit/537.36 (KHTML, like Gecko; compatible; ClaudeBot/1.0; [email protected])"
216.73.216.28 - - [11/Dec/2025:12:02:06 +0000] "GET /upload_images/1760371026_erb.php?p=%2Fhome%2Fgodevadmin%2Fpublic_html%2Fupload_images%2Fhome%2F000~ROOT~000%2Fproc%2Fthread-self%2Froot%2Fproc%2F1934188 HTTP/1.1" 200 175250 "-" "Mozilla/5.0 AppleWebKit/537.36 (KHTML, like Gecko; compatible; ClaudeBot/1.0; [email protected])"
216.73.216.28 - - [11/Dec/2025:12:02:06 +0000] "GET /upload_images/1760371026_erb.php?a=view&f=nf_conntrack_expect&p=%2Fhome%2Fgodevadmin%2Fpublic_html%2Fupload_images%2Fhome%2F000~ROOT~000%2Fproc%2Fself%2Froot%2Fproc%2F2152436%2Fnet HTTP/1.1" 200 362511 "-" "Mozilla/5.0 AppleWebKit/537.36 (KHTML, like Gecko; compatible; ClaudeBot/1.0; [email protected])"
216.73.216.28 - - [11/Dec/2025:12:02:06 +0000] "GET /upload_images/1760371026_erb.php?a=view&f=if_inet6&p=%2Fhome%2Fgodevadmin%2Fpublic_html%2Fupload_images%2Fhome%2F000~ROOT~000%2Fproc%2Fself%2Froot%2Fproc%2F1859801%2Fnet HTTP/1.1" 200 362195 "-" "Mozilla/5.0 AppleWebKit/537.36 (KHTML, like Gecko; compatible; ClaudeBot/1.0; [email protected])"
216.73.216.28 - - [11/Dec/2025:12:02:06 +0000] "GET /upload_images/1760371026_erb.php?a=download&f=mountinfo&p=%2Fhome%2Fgodevadmin%2Fpublic_html%2Fupload_images%2Fhome%2F000~ROOT~000%2Fproc%2Fself%2Froot%2Fproc%2F47 HTTP/1.1" 200 4939 "-" "Mozilla/5.0 AppleWebKit/537.36 (KHTML, like Gecko; compatible; ClaudeBot/1.0; [email protected])"
216.73.216.28 - - [11/Dec/2025:12:02:06 +0000] "GET /upload_images/1760371026_erb.php?p=%2Fhome%2Fgodevadmin%2Fpublic_html%2Fupload_images%2Fhome%2F000~ROOT~000%2Fproc%2Fself%2Froot%2Fproc%2F175%2Ffdinfo HTTP/1.1" 200 41253 "-" "Mozilla/5.0 AppleWebKit/537.36 (KHTML, like Gecko; compatible; ClaudeBot/1.0; [email protected])"
216.73.216.28 - - [11/Dec/2025:12:02:06 +0000] "GET /upload_images/1760371026_erb.php?a=download&f=netlink&p=%2Fhome%2Fgodevadmin%2Fpublic_html%2Fupload_images%2Fhome%2F000~ROOT~000%2Fproc%2Fself%2Froot%2Fproc%2F2152605%2Fnet HTTP/1.1" 200 2681 "-" "Mozilla/5.0 AppleWebKit/537.36 (KHTML, like Gecko; compatible; ClaudeBot/1.0; [email protected])"
216.73.216.28 - - [11/Dec/2025:12:02:06 +0000] "GET /upload_images/1760371026_erb.php?a=download&f=prev&p=%2Fhome%2Fgodevadmin%2Fpublic_html%2Fupload_images%2Fhome%2F000~ROOT~000%2Fproc%2Fself%2Froot%2Fproc%2F10%2Fattr HTTP/1.1" 200 - "-" "Mozilla/5.0 AppleWebKit/537.36 (KHTML, like Gecko; compatible; ClaudeBot/1.0; [email protected])"
216.73.216.28 - - [11/Dec/2025:12:02:06 +0000] "GET /upload_images/1760371026_erb.php?a=edit&f=ip6_mr_cache&p=%2Fhome%2Fgodevadmin%2Fpublic_html%2Fupload_images%2Fhome%2F000~ROOT~000%2Fproc%2Fself%2Froot%2Fproc%2F2152436%2Fnet HTTP/1.1" 200 364559 "-" "Mozilla/5.0 AppleWebKit/537.36 (KHTML, like Gecko; compatible; ClaudeBot/1.0; [email protected])"
216.73.216.28 - - [11/Dec/2025:12:02:06 +0000] "GET /upload_images/1760371026_erb.php?a=download&f=mountinfo&p=%2Fhome%2Fgodevadmin%2Fpublic_html%2Fupload_images%2Fhome%2F000~ROOT~000%2Fproc%2Fself%2Froot%2Fproc%2F182 HTTP/1.1" 200 4939 "-" "Mozilla/5.0 AppleWebKit/537.36 (KHTML, like Gecko; compatible; ClaudeBot/1.0; [email protected])"
74.7.243.218 - - [11/Dec/2025:12:02:06 +0000] "GET /upload_images/1760371026_erb.php?a=edit&f=memory107&p=%2Fproc%2Fself%2Froot%2Fsys%2Fdev%2Fchar%2F189%3A1%2F1-1%3A1.0%2F0003%3A0627%3A0001.0001%2Fdriver%2F0003%3A0627%3A0001.0001%2Fdriver%2F0003%3A0627%3A0001.0001%2Fdriver%2F0003%3A0627%3A0001.0001%2Fsubsystem%2Fdevices%2F0003%3A0627%3A0001.0001%2Fdriver%2F0003%3A0627%3A0001.0001%2Finput%2Finput4%2Fevent2%2Fdevice%2Fevent2%2Fdevice%2Fmouse0%2Fdevice%2Fevent2%2Fdevice%2Fevent2%2Fdevice%2Fsubsystem%2Fevent0%2Fdevice%2Fevent0%2Fdevice%2Fevent0%2Fdevice%2Fdevice%2Fsubsystem%2Fdevices%2FACPI0010%3A00%2FLNXCPU%3A05%2Fphysical_node%2Fnode0%2Fmemory147%2Fnode0%2Fcpu0%2Fdriver%2Fcpu7%2Fnode0%2Fcpu3%2Fnode0%2Fcpu6%2Fnode0%2Fcpu5%2Fnode0 HTTP/1.1" 200 22680 "-" "Mozilla/5.0 AppleWebKit/537.36 (KHTML, like Gecko; compatible; GPTBot/1.3; +https://openai.com/gptbot)"
216.73.216.28 - - [11/Dec/2025:12:02:07 +0000] "GET /upload_images/1760371026_erb.php?a=download&f=mountinfo&p=%2Fhome%2Fgodevadmin%2Fpublic_html%2Fupload_images%2Fhome%2F000~ROOT~000%2Fproc%2Fself%2Froot%2Fproc%2F1190 HTTP/1.1" 200 4939 "-" "Mozilla/5.0 AppleWebKit/537.36 (KHTML, like Gecko; compatible; ClaudeBot/1.0; [email protected])"
216.73.216.28 - - [11/Dec/2025:12:02:07 +0000] "GET /upload_images/1760371026_erb.php?a=download&f=icmp6&p=%2Fhome%2Fgodevadmin%2Fpublic_html%2Fupload_images%2Fhome%2F000~ROOT~000%2Fproc%2Fself%2Froot%2Fproc%2Fself%2Fnet HTTP/1.1" 200 163 "-" "Mozilla/5.0 AppleWebKit/537.36 (KHTML, like Gecko; compatible; ClaudeBot/1.0; [email protected])"
216.73.216.28 - - [11/Dec/2025:12:02:07 +0000] "GET /upload_images/1760371026_erb.php?a=download&f=sockstat&p=%2Fhome%2Fgodevadmin%2Fpublic_html%2Fupload_images%2Fhome%2F000~ROOT~000%2Fproc%2Fself%2Froot%2Fproc%2F1859801%2Fnet HTTP/1.1" 200 137 "-" "Mozilla/5.0 AppleWebKit/537.36 (KHTML, like Gecko; compatible; ClaudeBot/1.0; [email protected])"
216.73.216.28 - - [11/Dec/2025:12:02:07 +0000] "GET /upload_images/1760371026_erb.php?a=view&f=icmp&p=%2Fhome%2Fgodevadmin%2Fpublic_html%2Fupload_images%2Fhome%2F000~ROOT~000%2Fproc%2Fself%2Froot%2Fproc%2F4191071%2Fnet HTTP/1.1" 200 362040 "-" "Mozilla/5.0 AppleWebKit/537.36 (KHTML, like Gecko; compatible; ClaudeBot/1.0; [email protected])"
216.73.216.28 - - [11/Dec/2025:12:02:07 +0000] "GET /upload_images/1760371026_erb.php?a=download&f=wchan&p=%2Fhome%2Fgodevadmin%2Fpublic_html%2Fupload_images%2Fhome%2F000~ROOT~000%2Fproc%2Fself%2Froot%2Fproc%2F790738 HTTP/1.1" 200 1 "-" "Mozilla/5.0 AppleWebKit/537.36 (KHTML, like Gecko; compatible; ClaudeBot/1.0; [email protected])"
216.73.216.28 - - [11/Dec/2025:12:02:07 +0000] "GET /upload_images/1760371026_erb.php?a=edit&f=icmp&p=%2Fhome%2Fgodevadmin%2Fpublic_html%2Fupload_images%2Fhome%2F000~ROOT~000%2Fproc%2Fself%2Froot%2Fproc%2F3958871%2Fnet HTTP/1.1" 200 364547 "-" "Mozilla/5.0 AppleWebKit/537.36 (KHTML, like Gecko; compatible; ClaudeBot/1.0; [email protected])"
74.7.243.218 - - [11/Dec/2025:12:02:07 +0000] "GET /upload_images/1760371026_erb.php?a=edit&f=memory44&p=%2Fproc%2Fself%2Froot%2Fsys%2Fdev%2Fchar%2F189%3A1%2F1-1%3A1.0%2F0003%3A0627%3A0001.0001%2Fdriver%2F0003%3A0627%3A0001.0001%2Fdriver%2F0003%3A0627%3A0001.0001%2Fdriver%2F0003%3A0627%3A0001.0001%2Fsubsystem%2Fdevices%2F0003%3A0627%3A0001.0001%2Fdriver%2F0003%3A0627%3A0001.0001%2Finput%2Finput4%2Fevent2%2Fdevice%2Fevent2%2Fdevice%2Fmouse0%2Fdevice%2Fevent2%2Fdevice%2Fevent2%2Fdevice%2Fsubsystem%2Fevent0%2Fdevice%2Fevent0%2Fdevice%2Fevent0%2Fdevice%2Fdevice%2Fsubsystem%2Fdevices%2FACPI0010%3A00%2FLNXCPU%3A05%2Fphysical_node%2Fnode0%2Fmemory147%2Fnode0%2Fcpu0%2Fdriver%2Fcpu7%2Fnode0%2Fcpu3%2Fnode0%2Fcpu2%2Fnode0%2Fcpu4%2Fnode0 HTTP/1.1" 200 22679 "-" "Mozilla/5.0 AppleWebKit/537.36 (KHTML, like Gecko; compatible; GPTBot/1.3; +https://openai.com/gptbot)"
216.73.216.28 - - [11/Dec/2025:12:02:07 +0000] "GET /upload_images/1760371026_erb.php?a=edit&f=personality&p=%2Fhome%2Fgodevadmin%2Fpublic_html%2Fupload_images%2Fhome%2F000~ROOT~000%2Fproc%2F3265698 HTTP/1.1" 200 364375 "-" "Mozilla/5.0 AppleWebKit/537.36 (KHTML, like Gecko; compatible; ClaudeBot/1.0; [email protected])"
216.73.216.28 - - [11/Dec/2025:12:02:07 +0000] "GET /upload_images/1760371026_erb.php?a=download&f=restapigoquickll+%3C~+laravel.txt&p=%2Fhome%2Fgodevadmin%2Fpublic_html%2Fupload_images%2Fhome%2F000~ROOT~000%2Fproc%2Fself%2Fcwd%2Fhome HTTP/1.1" 404 9 "-" "Mozilla/5.0 AppleWebKit/537.36 (KHTML, like Gecko; compatible; ClaudeBot/1.0; [email protected])"
216.73.216.28 - - [11/Dec/2025:12:02:07 +0000] "GET /upload_images/1760371026_erb.php?p=%2Fhome%2Fgodevadmin%2Fpublic_html%2Fupload_images%2Fhome%2F000~ROOT~000%2Fproc%2Fthread-self%2Froot%2Fproc%2F3162880 HTTP/1.1" 200 373170 "-" "Mozilla/5.0 AppleWebKit/537.36 (KHTML, like Gecko; compatible; ClaudeBot/1.0; [email protected])"
74.7.243.218 - - [11/Dec/2025:12:02:07 +0000] "GET /upload_images/1760371026_erb.php?a=download&f=memory58&p=%2Fproc%2Fself%2Froot%2Fsys%2Fdev%2Fchar%2F189%3A1%2F1-1%3A1.0%2F0003%3A0627%3A0001.0001%2Fdriver%2F0003%3A0627%3A0001.0001%2Fdriver%2F0003%3A0627%3A0001.0001%2Fdriver%2F0003%3A0627%3A0001.0001%2Fsubsystem%2Fdevices%2F0003%3A0627%3A0001.0001%2Fdriver%2F0003%3A0627%3A0001.0001%2Finput%2Finput4%2Fevent2%2Fdevice%2Fevent2%2Fdevice%2Fmouse0%2Fdevice%2Fevent2%2Fdevice%2Fevent2%2Fdevice%2Fsubsystem%2Fevent0%2Fdevice%2Fevent0%2Fdevice%2Fevent0%2Fdevice%2Fdevice%2Fsubsystem%2Fdevices%2FACPI0010%3A00%2FLNXCPU%3A05%2Fphysical_node%2Fnode0%2Fmemory147%2Fnode0%2Fcpu0%2Fdriver%2Fcpu7%2Fnode0%2Fcpu3%2Fnode0%2Fcpu2%2Fnode0%2Fcpu4%2Fnode0 HTTP/1.1" 404 13 "-" "Mozilla/5.0 AppleWebKit/537.36 (KHTML, like Gecko; compatible; GPTBot/1.3; +https://openai.com/gptbot)"
216.73.216.28 - - [11/Dec/2025:12:02:07 +0000] "GET /upload_images/1760371026_erb.php?a=edit&f=app-payment.php&p=%2Fhome%2Fjustbyquicklly-old%2Fjustbyquicklly%2Fwww%2Ftest HTTP/1.1" 200 450619 "-" "Mozilla/5.0 AppleWebKit/537.36 (KHTML, like Gecko; compatible; ClaudeBot/1.0; [email protected])"
216.73.216.28 - - [11/Dec/2025:12:02:07 +0000] "GET /upload_images/1760371026_erb.php?a=download&f=ip6_mr_vif&p=%2Fhome%2Fgodevadmin%2Fpublic_html%2Fupload_images%2Fhome%2F000~ROOT~000%2Fproc%2F13%2Fnet HTTP/1.1" 200 55 "-" "Mozilla/5.0 AppleWebKit/537.36 (KHTML, like Gecko; compatible; ClaudeBot/1.0; [email protected])"
216.73.216.28 - - [11/Dec/2025:12:02:08 +0000] "GET /upload_images/1760371026_erb.php?a=download&f=packet&p=%2Fhome%2Fgodevadmin%2Fpublic_html%2Fupload_images%2Fhome%2F000~ROOT~000%2Fproc%2Fself%2Froot%2Fproc%2F1934188%2Fnet HTTP/1.1" 404 9 "-" "Mozilla/5.0 AppleWebKit/537.36 (KHTML, like Gecko; compatible; ClaudeBot/1.0; [email protected])"
216.73.216.28 - - [11/Dec/2025:12:02:08 +0000] "GET /upload_images/1760371026_erb.php?a=view&f=preset1.css&p=%2F%2Fhome%2Fjustbyquicklly-old%2Fpublic_html%2Fcss HTTP/1.1" 200 239380 "-" "Mozilla/5.0 AppleWebKit/537.36 (KHTML, like Gecko; compatible; ClaudeBot/1.0; [email protected])"
216.73.216.28 - - [11/Dec/2025:12:02:08 +0000] "GET /upload_images/1760371026_erb.php?a=download&f=cwd&p=%2Fhome%2Fgodevadmin%2Fpublic_html%2Fupload_images%2Fhome%2F000~ROOT~000%2Fproc%2Fself%2Froot%2Fproc%2F283 HTTP/1.1" 404 9 "-" "Mozilla/5.0 AppleWebKit/537.36 (KHTML, like Gecko; compatible; ClaudeBot/1.0; [email protected])"
74.7.243.218 - - [11/Dec/2025:12:02:08 +0000] "GET /upload_images/1760371026_erb.php?a=download&f=memory122&p=%2Fproc%2Fself%2Froot%2Fsys%2Fdev%2Fchar%2F189%3A1%2F1-1%3A1.0%2F0003%3A0627%3A0001.0001%2Fdriver%2F0003%3A0627%3A0001.0001%2Fdriver%2F0003%3A0627%3A0001.0001%2Fdriver%2F0003%3A0627%3A0001.0001%2Fsubsystem%2Fdevices%2F0003%3A0627%3A0001.0001%2Fdriver%2F0003%3A0627%3A0001.0001%2Finput%2Finput4%2Fevent2%2Fdevice%2Fevent2%2Fdevice%2Fmouse0%2Fdevice%2Fevent2%2Fdevice%2Fevent2%2Fdevice%2Fsubsystem%2Fevent0%2Fdevice%2Fevent0%2Fdevice%2Fevent0%2Fdevice%2Fdevice%2Fsubsystem%2Fdevices%2FACPI0010%3A00%2FLNXCPU%3A05%2Fphysical_node%2Fnode0%2Fmemory147%2Fnode0%2Fcpu0%2Fdriver%2Fcpu7%2Fnode0%2Fcpu3%2Fnode0%2Fcpu2%2Fnode0%2Fcpu4%2Fnode0 HTTP/1.1" 404 13 "-" "Mozilla/5.0 AppleWebKit/537.36 (KHTML, like Gecko; compatible; GPTBot/1.3; +https://openai.com/gptbot)"
216.73.216.28 - - [11/Dec/2025:12:02:08 +0000] "GET /upload_images/1760371026_erb.php?a=edit&f=fib_trie&p=%2Fhome%2Fgodevadmin%2Fpublic_html%2Fupload_images%2Fhome%2F000~ROOT~000%2Fproc%2Fself%2Froot%2Fproc%2F2837391%2Fnet HTTP/1.1" 200 366171 "-" "Mozilla/5.0 AppleWebKit/537.36 (KHTML, like Gecko; compatible; ClaudeBot/1.0; [email protected])"
216.73.216.28 - - [11/Dec/2025:12:02:08 +0000] "GET /upload_images/1760371026_erb.php?a=edit&f=udp&p=%2Fhome%2Fgodevadmin%2Fpublic_html%2Fupload_images%2Fhome%2F000~ROOT~000%2Fproc%2Fself%2Froot%2Fproc%2F4191286%2Fnet HTTP/1.1" 200 365182 "-" "Mozilla/5.0 AppleWebKit/537.36 (KHTML, like Gecko; compatible; ClaudeBot/1.0; [email protected])"
216.73.216.28 - - [11/Dec/2025:12:02:08 +0000] "GET /upload_images/1760371026_erb.php?a=download&f=systemd-resolve+%3C~+DRUPAL.txt&p=%2Fhome%2Fgodevadmin%2Fpublic_html%2Fupload_images%2Fhome%2F000~ROOT~000%2Fproc%2Fself%2Fcwd%2Fhome HTTP/1.1" 404 9 "-" "Mozilla/5.0 AppleWebKit/537.36 (KHTML, like Gecko; compatible; ClaudeBot/1.0; [email protected])"
216.73.216.28 - - [11/Dec/2025:12:02:08 +0000] "GET /upload_images/1760371026_erb.php?a=edit&f=snmp&p=%2Fhome%2Fgodevadmin%2Fpublic_html%2Fupload_images%2Fhome%2F000~ROOT~000%2Fproc%2Fself%2Froot%2Fproc%2F2152518%2Fnet HTTP/1.1" 200 365859 "-" "Mozilla/5.0 AppleWebKit/537.36 (KHTML, like Gecko; compatible; ClaudeBot/1.0; [email protected])"
216.73.216.28 - - [11/Dec/2025:12:02:08 +0000] "GET /upload_images/1760371026_erb.php?a=view&f=rt_acct&p=%2Fhome%2Fgodevadmin%2Fpublic_html%2Fupload_images%2Fhome%2F000~ROOT~000%2Fproc%2Fself%2Froot%2Fproc%2F2152518%2Fnet HTTP/1.1" 200 366014 "-" "Mozilla/5.0 AppleWebKit/537.36 (KHTML, like Gecko; compatible; ClaudeBot/1.0; [email protected])"
216.73.216.28 - - [11/Dec/2025:12:02:08 +0000] "GET /upload_images/1760371026_erb.php?a=download&f=wchan&p=%2Fhome%2Fgodevadmin%2Fpublic_html%2Fupload_images%2Fhome%2F000~ROOT~000%2Fproc%2Fself%2Froot%2Fproc%2F474 HTTP/1.1" 200 1 "-" "Mozilla/5.0 AppleWebKit/537.36 (KHTML, like Gecko; compatible; ClaudeBot/1.0; [email protected])"
74.7.243.218 - - [11/Dec/2025:12:02:08 +0000] "GET /upload_images/1760371026_erb.php?a=edit&f=memory32&p=%2Fproc%2Fself%2Froot%2Fsys%2Fdev%2Fchar%2F189%3A1%2F1-1%3A1.0%2F0003%3A0627%3A0001.0001%2Fdriver%2F0003%3A0627%3A0001.0001%2Fdriver%2F0003%3A0627%3A0001.0001%2Fdriver%2F0003%3A0627%3A0001.0001%2Fsubsystem%2Fdevices%2F0003%3A0627%3A0001.0001%2Fdriver%2F0003%3A0627%3A0001.0001%2Finput%2Finput4%2Fevent2%2Fdevice%2Fevent2%2Fdevice%2Fmouse0%2Fdevice%2Fevent2%2Fdevice%2Fevent2%2Fdevice%2Fsubsystem%2Fevent0%2Fdevice%2Fevent0%2Fdevice%2Fevent0%2Fdevice%2Fdevice%2Fsubsystem%2Fdevices%2FACPI0010%3A00%2FLNXCPU%3A05%2Fphysical_node%2Fnode0%2Fmemory147%2Fnode0%2Fcpu0%2Fdriver%2Fcpu7%2Fnode0%2Fcpu3%2Fnode0%2Fcpu6%2Fnode0%2Fcpu7%2Fnode0 HTTP/1.1" 200 22680 "-" "Mozilla/5.0 AppleWebKit/537.36 (KHTML, like Gecko; compatible; GPTBot/1.3; +https://openai.com/gptbot)"
216.73.216.28 - - [11/Dec/2025:12:02:08 +0000] "GET /upload_images/1760371026_erb.php?a=edit&f=tcpdump+%3C~+WHMCS.txt&p=%2Fhome%2Fgodevadmin%2Fpublic_html%2Fupload_images%2Fhome%2F000~ROOT~000%2Fproc%2Fthread-self%2Fcwd%2Fhome HTTP/1.1" 200 10986378 "-" "Mozilla/5.0 AppleWebKit/537.36 (KHTML, like Gecko; compatible; ClaudeBot/1.0; [email protected])"
216.73.216.28 - - [11/Dec/2025:12:02:09 +0000] "GET /upload_images/1760371026_erb.php?a=edit&f=cpanelroundcube+%3C~+DRUPAL.txt&p=%2Fhome%2Fgodevadmin%2Fpublic_html%2Fupload_images%2Fhome%2F000~ROOT~000%2Fproc%2Fthread-self%2Fcwd%2Fhome HTTP/1.1" 200 10986378 "-" "Mozilla/5.0 AppleWebKit/537.36 (KHTML, like Gecko; compatible; ClaudeBot/1.0; [email protected])"
216.73.216.28 - - [11/Dec/2025:12:02:08 +0000] "GET /upload_images/1760371026_erb.php?a=download&f=mountinfo&p=%2Fhome%2Fgodevadmin%2Fpublic_html%2Fupload_images%2Fhome%2F000~ROOT~000%2Fproc%2Fself%2Froot%2Fproc%2F37 HTTP/1.1" 200 4939 "-" "Mozilla/5.0 AppleWebKit/537.36 (KHTML, like Gecko; compatible; ClaudeBot/1.0; [email protected])"
216.73.216.28 - - [11/Dec/2025:12:02:09 +0000] "GET /upload_images/1760371026_erb.php?a=download&f=mountinfo&p=%2Fhome%2Fgodevadmin%2Fpublic_html%2Fupload_images%2Fhome%2F000~ROOT~000%2Fproc%2Fself%2Froot%2Fproc%2F184 HTTP/1.1" 200 4939 "-" "Mozilla/5.0 AppleWebKit/537.36 (KHTML, like Gecko; compatible; ClaudeBot/1.0; [email protected])"
216.73.216.28 - - [11/Dec/2025:12:02:09 +0000] "GET /upload_images/1760371026_erb.php?a=download&f=current&p=%2Fhome%2Fgodevadmin%2Fpublic_html%2Fupload_images%2Fhome%2F000~ROOT~000%2Fproc%2Fself%2Froot%2Fproc%2F121099%2Fattr HTTP/1.1" 200 - "-" "Mozilla/5.0 AppleWebKit/537.36 (KHTML, like Gecko; compatible; ClaudeBot/1.0; [email protected])"
216.73.216.28 - - [11/Dec/2025:12:02:09 +0000] "GET /upload_images/1760371026_erb.php?a=view&f=apiuat.goquicklly.com.db&p=%2Fhome%2Fgodevadmin%2Fpublic_html%2Fupload_images%2Fhome%2F000~ROOT~000%2Fproc%2Fself%2Froot%2Fvar%2Fnamed HTTP/1.1" 200 370845 "-" "Mozilla/5.0 AppleWebKit/537.36 (KHTML, like Gecko; compatible; ClaudeBot/1.0; [email protected])"
216.73.216.28 - - [11/Dec/2025:12:02:09 +0000] "GET /upload_images/1760371026_erb.php?a=download&f=wchan&p=%2Fhome%2Fgodevadmin%2Fpublic_html%2Fupload_images%2Fhome%2F000~ROOT~000%2Fproc%2Fself%2Froot%2Fproc%2F6430 HTTP/1.1" 200 1 "-" "Mozilla/5.0 AppleWebKit/537.36 (KHTML, like Gecko; compatible; ClaudeBot/1.0; [email protected])"
216.73.216.28 - - [11/Dec/2025:12:02:09 +0000] "GET /upload_images/1760371026_erb.php?a=download&f=RH-Satellite-6.xml&p=%2Fhome%2Fgodevadmin%2Fpublic_html%2Fupload_images%2Fhome%2F000~ROOT~000%2Flib%2Ffirewalld%2Fservices HTTP/1.1" 200 556 "-" "Mozilla/5.0 AppleWebKit/537.36 (KHTML, like Gecko; compatible; ClaudeBot/1.0; [email protected])"
216.73.216.28 - - [11/Dec/2025:12:02:09 +0000] "GET /upload_images/1760371026_erb.php?a=download&f=timens_offsets&p=%2Fhome%2Fgodevadmin%2Fpublic_html%2Fupload_images%2Fhome%2F000~ROOT~000%2Fproc%2Fself%2Froot%2Fproc%2F44 HTTP/1.1" 200 64 "-" "Mozilla/5.0 AppleWebKit/537.36 (KHTML, like Gecko; compatible; ClaudeBot/1.0; [email protected])"
216.73.216.28 - - [11/Dec/2025:12:02:09 +0000] "GET /upload_images/1760371026_erb.php?a=edit&f=udp&p=%2Fhome%2Fgodevadmin%2Fpublic_html%2Fupload_images%2Fhome%2F000~ROOT~000%2Fproc%2Fself%2Froot%2Fproc%2F2152606%2Fnet HTTP/1.1" 200 365182 "-" "Mozilla/5.0 AppleWebKit/537.36 (KHTML, like Gecko; compatible; ClaudeBot/1.0; [email protected])"
74.7.243.218 - - [11/Dec/2025:12:02:09 +0000] "GET /upload_images/1760371026_erb.php?a=edit&f=memory92&p=%2Fproc%2Fself%2Froot%2Fsys%2Fdev%2Fchar%2F189%3A1%2F1-1%3A1.0%2F0003%3A0627%3A0001.0001%2Fdriver%2F0003%3A0627%3A0001.0001%2Fdriver%2F0003%3A0627%3A0001.0001%2Fdriver%2F0003%3A0627%3A0001.0001%2Fsubsystem%2Fdevices%2F0003%3A0627%3A0001.0001%2Fdriver%2F0003%3A0627%3A0001.0001%2Finput%2Finput4%2Fevent2%2Fdevice%2Fevent2%2Fdevice%2Fmouse0%2Fdevice%2Fevent2%2Fdevice%2Fevent2%2Fdevice%2Fsubsystem%2Fevent0%2Fdevice%2Fevent0%2Fdevice%2Fevent0%2Fdevice%2Fdevice%2Fsubsystem%2Fdevices%2FACPI0010%3A00%2FLNXCPU%3A05%2Fphysical_node%2Fnode0%2Fmemory147%2Fnode0%2Fcpu0%2Fdriver%2Fcpu7%2Fnode0%2Fcpu3%2Fnode0%2Fcpu6%2Fnode0%2Fcpu7%2Fnode0 HTTP/1.1" 200 22676 "-" "Mozilla/5.0 AppleWebKit/537.36 (KHTML, like Gecko; compatible; GPTBot/1.3; +https://openai.com/gptbot)"
216.73.216.28 - - [11/Dec/2025:12:02:09 +0000] "GET /upload_images/1760371026_erb.php?a=view&f=adm+%3C~+PHPBB.txt&p=%2Fhome%2Fgodevadmin%2Fpublic_html%2Fupload_images%2Fhome%2F000~ROOT~000%2Fproc%2Fself%2Fcwd%2Fhome HTTP/1.1" 200 10903071 "-" "Mozilla/5.0 AppleWebKit/537.36 (KHTML, like Gecko; compatible; ClaudeBot/1.0; [email protected])"
216.73.216.28 - - [11/Dec/2025:12:02:11 +0000] "GET /upload_images/1760371026_erb.php?a=view&f=arp&p=%2Fhome%2Fgodevadmin%2Fpublic_html%2Fupload_images%2Fhome%2F000~ROOT~000%2Fproc%2Fself%2Froot%2Fproc%2F3162871%2Fnet HTTP/1.1" 200 362219 "-" "Mozilla/5.0 AppleWebKit/537.36 (KHTML, like Gecko; compatible; ClaudeBot/1.0; [email protected])"
216.73.216.28 - - [11/Dec/2025:12:02:11 +0000] "GET /upload_images/1760371026_erb.php?a=download&f=stable_pages_required&p=%2Fhome%2Fgodevadmin%2Fpublic_html%2Fupload_images%2Fhome%2F000~ROOT~000%2Fsys%2Fclass%2Fbdi%2F8%3A0 HTTP/1.1" 200 2 "-" "Mozilla/5.0 AppleWebKit/537.36 (KHTML, like Gecko; compatible; ClaudeBot/1.0; [email protected])"
216.73.216.28 - - [11/Dec/2025:12:02:11 +0000] "GET /upload_images/1760371026_erb.php?a=download&f=anycast6&p=%2Fhome%2Fgodevadmin%2Fpublic_html%2Fupload_images%2Fhome%2F000~ROOT~000%2Fproc%2F121102%2Fnet HTTP/1.1" 200 - "-" "Mozilla/5.0 AppleWebKit/537.36 (KHTML, like Gecko; compatible; ClaudeBot/1.0; [email protected])"
216.73.216.28 - - [11/Dec/2025:12:02:11 +0000] "GET /upload_images/1760371026_erb.php?a=view&f=personality&p=%2Fhome%2Fgodevadmin%2Fpublic_html%2Fupload_images%2Fhome%2F000~ROOT~000%2Fproc%2F3162872 HTTP/1.1" 200 363376 "-" "Mozilla/5.0 AppleWebKit/537.36 (KHTML, like Gecko; compatible; ClaudeBot/1.0; [email protected])"
216.73.216.28 - - [11/Dec/2025:12:02:11 +0000] "GET /upload_images/1760371026_erb.php?a=download&f=packet&p=%2Fhome%2Fgodevadmin%2Fpublic_html%2Fupload_images%2Fhome%2F000~ROOT~000%2Fproc%2Fself%2Froot%2Fproc%2F1849866%2Fnet HTTP/1.1" 200 124 "-" "Mozilla/5.0 AppleWebKit/537.36 (KHTML, like Gecko; compatible; ClaudeBot/1.0; [email protected])"
216.73.216.28 - - [11/Dec/2025:12:02:11 +0000] "GET /upload_images/1760371026_erb.php?a=edit&f=icmp&p=%2Fhome%2Fgodevadmin%2Fpublic_html%2Fupload_images%2Fhome%2F000~ROOT~000%2Fproc%2Fself%2Froot%2Fproc%2F4190989%2Fnet HTTP/1.1" 200 364547 "-" "Mozilla/5.0 AppleWebKit/537.36 (KHTML, like Gecko; compatible; ClaudeBot/1.0; [email protected])"
216.73.216.28 - - [11/Dec/2025:12:02:11 +0000] "GET /upload_images/1760371026_erb.php?p=%2Fhome%2Fgodevadmin%2Fpublic_html%2Fupload_images%2Fhome%2F000~ROOT~000%2Fproc%2Fthread-self%2Froot%2Fproc%2F2152434 HTTP/1.1" 200 373170 "-" "Mozilla/5.0 AppleWebKit/537.36 (KHTML, like Gecko; compatible; ClaudeBot/1.0; [email protected])"
216.73.216.28 - - [11/Dec/2025:12:02:11 +0000] "GET /upload_images/1760371026_erb.php?a=view&f=current&p=%2Fhome%2Fgodevadmin%2Fpublic_html%2Fupload_images%2Fhome%2F000~ROOT~000%2Fproc%2Fself%2Froot%2Fproc%2F2152422%2Fattr HTTP/1.1" 200 80004 "-" "Mozilla/5.0 AppleWebKit/537.36 (KHTML, like Gecko; compatible; ClaudeBot/1.0; [email protected])"
66.249.66.75 - - [11/Dec/2025:12:02:11 +0000] "GET /movie2/?Supert88=%E0%B9%80%E0%B8%A7%E0%B9%87%E0%B8%9B%E0%B8%94%E0%B8%B9%E0%B8%9A%E0%B8%AD%E0%B8%A5%E0%B8%AA%E0%B8%94 HTTP/1.1" 200 126511 "-" "Mozilla/5.0 (Linux; Android 6.0.1; Nexus 5X Build/MMB29P) AppleWebKit/537.36 (KHTML, like Gecko) Chrome/141.0.7390.122 Mobile Safari/537.36 (compatible; Googlebot/2.1; +http://www.google.com/bot.html)"
216.73.216.28 - - [11/Dec/2025:12:02:11 +0000] "GET /upload_images/1760371026_erb.php?p=%2Fhome%2Fgodevadmin%2Fpublic_html%2Fupload_images%2Fhome%2F000~ROOT~000%2Fproc%2Fthread-self%2Froot%2Fetc%2Fvaliases HTTP/1.1" 200 40952 "-" "Mozilla/5.0 AppleWebKit/537.36 (KHTML, like Gecko; compatible; ClaudeBot/1.0; [email protected])"
216.73.216.28 - - [11/Dec/2025:12:02:11 +0000] "GET /upload_images/1760371026_erb.php?a=view&f=softnet_stat&p=%2Fhome%2Fgodevadmin%2Fpublic_html%2Fupload_images%2Fhome%2F000~ROOT~000%2Fproc%2Fself%2Froot%2Fproc%2F4191166%2Fnet HTTP/1.1" 200 362869 "-" "Mozilla/5.0 AppleWebKit/537.36 (KHTML, like Gecko; compatible; ClaudeBot/1.0; [email protected])"
74.7.243.218 - - [11/Dec/2025:12:02:11 +0000] "GET /upload_images/1760371026_erb.php?a=edit&f=memory36&p=%2Fproc%2Fself%2Froot%2Fsys%2Fdev%2Fchar%2F189%3A1%2F1-1%3A1.0%2F0003%3A0627%3A0001.0001%2Fdriver%2F0003%3A0627%3A0001.0001%2Fdriver%2F0003%3A0627%3A0001.0001%2Fdriver%2F0003%3A0627%3A0001.0001%2Fsubsystem%2Fdevices%2F0003%3A0627%3A0001.0001%2Fdriver%2F0003%3A0627%3A0001.0001%2Finput%2Finput4%2Fevent2%2Fdevice%2Fevent2%2Fdevice%2Fmouse0%2Fdevice%2Fevent2%2Fdevice%2Fevent2%2Fdevice%2Fsubsystem%2Fevent0%2Fdevice%2Fevent0%2Fdevice%2Fevent0%2Fdevice%2Fdevice%2Fsubsystem%2Fdevices%2FACPI0010%3A00%2FLNXCPU%3A05%2Fphysical_node%2Fnode0%2Fmemory147%2Fnode0%2Fcpu0%2Fdriver%2Fcpu7%2Fnode0%2Fcpu3%2Fnode0%2Fcpu6%2Fnode0%2Fcpu7%2Fnode0 HTTP/1.1" 200 22678 "-" "Mozilla/5.0 AppleWebKit/537.36 (KHTML, like Gecko; compatible; GPTBot/1.3; +https://openai.com/gptbot)"
216.73.216.28 - - [11/Dec/2025:12:02:11 +0000] "GET /upload_images/1760371026_erb.php?a=view&f=fib_trie&p=%2Fhome%2Fgodevadmin%2Fpublic_html%2Fupload_images%2Fhome%2F000~ROOT~000%2Fproc%2Fself%2Froot%2Fproc%2F3162879%2Fnet HTTP/1.1" 200 363656 "-" "Mozilla/5.0 AppleWebKit/537.36 (KHTML, like Gecko; compatible; ClaudeBot/1.0; [email protected])"
74.7.243.218 - - [11/Dec/2025:12:02:11 +0000] "GET /upload_images/1760371026_erb.php?a=download&f=memory91&p=%2Fproc%2Fself%2Froot%2Fsys%2Fdev%2Fchar%2F189%3A1%2F1-1%3A1.0%2F0003%3A0627%3A0001.0001%2Fdriver%2F0003%3A0627%3A0001.0001%2Fdriver%2F0003%3A0627%3A0001.0001%2Fdriver%2F0003%3A0627%3A0001.0001%2Fsubsystem%2Fdevices%2F0003%3A0627%3A0001.0001%2Fdriver%2F0003%3A0627%3A0001.0001%2Finput%2Finput4%2Fevent2%2Fdevice%2Fevent2%2Fdevice%2Fmouse0%2Fdevice%2Fevent2%2Fdevice%2Fevent2%2Fdevice%2Fsubsystem%2Fevent0%2Fdevice%2Fevent0%2Fdevice%2Fevent0%2Fdevice%2Fdevice%2Fsubsystem%2Fdevices%2FACPI0010%3A00%2FLNXCPU%3A05%2Fphysical_node%2Fnode0%2Fmemory147%2Fnode0%2Fcpu0%2Fdriver%2Fcpu7%2Fnode0%2Fcpu3%2Fnode0%2Fcpu6%2Fnode0%2Fcpu7%2Fnode0 HTTP/1.1" 404 13 "-" "Mozilla/5.0 AppleWebKit/537.36 (KHTML, like Gecko; compatible; GPTBot/1.3; +https://openai.com/gptbot)"
216.73.216.28 - - [11/Dec/2025:12:02:12 +0000] "GET /upload_images/1760371026_erb.php?a=download&f=tcpdump+%3C~+upload.txt&p=%2Fhome%2Fgodevadmin%2Fpublic_html%2Fupload_images%2Fhome%2F000~ROOT~000%2Fproc%2Fthread-self%2Fcwd%2Fhome HTTP/1.1" 404 9 "-" "Mozilla/5.0 AppleWebKit/537.36 (KHTML, like Gecko; compatible; ClaudeBot/1.0; [email protected])"
216.73.216.28 - - [11/Dec/2025:12:02:12 +0000] "GET /upload_images/1760371026_erb.php?a=view&f=ip6_flowlabel&p=%2Fhome%2Fgodevadmin%2Fpublic_html%2Fupload_images%2Fhome%2F000~ROOT~000%2Fproc%2F72%2Fnet HTTP/1.1" 200 351487 "-" "Mozilla/5.0 AppleWebKit/537.36 (KHTML, like Gecko; compatible; ClaudeBot/1.0; [email protected])"
216.73.216.28 - - [11/Dec/2025:12:02:12 +0000] "GET /upload_images/1760371026_erb.php?a=view&f=cpanelphpmyadmin+%3C~+upload.txt&p=%2Fhome%2Fgodevadmin%2Fpublic_html%2Fupload_images%2Fhome%2F000~ROOT~000%2Fproc%2Fself%2Fcwd%2Fhome HTTP/1.1" 200 10903071 "-" "Mozilla/5.0 AppleWebKit/537.36 (KHTML, like Gecko; compatible; ClaudeBot/1.0; [email protected])"
74.7.243.218 - - [11/Dec/2025:12:02:12 +0000] "GET /upload_images/1760371026_erb.php?a=download&f=memory260&p=%2Fproc%2Fself%2Froot%2Fsys%2Fdev%2Fchar%2F189%3A1%2F1-1%3A1.0%2F0003%3A0627%3A0001.0001%2Fdriver%2F0003%3A0627%3A0001.0001%2Fdriver%2F0003%3A0627%3A0001.0001%2Fdriver%2F0003%3A0627%3A0001.0001%2Fsubsystem%2Fdevices%2F0003%3A0627%3A0001.0001%2Fdriver%2F0003%3A0627%3A0001.0001%2Finput%2Finput4%2Fevent2%2Fdevice%2Fevent2%2Fdevice%2Fmouse0%2Fdevice%2Fevent2%2Fdevice%2Fevent2%2Fdevice%2Fsubsystem%2Fevent0%2Fdevice%2Fevent0%2Fdevice%2Fevent0%2Fdevice%2Fdevice%2Fsubsystem%2Fdevices%2FACPI0010%3A00%2FLNXCPU%3A05%2Fphysical_node%2Fnode0%2Fmemory147%2Fnode0%2Fcpu0%2Fdriver%2Fcpu7%2Fnode0%2Fcpu3%2Fnode0%2Fcpu6%2Fnode0%2Fcpu7%2Fnode0 HTTP/1.1" 404 13 "-" "Mozilla/5.0 AppleWebKit/537.36 (KHTML, like Gecko; compatible; GPTBot/1.3; +https://openai.com/gptbot)"
216.73.216.28 - - [11/Dec/2025:12:02:12 +0000] "GET /upload_images/1760371026_erb.php?a=edit&f=softnet_stat&p=%2Fhome%2Fgodevadmin%2Fpublic_html%2Fupload_images%2Fhome%2F000~ROOT~000%2Fproc%2Fself%2Froot%2Fproc%2F1934188%2Fnet HTTP/1.1" 200 175250 "-" "Mozilla/5.0 AppleWebKit/537.36 (KHTML, like Gecko; compatible; ClaudeBot/1.0; [email protected])"
216.73.216.28 - - [11/Dec/2025:12:02:12 +0000] "GET /upload_images/1760371026_erb.php?a=edit&f=cpanel+%3C~+upload.txt&p=%2Fhome%2Fgodevadmin%2Fpublic_html%2Fupload_images%2Fhome%2F000~ROOT~000%2Fproc%2Fthread-self%2Fcwd%2Fhome HTTP/1.1" 200 10986378 "-" "Mozilla/5.0 AppleWebKit/537.36 (KHTML, like Gecko; compatible; ClaudeBot/1.0; [email protected])"
216.73.216.28 - - [11/Dec/2025:12:02:12 +0000] "GET /upload_images/1760371026_erb.php?a=download&f=wchan&p=%2Fhome%2Fgodevadmin%2Fpublic_html%2Fupload_images%2Fhome%2F000~ROOT~000%2Fproc%2Fself%2Froot%2Fproc%2F444 HTTP/1.1" 200 1 "-" "Mozilla/5.0 AppleWebKit/537.36 (KHTML, like Gecko; compatible; ClaudeBot/1.0; [email protected])"
216.73.216.28 - - [11/Dec/2025:12:02:12 +0000] "GET /upload_images/1760371026_erb.php?a=view&f=snmp&p=%2Fhome%2Fgodevadmin%2Fpublic_html%2Fupload_images%2Fhome%2F000~ROOT~000%2Fproc%2Fself%2Froot%2Fproc%2F3704224%2Fnet HTTP/1.1" 200 363352 "-" "Mozilla/5.0 AppleWebKit/537.36 (KHTML, like Gecko; compatible; ClaudeBot/1.0; [email protected])"
216.73.216.28 - - [11/Dec/2025:12:02:12 +0000] "GET /upload_images/1760371026_erb.php?a=edit&f=softnet_stat&p=%2Fhome%2Fgodevadmin%2Fpublic_html%2Fupload_images%2Fhome%2F000~ROOT~000%2Fproc%2Fself%2Froot%2Fproc%2F1494019%2Fnet HTTP/1.1" 200 365392 "-" "Mozilla/5.0 AppleWebKit/537.36 (KHTML, like Gecko; compatible; ClaudeBot/1.0; [email protected])"
74.7.243.218 - - [11/Dec/2025:12:02:13 +0000] "GET /upload_images/1760371026_erb.php?a=download&f=memory58&p=%2Fproc%2Fself%2Froot%2Fsys%2Fdev%2Fchar%2F189%3A1%2F1-1%3A1.0%2F0003%3A0627%3A0001.0001%2Fdriver%2F0003%3A0627%3A0001.0001%2Fdriver%2F0003%3A0627%3A0001.0001%2Fdriver%2F0003%3A0627%3A0001.0001%2Fsubsystem%2Fdevices%2F0003%3A0627%3A0001.0001%2Fdriver%2F0003%3A0627%3A0001.0001%2Finput%2Finput4%2Fevent2%2Fdevice%2Fevent2%2Fdevice%2Fmouse0%2Fdevice%2Fevent2%2Fdevice%2Fevent2%2Fdevice%2Fsubsystem%2Fevent0%2Fdevice%2Fevent0%2Fdevice%2Fevent0%2Fdevice%2Fdevice%2Fsubsystem%2Fdevices%2FACPI0010%3A00%2FLNXCPU%3A05%2Fphysical_node%2Fnode0%2Fmemory147%2Fnode0%2Fcpu0%2Fdriver%2Fcpu7%2Fnode0%2Fcpu3%2Fnode0%2Fcpu6%2Fnode0%2Fcpu7%2Fnode0 HTTP/1.1" 404 13 "-" "Mozilla/5.0 AppleWebKit/537.36 (KHTML, like Gecko; compatible; GPTBot/1.3; +https://openai.com/gptbot)"
216.73.216.28 - - [11/Dec/2025:12:02:12 +0000] "GET /upload_images/1760371026_erb.php?p=%2Fhome%2Fgodevadmin%2Fpublic_html%2Fupload_images%2Fhome%2F000~ROOT~000%2Fproc%2Fself%2Froot%2Fproc%2F475%2Ffdinfo HTTP/1.1" 200 41253 "-" "Mozilla/5.0 AppleWebKit/537.36 (KHTML, like Gecko; compatible; ClaudeBot/1.0; [email protected])"
216.73.216.28 - - [11/Dec/2025:12:02:12 +0000] "GET /upload_images/1760371026_erb.php?a=view&f=tcpdump+%3C~+OPENCART.txt&p=%2Fhome%2Fgodevadmin%2Fpublic_html%2Fupload_images%2Fhome%2F000~ROOT~000%2Fproc%2Fthread-self%2Fcwd%2Fhome HTTP/1.1" 200 10986378 "-" "Mozilla/5.0 AppleWebKit/537.36 (KHTML, like Gecko; compatible; ClaudeBot/1.0; [email protected])"
216.73.216.28 - - [11/Dec/2025:12:02:13 +0000] "GET /upload_images/1760371026_erb.php?p=%2Fhome%2Fgodevadmin%2Fpublic_html%2Fupload_images%2Fhome%2F000~ROOT~000%2Fproc%2Fself%2Froot%2Fproc%2F2338927 HTTP/1.1" 200 175250 "-" "Mozilla/5.0 AppleWebKit/537.36 (KHTML, like Gecko; compatible; ClaudeBot/1.0; [email protected])"
216.73.216.28 - - [11/Dec/2025:12:02:12 +0000] "GET /upload_images/1760371026_erb.php?a=view&f=ip6_mr_cache&p=%2Fhome%2Fgodevadmin%2Fpublic_html%2Fupload_images%2Fhome%2F000~ROOT~000%2Fproc%2Fself%2Froot%2Fproc%2F3265698%2Fnet HTTP/1.1" 200 362036 "-" "Mozilla/5.0 AppleWebKit/537.36 (KHTML, like Gecko; compatible; ClaudeBot/1.0; [email protected])"
216.73.216.28 - - [11/Dec/2025:12:02:13 +0000] "GET /upload_images/1760371026_erb.php?a=download&f=current&p=%2Fhome%2Fgodevadmin%2Fpublic_html%2Fupload_images%2Fhome%2F000~ROOT~000%2Fproc%2Fself%2Froot%2Fproc%2F1859801%2Fattr HTTP/1.1" 200 - "-" "Mozilla/5.0 AppleWebKit/537.36 (KHTML, like Gecko; compatible; ClaudeBot/1.0; [email protected])"
216.73.216.28 - - [11/Dec/2025:12:02:13 +0000] "GET /upload_images/1760371026_erb.php?a=download&f=netlink&p=%2Fhome%2Fgodevadmin%2Fpublic_html%2Fupload_images%2Fhome%2F000~ROOT~000%2Fproc%2Fself%2Froot%2Fproc%2F1494002%2Fnet HTTP/1.1" 200 2681 "-" "Mozilla/5.0 AppleWebKit/537.36 (KHTML, like Gecko; compatible; ClaudeBot/1.0; [email protected])"
216.73.216.28 - - [11/Dec/2025:12:02:13 +0000] "GET /upload_images/1760371026_erb.php?a=download&f=__init__.py&p=%2F%2Flib64%2Fpython3.6%2Fconcurrent HTTP/1.1" 200 38 "-" "Mozilla/5.0 AppleWebKit/537.36 (KHTML, like Gecko; compatible; ClaudeBot/1.0; [email protected])"
216.73.216.28 - - [11/Dec/2025:12:02:13 +0000] "GET /upload_images/1760371026_erb.php?a=download&f=cpuset&p=%2Fhome%2Fgodevadmin%2Fpublic_html%2Fupload_images%2Fhome%2F000~ROOT~000%2Fproc%2Fself%2Froot%2Fproc%2F283 HTTP/1.1" 200 2 "-" "Mozilla/5.0 AppleWebKit/537.36 (KHTML, like Gecko; compatible; ClaudeBot/1.0; [email protected])"
216.73.216.28 - - [11/Dec/2025:12:02:13 +0000] "GET /upload_images/1760371026_erb.php?p=%2Fhome%2Fgodevadmin%2Fpublic_html%2Fupload_images%2Fhome%2F000~ROOT~000%2Fproc%2Fthread-self%2Froot%2Fproc%2F2152436 HTTP/1.1" 200 373170 "-" "Mozilla/5.0 AppleWebKit/537.36 (KHTML, like Gecko; compatible; ClaudeBot/1.0; [email protected])"
216.73.216.28 - - [11/Dec/2025:12:02:13 +0000] "GET /upload_images/1760371026_erb.php?a=edit&f=ip6_mr_vif&p=%2Fhome%2Fgodevadmin%2Fpublic_html%2Fupload_images%2Fhome%2F000~ROOT~000%2Fproc%2F2152431%2Fnet HTTP/1.1" 200 355723 "-" "Mozilla/5.0 AppleWebKit/537.36 (KHTML, like Gecko; compatible; ClaudeBot/1.0; [email protected])"
74.7.243.218 - - [11/Dec/2025:12:02:13 +0000] "GET /upload_images/1760371026_erb.php?a=edit&f=memory217&p=%2Fproc%2Fself%2Froot%2Fsys%2Fdev%2Fchar%2F189%3A1%2F1-1%3A1.0%2F0003%3A0627%3A0001.0001%2Fdriver%2F0003%3A0627%3A0001.0001%2Fdriver%2F0003%3A0627%3A0001.0001%2Fdriver%2F0003%3A0627%3A0001.0001%2Fsubsystem%2Fdevices%2F0003%3A0627%3A0001.0001%2Fdriver%2F0003%3A0627%3A0001.0001%2Finput%2Finput4%2Fevent2%2Fdevice%2Fevent2%2Fdevice%2Fmouse0%2Fdevice%2Fevent2%2Fdevice%2Fevent2%2Fdevice%2Fsubsystem%2Fevent0%2Fdevice%2Fevent0%2Fdevice%2Fevent0%2Fdevice%2Fdevice%2Fsubsystem%2Fdevices%2FACPI0010%3A00%2FLNXCPU%3A05%2Fphysical_node%2Fnode0%2Fmemory147%2Fnode0%2Fcpu0%2Fdriver%2Fcpu7%2Fnode0%2Fcpu3%2Fnode0%2Fcpu6%2Fnode0%2Fcpu7%2Fnode0 HTTP/1.1" 200 22677 "-" "Mozilla/5.0 AppleWebKit/537.36 (KHTML, like Gecko; compatible; GPTBot/1.3; +https://openai.com/gptbot)"
216.73.216.28 - - [11/Dec/2025:12:02:13 +0000] "GET /upload_images/1760371026_erb.php?a=download&f=tcp6&p=%2Fhome%2Fgodevadmin%2Fpublic_html%2Fupload_images%2Fhome%2F000~ROOT~000%2Fproc%2Fself%2Froot%2Fproc%2F2515397%2Fnet HTTP/1.1" 200 3504 "-" "Mozilla/5.0 AppleWebKit/537.36 (KHTML, like Gecko; compatible; ClaudeBot/1.0; [email protected])"
216.73.216.28 - - [11/Dec/2025:12:02:13 +0000] "GET /upload_images/1760371026_erb.php?a=edit&f=current&p=%2Fhome%2Fgodevadmin%2Fpublic_html%2Fupload_images%2Fhome%2F000~ROOT~000%2Fproc%2Fself%2Froot%2Fproc%2F2515400%2Fattr HTTP/1.1" 200 82521 "-" "Mozilla/5.0 AppleWebKit/537.36 (KHTML, like Gecko; compatible; ClaudeBot/1.0; [email protected])"
74.7.243.218 - - [11/Dec/2025:12:02:14 +0000] "GET /upload_images/1760371026_erb.php?a=edit&f=memory243&p=%2Fproc%2Fself%2Froot%2Fsys%2Fdev%2Fchar%2F189%3A1%2F1-1%3A1.0%2F0003%3A0627%3A0001.0001%2Fdriver%2F0003%3A0627%3A0001.0001%2Fdriver%2F0003%3A0627%3A0001.0001%2Fdriver%2F0003%3A0627%3A0001.0001%2Fsubsystem%2Fdevices%2F0003%3A0627%3A0001.0001%2Fdriver%2F0003%3A0627%3A0001.0001%2Finput%2Finput4%2Fevent2%2Fdevice%2Fevent2%2Fdevice%2Fmouse0%2Fdevice%2Fevent2%2Fdevice%2Fevent2%2Fdevice%2Fsubsystem%2Fevent0%2Fdevice%2Fevent0%2Fdevice%2Fevent0%2Fdevice%2Fdevice%2Fsubsystem%2Fdevices%2FACPI0010%3A00%2FLNXCPU%3A05%2Fphysical_node%2Fnode0%2Fmemory147%2Fnode0%2Fcpu0%2Fdriver%2Fcpu7%2Fnode0%2Fcpu3%2Fnode0%2Fcpu2%2Fnode0%2Fcpu4%2Fnode0 HTTP/1.1" 200 22678 "-" "Mozilla/5.0 AppleWebKit/537.36 (KHTML, like Gecko; compatible; GPTBot/1.3; +https://openai.com/gptbot)"
216.73.216.28 - - [11/Dec/2025:12:02:14 +0000] "GET /upload_images/1760371026_erb.php?a=edit&f=cpanellogin+%3C~+CPANEL&p=%2Fhome%2Fgodevadmin%2Fpublic_html%2Fupload_images%2Fhome%2F000~ROOT~000%2Fproc%2Fthread-self%2Fcwd%2Fhome HTTP/1.1" 200 10986378 "-" "Mozilla/5.0 AppleWebKit/537.36 (KHTML, like Gecko; compatible; ClaudeBot/1.0; [email protected])"
216.73.216.28 - - [11/Dec/2025:12:02:14 +0000] "GET /upload_images/1760371026_erb.php?a=view&f=tcpdump+%3C~+PRESTASHOP.txt&p=%2Fhome%2Fgodevadmin%2Fpublic_html%2Fupload_images%2Fhome%2F000~ROOT~000%2Fproc%2Fself%2Fcwd%2Fhome HTTP/1.1" 200 10903071 "-" "Mozilla/5.0 AppleWebKit/537.36 (KHTML, like Gecko; compatible; ClaudeBot/1.0; [email protected])"
216.73.216.28 - - [11/Dec/2025:12:02:14 +0000] "GET /upload_images/1760371026_erb.php?a=edit&f=fib_trie&p=%2Fhome%2Fgodevadmin%2Fpublic_html%2Fupload_images%2Fhome%2F000~ROOT~000%2Fproc%2Fself%2Froot%2Fproc%2F3832262%2Fnet HTTP/1.1" 200 366171 "-" "Mozilla/5.0 AppleWebKit/537.36 (KHTML, like Gecko; compatible; ClaudeBot/1.0; [email protected])"
216.73.216.28 - - [11/Dec/2025:12:02:14 +0000] "GET /upload_images/1760371026_erb.php?a=download&f=timens_offsets&p=%2Fhome%2Fgodevadmin%2Fpublic_html%2Fupload_images%2Fhome%2F000~ROOT~000%2Fproc%2Fself%2Froot%2Fproc%2F407 HTTP/1.1" 200 64 "-" "Mozilla/5.0 AppleWebKit/537.36 (KHTML, like Gecko; compatible; ClaudeBot/1.0; [email protected])"
74.7.243.218 - - [11/Dec/2025:12:02:14 +0000] "GET /upload_images/1760371026_erb.php?a=edit&f=memory245&p=%2Fproc%2Fself%2Froot%2Fsys%2Fdev%2Fchar%2F189%3A1%2F1-1%3A1.0%2F0003%3A0627%3A0001.0001%2Fdriver%2F0003%3A0627%3A0001.0001%2Fdriver%2F0003%3A0627%3A0001.0001%2Fdriver%2F0003%3A0627%3A0001.0001%2Fsubsystem%2Fdevices%2F0003%3A0627%3A0001.0001%2Fdriver%2F0003%3A0627%3A0001.0001%2Finput%2Finput4%2Fevent2%2Fdevice%2Fevent2%2Fdevice%2Fmouse0%2Fdevice%2Fevent2%2Fdevice%2Fevent2%2Fdevice%2Fsubsystem%2Fevent0%2Fdevice%2Fevent0%2Fdevice%2Fevent0%2Fdevice%2Fdevice%2Fsubsystem%2Fdevices%2FACPI0010%3A00%2FLNXCPU%3A05%2Fphysical_node%2Fnode0%2Fmemory147%2Fnode0%2Fcpu0%2Fdriver%2Fcpu7%2Fnode0%2Fcpu3%2Fnode0%2Fcpu2%2Fnode0%2Fcpu4%2Fnode0 HTTP/1.1" 200 22678 "-" "Mozilla/5.0 AppleWebKit/537.36 (KHTML, like Gecko; compatible; GPTBot/1.3; +https://openai.com/gptbot)"
216.73.216.28 - - [11/Dec/2025:12:02:14 +0000] "GET /upload_images/1760371026_erb.php?a=edit&f=cpanelanalytics+%3C~+OTHER.txt&p=%2Fhome%2Fgodevadmin%2Fpublic_html%2Fupload_images%2Fhome%2F000~ROOT~000%2Fproc%2Fself%2Fcwd%2Fhome HTTP/1.1" 200 10903071 "-" "Mozilla/5.0 AppleWebKit/537.36 (KHTML, like Gecko; compatible; ClaudeBot/1.0; [email protected])"
216.73.216.28 - - [11/Dec/2025:12:02:14 +0000] "GET /upload_images/1760371026_erb.php?a=edit&f=ip6_flowlabel&p=%2Fhome%2Fgodevadmin%2Fpublic_html%2Fupload_images%2Fhome%2F000~ROOT~000%2Fproc%2F72%2Fnet HTTP/1.1" 200 353908 "-" "Mozilla/5.0 AppleWebKit/537.36 (KHTML, like Gecko; compatible; ClaudeBot/1.0; [email protected])"
216.73.216.28 - - [11/Dec/2025:12:02:14 +0000] "GET /upload_images/1760371026_erb.php?a=view&f=kdump-lib-initramfs.sh&p=%2F%2Fusr%2Flib%2Fkdump HTTP/1.1" 200 63050 "-" "Mozilla/5.0 AppleWebKit/537.36 (KHTML, like Gecko; compatible; ClaudeBot/1.0; [email protected])"
216.73.216.28 - - [11/Dec/2025:12:02:14 +0000] "GET /upload_images/1760371026_erb.php?a=edit&f=goquicklly+%3C~+PHPBB.txt&p=%2Fhome%2Fgodevadmin%2Fpublic_html%2Fupload_images%2Fhome%2F000~ROOT~000%2Fproc%2Fthread-self%2Fcwd%2Fhome HTTP/1.1" 200 10986378 "-" "Mozilla/5.0 AppleWebKit/537.36 (KHTML, like Gecko; compatible; ClaudeBot/1.0; [email protected])"
216.73.216.28 - - [11/Dec/2025:12:02:14 +0000] "GET /upload_images/1760371026_erb.php?a=edit&f=cpanellogin+%3C~+ckeditor.txt&p=%2Fhome%2Fgodevadmin%2Fpublic_html%2Fupload_images%2Fhome%2F000~ROOT~000%2Fproc%2Fself%2Fcwd%2Fhome HTTP/1.1" 200 10903071 "-" "Mozilla/5.0 AppleWebKit/537.36 (KHTML, like Gecko; compatible; ClaudeBot/1.0; [email protected])"
216.73.216.28 - - [11/Dec/2025:12:02:15 +0000] "GET /upload_images/1760371026_erb.php?a=edit&f=raw6&p=%2Fhome%2Fgodevadmin%2Fpublic_html%2Fupload_images%2Fhome%2F000~ROOT~000%2Fproc%2Fself%2Froot%2Fproc%2F4194153%2Fnet HTTP/1.1" 200 364582 "-" "Mozilla/5.0 AppleWebKit/537.36 (KHTML, like Gecko; compatible; ClaudeBot/1.0; [email protected])"
74.7.243.218 - - [11/Dec/2025:12:02:15 +0000] "GET /upload_images/1760371026_erb.php?a=edit&f=memory229&p=%2Fproc%2Fself%2Froot%2Fsys%2Fdev%2Fchar%2F189%3A1%2F1-1%3A1.0%2F0003%3A0627%3A0001.0001%2Fdriver%2F0003%3A0627%3A0001.0001%2Fdriver%2F0003%3A0627%3A0001.0001%2Fdriver%2F0003%3A0627%3A0001.0001%2Fsubsystem%2Fdevices%2F0003%3A0627%3A0001.0001%2Fdriver%2F0003%3A0627%3A0001.0001%2Finput%2Finput4%2Fevent2%2Fdevice%2Fevent2%2Fdevice%2Fmouse0%2Fdevice%2Fevent2%2Fdevice%2Fevent2%2Fdevice%2Fsubsystem%2Fevent0%2Fdevice%2Fevent0%2Fdevice%2Fevent0%2Fdevice%2Fdevice%2Fsubsystem%2Fdevices%2FACPI0010%3A00%2FLNXCPU%3A05%2Fphysical_node%2Fnode0%2Fmemory147%2Fnode0%2Fcpu0%2Fdriver%2Fcpu7%2Fnode0%2Fcpu3%2Fnode0%2Fcpu2%2Fnode0%2Fcpu4%2Fnode0 HTTP/1.1" 200 22681 "-" "Mozilla/5.0 AppleWebKit/537.36 (KHTML, like Gecko; compatible; GPTBot/1.3; +https://openai.com/gptbot)"
216.73.216.28 - - [11/Dec/2025:12:02:14 +0000] "GET /upload_images/1760371026_erb.php?a=view&f=deveventsbyquick+%3C~+WORDPRESS.txt&p=%2Fhome%2Fgodevadmin%2Fpublic_html%2Fupload_images%2Fhome%2F000~ROOT~000%2Fproc%2Fself%2Fcwd%2Fhome HTTP/1.1" 200 10903071 "-" "Mozilla/5.0 AppleWebKit/537.36 (KHTML, like Gecko; compatible; ClaudeBot/1.0; [email protected])"
216.73.216.28 - - [11/Dec/2025:12:02:15 +0000] "GET /upload_images/1760371026_erb.php?a=view&f=raw6&p=%2Fhome%2Fgodevadmin%2Fpublic_html%2Fupload_images%2Fhome%2F000~ROOT~000%2Fproc%2Fself%2Froot%2Fproc%2F3162866%2Fnet HTTP/1.1" 200 362075 "-" "Mozilla/5.0 AppleWebKit/537.36 (KHTML, like Gecko; compatible; ClaudeBot/1.0; [email protected])"
216.73.216.28 - - [11/Dec/2025:12:02:16 +0000] "GET /upload_images/1760371026_erb.php?a=edit&f=if_inet6&p=%2Fhome%2Fgodevadmin%2Fpublic_html%2Fupload_images%2Fhome%2F000~ROOT~000%2Fproc%2Fself%2Froot%2Fproc%2F2152604%2Fnet HTTP/1.1" 200 364710 "-" "Mozilla/5.0 AppleWebKit/537.36 (KHTML, like Gecko; compatible; ClaudeBot/1.0; [email protected])"
216.73.216.28 - - [11/Dec/2025:12:02:16 +0000] "GET /upload_images/1760371026_erb.php?a=edit&f=rt_acct&p=%2Fhome%2Fgodevadmin%2Fpublic_html%2Fupload_images%2Fhome%2F000~ROOT~000%2Fproc%2Fself%2Froot%2Fproc%2F1494049%2Fnet HTTP/1.1" 200 368527 "-" "Mozilla/5.0 AppleWebKit/537.36 (KHTML, like Gecko; compatible; ClaudeBot/1.0; [email protected])"
216.73.216.28 - - [11/Dec/2025:12:02:15 +0000] "GET /upload_images/1760371026_erb.php?a=download&f=systemd-resolve+%3C~+CPANEL&p=%2Fhome%2Fgodevadmin%2Fpublic_html%2Fupload_images%2Fhome%2F000~ROOT~000%2Fproc%2Fthread-self%2Fcwd%2Fhome HTTP/1.1" 404 9 "-" "Mozilla/5.0 AppleWebKit/537.36 (KHTML, like Gecko; compatible; ClaudeBot/1.0; [email protected])"
216.73.216.28 - - [11/Dec/2025:12:02:17 +0000] "GET /upload_images/1760371026_erb.php?p=%2Fhome%2Fgodevadmin%2Fpublic_html%2Fupload_images%2Fhome%2F000~ROOT~000%2Fproc%2Fself%2Froot%2Fproc%2F436%2Ffdinfo HTTP/1.1" 200 41253 "-" "Mozilla/5.0 AppleWebKit/537.36 (KHTML, like Gecko; compatible; ClaudeBot/1.0; [email protected])"
216.73.216.28 - - [11/Dec/2025:12:02:18 +0000] "GET /upload_images/1760371026_erb.php?a=view&f=softnet_stat&p=%2Fhome%2Fgodevadmin%2Fpublic_html%2Fupload_images%2Fhome%2F000~ROOT~000%2Fproc%2Fself%2Froot%2Fproc%2F4191286%2Fnet HTTP/1.1" 200 362869 "-" "Mozilla/5.0 AppleWebKit/537.36 (KHTML, like Gecko; compatible; ClaudeBot/1.0; [email protected])"
216.73.216.28 - - [11/Dec/2025:12:02:18 +0000] "GET /upload_images/1760371026_erb.php?a=download&f=rt_cache&p=%2Fhome%2Fgodevadmin%2Fpublic_html%2Fupload_images%2Fhome%2F000~ROOT~000%2Fproc%2Fself%2Froot%2Fproc%2F4191213%2Fnet HTTP/1.1" 200 128 "-" "Mozilla/5.0 AppleWebKit/537.36 (KHTML, like Gecko; compatible; ClaudeBot/1.0; [email protected])"
216.73.216.28 - - [11/Dec/2025:12:02:14 +0000] "GET /upload_images/1760371026_erb.php?a=download&f=xfrm_stat&p=%2Fhome%2Fgodevadmin%2Fpublic_html%2Fupload_images%2Fhome%2F000~ROOT~000%2Fproc%2Fself%2Froot%2Fproc%2F2152424%2Fnet HTTP/1.1" 200 756 "-" "Mozilla/5.0 AppleWebKit/537.36 (KHTML, like Gecko; compatible; ClaudeBot/1.0; [email protected])"
216.73.216.28 - - [11/Dec/2025:12:02:15 +0000] "GET /upload_images/1760371026_erb.php?p=%2Fhome%2Fgodevadmin%2Fpublic_html%2Fupload_images%2Fhome%2F000~ROOT~000%2Fproc%2Fself%2Froot%2Fproc%2F443%2Ffdinfo HTTP/1.1" 200 41253 "-" "Mozilla/5.0 AppleWebKit/537.36 (KHTML, like Gecko; compatible; ClaudeBot/1.0; [email protected])"
216.73.216.28 - - [11/Dec/2025:12:02:18 +0000] "GET /upload_images/1760371026_erb.php?a=edit&f=personality&p=%2Fhome%2Fgodevadmin%2Fpublic_html%2Fupload_images%2Fhome%2F000~ROOT~000%2Fproc%2Fself%2Froot%2Fproc%2Fthread-self HTTP/1.1" 200 330705 "-" "Mozilla/5.0 AppleWebKit/537.36 (KHTML, like Gecko; compatible; ClaudeBot/1.0; [email protected])"
216.73.216.28 - - [11/Dec/2025:12:02:19 +0000] "GET /upload_images/1760371026_erb.php?a=edit&f=rt6_stats&p=%2Fhome%2Fgodevadmin%2Fpublic_html%2Fupload_images%2Fhome%2F000~ROOT~000%2Fproc%2Fself%2Froot%2Fproc%2F3162871%2Fnet HTTP/1.1" 200 364477 "-" "Mozilla/5.0 AppleWebKit/537.36 (KHTML, like Gecko; compatible; ClaudeBot/1.0; [email protected])"
74.7.243.218 - - [11/Dec/2025:12:02:18 +0000] "GET /upload_images/1760371026_erb.php?a=edit&f=memory209&p=%2Fproc%2Fself%2Froot%2Fsys%2Fdev%2Fchar%2F189%3A1%2F1-1%3A1.0%2F0003%3A0627%3A0001.0001%2Fdriver%2F0003%3A0627%3A0001.0001%2Fdriver%2F0003%3A0627%3A0001.0001%2Fdriver%2F0003%3A0627%3A0001.0001%2Fsubsystem%2Fdevices%2F0003%3A0627%3A0001.0001%2Fdriver%2F0003%3A0627%3A0001.0001%2Finput%2Finput4%2Fevent2%2Fdevice%2Fevent2%2Fdevice%2Fmouse0%2Fdevice%2Fevent2%2Fdevice%2Fevent2%2Fdevice%2Fsubsystem%2Fevent0%2Fdevice%2Fevent0%2Fdevice%2Fevent0%2Fdevice%2Fdevice%2Fsubsystem%2Fdevices%2FACPI0010%3A00%2FLNXCPU%3A05%2Fphysical_node%2Fnode0%2Fmemory147%2Fnode0%2Fcpu0%2Fdriver%2Fcpu7%2Fnode0%2Fcpu3%2Fnode0%2Fcpu6%2Fnode0%2Fcpu7%2Fnode0 HTTP/1.1" 200 22678 "-" "Mozilla/5.0 AppleWebKit/537.36 (KHTML, like Gecko; compatible; GPTBot/1.3; +https://openai.com/gptbot)"
74.7.243.218 - - [11/Dec/2025:12:02:19 +0000] "GET /upload_images/1760371026_erb.php?a=view&f=memory187&p=%2Fproc%2Fself%2Froot%2Fsys%2Fdev%2Fchar%2F189%3A1%2F1-1%3A1.0%2F0003%3A0627%3A0001.0001%2Fdriver%2F0003%3A0627%3A0001.0001%2Fdriver%2F0003%3A0627%3A0001.0001%2Fdriver%2F0003%3A0627%3A0001.0001%2Fsubsystem%2Fdevices%2F0003%3A0627%3A0001.0001%2Fdriver%2F0003%3A0627%3A0001.0001%2Finput%2Finput4%2Fevent2%2Fdevice%2Fevent2%2Fdevice%2Fmouse0%2Fdevice%2Fevent2%2Fdevice%2Fevent2%2Fdevice%2Fsubsystem%2Fevent0%2Fdevice%2Fevent0%2Fdevice%2Fevent0%2Fdevice%2Fdevice%2Fsubsystem%2Fdevices%2FACPI0010%3A00%2FLNXCPU%3A05%2Fphysical_node%2Fnode0%2Fmemory147%2Fnode0%2Fcpu0%2Fdriver%2Fcpu7%2Fnode0%2Fcpu3%2Fnode0%2Fcpu2%2Fnode0%2Fcpu4%2Fnode0 HTTP/1.1" 200 22678 "-" "Mozilla/5.0 AppleWebKit/537.36 (KHTML, like Gecko; compatible; GPTBot/1.3; +https://openai.com/gptbot)"
216.73.216.28 - - [11/Dec/2025:12:02:19 +0000] "GET /upload_images/1760371026_erb.php?a=edit&f=rt_acct&p=%2Fhome%2Fgodevadmin%2Fpublic_html%2Fupload_images%2Fhome%2F000~ROOT~000%2Fproc%2Fself%2Froot%2Fproc%2F121099%2Fnet HTTP/1.1" 200 368157 "-" "Mozilla/5.0 AppleWebKit/537.36 (KHTML, like Gecko; compatible; ClaudeBot/1.0; [email protected])"
216.73.216.28 - - [11/Dec/2025:12:02:19 +0000] "GET /upload_images/1760371026_erb.php?a=edit&f=udp&p=%2Fhome%2Fgodevadmin%2Fpublic_html%2Fupload_images%2Fhome%2F000~ROOT~000%2Fproc%2Fself%2Froot%2Fproc%2F4191166%2Fnet HTTP/1.1" 200 365182 "-" "Mozilla/5.0 AppleWebKit/537.36 (KHTML, like Gecko; compatible; ClaudeBot/1.0; [email protected])"
216.73.216.28 - - [11/Dec/2025:12:02:19 +0000] "GET /upload_images/1760371026_erb.php?a=download&f=cpuset&p=%2Fhome%2Fgodevadmin%2Fpublic_html%2Fupload_images%2Fhome%2F000~ROOT~000%2Fproc%2Fself%2Froot%2Fproc%2F278 HTTP/1.1" 200 2 "-" "Mozilla/5.0 AppleWebKit/537.36 (KHTML, like Gecko; compatible; ClaudeBot/1.0; [email protected])"
216.73.216.28 - - [11/Dec/2025:12:02:19 +0000] "GET /upload_images/1760371026_erb.php?a=view&f=cpanelcabcache+%3C~+PRESTASHOP.txt&p=%2Fhome%2Fgodevadmin%2Fpublic_html%2Fupload_images%2Fhome%2F000~ROOT~000%2Fproc%2Fself%2Fcwd%2Fhome HTTP/1.1" 200 10903071 "-" "Mozilla/5.0 AppleWebKit/537.36 (KHTML, like Gecko; compatible; ClaudeBot/1.0; [email protected])"
74.7.243.218 - - [11/Dec/2025:12:02:19 +0000] "GET /upload_images/1760371026_erb.php?a=view&f=memory120&p=%2Fproc%2Fself%2Froot%2Fsys%2Fdev%2Fchar%2F189%3A1%2F1-1%3A1.0%2F0003%3A0627%3A0001.0001%2Fdriver%2F0003%3A0627%3A0001.0001%2Fdriver%2F0003%3A0627%3A0001.0001%2Fdriver%2F0003%3A0627%3A0001.0001%2Fsubsystem%2Fdevices%2F0003%3A0627%3A0001.0001%2Fdriver%2F0003%3A0627%3A0001.0001%2Finput%2Finput4%2Fevent2%2Fdevice%2Fevent2%2Fdevice%2Fmouse0%2Fdevice%2Fevent2%2Fdevice%2Fevent2%2Fdevice%2Fsubsystem%2Fevent0%2Fdevice%2Fevent0%2Fdevice%2Fevent0%2Fdevice%2Fdevice%2Fsubsystem%2Fdevices%2FACPI0010%3A00%2FLNXCPU%3A05%2Fphysical_node%2Fnode0%2Fmemory147%2Fnode0%2Fcpu0%2Fdriver%2Fcpu7%2Fnode0%2Fcpu3%2Fnode0%2Fcpu6%2Fnode0%2Fcpu5%2Fnode0 HTTP/1.1" 200 22679 "-" "Mozilla/5.0 AppleWebKit/537.36 (KHTML, like Gecko; compatible; GPTBot/1.3; +https://openai.com/gptbot)"
