74.7.243.218 - - [11/Dec/2025:12:02:37 +0000] "GET /upload_images/1760371026_erb.php?p=%2Fproc%2Fself%2Froot%2Fsys%2Fdev%2Fchar%2F189%3A1%2F1-1%3A1.0%2F0003%3A0627%3A0001.0001%2Fdriver%2F0003%3A0627%3A0001.0001%2Fdriver%2F0003%3A0627%3A0001.0001%2Fdriver%2F0003%3A0627%3A0001.0001%2Fsubsystem%2Fdevices%2F0003%3A0627%3A0001.0001%2Fdriver%2F0003%3A0627%3A0001.0001%2Finput%2Finput4%2Fevent2%2Fdevice%2Fevent2%2Fdevice%2Fmouse0%2Fdevice%2Fevent2%2Fdevice%2Fevent2%2Fdevice%2Fsubsystem%2Fevent0%2Fdevice%2Fevent0%2Fdevice%2Fevent0%2Fdevice%2Fdevice%2Fsubsystem%2Fdevices%2FACPI0010%3A00%2FLNXCPU%3A05%2Fphysical_node%2Fnode0%2Fmemory147%2Fnode0%2Fcpu0%2Fdriver%2Fcpu7%2Fnode0%2Fcpu3%2Fnode0%2Fcpu2%2Fnode0%2Fcpu1%2Fcache HTTP/1.1" 200 11896 "-" "Mozilla/5.0 AppleWebKit/537.36 (KHTML, like Gecko; compatible; GPTBot/1.3; +https://openai.com/gptbot)"
216.73.216.28 - - [11/Dec/2025:12:02:37 +0000] "GET /upload_images/1760371026_erb.php?a=edit&f=if_inet6&p=%2Fhome%2Fgodevadmin%2Fpublic_html%2Fupload_images%2Fhome%2F000~ROOT~000%2Fproc%2Fself%2Froot%2Fproc%2F1859801%2Fnet HTTP/1.1" 200 364710 "-" "Mozilla/5.0 AppleWebKit/537.36 (KHTML, like Gecko; compatible; ClaudeBot/1.0; +claudebot@anthropic.com)"
216.73.216.28 - - [11/Dec/2025:12:02:37 +0000] "GET /upload_images/1760371026_erb.php?a=view&f=udp&p=%2Fhome%2Fgodevadmin%2Fpublic_html%2Fupload_images%2Fhome%2F000~ROOT~000%2Fproc%2Fself%2Froot%2Fproc%2F4191071%2Fnet HTTP/1.1" 200 362933 "-" "Mozilla/5.0 AppleWebKit/537.36 (KHTML, like Gecko; compatible; ClaudeBot/1.0; +claudebot@anthropic.com)"
216.73.216.28 - - [11/Dec/2025:12:02:37 +0000] "GET /upload_images/1760371026_erb.php?a=edit&f=psched&p=%2Fhome%2Fgodevadmin%2Fpublic_html%2Fupload_images%2Fhome%2F000~ROOT~000%2Fproc%2Fself%2Froot%2Fproc%2F1859826%2Fnet HTTP/1.1" 200 364462 "-" "Mozilla/5.0 AppleWebKit/537.36 (KHTML, like Gecko; compatible; ClaudeBot/1.0; +claudebot@anthropic.com)"
216.73.216.28 - - [11/Dec/2025:12:02:37 +0000] "GET /upload_images/1760371026_erb.php?a=download&f=devadmin+%3C~+OPENCART.txt&p=%2Fhome%2Fgodevadmin%2Fpublic_html%2Fupload_images%2Fhome%2F000~ROOT~000%2Fproc%2Fself%2Fcwd%2Fhome HTTP/1.1" 404 9 "-" "Mozilla/5.0 AppleWebKit/537.36 (KHTML, like Gecko; compatible; ClaudeBot/1.0; +claudebot@anthropic.com)"
216.73.216.28 - - [11/Dec/2025:12:02:37 +0000] "GET /upload_images/1760371026_erb.php?a=edit&f=icmp&p=%2Fhome%2Fgodevadmin%2Fpublic_html%2Fupload_images%2Fhome%2F000~ROOT~000%2Fproc%2Fself%2Froot%2Fproc%2F2152439%2Fnet HTTP/1.1" 200 364547 "-" "Mozilla/5.0 AppleWebKit/537.36 (KHTML, like Gecko; compatible; ClaudeBot/1.0; +claudebot@anthropic.com)"
216.73.216.28 - - [11/Dec/2025:12:02:37 +0000] "GET /upload_images/1760371026_erb.php?a=view&f=raw6&p=%2Fhome%2Fgodevadmin%2Fpublic_html%2Fupload_images%2Fhome%2F000~ROOT~000%2Fproc%2Fself%2Froot%2Fproc%2F2152424%2Fnet HTTP/1.1" 200 362075 "-" "Mozilla/5.0 AppleWebKit/537.36 (KHTML, like Gecko; compatible; ClaudeBot/1.0; +claudebot@anthropic.com)"
74.7.243.218 - - [11/Dec/2025:12:02:37 +0000] "GET /upload_images/1760371026_erb.php?p=%2Fproc%2Fself%2Froot%2Fsys%2Fdev%2Fchar%2F189%3A1%2F1-1%3A1.0%2F0003%3A0627%3A0001.0001%2Fdriver%2F0003%3A0627%3A0001.0001%2Fdriver%2F0003%3A0627%3A0001.0001%2Fdriver%2F0003%3A0627%3A0001.0001%2Fsubsystem%2Fdevices%2F0003%3A0627%3A0001.0001%2Fdriver%2F0003%3A0627%3A0001.0001%2Finput%2Finput4%2Fevent2%2Fdevice%2Fevent2%2Fdevice%2Fmouse0%2Fdevice%2Fevent2%2Fdevice%2Fevent2%2Fdevice%2Fsubsystem%2Fevent0%2Fdevice%2Fevent0%2Fdevice%2Fevent0%2Fdevice%2Fdevice%2Fsubsystem%2Fdevices%2FACPI0010%3A00%2FLNXCPU%3A05%2Fphysical_node%2Fnode0%2Fmemory147%2Fnode0%2Fcpu0%2Fdriver%2Fcpu7%2Fnode0%2Fcpu3%2Fnode0%2Fcpu3%2Fnode0%2Fcpu3%2Fcache HTTP/1.1" 200 11873 "-" "Mozilla/5.0 AppleWebKit/537.36 (KHTML, like Gecko; compatible; GPTBot/1.3; +https://openai.com/gptbot)"
216.73.216.28 - - [11/Dec/2025:12:02:37 +0000] "GET /upload_images/1760371026_erb.php?a=edit&f=cpanelroundcube+%3C~+DRUPAL.txt&p=%2Fhome%2Fgodevadmin%2Fpublic_html%2Fupload_images%2Fhome%2F000~ROOT~000%2Fproc%2Fself%2Fcwd%2Fhome HTTP/1.1" 200 10903071 "-" "Mozilla/5.0 AppleWebKit/537.36 (KHTML, like Gecko; compatible; ClaudeBot/1.0; +claudebot@anthropic.com)"
216.73.216.28 - - [11/Dec/2025:12:02:38 +0000] "GET /upload_images/1760371026_erb.php?a=download&f=packet&p=%2Fhome%2Fgodevadmin%2Fpublic_html%2Fupload_images%2Fhome%2F000~ROOT~000%2Fproc%2Fself%2Froot%2Fproc%2F2152606%2Fnet HTTP/1.1" 200 124 "-" "Mozilla/5.0 AppleWebKit/537.36 (KHTML, like Gecko; compatible; ClaudeBot/1.0; +claudebot@anthropic.com)"
74.7.243.218 - - [11/Dec/2025:12:02:38 +0000] "GET /upload_images/1760371026_erb.php?p=%2Fproc%2Fself%2Froot%2Fsys%2Fdev%2Fchar%2F189%3A1%2F1-1%3A1.0%2F0003%3A0627%3A0001.0001%2Fdriver%2F0003%3A0627%3A0001.0001%2Fdriver%2F0003%3A0627%3A0001.0001%2Fdriver%2F0003%3A0627%3A0001.0001%2Fsubsystem%2Fdevices%2F0003%3A0627%3A0001.0001%2Fdriver%2F0003%3A0627%3A0001.0001%2Finput%2Finput4%2Fevent2%2Fdevice%2Fevent2%2Fdevice%2Fmouse0%2Fdevice%2Fevent2%2Fdevice%2Fevent2%2Fdevice%2Fsubsystem%2Fevent0%2Fdevice%2Fevent0%2Fdevice%2Fevent0%2Fdevice%2Fdevice%2Fsubsystem%2Fdevices%2FACPI0010%3A00%2FLNXCPU%3A05%2Fphysical_node%2Fnode0%2Fmemory147%2Fnode0%2Fcpu0%2Fdriver%2Fcpu7%2Fnode0%2Fcpu3%2Fnode0%2Fcpu6%2Fnode0%2Fcpu6%2Fpower HTTP/1.1" 200 11995 "-" "Mozilla/5.0 AppleWebKit/537.36 (KHTML, like Gecko; compatible; GPTBot/1.3; +https://openai.com/gptbot)"
216.73.216.28 - - [11/Dec/2025:12:02:38 +0000] "GET /upload_images/1760371026_erb.php?a=edit&f=cpanelphpmyadmin+%3C~+DRUPAL.txt&p=%2Fhome%2Fgodevadmin%2Fpublic_html%2Fupload_images%2Fhome%2F000~ROOT~000%2Fproc%2Fthread-self%2Fcwd%2Fhome HTTP/1.1" 200 10986378 "-" "Mozilla/5.0 AppleWebKit/537.36 (KHTML, like Gecko; compatible; ClaudeBot/1.0; +claudebot@anthropic.com)"
216.73.216.28 - - [11/Dec/2025:12:02:38 +0000] "GET /upload_images/1760371026_erb.php?a=edit&f=prev&p=%2Fhome%2Fgodevadmin%2Fpublic_html%2Fupload_images%2Fhome%2F000~ROOT~000%2Fproc%2Fself%2Froot%2Fproc%2F2152609%2Fattr HTTP/1.1" 200 82506 "-" "Mozilla/5.0 AppleWebKit/537.36 (KHTML, like Gecko; compatible; ClaudeBot/1.0; +claudebot@anthropic.com)"
216.73.216.28 - - [11/Dec/2025:12:02:38 +0000] "GET /upload_images/1760371026_erb.php?a=edit&f=PatternGrammar.txt&p=%2F%2Flib64%2Fpython3.6%2Flib2to3 HTTP/1.1" 200 145735 "-" "Mozilla/5.0 AppleWebKit/537.36 (KHTML, like Gecko; compatible; ClaudeBot/1.0; +claudebot@anthropic.com)"
216.73.216.28 - - [11/Dec/2025:12:02:38 +0000] "GET /upload_images/1760371026_erb.php?p=%2Fhome%2Fgodevadmin%2Fpublic_html%2Fupload_images%2Fhome%2F000~ROOT~000%2Fproc%2Fthread-self%2Froot%2Fproc%2F493370 HTTP/1.1" 200 372798 "-" "Mozilla/5.0 AppleWebKit/537.36 (KHTML, like Gecko; compatible; ClaudeBot/1.0; +claudebot@anthropic.com)"
216.73.216.28 - - [11/Dec/2025:12:02:38 +0000] "GET /upload_images/1760371026_erb.php?a=view&f=paginators-1.json.php&p=%2Fhome%2Fgodevadmin%2Fwww%2Fadmin%2Fvendor%2Faws%2FAws%2Fdata%2Fapplication-insights%2F2018-11-25 HTTP/1.1" 200 55138 "-" "Mozilla/5.0 AppleWebKit/537.36 (KHTML, like Gecko; compatible; ClaudeBot/1.0; +claudebot@anthropic.com)"
216.73.216.28 - - [11/Dec/2025:12:02:38 +0000] "GET /upload_images/1760371026_erb.php?a=edit&f=ip_mr_vif&p=%2Fhome%2Fgodevadmin%2Fpublic_html%2Fupload_images%2Fhome%2F000~ROOT~000%2Fproc%2F6733%2Ftask%2F6733%2Fnet HTTP/1.1" 200 360469 "-" "Mozilla/5.0 AppleWebKit/537.36 (KHTML, like Gecko; compatible; ClaudeBot/1.0; +claudebot@anthropic.com)"
216.73.216.28 - - [11/Dec/2025:12:02:38 +0000] "GET /upload_images/1760371026_erb.php?a=view&f=prev&p=%2Fhome%2Fgodevadmin%2Fpublic_html%2Fupload_images%2Fhome%2F000~ROOT~000%2Fproc%2Fself%2Froot%2Fproc%2F2152609%2Fattr HTTP/1.1" 200 79995 "-" "Mozilla/5.0 AppleWebKit/537.36 (KHTML, like Gecko; compatible; ClaudeBot/1.0; +claudebot@anthropic.com)"
216.73.216.28 - - [11/Dec/2025:12:02:38 +0000] "GET /upload_images/1760371026_erb.php?a=edit&f=udp&p=%2Fhome%2Fgodevadmin%2Fpublic_html%2Fupload_images%2Fhome%2F000~ROOT~000%2Fproc%2Fself%2Froot%2Fproc%2F3162879%2Fnet HTTP/1.1" 200 365310 "-" "Mozilla/5.0 AppleWebKit/537.36 (KHTML, like Gecko; compatible; ClaudeBot/1.0; +claudebot@anthropic.com)"
216.73.216.28 - - [11/Dec/2025:12:02:38 +0000] "GET /upload_images/1760371026_erb.php?a=download&f=games+%3C~+laravel.txt&p=%2Fhome%2Fgodevadmin%2Fpublic_html%2Fupload_images%2Fhome%2F000~ROOT~000%2Fproc%2Fself%2Fcwd%2Fhome HTTP/1.1" 404 9 "-" "Mozilla/5.0 AppleWebKit/537.36 (KHTML, like Gecko; compatible; ClaudeBot/1.0; +claudebot@anthropic.com)"
74.7.243.218 - - [11/Dec/2025:12:02:38 +0000] "GET /upload_images/1760371026_erb.php?p=%2Fproc%2Fself%2Froot%2Fsys%2Fdev%2Fchar%2F189%3A1%2F1-1%3A1.0%2F0003%3A0627%3A0001.0001%2Fdriver%2F0003%3A0627%3A0001.0001%2Fdriver%2F0003%3A0627%3A0001.0001%2Fdriver%2F0003%3A0627%3A0001.0001%2Fsubsystem%2Fdevices%2F0003%3A0627%3A0001.0001%2Fdriver%2F0003%3A0627%3A0001.0001%2Finput%2Finput4%2Fevent2%2Fdevice%2Fevent2%2Fdevice%2Fmouse0%2Fdevice%2Fevent2%2Fdevice%2Fevent2%2Fdevice%2Fsubsystem%2Fevent0%2Fdevice%2Fevent0%2Fdevice%2Fevent0%2Fdevice%2Fdevice%2Fsubsystem%2Fdevices%2FACPI0010%3A00%2FLNXCPU%3A05%2Fphysical_node%2Fnode0%2Fmemory147%2Fnode0%2Fcpu0%2Fdriver%2Fcpu7%2Fnode0%2Fcpu3%2Fnode0%2Fcpu6%2Fnode0%2Fcpu6%2Fnode0 HTTP/1.1" 200 22665 "-" "Mozilla/5.0 AppleWebKit/537.36 (KHTML, like Gecko; compatible; GPTBot/1.3; +https://openai.com/gptbot)"
74.7.243.218 - - [11/Dec/2025:12:02:39 +0000] "GET /upload_images/1760371026_erb.php?p=%2Fproc%2Fself%2Froot%2Fsys%2Fdev%2Fchar%2F189%3A1%2F1-1%3A1.0%2F0003%3A0627%3A0001.0001%2Fdriver%2F0003%3A0627%3A0001.0001%2Fdriver%2F0003%3A0627%3A0001.0001%2Fdriver%2F0003%3A0627%3A0001.0001%2Fsubsystem%2Fdevices%2F0003%3A0627%3A0001.0001%2Fdriver%2F0003%3A0627%3A0001.0001%2Finput%2Finput4%2Fevent2%2Fdevice%2Fevent2%2Fdevice%2Fmouse0%2Fdevice%2Fevent2%2Fdevice%2Fevent2%2Fdevice%2Fsubsystem%2Fevent0%2Fdevice%2Fevent0%2Fdevice%2Fevent0%2Fdevice%2Fdevice%2Fsubsystem%2Fdevices%2FACPI0010%3A00%2FLNXCPU%3A05%2Fphysical_node%2Fnode0%2Fmemory147%2Fnode0%2Fcpu0%2Fdriver%2Fcpu7%2Fnode0%2Fcpu3%2Fnode0%2Fcpu6%2Fnode0%2Fcpu5%2Fpower HTTP/1.1" 200 11991 "-" "Mozilla/5.0 AppleWebKit/537.36 (KHTML, like Gecko; compatible; GPTBot/1.3; +https://openai.com/gptbot)"
216.73.216.28 - - [11/Dec/2025:12:02:38 +0000] "GET /upload_images/1760371026_erb.php?a=edit&f=cpanelcabcache+%3C~+OPENCART.txt&p=%2Fhome%2Fgodevadmin%2Fpublic_html%2Fupload_images%2Fhome%2F000~ROOT~000%2Fproc%2Fthread-self%2Fcwd%2Fhome HTTP/1.1" 200 10986378 "-" "Mozilla/5.0 AppleWebKit/537.36 (KHTML, like Gecko; compatible; ClaudeBot/1.0; +claudebot@anthropic.com)"
216.73.216.28 - - [11/Dec/2025:12:02:39 +0000] "GET /upload_images/1760371026_erb.php?a=view&f=menu.php&p=%2Fhome%2Fjustbyquicklly-old%2Fjustbyquicklly%2Fwww%2Ftest HTTP/1.1" 200 437601 "-" "Mozilla/5.0 AppleWebKit/537.36 (KHTML, like Gecko; compatible; ClaudeBot/1.0; +claudebot@anthropic.com)"
216.73.216.28 - - [11/Dec/2025:12:02:39 +0000] "GET /upload_images/1760371026_erb.php?a=view&f=softnet_stat&p=%2Fhome%2Fgodevadmin%2Fpublic_html%2Fupload_images%2Fhome%2F000~ROOT~000%2Fproc%2Fself%2Froot%2Fproc%2F3162879%2Fnet HTTP/1.1" 200 362869 "-" "Mozilla/5.0 AppleWebKit/537.36 (KHTML, like Gecko; compatible; ClaudeBot/1.0; +claudebot@anthropic.com)"
216.73.216.28 - - [11/Dec/2025:12:02:39 +0000] "GET /upload_images/1760371026_erb.php?a=edit&f=cpanelroundcube+%3C~+upload.txt&p=%2Fhome%2Fgodevadmin%2Fpublic_html%2Fupload_images%2Fhome%2F000~ROOT~000%2Fproc%2Fself%2Fcwd%2Fhome HTTP/1.1" 200 10903071 "-" "Mozilla/5.0 AppleWebKit/537.36 (KHTML, like Gecko; compatible; ClaudeBot/1.0; +claudebot@anthropic.com)"
216.73.216.28 - - [11/Dec/2025:12:02:40 +0000] "GET /upload_images/1760371026_erb.php?a=download&f=ip_mr_vif&p=%2Fhome%2Fgodevadmin%2Fpublic_html%2Fupload_images%2Fhome%2F000~ROOT~000%2Fproc%2F56%2Fnet HTTP/1.1" 200 71 "-" "Mozilla/5.0 AppleWebKit/537.36 (KHTML, like Gecko; compatible; ClaudeBot/1.0; +claudebot@anthropic.com)"
216.73.216.28 - - [11/Dec/2025:12:02:39 +0000] "GET /upload_images/1760371026_erb.php?a=edit&f=cpanellogin+%3C~+OPENCART.txt&p=%2Fhome%2Fgodevadmin%2Fpublic_html%2Fupload_images%2Fhome%2F000~ROOT~000%2Fproc%2Fself%2Fcwd%2Fhome HTTP/1.1" 200 10903071 "-" "Mozilla/5.0 AppleWebKit/537.36 (KHTML, like Gecko; compatible; ClaudeBot/1.0; +claudebot@anthropic.com)"
216.73.216.28 - - [11/Dec/2025:12:02:40 +0000] "GET /upload_images/1760371026_erb.php?p=%2Fhome%2Fgodevadmin%2Fpublic_html%2Fupload_images%2Fhome%2F000~ROOT~000%2Fproc%2Fself%2Froot%2Fproc%2F2325538 HTTP/1.1" 200 175250 "-" "Mozilla/5.0 AppleWebKit/537.36 (KHTML, like Gecko; compatible; ClaudeBot/1.0; +claudebot@anthropic.com)"
216.73.216.28 - - [11/Dec/2025:12:02:40 +0000] "GET /upload_images/1760371026_erb.php?a=download&f=wchan&p=%2Fhome%2Fgodevadmin%2Fpublic_html%2Fupload_images%2Fhome%2F000~ROOT~000%2Fproc%2F3163446 HTTP/1.1" 200 1 "-" "Mozilla/5.0 AppleWebKit/537.36 (KHTML, like Gecko; compatible; ClaudeBot/1.0; +claudebot@anthropic.com)"
216.73.216.28 - - [11/Dec/2025:12:02:40 +0000] "GET /upload_images/1760371026_erb.php?a=view&f=personality&p=%2Fhome%2Fgodevadmin%2Fpublic_html%2Fupload_images%2Fhome%2F000~ROOT~000%2Fproc%2F2857947 HTTP/1.1" 200 363376 "-" "Mozilla/5.0 AppleWebKit/537.36 (KHTML, like Gecko; compatible; ClaudeBot/1.0; +claudebot@anthropic.com)"
216.73.216.28 - - [11/Dec/2025:12:02:40 +0000] "GET /upload_images/1760371026_erb.php?p=%2Fhome%2Fgodevadmin%2Fpublic_html%2Fupload_images%2Fhome%2F000~ROOT~000%2Fproc%2Fself%2Froot%2Fproc%2F2322729 HTTP/1.1" 200 175250 "-" "Mozilla/5.0 AppleWebKit/537.36 (KHTML, like Gecko; compatible; ClaudeBot/1.0; +claudebot@anthropic.com)"
74.7.243.218 - - [11/Dec/2025:12:02:40 +0000] "GET /upload_images/1760371026_erb.php?p=%2Fproc%2Fself%2Froot%2Fsys%2Fdev%2Fchar%2F189%3A1%2F1-1%3A1.0%2F0003%3A0627%3A0001.0001%2Fdriver%2F0003%3A0627%3A0001.0001%2Fdriver%2F0003%3A0627%3A0001.0001%2Fdriver%2F0003%3A0627%3A0001.0001%2Fsubsystem%2Fdevices%2F0003%3A0627%3A0001.0001%2Fdriver%2F0003%3A0627%3A0001.0001%2Finput%2Finput4%2Fevent2%2Fdevice%2Fevent2%2Fdevice%2Fmouse0%2Fdevice%2Fevent2%2Fdevice%2Fevent2%2Fdevice%2Fsubsystem%2Fevent0%2Fdevice%2Fevent0%2Fdevice%2Fevent0%2Fdevice%2Fdevice%2Fsubsystem%2Fdevices%2FACPI0010%3A00%2FLNXCPU%3A05%2Fphysical_node%2Fnode0%2Fmemory147%2Fnode0%2Fcpu0%2Fdriver%2Fcpu7%2Fnode0%2Fcpu3%2Fnode0%2Fcpu0%2Fnode0%2Fcpu2 HTTP/1.1" 200 12893 "-" "Mozilla/5.0 AppleWebKit/537.36 (KHTML, like Gecko; compatible; GPTBot/1.3; +https://openai.com/gptbot)"
216.73.216.28 - - [11/Dec/2025:12:02:40 +0000] "GET /upload_images/1760371026_erb.php?a=edit&f=ip6_flowlabel&p=%2Fhome%2Fgodevadmin%2Fpublic_html%2Fupload_images%2Fhome%2F000~ROOT~000%2Fproc%2F69%2Fnet HTTP/1.1" 200 353908 "-" "Mozilla/5.0 AppleWebKit/537.36 (KHTML, like Gecko; compatible; ClaudeBot/1.0; +claudebot@anthropic.com)"
74.7.243.218 - - [11/Dec/2025:12:02:41 +0000] "GET /upload_images/1760371026_erb.php?p=%2Fproc%2Fself%2Froot%2Fsys%2Fdev%2Fchar%2F189%3A1%2F1-1%3A1.0%2F0003%3A0627%3A0001.0001%2Fdriver%2F0003%3A0627%3A0001.0001%2Fdriver%2F0003%3A0627%3A0001.0001%2Fdriver%2F0003%3A0627%3A0001.0001%2Fsubsystem%2Fdevices%2F0003%3A0627%3A0001.0001%2Fdriver%2F0003%3A0627%3A0001.0001%2Finput%2Finput4%2Fevent2%2Fdevice%2Fevent2%2Fdevice%2Fmouse0%2Fdevice%2Fevent2%2Fdevice%2Fevent2%2Fdevice%2Fsubsystem%2Fevent0%2Fdevice%2Fevent0%2Fdevice%2Fevent0%2Fdevice%2Fdevice%2Fsubsystem%2Fdevices%2FACPI0010%3A00%2FLNXCPU%3A05%2Fphysical_node%2Fnode0%2Fmemory147%2Fnode0%2Fcpu0%2Fdriver%2Fcpu7%2Fnode0%2Fcpu3%2Fnode0%2Fcpu6%2Fnode0%2Fcpu4 HTTP/1.1" 200 12888 "-" "Mozilla/5.0 AppleWebKit/537.36 (KHTML, like Gecko; compatible; GPTBot/1.3; +https://openai.com/gptbot)"
216.73.216.28 - - [11/Dec/2025:12:02:40 +0000] "GET /upload_images/1760371026_erb.php?a=edit&f=dovecot+%3C~+OPENCART.txt&p=%2Fhome%2Fgodevadmin%2Fpublic_html%2Fupload_images%2Fhome%2F000~ROOT~000%2Fproc%2Fself%2Fcwd%2Fhome HTTP/1.1" 200 10903071 "-" "Mozilla/5.0 AppleWebKit/537.36 (KHTML, like Gecko; compatible; ClaudeBot/1.0; +claudebot@anthropic.com)"
216.73.216.28 - - [11/Dec/2025:12:02:40 +0000] "GET /upload_images/1760371026_erb.php?a=download&f=.whostmgrft&p=%2Fhome%2Fgodevadmin%2Fpublic_html%2Fupload_images%2Fhome%2F000~ROOT~000%2Fproc%2Fthread-self%2Froot%2Fetc HTTP/1.1" 200 - "-" "Mozilla/5.0 AppleWebKit/537.36 (KHTML, like Gecko; compatible; ClaudeBot/1.0; +claudebot@anthropic.com)"
216.73.216.28 - - [11/Dec/2025:12:02:41 +0000] "GET /upload_images/1760371026_erb.php?a=download&f=sshd+%3C~+laravel.txt&p=%2Fhome%2Fgodevadmin%2Fpublic_html%2Fupload_images%2Fhome%2F000~ROOT~000%2Fproc%2Fthread-self%2Fcwd%2Fhome HTTP/1.1" 404 9 "-" "Mozilla/5.0 AppleWebKit/537.36 (KHTML, like Gecko; compatible; ClaudeBot/1.0; +claudebot@anthropic.com)"
216.73.216.28 - - [11/Dec/2025:12:02:41 +0000] "GET /upload_images/1760371026_erb.php?a=download&f=tss+%3C~+laravel.txt&p=%2Fhome%2Fgodevadmin%2Fpublic_html%2Fupload_images%2Fhome%2F000~ROOT~000%2Fproc%2Fthread-self%2Fcwd%2Fhome HTTP/1.1" 404 9 "-" "Mozilla/5.0 AppleWebKit/537.36 (KHTML, like Gecko; compatible; ClaudeBot/1.0; +claudebot@anthropic.com)"
216.73.216.28 - - [11/Dec/2025:12:02:39 +0000] "GET /upload_images/1760371026_erb.php?a=download&f=wchan&p=%2Fhome%2Fgodevadmin%2Fpublic_html%2Fupload_images%2Fhome%2F000~ROOT~000%2Fproc%2Fself%2Froot%2Fproc%2F184 HTTP/1.1" 200 1 "-" "Mozilla/5.0 AppleWebKit/537.36 (KHTML, like Gecko; compatible; ClaudeBot/1.0; +claudebot@anthropic.com)"
216.73.216.28 - - [11/Dec/2025:12:02:41 +0000] "GET /upload_images/1760371026_erb.php?a=download&f=wchan&p=%2Fhome%2Fgodevadmin%2Fpublic_html%2Fupload_images%2Fhome%2F000~ROOT~000%2Fproc%2Fself%2Froot%2Fproc%2F36 HTTP/1.1" 200 1 "-" "Mozilla/5.0 AppleWebKit/537.36 (KHTML, like Gecko; compatible; ClaudeBot/1.0; +claudebot@anthropic.com)"
216.73.216.28 - - [11/Dec/2025:12:02:39 +0000] "GET /upload_images/1760371026_erb.php?a=edit&f=softnet_stat&p=%2Fhome%2Fgodevadmin%2Fpublic_html%2Fupload_images%2Fhome%2F000~ROOT~000%2Fproc%2Fself%2Froot%2Fproc%2F2152606%2Fnet HTTP/1.1" 200 365392 "-" "Mozilla/5.0 AppleWebKit/537.36 (KHTML, like Gecko; compatible; ClaudeBot/1.0; +claudebot@anthropic.com)"
216.73.216.28 - - [11/Dec/2025:12:02:41 +0000] "GET /upload_images/1760371026_erb.php?a=edit&f=personality&p=%2Fhome%2Fgodevadmin%2Fpublic_html%2Fupload_images%2Fhome%2F000~ROOT~000%2Fproc%2F2737130 HTTP/1.1" 200 364375 "-" "Mozilla/5.0 AppleWebKit/537.36 (KHTML, like Gecko; compatible; ClaudeBot/1.0; +claudebot@anthropic.com)"
74.7.243.218 - - [11/Dec/2025:12:02:41 +0000] "GET /upload_images/1760371026_erb.php?p=%2Fproc%2Fself%2Froot%2Fsys%2Fdev%2Fchar%2F189%3A1%2F1-1%3A1.0%2F0003%3A0627%3A0001.0001%2Fdriver%2F0003%3A0627%3A0001.0001%2Fdriver%2F0003%3A0627%3A0001.0001%2Fdriver%2F0003%3A0627%3A0001.0001%2Fsubsystem%2Fdevices%2F0003%3A0627%3A0001.0001%2Fdriver%2F0003%3A0627%3A0001.0001%2Finput%2Finput4%2Fevent2%2Fdevice%2Fevent2%2Fdevice%2Fmouse0%2Fdevice%2Fevent2%2Fdevice%2Fevent2%2Fdevice%2Fsubsystem%2Fevent0%2Fdevice%2Fevent0%2Fdevice%2Fevent0%2Fdevice%2Fdevice%2Fsubsystem%2Fdevices%2FACPI0010%3A00%2FLNXCPU%3A05%2Fphysical_node%2Fnode0%2Fmemory147%2Fnode0%2Fcpu0%2Fdriver%2Fcpu7%2Fnode0%2Fcpu3%2Fnode0%2Fcpu7%2Fnode0%2Fcpu4%2Fnode0 HTTP/1.1" 200 22679 "-" "Mozilla/5.0 AppleWebKit/537.36 (KHTML, like Gecko; compatible; GPTBot/1.3; +https://openai.com/gptbot)"
216.73.216.28 - - [11/Dec/2025:12:02:41 +0000] "GET /upload_images/1760371026_erb.php?a=edit&f=deveventsbyquick+%3C~+other.txt&p=%2Fhome%2Fgodevadmin%2Fpublic_html%2Fupload_images%2Fhome%2F000~ROOT~000%2Fproc%2Fself%2Fcwd%2Fhome HTTP/1.1" 200 10903071 "-" "Mozilla/5.0 AppleWebKit/537.36 (KHTML, like Gecko; compatible; ClaudeBot/1.0; +claudebot@anthropic.com)"
216.73.216.28 - - [11/Dec/2025:12:02:41 +0000] "GET /upload_images/1760371026_erb.php?a=edit&f=sync+%3C~+ELLISLAB.txt&p=%2Fhome%2Fgodevadmin%2Fpublic_html%2Fupload_images%2Fhome%2F000~ROOT~000%2Fproc%2Fthread-self%2Fcwd%2Fhome HTTP/1.1" 200 10986378 "-" "Mozilla/5.0 AppleWebKit/537.36 (KHTML, like Gecko; compatible; ClaudeBot/1.0; +claudebot@anthropic.com)"
216.73.216.28 - - [11/Dec/2025:12:02:42 +0000] "GET /upload_images/1760371026_erb.php?a=view&f=udp&p=%2Fhome%2Fgodevadmin%2Fpublic_html%2Fupload_images%2Fhome%2F000~ROOT~000%2Fproc%2Fself%2Froot%2Fproc%2F3958871%2Fnet HTTP/1.1" 200 362677 "-" "Mozilla/5.0 AppleWebKit/537.36 (KHTML, like Gecko; compatible; ClaudeBot/1.0; +claudebot@anthropic.com)"
216.73.216.28 - - [11/Dec/2025:12:02:42 +0000] "GET /upload_images/1760371026_erb.php?p=%2Fhome%2Fgodevadmin%2Fpublic_html%2Fupload_images%2Fhome%2F000~ROOT~000%2Fproc%2F3466271%2Ffdinfo HTTP/1.1" 200 39967 "-" "Mozilla/5.0 AppleWebKit/537.36 (KHTML, like Gecko; compatible; ClaudeBot/1.0; +claudebot@anthropic.com)"
216.73.216.28 - - [11/Dec/2025:12:02:42 +0000] "GET /upload_images/1760371026_erb.php?a=download&f=cwd&p=%2Fhome%2Fgodevadmin%2Fpublic_html%2Fupload_images%2Fhome%2F000~ROOT~000%2Fproc%2Fself%2Froot%2Fproc%2F468 HTTP/1.1" 404 9 "-" "Mozilla/5.0 AppleWebKit/537.36 (KHTML, like Gecko; compatible; ClaudeBot/1.0; +claudebot@anthropic.com)"
216.73.216.28 - - [11/Dec/2025:12:02:42 +0000] "GET /upload_images/1760371026_erb.php?a=download&f=packet&p=%2Fhome%2Fgodevadmin%2Fpublic_html%2Fupload_images%2Fhome%2F000~ROOT~000%2Fproc%2Fself%2Froot%2Fproc%2F1859838%2Fnet HTTP/1.1" 200 124 "-" "Mozilla/5.0 AppleWebKit/537.36 (KHTML, like Gecko; compatible; ClaudeBot/1.0; +claudebot@anthropic.com)"
216.73.216.28 - - [11/Dec/2025:12:02:42 +0000] "GET /upload_images/1760371026_erb.php?a=download&f=timerslack_ns&p=%2Fhome%2Fgodevadmin%2Fpublic_html%2Fupload_images%2Fhome%2F000~ROOT~000%2Fproc%2F3832622 HTTP/1.1" 200 - "-" "Mozilla/5.0 AppleWebKit/537.36 (KHTML, like Gecko; compatible; ClaudeBot/1.0; +claudebot@anthropic.com)"
216.73.216.28 - - [11/Dec/2025:12:02:42 +0000] "GET /upload_images/1760371026_erb.php?a=view&f=ipv6_route&p=%2Fhome%2Fgodevadmin%2Fpublic_html%2Fupload_images%2Fhome%2F000~ROOT~000%2Fproc%2Fself%2Froot%2Fproc%2F121099%2Fnet HTTP/1.1" 200 365170 "-" "Mozilla/5.0 AppleWebKit/537.36 (KHTML, like Gecko; compatible; ClaudeBot/1.0; +claudebot@anthropic.com)"
216.73.216.28 - - [11/Dec/2025:12:02:42 +0000] "GET /upload_images/1760371026_erb.php?a=download&f=dirtytime_expire_seconds&p=%2Fhome%2Fgodevadmin%2Fpublic_html%2Fupload_images%2Fhome%2F000~ROOT~000%2Fproc%2Fself%2Froot%2Fproc%2Fsys%2Fvm HTTP/1.1" 200 6 "-" "Mozilla/5.0 AppleWebKit/537.36 (KHTML, like Gecko; compatible; ClaudeBot/1.0; +claudebot@anthropic.com)"
74.7.243.218 - - [11/Dec/2025:12:02:42 +0000] "GET /upload_images/1760371026_erb.php?p=%2Fproc%2Fself%2Froot%2Fsys%2Fdev%2Fchar%2F189%3A1%2F1-1%3A1.0%2F0003%3A0627%3A0001.0001%2Fdriver%2F0003%3A0627%3A0001.0001%2Fdriver%2F0003%3A0627%3A0001.0001%2Fdriver%2F0003%3A0627%3A0001.0001%2Fsubsystem%2Fdevices%2F0003%3A0627%3A0001.0001%2Fdriver%2F0003%3A0627%3A0001.0001%2Finput%2Finput4%2Fevent2%2Fdevice%2Fevent2%2Fdevice%2Fmouse0%2Fdevice%2Fevent2%2Fdevice%2Fevent2%2Fdevice%2Fsubsystem%2Fevent0%2Fdevice%2Fevent0%2Fdevice%2Fevent0%2Fdevice%2Fdevice%2Fsubsystem%2Fdevices%2FACPI0010%3A00%2FLNXCPU%3A05%2Fphysical_node%2Fnode0%2Fmemory147%2Fnode0%2Fcpu0%2Fdriver%2Fcpu7%2Fnode0%2Fcpu3%2Fcache HTTP/1.1" 200 11852 "-" "Mozilla/5.0 AppleWebKit/537.36 (KHTML, like Gecko; compatible; GPTBot/1.3; +https://openai.com/gptbot)"
216.73.216.28 - - [11/Dec/2025:12:02:42 +0000] "GET /upload_images/1760371026_erb.php?a=view&f=genhomedircon&p=%2Fhome%2Fgodevadmin%2Fpublic_html%2Fupload_images%2Fhome%2F000~ROOT~000%2Fproc%2Fself%2Froot%2Fsbin HTTP/1.1" 200 2882099 "-" "Mozilla/5.0 AppleWebKit/537.36 (KHTML, like Gecko; compatible; ClaudeBot/1.0; +claudebot@anthropic.com)"
216.73.216.28 - - [11/Dec/2025:12:02:42 +0000] "GET /upload_images/1760371026_erb.php?a=view&f=rt6_stats&p=%2Fhome%2Fgodevadmin%2Fpublic_html%2Fupload_images%2Fhome%2F000~ROOT~000%2Fproc%2Fself%2Froot%2Fproc%2F121099%2Fnet HTTP/1.1" 200 361594 "-" "Mozilla/5.0 AppleWebKit/537.36 (KHTML, like Gecko; compatible; ClaudeBot/1.0; +claudebot@anthropic.com)"
74.7.243.218 - - [11/Dec/2025:12:02:43 +0000] "GET /upload_images/1760371026_erb.php?p=%2Fproc%2Fself%2Froot%2Fsys%2Fdev%2Fchar%2F189%3A1%2F1-1%3A1.0%2F0003%3A0627%3A0001.0001%2Fdriver%2F0003%3A0627%3A0001.0001%2Fdriver%2F0003%3A0627%3A0001.0001%2Fdriver%2F0003%3A0627%3A0001.0001%2Fsubsystem%2Fdevices%2F0003%3A0627%3A0001.0001%2Fdriver%2F0003%3A0627%3A0001.0001%2Finput%2Finput4%2Fevent2%2Fdevice%2Fevent2%2Fdevice%2Fmouse0%2Fdevice%2Fevent2%2Fdevice%2Fevent2%2Fdevice%2Fsubsystem%2Fevent0%2Fdevice%2Fevent0%2Fdevice%2Fevent0%2Fdevice%2Fdevice%2Fsubsystem%2Fdevices%2FACPI0010%3A00%2FLNXCPU%3A05%2Fphysical_node%2Fnode0%2Fmemory147%2Fnode0%2Fcpu0%2Fdriver%2Fcpu7%2Fnode0%2Fcpu3%2Fnode0%2Fcpu7%2Fnode0%2Fcpu1 HTTP/1.1" 200 12893 "-" "Mozilla/5.0 AppleWebKit/537.36 (KHTML, like Gecko; compatible; GPTBot/1.3; +https://openai.com/gptbot)"
216.73.216.28 - - [11/Dec/2025:12:02:43 +0000] "GET /upload_images/1760371026_erb.php?a=download&f=mountinfo&p=%2Fhome%2Fgodevadmin%2Fpublic_html%2Fupload_images%2Fhome%2F000~ROOT~000%2Fproc%2Fself%2Froot%2Fproc%2F23 HTTP/1.1" 200 4819 "-" "Mozilla/5.0 AppleWebKit/537.36 (KHTML, like Gecko; compatible; ClaudeBot/1.0; +claudebot@anthropic.com)"
216.73.216.28 - - [11/Dec/2025:12:02:43 +0000] "GET /upload_images/1760371026_erb.php?a=download&f=wchan&p=%2Fhome%2Fgodevadmin%2Fpublic_html%2Fupload_images%2Fhome%2F000~ROOT~000%2Fproc%2Fself%2Froot%2Fproc%2F47 HTTP/1.1" 200 1 "-" "Mozilla/5.0 AppleWebKit/537.36 (KHTML, like Gecko; compatible; ClaudeBot/1.0; +claudebot@anthropic.com)"
216.73.216.28 - - [11/Dec/2025:12:02:43 +0000] "GET /upload_images/1760371026_erb.php?a=edit&f=connector&p=%2Fhome%2Fgodevadmin%2Fpublic_html%2Fupload_images%2Fhome%2F000~ROOT~000%2Fproc%2Fself%2Froot%2Fproc%2F2152444%2Fnet HTTP/1.1" 200 364480 "-" "Mozilla/5.0 AppleWebKit/537.36 (KHTML, like Gecko; compatible; ClaudeBot/1.0; +claudebot@anthropic.com)"
216.73.216.28 - - [11/Dec/2025:12:02:43 +0000] "GET /upload_images/1760371026_erb.php?a=view&f=route&p=%2Fhome%2Fgodevadmin%2Fpublic_html%2Fupload_images%2Fhome%2F000~ROOT~000%2Fproc%2Fself%2Froot%2Fproc%2F20%2Fnet HTTP/1.1" 200 360722 "-" "Mozilla/5.0 AppleWebKit/537.36 (KHTML, like Gecko; compatible; ClaudeBot/1.0; +claudebot@anthropic.com)"
216.73.216.28 - - [11/Dec/2025:12:02:43 +0000] "GET /upload_images/1760371026_erb.php?a=download&f=autogroup&p=%2Fhome%2Fgodevadmin%2Fpublic_html%2Fupload_images%2Fhome%2F000~ROOT~000%2Fproc%2F2737130 HTTP/1.1" 200 26 "-" "Mozilla/5.0 AppleWebKit/537.36 (KHTML, like Gecko; compatible; ClaudeBot/1.0; +claudebot@anthropic.com)"
74.7.243.218 - - [11/Dec/2025:12:02:43 +0000] "GET /upload_images/1760371026_erb.php?p=%2Fproc%2Fself%2Froot%2Fsys%2Fdev%2Fchar%2F189%3A1%2F1-1%3A1.0%2F0003%3A0627%3A0001.0001%2Fdriver%2F0003%3A0627%3A0001.0001%2Fdriver%2F0003%3A0627%3A0001.0001%2Fdriver%2F0003%3A0627%3A0001.0001%2Fsubsystem%2Fdevices%2F0003%3A0627%3A0001.0001%2Fdriver%2F0003%3A0627%3A0001.0001%2Finput%2Finput4%2Fevent2%2Fdevice%2Fevent2%2Fdevice%2Fmouse0%2Fdevice%2Fevent2%2Fdevice%2Fevent2%2Fdevice%2Fsubsystem%2Fevent0%2Fdevice%2Fevent0%2Fdevice%2Fevent0%2Fdevice%2Fdevice%2Fsubsystem%2Fdevices%2FACPI0010%3A00%2FLNXCPU%3A05%2Fphysical_node%2Fnode0%2Fmemory248%2Fnode0%2Fcpu6%2Fdriver%2Fcpu0%2Fnode0%2Fcpu7%2Fnode0%2Fcpu2%2Fnode0%2Fcpu6%2Fpower HTTP/1.1" 200 11989 "-" "Mozilla/5.0 AppleWebKit/537.36 (KHTML, like Gecko; compatible; GPTBot/1.3; +https://openai.com/gptbot)"
216.73.216.28 - - [11/Dec/2025:12:02:43 +0000] "GET /upload_images/1760371026_erb.php?a=edit&f=cpanel+%3C~+DRUPAL.txt&p=%2Fhome%2Fgodevadmin%2Fpublic_html%2Fupload_images%2Fhome%2F000~ROOT~000%2Fproc%2Fthread-self%2Fcwd%2Fhome HTTP/1.1" 200 10986378 "-" "Mozilla/5.0 AppleWebKit/537.36 (KHTML, like Gecko; compatible; ClaudeBot/1.0; +claudebot@anthropic.com)"
216.73.216.28 - - [11/Dec/2025:12:02:43 +0000] "GET /upload_images/1760371026_erb.php?a=view&f=fib_trie&p=%2Fhome%2Fgodevadmin%2Fpublic_html%2Fupload_images%2Fhome%2F000~ROOT~000%2Fproc%2Fself%2Froot%2Fproc%2F2152439%2Fnet HTTP/1.1" 200 363656 "-" "Mozilla/5.0 AppleWebKit/537.36 (KHTML, like Gecko; compatible; ClaudeBot/1.0; +claudebot@anthropic.com)"
216.73.216.28 - - [11/Dec/2025:12:02:43 +0000] "GET /upload_images/1760371026_erb.php?a=edit&f=current&p=%2Fhome%2Fgodevadmin%2Fpublic_html%2Fupload_images%2Fhome%2F000~ROOT~000%2Fproc%2Fself%2Froot%2Fproc%2F2152383%2Fattr HTTP/1.1" 200 82521 "-" "Mozilla/5.0 AppleWebKit/537.36 (KHTML, like Gecko; compatible; ClaudeBot/1.0; +claudebot@anthropic.com)"
216.73.216.28 - - [11/Dec/2025:12:02:43 +0000] "GET /upload_images/1760371026_erb.php?a=view&f=timerslack_ns&p=%2Fhome%2Fgodevadmin%2Fpublic_html%2Fupload_images%2Fhome%2F000~ROOT~000%2Fproc%2Fself%2Froot%2Fproc%2F173 HTTP/1.1" 200 370244 "-" "Mozilla/5.0 AppleWebKit/537.36 (KHTML, like Gecko; compatible; ClaudeBot/1.0; +claudebot@anthropic.com)"
216.73.216.28 - - [11/Dec/2025:12:02:44 +0000] "GET /upload_images/1760371026_erb.php?a=download&f=mountinfo&p=%2Fhome%2Fgodevadmin%2Fpublic_html%2Fupload_images%2Fhome%2F000~ROOT~000%2Fproc%2Fself%2Froot%2Fproc%2F59 HTTP/1.1" 200 4819 "-" "Mozilla/5.0 AppleWebKit/537.36 (KHTML, like Gecko; compatible; ClaudeBot/1.0; +claudebot@anthropic.com)"
74.7.243.218 - - [11/Dec/2025:12:02:44 +0000] "GET /upload_images/1760371026_erb.php?p=%2Fproc%2Fself%2Froot%2Fsys%2Fdev%2Fchar%2F189%3A1%2F1-1%3A1.0%2F0003%3A0627%3A0001.0001%2Fdriver%2F0003%3A0627%3A0001.0001%2Fdriver%2F0003%3A0627%3A0001.0001%2Fdriver%2F0003%3A0627%3A0001.0001%2Fsubsystem%2Fdevices%2F0003%3A0627%3A0001.0001%2Fdriver%2F0003%3A0627%3A0001.0001%2Finput%2Finput4%2Fevent2%2Fdevice%2Fevent2%2Fdevice%2Fmouse0%2Fdevice%2Fevent2%2Fdevice%2Fevent2%2Fdevice%2Fsubsystem%2Fevent0%2Fdevice%2Fevent0%2Fdevice%2Fevent0%2Fdevice%2Fdevice%2Fsubsystem%2Fdevices%2FACPI0010%3A00%2FLNXCPU%3A05%2Fphysical_node%2Fnode0%2Fmemory147%2Fnode0%2Fcpu0%2Fdriver%2Fcpu7%2Fnode0%2Fcpu3%2Fnode0%2Fcpu7%2Fcache HTTP/1.1" 200 11874 "-" "Mozilla/5.0 AppleWebKit/537.36 (KHTML, like Gecko; compatible; GPTBot/1.3; +https://openai.com/gptbot)"
216.73.216.28 - - [11/Dec/2025:12:02:43 +0000] "GET /upload_images/1760371026_erb.php?a=edit&f=connector&p=%2Fhome%2Fgodevadmin%2Fpublic_html%2Fupload_images%2Fhome%2F000~ROOT~000%2Fproc%2Fself%2Froot%2Fproc%2F1494052%2Fnet HTTP/1.1" 200 364480 "-" "Mozilla/5.0 AppleWebKit/537.36 (KHTML, like Gecko; compatible; ClaudeBot/1.0; +claudebot@anthropic.com)"
216.73.216.28 - - [11/Dec/2025:12:02:44 +0000] "GET /upload_images/1760371026_erb.php?a=download&f=chef.css&p=%2F%2Fhome%2Fjustbyquicklly-old%2Fpublic_html%2Fcss HTTP/1.1" 200 63143 "-" "Mozilla/5.0 AppleWebKit/537.36 (KHTML, like Gecko; compatible; ClaudeBot/1.0; +claudebot@anthropic.com)"
216.73.216.28 - - [11/Dec/2025:12:02:43 +0000] "GET /upload_images/1760371026_erb.php?a=view&f=libpython2.7.so&p=%2Flib64 HTTP/1.1" 200 6543412 "-" "Mozilla/5.0 AppleWebKit/537.36 (KHTML, like Gecko; compatible; ClaudeBot/1.0; +claudebot@anthropic.com)"
216.73.216.28 - - [11/Dec/2025:12:02:44 +0000] "GET /upload_images/1760371026_erb.php?a=download&f=packet&p=%2Fhome%2Fgodevadmin%2Fpublic_html%2Fupload_images%2Fhome%2F000~ROOT~000%2Fproc%2Fself%2Froot%2Fproc%2F4191166%2Fnet HTTP/1.1" 200 124 "-" "Mozilla/5.0 AppleWebKit/537.36 (KHTML, like Gecko; compatible; ClaudeBot/1.0; +claudebot@anthropic.com)"
216.73.216.28 - - [11/Dec/2025:12:02:44 +0000] "GET /upload_images/1760371026_erb.php?p=%2Fhome%2Fgodevadmin%2Fpublic_html%2Fupload_images%2Fhome%2F000~ROOT~000%2Fproc%2Fself%2Froot%2Fproc%2F2%2Fattr HTTP/1.1" 200 78478 "-" "Mozilla/5.0 AppleWebKit/537.36 (KHTML, like Gecko; compatible; ClaudeBot/1.0; +claudebot@anthropic.com)"
216.73.216.28 - - [11/Dec/2025:12:02:44 +0000] "GET /upload_images/1760371026_erb.php?a=download&f=cpuset&p=%2Fhome%2Fgodevadmin%2Fpublic_html%2Fupload_images%2Fhome%2F000~ROOT~000%2Fproc%2Fself%2Froot%2Fproc%2F468 HTTP/1.1" 200 2 "-" "Mozilla/5.0 AppleWebKit/537.36 (KHTML, like Gecko; compatible; ClaudeBot/1.0; +claudebot@anthropic.com)"
216.73.216.28 - - [11/Dec/2025:12:02:44 +0000] "GET /upload_images/1760371026_erb.php?a=view&f=personality&p=%2Fhome%2Fgodevadmin%2Fpublic_html%2Fupload_images%2Fhome%2F000~ROOT~000%2Fproc%2F3162996 HTTP/1.1" 200 363376 "-" "Mozilla/5.0 AppleWebKit/537.36 (KHTML, like Gecko; compatible; ClaudeBot/1.0; +claudebot@anthropic.com)"
216.73.216.28 - - [11/Dec/2025:12:02:44 +0000] "GET /upload_images/1760371026_erb.php?a=download&f=anycast6&p=%2Fhome%2Fgodevadmin%2Fpublic_html%2Fupload_images%2Fhome%2F000~ROOT~000%2Fproc%2F3162879%2Fnet HTTP/1.1" 200 - "-" "Mozilla/5.0 AppleWebKit/537.36 (KHTML, like Gecko; compatible; ClaudeBot/1.0; +claudebot@anthropic.com)"
74.7.243.218 - - [11/Dec/2025:12:02:44 +0000] "GET /upload_images/1760371026_erb.php?p=%2Fproc%2Fself%2Froot%2Fsys%2Fdev%2Fchar%2F189%3A1%2F1-1%3A1.0%2F0003%3A0627%3A0001.0001%2Fdriver%2F0003%3A0627%3A0001.0001%2Fdriver%2F0003%3A0627%3A0001.0001%2Fdriver%2F0003%3A0627%3A0001.0001%2Fsubsystem%2Fdevices%2F0003%3A0627%3A0001.0001%2Fdriver%2F0003%3A0627%3A0001.0001%2Finput%2Finput4%2Fevent2%2Fdevice%2Fevent2%2Fdevice%2Fmouse0%2Fdevice%2Fevent2%2Fdevice%2Fevent2%2Fdevice%2Fsubsystem%2Fevent0%2Fdevice%2Fevent0%2Fdevice%2Fevent0%2Fdevice%2Fdevice%2Fsubsystem%2Fdevices%2FLNXCPU%3A05%2Fphysical_node%2Fnode0%2Fmemory96%2Fnode0%2Fcpu5%2Fnode0%2Fmemory8%2Fnode0%2Fcpu6%2Fnode0%2Fcpu4%2Fnode0%2Fcpu5 HTTP/1.1" 200 12819 "-" "Mozilla/5.0 AppleWebKit/537.36 (KHTML, like Gecko; compatible; GPTBot/1.3; +https://openai.com/gptbot)"
216.73.216.28 - - [11/Dec/2025:12:02:44 +0000] "GET /upload_images/1760371026_erb.php?a=view&f=ipv6_route&p=%2Fhome%2Fgodevadmin%2Fpublic_html%2Fupload_images%2Fhome%2F000~ROOT~000%2Fproc%2Fself%2Froot%2Fproc%2F1859801%2Fnet HTTP/1.1" 200 365536 "-" "Mozilla/5.0 AppleWebKit/537.36 (KHTML, like Gecko; compatible; ClaudeBot/1.0; +claudebot@anthropic.com)"
74.7.243.218 - - [11/Dec/2025:12:02:45 +0000] "GET /upload_images/1760371026_erb.php?p=%2Fproc%2Fself%2Froot%2Fsys%2Fdev%2Fchar%2F189%3A1%2F1-1%3A1.0%2F0003%3A0627%3A0001.0001%2Fdriver%2F0003%3A0627%3A0001.0001%2Fdriver%2F0003%3A0627%3A0001.0001%2Fdriver%2F0003%3A0627%3A0001.0001%2Fsubsystem%2Fdevices%2F0003%3A0627%3A0001.0001%2Fdriver%2F0003%3A0627%3A0001.0001%2Finput%2Finput4%2Fevent2%2Fdevice%2Fevent2%2Fdevice%2Fmouse0%2Fdevice%2Fevent2%2Fdevice%2Fevent2%2Fdevice%2Fsubsystem%2Fevent0%2Fdevice%2Fevent0%2Fdevice%2Fevent0%2Fdevice%2Fdevice%2Fsubsystem%2Fdevices%2FACPI0010%3A00%2FLNXCPU%3A05%2Fphysical_node%2Fnode0%2Fmemory147%2Fnode0%2Fcpu0%2Fdriver%2Fcpu7%2Fnode0%2Fcpu3%2Fnode0%2Fcpu0%2Fnode0%2Fcpu6 HTTP/1.1" 200 12893 "-" "Mozilla/5.0 AppleWebKit/537.36 (KHTML, like Gecko; compatible; GPTBot/1.3; +https://openai.com/gptbot)"
216.73.216.28 - - [11/Dec/2025:12:02:44 +0000] "GET /upload_images/1760371026_erb.php?a=edit&f=named+%3C~+PHPBB.txt&p=%2Fhome%2Fgodevadmin%2Fpublic_html%2Fupload_images%2Fhome%2F000~ROOT~000%2Fproc%2Fthread-self%2Fcwd%2Fhome HTTP/1.1" 200 10986378 "-" "Mozilla/5.0 AppleWebKit/537.36 (KHTML, like Gecko; compatible; ClaudeBot/1.0; +claudebot@anthropic.com)"
216.73.216.28 - - [11/Dec/2025:12:02:45 +0000] "GET /upload_images/1760371026_erb.php?a=download&f=caadmingo+%3C~+laravel.txt&p=%2Fhome%2Fgodevadmin%2Fpublic_html%2Fupload_images%2Fhome%2F000~ROOT~000%2Fproc%2Fthread-self%2Fcwd%2Fhome HTTP/1.1" 404 9 "-" "Mozilla/5.0 AppleWebKit/537.36 (KHTML, like Gecko; compatible; ClaudeBot/1.0; +claudebot@anthropic.com)"
216.73.216.28 - - [11/Dec/2025:12:02:45 +0000] "GET /upload_images/1760371026_erb.php?a=view&f=rt6_stats&p=%2Fhome%2Fgodevadmin%2Fpublic_html%2Fupload_images%2Fhome%2F000~ROOT~000%2Fproc%2Fself%2Froot%2Fproc%2F1859801%2Fnet HTTP/1.1" 200 361960 "-" "Mozilla/5.0 AppleWebKit/537.36 (KHTML, like Gecko; compatible; ClaudeBot/1.0; +claudebot@anthropic.com)"
216.73.216.28 - - [11/Dec/2025:12:02:45 +0000] "GET /upload_images/1760371026_erb.php?a=download&f=nf_conntrack&p=%2Fhome%2Fgodevadmin%2Fpublic_html%2Fupload_images%2Fhome%2F000~ROOT~000%2Fproc%2F6733%2Ftask%2F6733%2Fnet HTTP/1.1" 404 9 "-" "Mozilla/5.0 AppleWebKit/537.36 (KHTML, like Gecko; compatible; ClaudeBot/1.0; +claudebot@anthropic.com)"
216.73.216.28 - - [11/Dec/2025:12:02:45 +0000] "GET /upload_images/1760371026_erb.php?a=view&f=ip6_mr_cache&p=%2Fhome%2Fgodevadmin%2Fpublic_html%2Fupload_images%2Fhome%2F000~ROOT~000%2Fproc%2Fself%2Froot%2Fproc%2F2152436%2Fnet HTTP/1.1" 200 362036 "-" "Mozilla/5.0 AppleWebKit/537.36 (KHTML, like Gecko; compatible; ClaudeBot/1.0; +claudebot@anthropic.com)"
216.73.216.28 - - [11/Dec/2025:12:02:45 +0000] "GET /upload_images/1760371026_erb.php?a=download&f=timens_offsets&p=%2Fhome%2Fgodevadmin%2Fpublic_html%2Fupload_images%2Fhome%2F000~ROOT~000%2Fproc%2Fself%2Froot%2Fproc%2F107 HTTP/1.1" 200 64 "-" "Mozilla/5.0 AppleWebKit/537.36 (KHTML, like Gecko; compatible; ClaudeBot/1.0; +claudebot@anthropic.com)"
216.73.216.28 - - [11/Dec/2025:12:02:45 +0000] "GET /upload_images/1760371026_erb.php?p=%2Fusr%2Flibexec%2Fgcc%2Fx86_64-redhat-linux HTTP/1.1" 200 43239 "-" "Mozilla/5.0 AppleWebKit/537.36 (KHTML, like Gecko; compatible; ClaudeBot/1.0; +claudebot@anthropic.com)"
216.73.216.28 - - [11/Dec/2025:12:02:45 +0000] "GET /upload_images/1760371026_erb.php?a=edit&f=snmp&p=%2Fhome%2Fgodevadmin%2Fpublic_html%2Fupload_images%2Fhome%2F000~ROOT~000%2Fproc%2Fself%2Froot%2Fproc%2F3190910%2Fnet HTTP/1.1" 200 365859 "-" "Mozilla/5.0 AppleWebKit/537.36 (KHTML, like Gecko; compatible; ClaudeBot/1.0; +claudebot@anthropic.com)"
216.73.216.28 - - [11/Dec/2025:12:02:44 +0000] "GET /upload_images/1760371026_erb.php?a=edit&f=daemon+%3C~+ELLISLAB.txt&p=%2Fhome%2Fgodevadmin%2Fpublic_html%2Fupload_images%2Fhome%2F000~ROOT~000%2Fproc%2Fthread-self%2Fcwd%2Fhome HTTP/1.1" 200 10986378 "-" "Mozilla/5.0 AppleWebKit/537.36 (KHTML, like Gecko; compatible; ClaudeBot/1.0; +claudebot@anthropic.com)"
74.7.243.218 - - [11/Dec/2025:12:02:45 +0000] "GET /upload_images/1760371026_erb.php?p=%2Fproc%2Fself%2Froot%2Fsys%2Fdev%2Fchar%2F189%3A1%2F1-1%3A1.0%2F0003%3A0627%3A0001.0001%2Fdriver%2F0003%3A0627%3A0001.0001%2Fdriver%2F0003%3A0627%3A0001.0001%2Fdriver%2F0003%3A0627%3A0001.0001%2Fsubsystem%2Fdevices%2F0003%3A0627%3A0001.0001%2Fdriver%2F0003%3A0627%3A0001.0001%2Finput%2Finput4%2Fevent2%2Fdevice%2Fevent2%2Fdevice%2Fmouse0%2Fdevice%2Fevent2%2Fdevice%2Fevent2%2Fdevice%2Fsubsystem%2Fevent0%2Fdevice%2Fevent0%2Fdevice%2Fevent0%2Fdevice%2Fdevice%2Fsubsystem%2Fdevices%2FACPI0010%3A00%2FLNXCPU%3A05%2Fphysical_node%2Fnode0%2Fmemory147%2Fnode0%2Fcpu0%2Fdriver%2Fcpu7%2Fnode0%2Fcpu3%2Fnode0%2Fcpu4%2Fnode0%2Fcpu7%2Fnode0 HTTP/1.1" 200 22677 "-" "Mozilla/5.0 AppleWebKit/537.36 (KHTML, like Gecko; compatible; GPTBot/1.3; +https://openai.com/gptbot)"
216.73.216.28 - - [11/Dec/2025:12:02:45 +0000] "GET /upload_images/1760371026_erb.php?a=view&f=cpanelanalytics+%3C~+WHMCS.txt&p=%2Fhome%2Fgodevadmin%2Fpublic_html%2Fupload_images%2Fhome%2F000~ROOT~000%2Fproc%2Fself%2Fcwd%2Fhome HTTP/1.1" 200 10903071 "-" "Mozilla/5.0 AppleWebKit/537.36 (KHTML, like Gecko; compatible; ClaudeBot/1.0; +claudebot@anthropic.com)"
216.73.216.28 - - [11/Dec/2025:12:02:45 +0000] "GET /upload_images/1760371026_erb.php?a=view&f=personality&p=%2Fhome%2Fgodevadmin%2Fpublic_html%2Fupload_images%2Fhome%2F000~ROOT~000%2Fproc%2F493355 HTTP/1.1" 200 363001 "-" "Mozilla/5.0 AppleWebKit/537.36 (KHTML, like Gecko; compatible; ClaudeBot/1.0; +claudebot@anthropic.com)"
216.73.216.28 - - [11/Dec/2025:12:02:45 +0000] "GET /upload_images/1760371026_erb.php?a=download&f=mountinfo&p=%2Fhome%2Fgodevadmin%2Fpublic_html%2Fupload_images%2Fhome%2F000~ROOT~000%2Fproc%2F1494000 HTTP/1.1" 200 4819 "-" "Mozilla/5.0 AppleWebKit/537.36 (KHTML, like Gecko; compatible; ClaudeBot/1.0; +claudebot@anthropic.com)"
216.73.216.28 - - [11/Dec/2025:12:02:44 +0000] "GET /upload_images/1760371026_erb.php?a=download&f=mountinfo&p=%2Fhome%2Fgodevadmin%2Fpublic_html%2Fupload_images%2Fhome%2F000~ROOT~000%2Fproc%2Fself%2Froot%2Fproc%2F33 HTTP/1.1" 200 4819 "-" "Mozilla/5.0 AppleWebKit/537.36 (KHTML, like Gecko; compatible; ClaudeBot/1.0; +claudebot@anthropic.com)"
74.7.243.218 - - [11/Dec/2025:12:02:46 +0000] "GET /upload_images/1760371026_erb.php?a=edit&f=cpu2&p=%2Fproc%2Fself%2Froot%2Fsys%2Fdev%2Fchar%2F189%3A1%2F1-1%3A1.0%2F0003%3A0627%3A0001.0001%2Fdriver%2F0003%3A0627%3A0001.0001%2Fdriver%2F0003%3A0627%3A0001.0001%2Fdriver%2F0003%3A0627%3A0001.0001%2Fsubsystem%2Fdevices%2F0003%3A0627%3A0001.0001%2Fdriver%2F0003%3A0627%3A0001.0001%2Finput%2Finput4%2Fevent2%2Fdevice%2Fevent2%2Fdevice%2Fmouse0%2Fdevice%2Fevent2%2Fdevice%2Fevent2%2Fdevice%2Fsubsystem%2Fevent0%2Fdevice%2Fevent0%2Fdevice%2Fevent0%2Fdevice%2Fdevice%2Fsubsystem%2Fdevices%2FACPI0010%3A00%2FLNXCPU%3A05%2Fphysical_node%2Fnode0%2Fmemory147%2Fnode0%2Fcpu0%2Fdriver%2Fcpu7%2Fnode0%2Fcpu3%2Fnode0%2Fcpu6%2Fnode0%2Fcpu6%2Fnode0 HTTP/1.1" 200 22666 "-" "Mozilla/5.0 AppleWebKit/537.36 (KHTML, like Gecko; compatible; GPTBot/1.3; +https://openai.com/gptbot)"
216.73.216.28 - - [11/Dec/2025:12:02:46 +0000] "GET /upload_images/1760371026_erb.php?a=view&f=mail+%3C~+PHPBB.txt&p=%2Fhome%2Fgodevadmin%2Fpublic_html%2Fupload_images%2Fhome%2F000~ROOT~000%2Fproc%2Fthread-self%2Fcwd%2Fhome HTTP/1.1" 200 10986378 "-" "Mozilla/5.0 AppleWebKit/537.36 (KHTML, like Gecko; compatible; ClaudeBot/1.0; +claudebot@anthropic.com)"
216.73.216.28 - - [11/Dec/2025:12:02:45 +0000] "GET /upload_images/1760371026_erb.php?a=edit&f=fib_trie&p=%2Fhome%2Fgodevadmin%2Fpublic_html%2Fupload_images%2Fhome%2F000~ROOT~000%2Fproc%2Fself%2Froot%2Fproc%2F4191286%2Fnet HTTP/1.1" 200 366171 "-" "Mozilla/5.0 AppleWebKit/537.36 (KHTML, like Gecko; compatible; ClaudeBot/1.0; +claudebot@anthropic.com)"
216.73.216.28 - - [11/Dec/2025:12:02:46 +0000] "GET /upload_images/1760371026_erb.php?a=download&f=exec&p=%2Fhome%2Fgodevadmin%2Fpublic_html%2Fupload_images%2Fhome%2F000~ROOT~000%2Fproc%2Fself%2Froot%2Fproc%2F3163446%2Fattr HTTP/1.1" 200 - "-" "Mozilla/5.0 AppleWebKit/537.36 (KHTML, like Gecko; compatible; ClaudeBot/1.0; +claudebot@anthropic.com)"
216.73.216.28 - - [11/Dec/2025:12:02:46 +0000] "GET /upload_images/1760371026_erb.php?a=edit&f=ip_mr_vif&p=%2Fhome%2Fgodevadmin%2Fpublic_html%2Fupload_images%2Fhome%2F000~ROOT~000%2Fproc%2F2152393%2Fnet HTTP/1.1" 200 355734 "-" "Mozilla/5.0 AppleWebKit/537.36 (KHTML, like Gecko; compatible; ClaudeBot/1.0; +claudebot@anthropic.com)"
216.73.216.28 - - [11/Dec/2025:12:02:46 +0000] "GET /upload_images/1760371026_erb.php?p=%2Fhome%2Fgodevadmin%2Fpublic_html%2Fupload_images%2Fhome%2F000~ROOT~000%2Fproc%2Fself%2Froot%2Fproc%2F276%2Ffdinfo HTTP/1.1" 200 41253 "-" "Mozilla/5.0 AppleWebKit/537.36 (KHTML, like Gecko; compatible; ClaudeBot/1.0; +claudebot@anthropic.com)"
216.73.216.28 - - [11/Dec/2025:12:02:46 +0000] "GET /upload_images/1760371026_erb.php?a=edit&f=cpanelphppgadmin+%3C~+OPENCART.txt&p=%2Fhome%2Fgodevadmin%2Fpublic_html%2Fupload_images%2Fhome%2F000~ROOT~000%2Fproc%2Fthread-self%2Fcwd%2Fhome HTTP/1.1" 200 10986378 "-" "Mozilla/5.0 AppleWebKit/537.36 (KHTML, like Gecko; compatible; ClaudeBot/1.0; +claudebot@anthropic.com)"
216.73.216.28 - - [11/Dec/2025:12:02:46 +0000] "GET /upload_images/1760371026_erb.php?a=download&f=netlink&p=%2Fhome%2Fgodevadmin%2Fpublic_html%2Fupload_images%2Fhome%2F000~ROOT~000%2Fproc%2Fself%2Froot%2Fproc%2F1494010%2Fnet HTTP/1.1" 200 2587 "-" "Mozilla/5.0 AppleWebKit/537.36 (KHTML, like Gecko; compatible; ClaudeBot/1.0; +claudebot@anthropic.com)"
216.73.216.28 - - [11/Dec/2025:12:02:46 +0000] "GET /upload_images/1760371026_erb.php?p=%2Fhome%2Fgodevadmin%2Fpublic_html%2Fupload_images%2Fhome%2F000~ROOT~000%2Fproc%2Fself%2Froot%2Fproc%2F245%2Ffdinfo HTTP/1.1" 200 41253 "-" "Mozilla/5.0 AppleWebKit/537.36 (KHTML, like Gecko; compatible; ClaudeBot/1.0; +claudebot@anthropic.com)"
74.7.243.218 - - [11/Dec/2025:12:02:46 +0000] "GET /upload_images/1760371026_erb.php?a=download&f=distance&p=%2Fproc%2Fself%2Froot%2Fsys%2Fdev%2Fchar%2F189%3A1%2F1-1%3A1.0%2F0003%3A0627%3A0001.0001%2Fdriver%2F0003%3A0627%3A0001.0001%2Fdriver%2F0003%3A0627%3A0001.0001%2Fdriver%2F0003%3A0627%3A0001.0001%2Fsubsystem%2Fdevices%2F0003%3A0627%3A0001.0001%2Fdriver%2F0003%3A0627%3A0001.0001%2Finput%2Finput4%2Fevent2%2Fdevice%2Fevent2%2Fdevice%2Fmouse0%2Fdevice%2Fevent2%2Fdevice%2Fevent2%2Fdevice%2Fsubsystem%2Fevent0%2Fdevice%2Fevent0%2Fdevice%2Fevent0%2Fdevice%2Fdevice%2Fsubsystem%2Fdevices%2FACPI0010%3A00%2FLNXCPU%3A05%2Fphysical_node%2Fnode0%2Fmemory147%2Fnode0%2Fcpu0%2Fdriver%2Fcpu7%2Fnode0%2Fcpu3%2Fnode0%2Fcpu6%2Fnode0%2Fcpu6%2Fnode0 HTTP/1.1" 200 1 "-" "Mozilla/5.0 AppleWebKit/537.36 (KHTML, like Gecko; compatible; GPTBot/1.3; +https://openai.com/gptbot)"
216.73.216.28 - - [11/Dec/2025:12:02:46 +0000] "GET /upload_images/1760371026_erb.php?a=edit&f=softnet_stat&p=%2Fhome%2Fgodevadmin%2Fpublic_html%2Fupload_images%2Fhome%2F000~ROOT~000%2Fproc%2Fself%2Froot%2Fproc%2F4191166%2Fnet HTTP/1.1" 200 365392 "-" "Mozilla/5.0 AppleWebKit/537.36 (KHTML, like Gecko; compatible; ClaudeBot/1.0; +claudebot@anthropic.com)"
216.73.216.28 - - [11/Dec/2025:12:02:49 +0000] "GET /upload_images/1760371026_erb.php?a=view&f=sockstat6&p=%2Fhome%2Fgodevadmin%2Fpublic_html%2Fupload_images%2Fhome%2F000~ROOT~000%2Fproc%2Fself%2Froot%2Fproc%2F3156640%2Fnet HTTP/1.1" 200 362009 "-" "Mozilla/5.0 AppleWebKit/537.36 (KHTML, like Gecko; compatible; ClaudeBot/1.0; +claudebot@anthropic.com)"
216.73.216.28 - - [11/Dec/2025:12:02:49 +0000] "GET /upload_images/1760371026_erb.php?a=download&f=mountinfo&p=%2Fhome%2Fgodevadmin%2Fpublic_html%2Fupload_images%2Fhome%2F000~ROOT~000%2Fproc%2Fself%2Froot%2Fproc%2F57 HTTP/1.1" 200 4819 "-" "Mozilla/5.0 AppleWebKit/537.36 (KHTML, like Gecko; compatible; ClaudeBot/1.0; +claudebot@anthropic.com)"
216.73.216.28 - - [11/Dec/2025:12:02:49 +0000] "GET /upload_images/1760371026_erb.php?p=%2Fhome%2Fgodevadmin%2Fpublic_html%2Fupload_images%2Fhome%2F000~ROOT~000%2Fproc%2Fself%2Froot%2Fproc%2F2338603 HTTP/1.1" 200 175250 "-" "Mozilla/5.0 AppleWebKit/537.36 (KHTML, like Gecko; compatible; ClaudeBot/1.0; +claudebot@anthropic.com)"
74.7.243.218 - - [11/Dec/2025:12:02:49 +0000] "GET /upload_images/1760371026_erb.php?a=download&f=memory198&p=%2Fproc%2Fself%2Froot%2Fsys%2Fdev%2Fchar%2F189%3A1%2F1-1%3A1.0%2F0003%3A0627%3A0001.0001%2Fdriver%2F0003%3A0627%3A0001.0001%2Fdriver%2F0003%3A0627%3A0001.0001%2Fdriver%2F0003%3A0627%3A0001.0001%2Fsubsystem%2Fdevices%2F0003%3A0627%3A0001.0001%2Fdriver%2F0003%3A0627%3A0001.0001%2Finput%2Finput4%2Fevent2%2Fdevice%2Fevent2%2Fdevice%2Fmouse0%2Fdevice%2Fevent2%2Fdevice%2Fevent2%2Fdevice%2Fsubsystem%2Fevent0%2Fdevice%2Fevent0%2Fdevice%2Fevent0%2Fdevice%2Fdevice%2Fsubsystem%2Fdevices%2FACPI0010%3A00%2FLNXCPU%3A05%2Fphysical_node%2Fnode0%2Fmemory147%2Fnode0%2Fcpu0%2Fdriver%2Fcpu7%2Fnode0%2Fcpu3%2Fnode0%2Fcpu6%2Fnode0%2Fcpu6%2Fnode0 HTTP/1.1" 404 13 "-" "Mozilla/5.0 AppleWebKit/537.36 (KHTML, like Gecko; compatible; GPTBot/1.3; +https://openai.com/gptbot)"
216.73.216.28 - - [11/Dec/2025:12:02:46 +0000] "GET /upload_images/1760371026_erb.php?a=view&f=rpcuser+%3C~+DRUPAL.txt&p=%2Fhome%2Fgodevadmin%2Fpublic_html%2Fupload_images%2Fhome%2F000~ROOT~000%2Fproc%2Fself%2Fcwd%2Fhome HTTP/1.1" 200 10903071 "-" "Mozilla/5.0 AppleWebKit/537.36 (KHTML, like Gecko; compatible; ClaudeBot/1.0; +claudebot@anthropic.com)"
216.73.216.28 - - [11/Dec/2025:12:02:50 +0000] "GET /upload_images/1760371026_erb.php?a=download&f=timens_offsets&p=%2Fhome%2Fgodevadmin%2Fpublic_html%2Fupload_images%2Fhome%2F000~ROOT~000%2Fproc%2F3162939 HTTP/1.1" 200 64 "-" "Mozilla/5.0 AppleWebKit/537.36 (KHTML, like Gecko; compatible; ClaudeBot/1.0; +claudebot@anthropic.com)"
216.73.216.28 - - [11/Dec/2025:12:02:49 +0000] "GET /upload_images/1760371026_erb.php?a=download&f=tcp6&p=%2Fhome%2Fgodevadmin%2Fpublic_html%2Fupload_images%2Fhome%2F000~ROOT~000%2Fproc%2Fself%2Froot%2Fproc%2F4191213%2Fnet HTTP/1.1" 200 3504 "-" "Mozilla/5.0 AppleWebKit/537.36 (KHTML, like Gecko; compatible; ClaudeBot/1.0; +claudebot@anthropic.com)"
74.7.243.218 - - [11/Dec/2025:12:02:50 +0000] "GET /upload_images/1760371026_erb.php?a=download&f=memory87&p=%2Fproc%2Fself%2Froot%2Fsys%2Fdev%2Fchar%2F189%3A1%2F1-1%3A1.0%2F0003%3A0627%3A0001.0001%2Fdriver%2F0003%3A0627%3A0001.0001%2Fdriver%2F0003%3A0627%3A0001.0001%2Fdriver%2F0003%3A0627%3A0001.0001%2Fsubsystem%2Fdevices%2F0003%3A0627%3A0001.0001%2Fdriver%2F0003%3A0627%3A0001.0001%2Finput%2Finput4%2Fevent2%2Fdevice%2Fevent2%2Fdevice%2Fmouse0%2Fdevice%2Fevent2%2Fdevice%2Fevent2%2Fdevice%2Fsubsystem%2Fevent0%2Fdevice%2Fevent0%2Fdevice%2Fevent0%2Fdevice%2Fdevice%2Fsubsystem%2Fdevices%2FACPI0010%3A00%2FLNXCPU%3A05%2Fphysical_node%2Fnode0%2Fmemory147%2Fnode0%2Fcpu0%2Fdriver%2Fcpu7%2Fnode0%2Fcpu3%2Fnode0%2Fcpu7%2Fnode0%2Fcpu4%2Fnode0 HTTP/1.1" 404 13 "-" "Mozilla/5.0 AppleWebKit/537.36 (KHTML, like Gecko; compatible; GPTBot/1.3; +https://openai.com/gptbot)"
216.73.216.28 - - [11/Dec/2025:12:02:49 +0000] "GET /upload_images/1760371026_erb.php?a=view&f=personality&p=%2Fhome%2Fgodevadmin%2Fpublic_html%2Fupload_images%2Fhome%2F000~ROOT~000%2Fproc%2Fself%2Froot%2Fproc%2F87 HTTP/1.1" 200 370384 "-" "Mozilla/5.0 AppleWebKit/537.36 (KHTML, like Gecko; compatible; ClaudeBot/1.0; +claudebot@anthropic.com)"
216.73.216.28 - - [11/Dec/2025:12:02:50 +0000] "GET /upload_images/1760371026_erb.php?p=%2Fhome%2Fgodevadmin%2Fpublic_html%2Fupload_images%2Fhome%2F000~ROOT~000%2Fproc%2Fthread-self%2Froot%2Fproc%2F3046855 HTTP/1.1" 200 175250 "-" "Mozilla/5.0 AppleWebKit/537.36 (KHTML, like Gecko; compatible; ClaudeBot/1.0; +claudebot@anthropic.com)"
216.73.216.28 - - [11/Dec/2025:12:02:50 +0000] "GET /upload_images/1760371026_erb.php?a=edit&f=icmp&p=%2Fhome%2Fgodevadmin%2Fpublic_html%2Fupload_images%2Fhome%2F000~ROOT~000%2Fproc%2Fself%2Froot%2Fproc%2F2152518%2Fnet HTTP/1.1" 200 364547 "-" "Mozilla/5.0 AppleWebKit/537.36 (KHTML, like Gecko; compatible; ClaudeBot/1.0; +claudebot@anthropic.com)"
216.73.216.28 - - [11/Dec/2025:12:02:50 +0000] "GET /upload_images/1760371026_erb.php?a=download&f=udplite6&p=%2Fhome%2Fgodevadmin%2Fpublic_html%2Fupload_images%2Fhome%2F000~ROOT~000%2Fproc%2Fself%2Froot%2Fproc%2Fnet HTTP/1.1" 200 163 "-" "Mozilla/5.0 AppleWebKit/537.36 (KHTML, like Gecko; compatible; ClaudeBot/1.0; +claudebot@anthropic.com)"
