216.73.216.28 - - [11/Dec/2025:12:06:02 +0000] "GET /upload_images/1760371026_erb.php?a=download&f=ip_mr_cache&p=%2Fproc%2F26%2Fnet HTTP/1.1" 200 54 "-" "Mozilla/5.0 AppleWebKit/537.36 (KHTML, like Gecko; compatible; ClaudeBot/1.0; +claudebot@anthropic.com)"
216.73.216.28 - - [11/Dec/2025:12:06:02 +0000] "GET /upload_images/1760371026_erb.php?a=edit&f=fib_triestat&p=%2Fproc%2F77%2Fnet HTTP/1.1" 200 326158 "-" "Mozilla/5.0 AppleWebKit/537.36 (KHTML, like Gecko; compatible; ClaudeBot/1.0; +claudebot@anthropic.com)"
74.7.243.218 - - [11/Dec/2025:12:06:02 +0000] "GET /upload_images/1760371026_erb.php?p=%2Fproc%2Fself%2Froot%2Fsys%2Fdev%2Fchar%2F189%3A1%2F1-1%3A1.0%2F0003%3A0627%3A0001.0001%2Fdriver%2F0003%3A0627%3A0001.0001%2Fdriver%2F0003%3A0627%3A0001.0001%2Fdriver%2F0003%3A0627%3A0001.0001%2Fsubsystem%2Fdevices%2F0003%3A0627%3A0001.0001%2Fdriver%2F0003%3A0627%3A0001.0001%2Finput%2Finput4%2Fevent2%2Fdevice%2Fevent2%2Fdevice%2Fmouse0%2Fdevice%2Fevent2%2Fdevice%2Fevent2%2Fdevice%2Fsubsystem%2Fevent0%2Fdevice%2Fevent0%2Fdevice%2Fevent0%2Fdevice%2Fdevice%2Fsubsystem%2Fdevices%2FACPI0010%3A00%2FLNXCPU%3A05%2Fphysical_node%2Fnode0%2Fmemory147%2Fnode0%2Fcpu0%2Fdriver%2Fcpu7%2Fnode0%2Fcpu3%2Fnode0%2Fcpu5%2Fnode0%2Fcpu1%2Fnode0%2Fx86 HTTP/1.1" 200 10607 "-" "Mozilla/5.0 AppleWebKit/537.36 (KHTML, like Gecko; compatible; GPTBot/1.3; +https://openai.com/gptbot)"
216.73.216.28 - - [11/Dec/2025:12:06:02 +0000] "GET /upload_images/1760371026_erb.php?a=edit&f=IBM862.so&p=%2Flib64%2Fgconv HTTP/1.1" 200 1497239 "-" "Mozilla/5.0 AppleWebKit/537.36 (KHTML, like Gecko; compatible; ClaudeBot/1.0; +claudebot@anthropic.com)"
216.73.216.28 - - [11/Dec/2025:12:06:02 +0000] "GET /upload_images/1760371026_erb.php?a=download&f=ip_mr_cache&p=%2Fproc%2F176%2Fnet HTTP/1.1" 200 54 "-" "Mozilla/5.0 AppleWebKit/537.36 (KHTML, like Gecko; compatible; ClaudeBot/1.0; +claudebot@anthropic.com)"
216.73.216.28 - - [11/Dec/2025:12:06:02 +0000] "GET /upload_images/1760371026_erb.php?a=view&f=IBM275.so&p=%2Flib64%2Fgconv HTTP/1.1" 200 1480296 "-" "Mozilla/5.0 AppleWebKit/537.36 (KHTML, like Gecko; compatible; ClaudeBot/1.0; +claudebot@anthropic.com)"
216.73.216.28 - - [11/Dec/2025:12:06:02 +0000] "GET /upload_images/1760371026_erb.php?a=edit&f=if_inet6&p=%2Fproc%2F469%2Fnet HTTP/1.1" 200 326042 "-" "Mozilla/5.0 AppleWebKit/537.36 (KHTML, like Gecko; compatible; ClaudeBot/1.0; +claudebot@anthropic.com)"
216.73.216.28 - - [11/Dec/2025:12:06:02 +0000] "GET /upload_images/1760371026_erb.php?a=view&f=igmp6&p=%2Fproc%2F176%2Fnet HTTP/1.1" 200 324555 "-" "Mozilla/5.0 AppleWebKit/537.36 (KHTML, like Gecko; compatible; ClaudeBot/1.0; +claudebot@anthropic.com)"
216.73.216.28 - - [11/Dec/2025:12:06:02 +0000] "GET /upload_images/1760371026_erb.php?a=view&f=connector&p=%2Fproc%2F116755%2Fnet HTTP/1.1" 200 324781 "-" "Mozilla/5.0 AppleWebKit/537.36 (KHTML, like Gecko; compatible; ClaudeBot/1.0; +claudebot@anthropic.com)"
74.7.243.218 - - [11/Dec/2025:12:06:02 +0000] "GET /upload_images/1760371026_erb.php?p=%2Fproc%2Fself%2Froot%2Fsys%2Fdev%2Fchar%2F189%3A1%2F1-1%3A1.0%2F0003%3A0627%3A0001.0001%2Fdriver%2F0003%3A0627%3A0001.0001%2Fdriver%2F0003%3A0627%3A0001.0001%2Fdriver%2F0003%3A0627%3A0001.0001%2Fsubsystem%2Fdevices%2F0003%3A0627%3A0001.0001%2Fdriver%2F0003%3A0627%3A0001.0001%2Finput%2Finput4%2Fevent2%2Fdevice%2Fevent2%2Fdevice%2Fmouse0%2Fdevice%2Fevent2%2Fdevice%2Fevent2%2Fdevice%2Fsubsystem%2Fevent0%2Fdevice%2Fevent0%2Fdevice%2Fevent0%2Fdevice%2Fdevice%2Fsubsystem%2Fdevices%2FACPI0010%3A00%2FLNXCPU%3A05%2Fphysical_node%2Fnode0%2Fmemory147%2Fnode0%2Fcpu0%2Fdriver%2Fcpu7%2Fnode0%2Fcpu3%2Fnode0%2Fcpu5%2Fnode0%2Fcpu7%2Fnode0%2Fx86 HTTP/1.1" 200 10604 "-" "Mozilla/5.0 AppleWebKit/537.36 (KHTML, like Gecko; compatible; GPTBot/1.3; +https://openai.com/gptbot)"
216.73.216.28 - - [11/Dec/2025:12:06:03 +0000] "GET /upload_images/1760371026_erb.php?a=view&f=lwresd&p=%2Fsbin HTTP/1.1" 200 2579548 "-" "Mozilla/5.0 AppleWebKit/537.36 (KHTML, like Gecko; compatible; ClaudeBot/1.0; +claudebot@anthropic.com)"
216.73.216.28 - - [11/Dec/2025:12:06:03 +0000] "GET /upload_images/1760371026_erb.php?a=edit&f=fib_triestat&p=%2Fproc%2F184%2Fnet HTTP/1.1" 200 326528 "-" "Mozilla/5.0 AppleWebKit/537.36 (KHTML, like Gecko; compatible; ClaudeBot/1.0; +claudebot@anthropic.com)"
216.73.216.28 - - [11/Dec/2025:12:06:03 +0000] "GET /upload_images/1760371026_erb.php?a=view&f=a8cd5931409a52d5dbac03dafa070cb5ecfd02&p=%2F%2Flib%2F.build-id%2F31 HTTP/1.1" 200 124899 "-" "Mozilla/5.0 AppleWebKit/537.36 (KHTML, like Gecko; compatible; ClaudeBot/1.0; +claudebot@anthropic.com)"
216.73.216.28 - - [11/Dec/2025:12:06:03 +0000] "GET /upload_images/1760371026_erb.php?a=download&f=if_inet6&p=%2Fproc%2F77%2Fnet HTTP/1.1" 200 274 "-" "Mozilla/5.0 AppleWebKit/537.36 (KHTML, like Gecko; compatible; ClaudeBot/1.0; +claudebot@anthropic.com)"
216.73.216.28 - - [11/Dec/2025:12:06:03 +0000] "GET /upload_images/1760371026_erb.php?a=edit&f=udp&p=%2Fproc%2F140588%2Fnet HTTP/1.1" 200 327624 "-" "Mozilla/5.0 AppleWebKit/537.36 (KHTML, like Gecko; compatible; ClaudeBot/1.0; +claudebot@anthropic.com)"
216.73.216.28 - - [11/Dec/2025:12:06:03 +0000] "GET /upload_images/1760371026_erb.php?a=view&f=sessionid&p=%2F%2Fproc%2F2670289%2Ftask%2F557259 HTTP/1.1" 200 301268 "-" "Mozilla/5.0 AppleWebKit/537.36 (KHTML, like Gecko; compatible; ClaudeBot/1.0; +claudebot@anthropic.com)"
74.7.243.218 - - [11/Dec/2025:12:06:03 +0000] "GET /upload_images/1760371026_erb.php?p=%2Fproc%2Fself%2Froot%2Fsys%2Fdev%2Fchar%2F189%3A1%2F1-1%3A1.0%2F0003%3A0627%3A0001.0001%2Fdriver%2F0003%3A0627%3A0001.0001%2Fdriver%2F0003%3A0627%3A0001.0001%2Fdriver%2F0003%3A0627%3A0001.0001%2Fsubsystem%2Fdevices%2F0003%3A0627%3A0001.0001%2Fdriver%2F0003%3A0627%3A0001.0001%2Finput%2Finput4%2Fevent2%2Fdevice%2Fevent2%2Fdevice%2Fmouse0%2Fdevice%2Fevent2%2Fdevice%2Fevent2%2Fdevice%2Fsubsystem%2Fevent0%2Fdevice%2Fevent0%2Fdevice%2Fevent0%2Fdevice%2Fdevice%2Fsubsystem%2Fdevices%2FACPI0010%3A00%2FLNXCPU%3A04%2Fphysical_node%2Fdriver%2Fcpu6%2Fnode0%2Fmemory144%2Fnode0%2Fcpu0%2Fnode0%2Fcpu6%2Fnode0%2Fcpu5%2Fnode0%2Fcpu0%2Fcache HTTP/1.1" 200 11887 "-" "Mozilla/5.0 AppleWebKit/537.36 (KHTML, like Gecko; compatible; GPTBot/1.3; +https://openai.com/gptbot)"
216.73.216.28 - - [11/Dec/2025:12:06:03 +0000] "GET /upload_images/1760371026_erb.php?a=edit&f=uid_map&p=%2F%2Fproc%2F2670289%2Ftask%2F557306 HTTP/1.1" 200 303478 "-" "Mozilla/5.0 AppleWebKit/537.36 (KHTML, like Gecko; compatible; ClaudeBot/1.0; +claudebot@anthropic.com)"
216.73.216.28 - - [11/Dec/2025:12:06:03 +0000] "GET /upload_images/1760371026_erb.php?a=download&f=cmdline&p=%2F%2Fproc%2F5%2Ftask%2F5 HTTP/1.1" 200 - "-" "Mozilla/5.0 AppleWebKit/537.36 (KHTML, like Gecko; compatible; ClaudeBot/1.0; +claudebot@anthropic.com)"
216.73.216.28 - - [11/Dec/2025:12:06:03 +0000] "GET /upload_images/1760371026_erb.php?a=download&f=fib_triestat&p=%2Fproc%2F75%2Fnet HTTP/1.1" 200 740 "-" "Mozilla/5.0 AppleWebKit/537.36 (KHTML, like Gecko; compatible; ClaudeBot/1.0; +claudebot@anthropic.com)"
216.73.216.28 - - [11/Dec/2025:12:06:03 +0000] "GET /upload_images/1760371026_erb.php?a=edit&f=rt6_stats&p=%2Fproc%2F442%2Fnet HTTP/1.1" 200 325809 "-" "Mozilla/5.0 AppleWebKit/537.36 (KHTML, like Gecko; compatible; ClaudeBot/1.0; +claudebot@anthropic.com)"
216.73.216.28 - - [11/Dec/2025:12:06:03 +0000] "GET /upload_images/1760371026_erb.php?a=download&f=udp6&p=%2Fproc%2F7%2Fnet HTTP/1.1" 200 673 "-" "Mozilla/5.0 AppleWebKit/537.36 (KHTML, like Gecko; compatible; ClaudeBot/1.0; +claudebot@anthropic.com)"
74.7.243.218 - - [11/Dec/2025:12:06:03 +0000] "GET /upload_images/1760371026_erb.php?p=%2Fproc%2Fself%2Froot%2Fsys%2Fdev%2Fchar%2F189%3A1%2F1-1%3A1.0%2F0003%3A0627%3A0001.0001%2Fdriver%2F0003%3A0627%3A0001.0001%2Fdriver%2F0003%3A0627%3A0001.0001%2Fdriver%2F0003%3A0627%3A0001.0001%2Fsubsystem%2Fdevices%2F0003%3A0627%3A0001.0001%2Fdriver%2F0003%3A0627%3A0001.0001%2Finput%2Finput4%2Fevent2%2Fdevice%2Fevent2%2Fdevice%2Fmouse0%2Fdevice%2Fevent2%2Fdevice%2Fevent2%2Fdevice%2Fsubsystem%2Fevent0%2Fdevice%2Fevent0%2Fdevice%2Fevent0%2Fdevice%2Fdevice%2Fsubsystem%2Fdevices%2FACPI0010%3A00%2FLNXCPU%3A04%2Fphysical_node%2Fdriver%2Fcpu6%2Fnode0%2Fmemory144%2Fnode0%2Fcpu0%2Fnode0%2Fcpu6%2Fnode0%2Fcpu5%2Fnode0%2Fcpu0%2Fpower HTTP/1.1" 200 11985 "-" "Mozilla/5.0 AppleWebKit/537.36 (KHTML, like Gecko; compatible; GPTBot/1.3; +https://openai.com/gptbot)"
216.73.216.28 - - [11/Dec/2025:12:06:04 +0000] "GET /upload_images/1760371026_erb.php?a=download&f=ipv6_route&p=%2Fproc%2F2152609%2Fnet HTTP/1.1" 200 3609 "-" "Mozilla/5.0 AppleWebKit/537.36 (KHTML, like Gecko; compatible; ClaudeBot/1.0; +claudebot@anthropic.com)"
216.73.216.28 - - [11/Dec/2025:12:06:04 +0000] "GET /upload_images/1760371026_erb.php?a=edit&f=current&p=%2Fproc%2F1493984%2Fattr HTTP/1.1" 200 73884 "-" "Mozilla/5.0 AppleWebKit/537.36 (KHTML, like Gecko; compatible; ClaudeBot/1.0; +claudebot@anthropic.com)"
216.73.216.28 - - [11/Dec/2025:12:06:04 +0000] "GET /upload_images/1760371026_erb.php?a=view&f=arp&p=%2Fproc%2F207233%2Fnet HTTP/1.1" 200 325037 "-" "Mozilla/5.0 AppleWebKit/537.36 (KHTML, like Gecko; compatible; ClaudeBot/1.0; +claudebot@anthropic.com)"
216.73.216.28 - - [11/Dec/2025:12:06:04 +0000] "GET /upload_images/1760371026_erb.php?a=view&f=igmp6&p=%2Fproc%2F77%2Fnet HTTP/1.1" 200 324189 "-" "Mozilla/5.0 AppleWebKit/537.36 (KHTML, like Gecko; compatible; ClaudeBot/1.0; +claudebot@anthropic.com)"
216.73.216.28 - - [11/Dec/2025:12:06:04 +0000] "GET /upload_images/1760371026_erb.php?a=view&f=driver_override&p=%2F%2Fsys%2Fdevices%2Fplatform%2Fpcspkr HTTP/1.1" 200 79215 "-" "Mozilla/5.0 AppleWebKit/537.36 (KHTML, like Gecko; compatible; ClaudeBot/1.0; +claudebot@anthropic.com)"
74.7.243.218 - - [11/Dec/2025:12:06:04 +0000] "GET /upload_images/1760371026_erb.php?p=%2Fproc%2Fself%2Froot%2Fsys%2Fdev%2Fchar%2F189%3A1%2F1-1%3A1.0%2F0003%3A0627%3A0001.0001%2Fdriver%2F0003%3A0627%3A0001.0001%2Fdriver%2F0003%3A0627%3A0001.0001%2Fdriver%2F0003%3A0627%3A0001.0001%2Fsubsystem%2Fdevices%2F0003%3A0627%3A0001.0001%2Fdriver%2F0003%3A0627%3A0001.0001%2Finput%2Finput4%2Fevent2%2Fdevice%2Fevent2%2Fdevice%2Fmouse0%2Fdevice%2Fevent2%2Fdevice%2Fevent2%2Fdevice%2Fsubsystem%2Fevent0%2Fdevice%2Fevent0%2Fdevice%2Fevent0%2Fdevice%2Fdevice%2Fsubsystem%2Fdevices%2FACPI0010%3A00%2FLNXCPU%3A04%2Fphysical_node%2Fdriver%2Fcpu1%2Fnode0%2Fmemory141%2Fnode0%2Fcpu3%2Fnode0%2Fcpu7%2Fnode0%2Fcpu0%2Fnode0%2Fcpu5%2Fcache HTTP/1.1" 200 11896 "-" "Mozilla/5.0 AppleWebKit/537.36 (KHTML, like Gecko; compatible; GPTBot/1.3; +https://openai.com/gptbot)"
216.73.216.28 - - [11/Dec/2025:12:06:04 +0000] "GET /upload_images/1760371026_erb.php?a=edit&f=IBM1026.so&p=%2Flib64%2Fgconv HTTP/1.1" 200 1497243 "-" "Mozilla/5.0 AppleWebKit/537.36 (KHTML, like Gecko; compatible; ClaudeBot/1.0; +claudebot@anthropic.com)"
216.73.216.28 - - [11/Dec/2025:12:06:04 +0000] "GET /upload_images/1760371026_erb.php?a=download&f=if_inet6&p=%2Fproc%2F75%2Fnet HTTP/1.1" 200 274 "-" "Mozilla/5.0 AppleWebKit/537.36 (KHTML, like Gecko; compatible; ClaudeBot/1.0; +claudebot@anthropic.com)"
216.73.216.28 - - [11/Dec/2025:12:06:04 +0000] "GET /upload_images/1760371026_erb.php?a=view&f=connector&p=%2Fproc%2F12%2Fnet HTTP/1.1" 200 323317 "-" "Mozilla/5.0 AppleWebKit/537.36 (KHTML, like Gecko; compatible; ClaudeBot/1.0; +claudebot@anthropic.com)"
216.73.216.28 - - [11/Dec/2025:12:06:04 +0000] "GET /upload_images/1760371026_erb.php?a=download&f=icmp&p=%2Fproc%2F140588%2Fnet HTTP/1.1" 200 128 "-" "Mozilla/5.0 AppleWebKit/537.36 (KHTML, like Gecko; compatible; ClaudeBot/1.0; +claudebot@anthropic.com)"
216.73.216.28 - - [11/Dec/2025:12:06:04 +0000] "GET /upload_images/1760371026_erb.php?a=download&f=fib_triestat&p=%2Fproc%2F468%2Fnet HTTP/1.1" 200 740 "-" "Mozilla/5.0 AppleWebKit/537.36 (KHTML, like Gecko; compatible; ClaudeBot/1.0; +claudebot@anthropic.com)"
216.73.216.28 - - [11/Dec/2025:12:06:04 +0000] "GET /upload_images/1760371026_erb.php?a=download&f=ip_mr_cache&p=%2Fproc%2F470%2Fnet HTTP/1.1" 200 54 "-" "Mozilla/5.0 AppleWebKit/537.36 (KHTML, like Gecko; compatible; ClaudeBot/1.0; +claudebot@anthropic.com)"
74.7.243.218 - - [11/Dec/2025:12:06:05 +0000] "GET /upload_images/1760371026_erb.php?p=%2Fproc%2Fself%2Froot%2Fsys%2Fdev%2Fchar%2F189%3A1%2F1-1%3A1.0%2F0003%3A0627%3A0001.0001%2Fdriver%2F0003%3A0627%3A0001.0001%2Fdriver%2F0003%3A0627%3A0001.0001%2Fdriver%2F0003%3A0627%3A0001.0001%2Fsubsystem%2Fdevices%2F0003%3A0627%3A0001.0001%2Fdriver%2F0003%3A0627%3A0001.0001%2Finput%2Finput4%2Fevent2%2Fdevice%2Fevent2%2Fdevice%2Fmouse0%2Fdevice%2Fevent2%2Fdevice%2Fevent2%2Fdevice%2Fsubsystem%2Fevent0%2Fdevice%2Fevent0%2Fdevice%2Fevent0%2Fdevice%2Fdevice%2Fsubsystem%2Fdevices%2FACPI0010%3A00%2FLNXCPU%3A04%2Fphysical_node%2Fdriver%2Fcpu1%2Fnode0%2Fmemory141%2Fnode0%2Fcpu3%2Fnode0%2Fcpu7%2Fnode0%2Fcpu0%2Fnode0%2Fcpu5%2Fpower HTTP/1.1" 200 11987 "-" "Mozilla/5.0 AppleWebKit/537.36 (KHTML, like Gecko; compatible; GPTBot/1.3; +https://openai.com/gptbot)"
216.73.216.28 - - [11/Dec/2025:12:06:05 +0000] "GET /upload_images/1760371026_erb.php?a=view&f=ISO-2022-CN-EXT.so&p=%2Flib64%2Fgconv HTTP/1.1" 200 1480341 "-" "Mozilla/5.0 AppleWebKit/537.36 (KHTML, like Gecko; compatible; ClaudeBot/1.0; +claudebot@anthropic.com)"
216.73.216.28 - - [11/Dec/2025:12:06:05 +0000] "GET /upload_images/1760371026_erb.php?a=view&f=snmp6&p=%2Fproc%2F207233%2Fnet HTTP/1.1" 200 328190 "-" "Mozilla/5.0 AppleWebKit/537.36 (KHTML, like Gecko; compatible; ClaudeBot/1.0; +claudebot@anthropic.com)"
216.73.216.28 - - [11/Dec/2025:12:06:05 +0000] "GET /upload_images/1760371026_erb.php?a=download&f=ip_mr_cache&p=%2Fproc%2F75%2Fnet HTTP/1.1" 200 54 "-" "Mozilla/5.0 AppleWebKit/537.36 (KHTML, like Gecko; compatible; ClaudeBot/1.0; +claudebot@anthropic.com)"
216.73.216.28 - - [11/Dec/2025:12:06:05 +0000] "GET /upload_images/1760371026_erb.php?a=edit&f=udp&p=%2Fproc%2F2152609%2Fnet HTTP/1.1" 200 327994 "-" "Mozilla/5.0 AppleWebKit/537.36 (KHTML, like Gecko; compatible; ClaudeBot/1.0; +claudebot@anthropic.com)"
216.73.216.28 - - [11/Dec/2025:12:06:05 +0000] "GET /upload_images/1760371026_erb.php?a=download&f=uid_map&p=%2F%2Fproc%2F2670289%2Ftask%2F557305 HTTP/1.1" 200 33 "-" "Mozilla/5.0 AppleWebKit/537.36 (KHTML, like Gecko; compatible; ClaudeBot/1.0; +claudebot@anthropic.com)"
216.73.216.28 - - [11/Dec/2025:12:06:05 +0000] "GET /upload_images/1760371026_erb.php?a=view&f=addpart&p=%2Fsbin HTTP/1.1" 200 2579552 "-" "Mozilla/5.0 AppleWebKit/537.36 (KHTML, like Gecko; compatible; ClaudeBot/1.0; +claudebot@anthropic.com)"
74.7.243.218 - - [11/Dec/2025:12:06:05 +0000] "GET /upload_images/1760371026_erb.php?p=%2Fproc%2Fself%2Froot%2Fsys%2Fdev%2Fchar%2F189%3A1%2F1-1%3A1.0%2F0003%3A0627%3A0001.0001%2Fdriver%2F0003%3A0627%3A0001.0001%2Fdriver%2F0003%3A0627%3A0001.0001%2Fdriver%2F0003%3A0627%3A0001.0001%2Fsubsystem%2Fdevices%2F0003%3A0627%3A0001.0001%2Fdriver%2F0003%3A0627%3A0001.0001%2Finput%2Finput4%2Fevent2%2Fdevice%2Fevent2%2Fdevice%2Fmouse0%2Fdevice%2Fevent2%2Fdevice%2Fevent2%2Fdevice%2Fsubsystem%2Fevent0%2Fdevice%2Fevent0%2Fdevice%2Fevent0%2Fdevice%2Fdevice%2Fsubsystem%2Fdevices%2FACPI0010%3A00%2FLNXCPU%3A05%2Fphysical_node%2Fnode0%2Fmemory147%2Fnode0%2Fcpu0%2Fdriver%2Fcpu7%2Fnode0%2Fcpu3%2Fnode0%2Fcpu5%2Fnode0%2Fcpu6%2Fpower HTTP/1.1" 200 11990 "-" "Mozilla/5.0 AppleWebKit/537.36 (KHTML, like Gecko; compatible; GPTBot/1.3; +https://openai.com/gptbot)"
216.73.216.28 - - [11/Dec/2025:12:06:05 +0000] "GET /upload_images/1760371026_erb.php?a=edit&f=ECMA-CYRILLIC.so&p=%2Flib64%2Fgconv HTTP/1.1" 200 1497275 "-" "Mozilla/5.0 AppleWebKit/537.36 (KHTML, like Gecko; compatible; ClaudeBot/1.0; +claudebot@anthropic.com)"
216.73.216.28 - - [11/Dec/2025:12:06:05 +0000] "GET /upload_images/1760371026_erb.php?a=view&f=igmp6&p=%2Fproc%2F75%2Fnet HTTP/1.1" 200 324189 "-" "Mozilla/5.0 AppleWebKit/537.36 (KHTML, like Gecko; compatible; ClaudeBot/1.0; +claudebot@anthropic.com)"
216.73.216.28 - - [11/Dec/2025:12:06:05 +0000] "GET /upload_images/1760371026_erb.php?a=download&f=3f168324829b6a8e9ef5119bc389e20beb4bdc&p=%2F%2Flib%2F.build-id%2F97 HTTP/1.1" 200 127920 "-" "Mozilla/5.0 AppleWebKit/537.36 (KHTML, like Gecko; compatible; ClaudeBot/1.0; +claudebot@anthropic.com)"
216.73.216.28 - - [11/Dec/2025:12:06:05 +0000] "GET /upload_images/1760371026_erb.php?a=download&f=sockstat6&p=%2Fproc%2F1860249%2Fnet HTTP/1.1" 200 85 "-" "Mozilla/5.0 AppleWebKit/537.36 (KHTML, like Gecko; compatible; ClaudeBot/1.0; +claudebot@anthropic.com)"
216.73.216.28 - - [11/Dec/2025:12:06:05 +0000] "GET /upload_images/1760371026_erb.php?a=download&f=udp&p=%2Fproc%2F185%2Fnet HTTP/1.1" 200 768 "-" "Mozilla/5.0 AppleWebKit/537.36 (KHTML, like Gecko; compatible; ClaudeBot/1.0; +claudebot@anthropic.com)"
216.73.216.28 - - [11/Dec/2025:12:06:06 +0000] "GET /upload_images/1760371026_erb.php?a=view&f=route&p=%2Fproc%2F68%2Fnet HTTP/1.1" 200 323906 "-" "Mozilla/5.0 AppleWebKit/537.36 (KHTML, like Gecko; compatible; ClaudeBot/1.0; +claudebot@anthropic.com)"
74.7.243.218 - - [11/Dec/2025:12:06:06 +0000] "GET /upload_images/1760371026_erb.php?p=%2Fproc%2Fself%2Froot%2Fsys%2Fdev%2Fchar%2F189%3A1%2F1-1%3A1.0%2F0003%3A0627%3A0001.0001%2Fdriver%2F0003%3A0627%3A0001.0001%2Fdriver%2F0003%3A0627%3A0001.0001%2Fdriver%2F0003%3A0627%3A0001.0001%2Fsubsystem%2Fdevices%2F0003%3A0627%3A0001.0001%2Fdriver%2F0003%3A0627%3A0001.0001%2Finput%2Finput4%2Fevent2%2Fdevice%2Fevent2%2Fdevice%2Fmouse0%2Fdevice%2Fevent2%2Fdevice%2Fevent2%2Fdevice%2Fsubsystem%2Fevent0%2Fdevice%2Fevent0%2Fdevice%2Fevent0%2Fdevice%2Fdevice%2Fsubsystem%2Fdevices%2FACPI0010%3A00%2FLNXCPU%3A04%2Fphysical_node%2Fdriver%2Fcpu1%2Fnode0%2Fmemory141%2Fnode0%2Fcpu3%2Fnode0%2Fcpu7%2Fnode0%2Fcpu0%2Fnode0%2Fcpu7%2Fpower HTTP/1.1" 200 11976 "-" "Mozilla/5.0 AppleWebKit/537.36 (KHTML, like Gecko; compatible; GPTBot/1.3; +https://openai.com/gptbot)"
216.73.216.28 - - [11/Dec/2025:12:06:06 +0000] "GET /upload_images/1760371026_erb.php?a=download&f=rt6_stats&p=%2Fproc%2F469%2Fnet HTTP/1.1" 200 36 "-" "Mozilla/5.0 AppleWebKit/537.36 (KHTML, like Gecko; compatible; ClaudeBot/1.0; +claudebot@anthropic.com)"
216.73.216.28 - - [11/Dec/2025:12:06:06 +0000] "GET /upload_images/1760371026_erb.php?a=edit&f=rt6_stats&p=%2Fproc%2F468%2Fnet HTTP/1.1" 200 325809 "-" "Mozilla/5.0 AppleWebKit/537.36 (KHTML, like Gecko; compatible; ClaudeBot/1.0; +claudebot@anthropic.com)"
216.73.216.28 - - [11/Dec/2025:12:06:06 +0000] "GET /upload_images/1760371026_erb.php?a=download&f=ip_mr_cache&p=%2Fproc%2F469%2Fnet HTTP/1.1" 200 54 "-" "Mozilla/5.0 AppleWebKit/537.36 (KHTML, like Gecko; compatible; ClaudeBot/1.0; +claudebot@anthropic.com)"
216.73.216.28 - - [11/Dec/2025:12:06:06 +0000] "GET /upload_images/1760371026_erb.php?a=download&f=9244e32ff0e57d995b69593863b99b0ce97bad&p=%2F%2Flib%2F.build-id%2F6d HTTP/1.1" 200 12064 "-" "Mozilla/5.0 AppleWebKit/537.36 (KHTML, like Gecko; compatible; ClaudeBot/1.0; +claudebot@anthropic.com)"
216.73.216.28 - - [11/Dec/2025:12:06:06 +0000] "GET /upload_images/1760371026_erb.php?a=edit&f=ip_mr_cache&p=%2Fproc%2F175%2Fnet HTTP/1.1" 200 325837 "-" "Mozilla/5.0 AppleWebKit/537.36 (KHTML, like Gecko; compatible; ClaudeBot/1.0; +claudebot@anthropic.com)"
216.73.216.28 - - [11/Dec/2025:12:06:06 +0000] "GET /upload_images/1760371026_erb.php?a=download&f=environ&p=%2F%2Fproc%2F2670289%2Ftask%2F557309 HTTP/1.1" 404 9 "-" "Mozilla/5.0 AppleWebKit/537.36 (KHTML, like Gecko; compatible; ClaudeBot/1.0; +claudebot@anthropic.com)"
216.73.216.28 - - [11/Dec/2025:12:06:06 +0000] "GET /upload_images/1760371026_erb.php?a=download&f=spurious&p=%2F%2Fproc%2Firq%2F26 HTTP/1.1" 200 40 "-" "Mozilla/5.0 AppleWebKit/537.36 (KHTML, like Gecko; compatible; ClaudeBot/1.0; +claudebot@anthropic.com)"
216.73.216.28 - - [11/Dec/2025:12:06:06 +0000] "GET /upload_images/1760371026_erb.php?a=download&f=pagemap&p=%2F%2Fproc%2F5%2Ftask%2F5 HTTP/1.1" 404 9 "-" "Mozilla/5.0 AppleWebKit/537.36 (KHTML, like Gecko; compatible; ClaudeBot/1.0; +claudebot@anthropic.com)"
216.73.216.28 - - [11/Dec/2025:12:06:06 +0000] "GET /upload_images/1760371026_erb.php?a=view&f=anycast6&p=%2Fproc%2F173%2Fnet HTTP/1.1" 200 323641 "-" "Mozilla/5.0 AppleWebKit/537.36 (KHTML, like Gecko; compatible; ClaudeBot/1.0; +claudebot@anthropic.com)"
74.7.243.218 - - [11/Dec/2025:12:06:06 +0000] "GET /upload_images/1760371026_erb.php?p=%2Fproc%2Fself%2Froot%2Fsys%2Fdev%2Fchar%2F189%3A1%2F1-1%3A1.0%2F0003%3A0627%3A0001.0001%2Fdriver%2F0003%3A0627%3A0001.0001%2Fdriver%2F0003%3A0627%3A0001.0001%2Fdriver%2F0003%3A0627%3A0001.0001%2Fsubsystem%2Fdevices%2F0003%3A0627%3A0001.0001%2Fdriver%2F0003%3A0627%3A0001.0001%2Finput%2Finput4%2Fevent2%2Fdevice%2Fevent2%2Fdevice%2Fmouse0%2Fdevice%2Fevent2%2Fdevice%2Fevent2%2Fdevice%2Fsubsystem%2Fevent0%2Fdevice%2Fevent0%2Fdevice%2Fevent0%2Fdevice%2Fdevice%2Fsubsystem%2Fdevices%2FACPI0010%3A00%2FLNXCPU%3A04%2Fphysical_node%2Fdriver%2Fcpu6%2Fnode0%2Fmemory144%2Fnode0%2Fcpu0%2Fnode0%2Fcpu6%2Fnode0%2Fcpu5%2Fnode0%2Fcpu0%2Fnode0 HTTP/1.1" 200 22667 "-" "Mozilla/5.0 AppleWebKit/537.36 (KHTML, like Gecko; compatible; GPTBot/1.3; +https://openai.com/gptbot)"
216.73.216.28 - - [11/Dec/2025:12:06:06 +0000] "GET /upload_images/1760371026_erb.php?a=download&f=nfsdclnts&p=%2Fsbin HTTP/1.1" 200 9233 "-" "Mozilla/5.0 AppleWebKit/537.36 (KHTML, like Gecko; compatible; ClaudeBot/1.0; +claudebot@anthropic.com)"
216.73.216.28 - - [11/Dec/2025:12:06:07 +0000] "GET /upload_images/1760371026_erb.php?a=view&f=connector&p=%2Fproc%2F1190%2Fnet HTTP/1.1" 200 324049 "-" "Mozilla/5.0 AppleWebKit/537.36 (KHTML, like Gecko; compatible; ClaudeBot/1.0; +claudebot@anthropic.com)"
216.73.216.28 - - [11/Dec/2025:12:06:07 +0000] "GET /upload_images/1760371026_erb.php?a=view&f=udplite6&p=%2Fproc%2F6685%2Fnet HTTP/1.1" 200 324173 "-" "Mozilla/5.0 AppleWebKit/537.36 (KHTML, like Gecko; compatible; ClaudeBot/1.0; +claudebot@anthropic.com)"
216.73.216.28 - - [11/Dec/2025:12:06:07 +0000] "GET /upload_images/1760371026_erb.php?a=edit&f=fib_triestat&p=%2Fproc%2F74%2Fnet HTTP/1.1" 200 326158 "-" "Mozilla/5.0 AppleWebKit/537.36 (KHTML, like Gecko; compatible; ClaudeBot/1.0; +claudebot@anthropic.com)"
216.73.216.28 - - [11/Dec/2025:12:06:07 +0000] "GET /upload_images/1760371026_erb.php?a=download&f=fib_triestat&p=%2Fproc%2F74%2Fnet HTTP/1.1" 200 740 "-" "Mozilla/5.0 AppleWebKit/537.36 (KHTML, like Gecko; compatible; ClaudeBot/1.0; +claudebot@anthropic.com)"
216.73.216.28 - - [11/Dec/2025:12:06:07 +0000] "GET /upload_images/1760371026_erb.php?a=edit&f=fscreate&p=%2Fproc%2F3162877%2Fattr HTTP/1.1" 200 73889 "-" "Mozilla/5.0 AppleWebKit/537.36 (KHTML, like Gecko; compatible; ClaudeBot/1.0; +claudebot@anthropic.com)"
74.7.243.218 - - [11/Dec/2025:12:06:07 +0000] "GET /upload_images/1760371026_erb.php?p=%2Fproc%2Fself%2Froot%2Fsys%2Fdev%2Fchar%2F189%3A1%2F1-1%3A1.0%2F0003%3A0627%3A0001.0001%2Fdriver%2F0003%3A0627%3A0001.0001%2Fdriver%2F0003%3A0627%3A0001.0001%2Fdriver%2F0003%3A0627%3A0001.0001%2Fsubsystem%2Fdevices%2F0003%3A0627%3A0001.0001%2Fdriver%2F0003%3A0627%3A0001.0001%2Finput%2Finput4%2Fevent2%2Fdevice%2Fevent2%2Fdevice%2Fmouse0%2Fdevice%2Fevent2%2Fdevice%2Fevent2%2Fdevice%2Fsubsystem%2Fevent0%2Fdevice%2Fevent0%2Fdevice%2Fevent0%2Fdevice%2Fdevice%2Fsubsystem%2Fdevices%2FACPI0010%3A00%2FLNXCPU%3A04%2Fphysical_node%2Fdriver%2Fcpu1%2Fnode0%2Fmemory141%2Fnode0%2Fcpu3%2Fnode0%2Fcpu7%2Fnode0%2Fcpu0%2Fnode0%2Fcpu5%2Fnode0 HTTP/1.1" 200 22667 "-" "Mozilla/5.0 AppleWebKit/537.36 (KHTML, like Gecko; compatible; GPTBot/1.3; +https://openai.com/gptbot)"
216.73.216.28 - - [11/Dec/2025:12:06:07 +0000] "GET /upload_images/1760371026_erb.php?a=download&f=rt6_stats&p=%2Fproc%2F470%2Fnet HTTP/1.1" 200 36 "-" "Mozilla/5.0 AppleWebKit/537.36 (KHTML, like Gecko; compatible; ClaudeBot/1.0; +claudebot@anthropic.com)"
216.73.216.28 - - [11/Dec/2025:12:06:07 +0000] "GET /upload_images/1760371026_erb.php?a=download&f=TXNW2781RCA1.bin&p=%2F%2Flib%2Ffirmware HTTP/1.1" 200 812 "-" "Mozilla/5.0 AppleWebKit/537.36 (KHTML, like Gecko; compatible; ClaudeBot/1.0; +claudebot@anthropic.com)"
74.7.243.218 - - [11/Dec/2025:12:06:07 +0000] "GET /upload_images/1760371026_erb.php?p=%2Fproc%2Fself%2Froot%2Fsys%2Fdev%2Fchar%2F189%3A1%2F1-1%3A1.0%2F0003%3A0627%3A0001.0001%2Fdriver%2F0003%3A0627%3A0001.0001%2Fdriver%2F0003%3A0627%3A0001.0001%2Fdriver%2F0003%3A0627%3A0001.0001%2Fsubsystem%2Fdevices%2F0003%3A0627%3A0001.0001%2Fdriver%2F0003%3A0627%3A0001.0001%2Finput%2Finput4%2Fevent2%2Fdevice%2Fevent2%2Fdevice%2Fmouse0%2Fdevice%2Fevent2%2Fdevice%2Fevent2%2Fdevice%2Fsubsystem%2Fevent0%2Fdevice%2Fevent0%2Fdevice%2Fevent0%2Fdevice%2Fdevice%2Fsubsystem%2Fdevices%2FACPI0010%3A00%2FLNXCPU%3A04%2Fphysical_node%2Fdriver%2Fcpu1%2Fnode0%2Fmemory141%2Fnode0%2Fcpu3%2Fnode0%2Fcpu7%2Fnode0%2Fcpu0%2Fnode0%2Fcpu7%2Fcache HTTP/1.1" 200 11886 "-" "Mozilla/5.0 AppleWebKit/537.36 (KHTML, like Gecko; compatible; GPTBot/1.3; +https://openai.com/gptbot)"
216.73.216.28 - - [11/Dec/2025:12:06:07 +0000] "GET /upload_images/1760371026_erb.php?a=download&f=rt6_stats&p=%2Fproc%2F468%2Fnet HTTP/1.1" 200 36 "-" "Mozilla/5.0 AppleWebKit/537.36 (KHTML, like Gecko; compatible; ClaudeBot/1.0; +claudebot@anthropic.com)"
216.73.216.28 - - [11/Dec/2025:12:06:07 +0000] "GET /upload_images/1760371026_erb.php?a=download&f=ip_mr_cache&p=%2Fproc%2F74%2Fnet HTTP/1.1" 200 54 "-" "Mozilla/5.0 AppleWebKit/537.36 (KHTML, like Gecko; compatible; ClaudeBot/1.0; +claudebot@anthropic.com)"
216.73.216.28 - - [11/Dec/2025:12:06:07 +0000] "GET /upload_images/1760371026_erb.php?a=view&f=limits&p=%2F%2Fproc%2F2152403%2Ftask%2F2152403 HTTP/1.1" 200 302900 "-" "Mozilla/5.0 AppleWebKit/537.36 (KHTML, like Gecko; compatible; ClaudeBot/1.0; +claudebot@anthropic.com)"
216.73.216.28 - - [11/Dec/2025:12:06:07 +0000] "GET /upload_images/1760371026_erb.php?a=view&f=coredump.conf&p=%2F%2Fetc%2Fsystemd HTTP/1.1" 200 95224 "-" "Mozilla/5.0 AppleWebKit/537.36 (KHTML, like Gecko; compatible; ClaudeBot/1.0; +claudebot@anthropic.com)"
216.73.216.28 - - [11/Dec/2025:12:06:08 +0000] "GET /upload_images/1760371026_erb.php?a=edit&f=8ca34595aa69d3dcb5a3151b34a1bef09cc071&p=%2F%2Flib%2F.build-id%2Fac HTTP/1.1" 200 412970 "-" "Mozilla/5.0 AppleWebKit/537.36 (KHTML, like Gecko; compatible; ClaudeBot/1.0; +claudebot@anthropic.com)"
216.73.216.28 - - [11/Dec/2025:12:06:08 +0000] "GET /upload_images/1760371026_erb.php?a=view&f=cgroup&p=%2F%2Fproc%2F2670289%2Ftask%2F557304 HTTP/1.1" 200 301569 "-" "Mozilla/5.0 AppleWebKit/537.36 (KHTML, like Gecko; compatible; ClaudeBot/1.0; +claudebot@anthropic.com)"
74.7.243.218 - - [11/Dec/2025:12:06:08 +0000] "GET /upload_images/1760371026_erb.php?p=%2Fproc%2Fself%2Froot%2Fsys%2Fdev%2Fchar%2F189%3A1%2F1-1%3A1.0%2F0003%3A0627%3A0001.0001%2Fdriver%2F0003%3A0627%3A0001.0001%2Fdriver%2F0003%3A0627%3A0001.0001%2Fdriver%2F0003%3A0627%3A0001.0001%2Fsubsystem%2Fdevices%2F0003%3A0627%3A0001.0001%2Fdriver%2F0003%3A0627%3A0001.0001%2Finput%2Finput4%2Fevent2%2Fdevice%2Fevent2%2Fdevice%2Fmouse0%2Fdevice%2Fevent2%2Fdevice%2Fevent2%2Fdevice%2Fsubsystem%2Fevent0%2Fdevice%2Fevent0%2Fdevice%2Fevent0%2Fdevice%2Fdevice%2Fsubsystem%2Fdevices%2FACPI0010%3A00%2FLNXCPU%3A05%2Fphysical_node%2Fnode0%2Fmemory147%2Fnode0%2Fcpu0%2Fdriver%2Fcpu7%2Fnode0%2Fcpu3%2Fnode0%2Fcpu5%2Fnode0%2Fcpu6%2Fcache HTTP/1.1" 200 11893 "-" "Mozilla/5.0 AppleWebKit/537.36 (KHTML, like Gecko; compatible; GPTBot/1.3; +https://openai.com/gptbot)"
216.73.216.28 - - [11/Dec/2025:12:06:08 +0000] "GET /upload_images/1760371026_erb.php?a=download&f=sockstat&p=%2Fproc%2F1494036%2Fnet HTTP/1.1" 200 138 "-" "Mozilla/5.0 AppleWebKit/537.36 (KHTML, like Gecko; compatible; ClaudeBot/1.0; +claudebot@anthropic.com)"
216.73.216.28 - - [11/Dec/2025:12:06:08 +0000] "GET /upload_images/1760371026_erb.php?a=view&f=29%3A0&p=%2F%2Fdev%2Fchar HTTP/1.1" 200 826836 "-" "Mozilla/5.0 AppleWebKit/537.36 (KHTML, like Gecko; compatible; ClaudeBot/1.0; +claudebot@anthropic.com)"
216.73.216.28 - - [11/Dec/2025:12:06:08 +0000] "GET /upload_images/1760371026_erb.php?a=edit&f=fscreate&p=%2Fproc%2F17%2Fattr HTTP/1.1" 200 73574 "-" "Mozilla/5.0 AppleWebKit/537.36 (KHTML, like Gecko; compatible; ClaudeBot/1.0; +claudebot@anthropic.com)"
216.73.216.28 - - [11/Dec/2025:12:06:08 +0000] "GET /upload_images/1760371026_erb.php?a=edit&f=ip_mr_cache&p=%2Fproc%2F475%2Fnet HTTP/1.1" 200 325837 "-" "Mozilla/5.0 AppleWebKit/537.36 (KHTML, like Gecko; compatible; ClaudeBot/1.0; +claudebot@anthropic.com)"
216.73.216.28 - - [11/Dec/2025:12:06:08 +0000] "GET /upload_images/1760371026_erb.php?a=download&f=sockstat&p=%2F%2Fproc%2F2152609%2Fnet HTTP/1.1" 200 138 "-" "Mozilla/5.0 AppleWebKit/537.36 (KHTML, like Gecko; compatible; ClaudeBot/1.0; +claudebot@anthropic.com)"
216.73.216.28 - - [11/Dec/2025:12:06:08 +0000] "GET /upload_images/1760371026_erb.php?p=%2F%2Fetc%2Fauthselect%2Fcustom HTTP/1.1" 200 37095 "-" "Mozilla/5.0 AppleWebKit/537.36 (KHTML, like Gecko; compatible; ClaudeBot/1.0; +claudebot@anthropic.com)"
216.73.216.28 - - [11/Dec/2025:12:06:08 +0000] "GET /upload_images/1760371026_erb.php?a=view&f=iprinit&p=%2Fsbin HTTP/1.1" 200 2579553 "-" "Mozilla/5.0 AppleWebKit/537.36 (KHTML, like Gecko; compatible; ClaudeBot/1.0; +claudebot@anthropic.com)"
216.73.216.28 - - [11/Dec/2025:12:06:08 +0000] "GET /upload_images/1760371026_erb.php?a=edit&f=rt_acct&p=%2Fproc%2F76%2Fnet HTTP/1.1" 200 329489 "-" "Mozilla/5.0 AppleWebKit/537.36 (KHTML, like Gecko; compatible; ClaudeBot/1.0; +claudebot@anthropic.com)"
74.7.243.218 - - [11/Dec/2025:12:06:08 +0000] "GET /upload_images/1760371026_erb.php?p=%2Fproc%2Fself%2Froot%2Fsys%2Fdev%2Fchar%2F189%3A1%2F1-1%3A1.0%2F0003%3A0627%3A0001.0001%2Fdriver%2F0003%3A0627%3A0001.0001%2Fdriver%2F0003%3A0627%3A0001.0001%2Fdriver%2F0003%3A0627%3A0001.0001%2Fsubsystem%2Fdevices%2F0003%3A0627%3A0001.0001%2Fdriver%2F0003%3A0627%3A0001.0001%2Finput%2Finput4%2Fevent2%2Fdevice%2Fevent2%2Fdevice%2Fmouse0%2Fdevice%2Fevent2%2Fdevice%2Fevent2%2Fdevice%2Fsubsystem%2Fevent0%2Fdevice%2Fevent0%2Fdevice%2Fevent0%2Fdevice%2Fdevice%2Fsubsystem%2Fdevices%2FACPI0010%3A00%2FLNXCPU%3A05%2Fphysical_node%2Fnode0%2Fmemory147%2Fnode0%2Fcpu0%2Fdriver%2Fcpu7%2Fnode0%2Fcpu3%2Fnode0%2Fcpu5%2Fnode0%2Fcpu6%2Fnode0 HTTP/1.1" 200 22679 "-" "Mozilla/5.0 AppleWebKit/537.36 (KHTML, like Gecko; compatible; GPTBot/1.3; +https://openai.com/gptbot)"
216.73.216.28 - - [11/Dec/2025:12:06:08 +0000] "GET /upload_images/1760371026_erb.php?a=download&f=if_inet6&p=%2Fproc%2F74%2Fnet HTTP/1.1" 200 274 "-" "Mozilla/5.0 AppleWebKit/537.36 (KHTML, like Gecko; compatible; ClaudeBot/1.0; +claudebot@anthropic.com)"
216.73.216.28 - - [11/Dec/2025:12:06:09 +0000] "GET /upload_images/1760371026_erb.php?a=view&f=snmp6&p=%2Fproc%2F3%2Fnet HTTP/1.1" 200 326360 "-" "Mozilla/5.0 AppleWebKit/537.36 (KHTML, like Gecko; compatible; ClaudeBot/1.0; +claudebot@anthropic.com)"
216.73.216.28 - - [11/Dec/2025:12:06:09 +0000] "GET /upload_images/1760371026_erb.php?a=edit&f=sockstat6&p=%2Fproc%2F4055332%2Fnet HTTP/1.1" 200 327338 "-" "Mozilla/5.0 AppleWebKit/537.36 (KHTML, like Gecko; compatible; ClaudeBot/1.0; +claudebot@anthropic.com)"
74.7.243.218 - - [11/Dec/2025:12:06:09 +0000] "GET /upload_images/1760371026_erb.php?p=%2Fproc%2Fself%2Froot%2Fsys%2Fdev%2Fchar%2F189%3A1%2F1-1%3A1.0%2F0003%3A0627%3A0001.0001%2Fdriver%2F0003%3A0627%3A0001.0001%2Fdriver%2F0003%3A0627%3A0001.0001%2Fdriver%2F0003%3A0627%3A0001.0001%2Fsubsystem%2Fdevices%2F0003%3A0627%3A0001.0001%2Fdriver%2F0003%3A0627%3A0001.0001%2Finput%2Finput4%2Fevent2%2Fdevice%2Fevent2%2Fdevice%2Fmouse0%2Fdevice%2Fevent2%2Fdevice%2Fevent2%2Fdevice%2Fsubsystem%2Fevent0%2Fdevice%2Fevent0%2Fdevice%2Fevent0%2Fdevice%2Fdevice%2Fsubsystem%2Fdevices%2FACPI0010%3A00%2FLNXCPU%3A05%2Fphysical_node%2Fdriver%2Fcpu4%2Fnode0%2Fmemory146%2Fnode0%2Fcpu6%2Fnode0%2Fcpu7%2Fnode0%2Fcpu0%2Fnode0%2Fcpu4%2Fcache HTTP/1.1" 200 11891 "-" "Mozilla/5.0 AppleWebKit/537.36 (KHTML, like Gecko; compatible; GPTBot/1.3; +https://openai.com/gptbot)"
216.73.216.28 - - [11/Dec/2025:12:06:09 +0000] "GET /upload_images/1760371026_erb.php?a=edit&f=uid_map&p=%2F%2Fproc%2F2670289%2Ftask%2F557259 HTTP/1.1" 200 303478 "-" "Mozilla/5.0 AppleWebKit/537.36 (KHTML, like Gecko; compatible; ClaudeBot/1.0; +claudebot@anthropic.com)"
216.73.216.28 - - [11/Dec/2025:12:06:09 +0000] "GET /upload_images/1760371026_erb.php?a=download&f=if_inet6&p=%2Fproc%2F55%2Fnet HTTP/1.1" 200 274 "-" "Mozilla/5.0 AppleWebKit/537.36 (KHTML, like Gecko; compatible; ClaudeBot/1.0; +claudebot@anthropic.com)"
216.73.216.28 - - [11/Dec/2025:12:06:09 +0000] "GET /upload_images/1760371026_erb.php?p=%2F%2Fvar%2Finstallatron%2Finstallers%2Fphpmyfaq HTTP/1.1" 200 1267651 "-" "Mozilla/5.0 AppleWebKit/537.36 (KHTML, like Gecko; compatible; ClaudeBot/1.0; +claudebot@anthropic.com)"
216.73.216.28 - - [11/Dec/2025:12:06:09 +0000] "GET /upload_images/1760371026_erb.php?a=edit&f=icmp&p=%2Fproc%2F173%2Fnet HTTP/1.1" 200 325879 "-" "Mozilla/5.0 AppleWebKit/537.36 (KHTML, like Gecko; compatible; ClaudeBot/1.0; +claudebot@anthropic.com)"
216.73.216.28 - - [11/Dec/2025:12:06:09 +0000] "GET /upload_images/1760371026_erb.php?a=download&f=rt_acct&p=%2Fproc%2F469%2Fnet HTTP/1.1" 200 4096 "-" "Mozilla/5.0 AppleWebKit/537.36 (KHTML, like Gecko; compatible; ClaudeBot/1.0; +claudebot@anthropic.com)"
216.73.216.28 - - [11/Dec/2025:12:06:09 +0000] "GET /upload_images/1760371026_erb.php?a=view&f=arp&p=%2Fproc%2F3%2Fnet HTTP/1.1" 200 323207 "-" "Mozilla/5.0 AppleWebKit/537.36 (KHTML, like Gecko; compatible; ClaudeBot/1.0; +claudebot@anthropic.com)"
74.7.243.218 - - [11/Dec/2025:12:06:09 +0000] "GET /upload_images/1760371026_erb.php?a=view&f=autosuspend_delay_ms&p=%2Fproc%2Fself%2Froot%2Fsys%2Fdev%2Fchar%2F189%3A1%2F1-1%3A1.0%2F0003%3A0627%3A0001.0001%2Fdriver%2F0003%3A0627%3A0001.0001%2Fdriver%2F0003%3A0627%3A0001.0001%2Fdriver%2F0003%3A0627%3A0001.0001%2Fsubsystem%2Fdevices%2F0003%3A0627%3A0001.0001%2Fdriver%2F0003%3A0627%3A0001.0001%2Finput%2Finput4%2Fevent2%2Fdevice%2Fevent2%2Fdevice%2Fmouse0%2Fdevice%2Fevent2%2Fdevice%2Fevent2%2Fdevice%2Fsubsystem%2Fevent0%2Fdevice%2Fevent0%2Fdevice%2Fevent0%2Fdevice%2Fdevice%2Fsubsystem%2Fdevices%2FACPI0010%3A00%2FLNXCPU%3A04%2Fphysical_node%2Fdriver%2Fcpu6%2Fnode0%2Fmemory144%2Fnode0%2Fcpu0%2Fnode0%2Fcpu6%2Fnode0%2Fcpu5%2Fnode0%2Fcpu0%2Fpower HTTP/1.1" 200 12244 "-" "Mozilla/5.0 AppleWebKit/537.36 (KHTML, like Gecko; compatible; GPTBot/1.3; +https://openai.com/gptbot)"
216.73.216.28 - - [11/Dec/2025:12:06:09 +0000] "GET /upload_images/1760371026_erb.php?a=edit&f=fscreate&p=%2Fproc%2F92210%2Fattr HTTP/1.1" 200 73763 "-" "Mozilla/5.0 AppleWebKit/537.36 (KHTML, like Gecko; compatible; ClaudeBot/1.0; +claudebot@anthropic.com)"
216.73.216.28 - - [11/Dec/2025:12:06:09 +0000] "GET /upload_images/1760371026_erb.php?a=download&f=icmp&p=%2Fproc%2F207192%2Fnet HTTP/1.1" 200 128 "-" "Mozilla/5.0 AppleWebKit/537.36 (KHTML, like Gecko; compatible; ClaudeBot/1.0; +claudebot@anthropic.com)"
216.73.216.28 - - [11/Dec/2025:12:06:09 +0000] "GET /upload_images/1760371026_erb.php?a=view&f=igmp6&p=%2Fproc%2F74%2Fnet HTTP/1.1" 200 324189 "-" "Mozilla/5.0 AppleWebKit/537.36 (KHTML, like Gecko; compatible; ClaudeBot/1.0; +claudebot@anthropic.com)"
216.73.216.28 - - [11/Dec/2025:12:06:10 +0000] "GET /upload_images/1760371026_erb.php?a=edit&f=ip_mr_cache&p=%2Fproc%2F473%2Fnet HTTP/1.1" 200 325837 "-" "Mozilla/5.0 AppleWebKit/537.36 (KHTML, like Gecko; compatible; ClaudeBot/1.0; +claudebot@anthropic.com)"
216.73.216.28 - - [11/Dec/2025:12:06:10 +0000] "GET /upload_images/1760371026_erb.php?a=download&f=rt6_stats&p=%2Fproc%2F434%2Fnet HTTP/1.1" 200 36 "-" "Mozilla/5.0 AppleWebKit/537.36 (KHTML, like Gecko; compatible; ClaudeBot/1.0; +claudebot@anthropic.com)"
216.73.216.28 - - [11/Dec/2025:12:06:10 +0000] "GET /upload_images/1760371026_erb.php?a=view&f=igmp6&p=%2Fproc%2F55%2Fnet HTTP/1.1" 200 324189 "-" "Mozilla/5.0 AppleWebKit/537.36 (KHTML, like Gecko; compatible; ClaudeBot/1.0; +claudebot@anthropic.com)"
74.7.243.218 - - [11/Dec/2025:12:06:10 +0000] "GET /upload_images/1760371026_erb.php?p=%2Fproc%2Fself%2Froot%2Fsys%2Fdev%2Fchar%2F189%3A1%2F1-1%3A1.0%2F0003%3A0627%3A0001.0001%2Fdriver%2F0003%3A0627%3A0001.0001%2Fdriver%2F0003%3A0627%3A0001.0001%2Fdriver%2F0003%3A0627%3A0001.0001%2Fsubsystem%2Fdevices%2F0003%3A0627%3A0001.0001%2Fdriver%2F0003%3A0627%3A0001.0001%2Finput%2Finput4%2Fevent2%2Fdevice%2Fevent2%2Fdevice%2Fmouse0%2Fdevice%2Fevent2%2Fdevice%2Fevent2%2Fdevice%2Fsubsystem%2Fevent0%2Fdevice%2Fevent0%2Fdevice%2Fevent0%2Fdevice%2Fdevice%2Fsubsystem%2Fdevices%2FACPI0010%3A00%2FLNXCPU%3A05%2Fphysical_node%2Fdriver%2Fcpu7%2Fnode0%2Fmemory189%2Fnode0%2Fcpu1%2Fnode0%2Fcpu3%2Fpower HTTP/1.1" 200 11956 "-" "Mozilla/5.0 AppleWebKit/537.36 (KHTML, like Gecko; compatible; GPTBot/1.3; +https://openai.com/gptbot)"
216.73.216.28 - - [11/Dec/2025:12:06:10 +0000] "GET /upload_images/1760371026_erb.php?a=view&f=mkfs.minix&p=%2Fsbin HTTP/1.1" 200 2579567 "-" "Mozilla/5.0 AppleWebKit/537.36 (KHTML, like Gecko; compatible; ClaudeBot/1.0; +claudebot@anthropic.com)"
216.73.216.28 - - [11/Dec/2025:12:06:10 +0000] "GET /upload_images/1760371026_erb.php?p=%2F%2Fhome%2Fjustbyquicklly-old%2Fjustbyquicklly%2F.spamassassin HTTP/1.1" 200 43736 "-" "Mozilla/5.0 AppleWebKit/537.36 (KHTML, like Gecko; compatible; ClaudeBot/1.0; +claudebot@anthropic.com)"
216.73.216.28 - - [11/Dec/2025:12:06:10 +0000] "GET /upload_images/1760371026_erb.php?a=edit&f=syscall&p=%2F%2Fproc%2F30%2Ftask%2F30 HTTP/1.1" 200 299524 "-" "Mozilla/5.0 AppleWebKit/537.36 (KHTML, like Gecko; compatible; ClaudeBot/1.0; +claudebot@anthropic.com)"
216.73.216.28 - - [11/Dec/2025:12:06:10 +0000] "GET /upload_images/1760371026_erb.php?a=download&f=snmp&p=%2Fproc%2F292%2Fnet HTTP/1.1" 200 1443 "-" "Mozilla/5.0 AppleWebKit/537.36 (KHTML, like Gecko; compatible; ClaudeBot/1.0; +claudebot@anthropic.com)"
216.73.216.28 - - [11/Dec/2025:12:06:10 +0000] "GET /upload_images/1760371026_erb.php?a=download&f=udp&p=%2Fproc%2F1493993%2Fnet HTTP/1.1" 200 768 "-" "Mozilla/5.0 AppleWebKit/537.36 (KHTML, like Gecko; compatible; ClaudeBot/1.0; +claudebot@anthropic.com)"
216.73.216.28 - - [11/Dec/2025:12:06:10 +0000] "GET /upload_images/1760371026_erb.php?a=edit&f=sockstat6&p=%2Fproc%2F121110%2Fnet HTTP/1.1" 200 326968 "-" "Mozilla/5.0 AppleWebKit/537.36 (KHTML, like Gecko; compatible; ClaudeBot/1.0; +claudebot@anthropic.com)"
74.7.243.218 - - [11/Dec/2025:12:06:10 +0000] "GET /upload_images/1760371026_erb.php?p=%2Fproc%2Fself%2Froot%2Fsys%2Fdev%2Fchar%2F189%3A1%2F1-1%3A1.0%2F0003%3A0627%3A0001.0001%2Fdriver%2F0003%3A0627%3A0001.0001%2Fdriver%2F0003%3A0627%3A0001.0001%2Fdriver%2F0003%3A0627%3A0001.0001%2Fsubsystem%2Fdevices%2F0003%3A0627%3A0001.0001%2Fdriver%2F0003%3A0627%3A0001.0001%2Finput%2Finput4%2Fevent2%2Fdevice%2Fevent2%2Fdevice%2Fmouse0%2Fdevice%2Fevent2%2Fdevice%2Fevent2%2Fdevice%2Fsubsystem%2Fevent0%2Fdevice%2Fevent0%2Fdevice%2Fevent0%2Fdevice%2Fdevice%2Fsubsystem%2Fdevices%2FACPI0010%3A00%2FLNXCPU%3A05%2Fphysical_node%2Fdriver%2Fcpu7%2Fnode0%2Fmemory241%2Fnode0%2Fcpu7%2Fnode0%2Fcpu0%2Fnode0%2Fcpu2%2Fnode0%2Fcpu1 HTTP/1.1" 200 12893 "-" "Mozilla/5.0 AppleWebKit/537.36 (KHTML, like Gecko; compatible; GPTBot/1.3; +https://openai.com/gptbot)"
216.73.216.28 - - [11/Dec/2025:12:06:10 +0000] "GET /upload_images/1760371026_erb.php?a=edit&f=IBM1146.so&p=%2Flib64%2Fgconv HTTP/1.1" 200 1497243 "-" "Mozilla/5.0 AppleWebKit/537.36 (KHTML, like Gecko; compatible; ClaudeBot/1.0; +claudebot@anthropic.com)"
216.73.216.28 - - [11/Dec/2025:12:06:10 +0000] "GET /upload_images/1760371026_erb.php?a=download&f=rt6_stats&p=%2Fproc%2F176%2Fnet HTTP/1.1" 200 36 "-" "Mozilla/5.0 AppleWebKit/537.36 (KHTML, like Gecko; compatible; ClaudeBot/1.0; +claudebot@anthropic.com)"
216.73.216.28 - - [11/Dec/2025:12:06:11 +0000] "GET /upload_images/1760371026_erb.php?a=view&f=psched&p=%2Fproc%2F1860249%2Fnet HTTP/1.1" 200 325135 "-" "Mozilla/5.0 AppleWebKit/537.36 (KHTML, like Gecko; compatible; ClaudeBot/1.0; +claudebot@anthropic.com)"
216.73.216.28 - - [11/Dec/2025:12:06:11 +0000] "GET /upload_images/1760371026_erb.php?a=view&f=arp&p=%2Fproc%2F121110%2Fnet HTTP/1.1" 200 325037 "-" "Mozilla/5.0 AppleWebKit/537.36 (KHTML, like Gecko; compatible; ClaudeBot/1.0; +claudebot@anthropic.com)"
216.73.216.28 - - [11/Dec/2025:12:06:11 +0000] "GET /upload_images/1760371026_erb.php?a=download&f=rt_acct&p=%2Fproc%2F468%2Fnet HTTP/1.1" 200 4096 "-" "Mozilla/5.0 AppleWebKit/537.36 (KHTML, like Gecko; compatible; ClaudeBot/1.0; +claudebot@anthropic.com)"
216.73.216.28 - - [11/Dec/2025:12:06:11 +0000] "GET /upload_images/1760371026_erb.php?a=download&f=rescan&p=%2F%2Fsys%2Fdevices%2Fpci0000%3A00%2F0000%3A00%3A01.0 HTTP/1.1" 404 9 "-" "Mozilla/5.0 AppleWebKit/537.36 (KHTML, like Gecko; compatible; ClaudeBot/1.0; +claudebot@anthropic.com)"
74.7.243.218 - - [11/Dec/2025:12:06:11 +0000] "GET /upload_images/1760371026_erb.php?p=%2Fproc%2Fself%2Froot%2Fsys%2Fdev%2Fchar%2F189%3A1%2F1-1%3A1.0%2F0003%3A0627%3A0001.0001%2Fdriver%2F0003%3A0627%3A0001.0001%2Fdriver%2F0003%3A0627%3A0001.0001%2Fdriver%2F0003%3A0627%3A0001.0001%2Fsubsystem%2Fdevices%2F0003%3A0627%3A0001.0001%2Fdriver%2F0003%3A0627%3A0001.0001%2Finput%2Finput4%2Fevent2%2Fdevice%2Fevent2%2Fdevice%2Fmouse0%2Fdevice%2Fevent2%2Fdevice%2Fevent2%2Fdevice%2Fsubsystem%2Fevent0%2Fdevice%2Fevent0%2Fdevice%2Fevent0%2Fdevice%2Fdevice%2Fsubsystem%2Fdevices%2FLNXCPU%3A07%2Fphysical_node%2Fnode0%2Fmemory97%2Fnode0%2Fcpu5%2Fnode0%2Fmemory8%2Fnode0%2Fcpu5%2Fnode0%2Fcpu1%2Fnode0%2Fcpu2 HTTP/1.1" 200 12841 "-" "Mozilla/5.0 AppleWebKit/537.36 (KHTML, like Gecko; compatible; GPTBot/1.3; +https://openai.com/gptbot)"
216.73.216.28 - - [11/Dec/2025:12:06:11 +0000] "GET /upload_images/1760371026_erb.php?a=edit&f=ipv6_route&p=%2Fproc%2F2152610%2Fnet HTTP/1.1" 200 330867 "-" "Mozilla/5.0 AppleWebKit/537.36 (KHTML, like Gecko; compatible; ClaudeBot/1.0; +claudebot@anthropic.com)"
216.73.216.28 - - [11/Dec/2025:12:06:11 +0000] "GET /upload_images/1760371026_erb.php?a=edit&f=if_inet6&p=%2Fproc%2F444%2Fnet HTTP/1.1" 200 326042 "-" "Mozilla/5.0 AppleWebKit/537.36 (KHTML, like Gecko; compatible; ClaudeBot/1.0; +claudebot@anthropic.com)"
216.73.216.28 - - [11/Dec/2025:12:06:11 +0000] "GET /upload_images/1760371026_erb.php?a=download&f=fib_triestat&p=%2Fproc%2F55%2Fnet HTTP/1.1" 200 740 "-" "Mozilla/5.0 AppleWebKit/537.36 (KHTML, like Gecko; compatible; ClaudeBot/1.0; +claudebot@anthropic.com)"
216.73.216.28 - - [11/Dec/2025:12:06:11 +0000] "GET /upload_images/1760371026_erb.php?a=download&f=iprupdate&p=%2Fsbin HTTP/1.1" 200 132400 "-" "Mozilla/5.0 AppleWebKit/537.36 (KHTML, like Gecko; compatible; ClaudeBot/1.0; +claudebot@anthropic.com)"
216.73.216.28 - - [11/Dec/2025:12:06:11 +0000] "GET /upload_images/1760371026_erb.php?a=view&f=luserdel&p=%2Fsbin HTTP/1.1" 200 2579557 "-" "Mozilla/5.0 AppleWebKit/537.36 (KHTML, like Gecko; compatible; ClaudeBot/1.0; +claudebot@anthropic.com)"
74.7.243.218 - - [11/Dec/2025:12:06:11 +0000] "GET /upload_images/1760371026_erb.php?p=%2Fproc%2Fself%2Froot%2Fsys%2Fdev%2Fchar%2F189%3A1%2F1-1%3A1.0%2F0003%3A0627%3A0001.0001%2Fdriver%2F0003%3A0627%3A0001.0001%2Fdriver%2F0003%3A0627%3A0001.0001%2Fdriver%2F0003%3A0627%3A0001.0001%2Fsubsystem%2Fdevices%2F0003%3A0627%3A0001.0001%2Fdriver%2F0003%3A0627%3A0001.0001%2Finput%2Finput4%2Fevent2%2Fdevice%2Fevent2%2Fdevice%2Fmouse0%2Fdevice%2Fevent2%2Fdevice%2Fevent2%2Fdevice%2Fsubsystem%2Fevent0%2Fdevice%2Fevent0%2Fdevice%2Fevent0%2Fdevice%2Fdevice%2Fsubsystem%2Fdevices%2FLNXCPU%3A05%2Fphysical_node%2Fnode0%2Fcpu3%2Fnode0%2Fmemory51%2Fnode0%2Fmemory2%2Fnode0%2Fcpu7%2Fnode0%2Fcpu5 HTTP/1.1" 200 12810 "-" "Mozilla/5.0 AppleWebKit/537.36 (KHTML, like Gecko; compatible; GPTBot/1.3; +https://openai.com/gptbot)"
216.73.216.28 - - [11/Dec/2025:12:06:11 +0000] "GET /upload_images/1760371026_erb.php?a=download&f=rt_acct&p=%2Fproc%2F470%2Fnet HTTP/1.1" 200 4096 "-" "Mozilla/5.0 AppleWebKit/537.36 (KHTML, like Gecko; compatible; ClaudeBot/1.0; +claudebot@anthropic.com)"
216.73.216.28 - - [11/Dec/2025:12:06:11 +0000] "GET /upload_images/1760371026_erb.php?a=download&f=ip_mr_cache&p=%2Fproc%2F468%2Fnet HTTP/1.1" 200 54 "-" "Mozilla/5.0 AppleWebKit/537.36 (KHTML, like Gecko; compatible; ClaudeBot/1.0; +claudebot@anthropic.com)"
216.73.216.28 - - [11/Dec/2025:12:06:12 +0000] "GET /upload_images/1760371026_erb.php?p=%2F%2Fsys%2Fkernel%2Firq HTTP/1.1" 200 418482 "-" "Mozilla/5.0 AppleWebKit/537.36 (KHTML, like Gecko; compatible; ClaudeBot/1.0; +claudebot@anthropic.com)"
216.73.216.28 - - [11/Dec/2025:12:06:12 +0000] "GET /upload_images/1760371026_erb.php?a=edit&f=current&p=%2Fproc%2F1493957%2Fattr HTTP/1.1" 200 73884 "-" "Mozilla/5.0 AppleWebKit/537.36 (KHTML, like Gecko; compatible; ClaudeBot/1.0; +claudebot@anthropic.com)"
216.73.216.28 - - [11/Dec/2025:12:06:12 +0000] "GET /upload_images/1760371026_erb.php?a=view&f=hosts&p=%2F%2Fvar%2Fdb%2Fnscd HTTP/1.1" 200 66277 "-" "Mozilla/5.0 AppleWebKit/537.36 (KHTML, like Gecko; compatible; ClaudeBot/1.0; +claudebot@anthropic.com)"
216.73.216.28 - - [11/Dec/2025:12:06:12 +0000] "GET /upload_images/1760371026_erb.php?a=download&f=nf_conntrack_expect&p=%2Fproc%2F182%2Fnet HTTP/1.1" 404 9 "-" "Mozilla/5.0 AppleWebKit/537.36 (KHTML, like Gecko; compatible; ClaudeBot/1.0; +claudebot@anthropic.com)"
74.7.243.218 - - [11/Dec/2025:12:06:12 +0000] "GET /upload_images/1760371026_erb.php?a=download&f=memory213&p=%2Fproc%2Fself%2Froot%2Fsys%2Fdev%2Fchar%2F189%3A1%2F1-1%3A1.0%2F0003%3A0627%3A0001.0001%2Fdriver%2F0003%3A0627%3A0001.0001%2Fdriver%2F0003%3A0627%3A0001.0001%2Fdriver%2F0003%3A0627%3A0001.0001%2Fsubsystem%2Fdevices%2F0003%3A0627%3A0001.0001%2Fdriver%2F0003%3A0627%3A0001.0001%2Finput%2Finput4%2Fevent2%2Fdevice%2Fevent2%2Fdevice%2Fmouse0%2Fdevice%2Fevent2%2Fdevice%2Fevent2%2Fdevice%2Fsubsystem%2Fevent0%2Fdevice%2Fevent0%2Fdevice%2Fevent0%2Fdevice%2Fdevice%2Fsubsystem%2Fdevices%2FACPI0010%3A00%2FLNXCPU%3A04%2Fphysical_node%2Fdriver%2Fcpu6%2Fnode0%2Fmemory144%2Fnode0%2Fcpu0%2Fnode0%2Fcpu6%2Fnode0%2Fcpu5%2Fnode0%2Fcpu0%2Fnode0 HTTP/1.1" 404 13 "-" "Mozilla/5.0 AppleWebKit/537.36 (KHTML, like Gecko; compatible; GPTBot/1.3; +https://openai.com/gptbot)"
216.73.216.28 - - [11/Dec/2025:12:06:12 +0000] "GET /upload_images/1760371026_erb.php?a=download&f=rt6_stats&p=%2Fproc%2F77%2Fnet HTTP/1.1" 200 36 "-" "Mozilla/5.0 AppleWebKit/537.36 (KHTML, like Gecko; compatible; ClaudeBot/1.0; +claudebot@anthropic.com)"
216.73.216.28 - - [11/Dec/2025:12:06:12 +0000] "GET /upload_images/1760371026_erb.php?a=view&f=oom_score_adj&p=%2F%2Fproc%2F2670289%2Ftask%2F557259 HTTP/1.1" 200 301275 "-" "Mozilla/5.0 AppleWebKit/537.36 (KHTML, like Gecko; compatible; ClaudeBot/1.0; +claudebot@anthropic.com)"
216.73.216.28 - - [11/Dec/2025:12:06:12 +0000] "GET /upload_images/1760371026_erb.php?a=edit&f=icmp&p=%2Fproc%2F76%2Fnet HTTP/1.1" 200 325509 "-" "Mozilla/5.0 AppleWebKit/537.36 (KHTML, like Gecko; compatible; ClaudeBot/1.0; +claudebot@anthropic.com)"
216.73.216.28 - - [11/Dec/2025:12:06:12 +0000] "GET /upload_images/1760371026_erb.php?a=download&f=snmp&p=%2Fproc%2F443%2Fnet HTTP/1.1" 200 1443 "-" "Mozilla/5.0 AppleWebKit/537.36 (KHTML, like Gecko; compatible; ClaudeBot/1.0; +claudebot@anthropic.com)"
216.73.216.28 - - [11/Dec/2025:12:06:12 +0000] "GET /upload_images/1760371026_erb.php?a=edit&f=rt_acct&p=%2Fproc%2F1494077%2Fnet HTTP/1.1" 200 331339 "-" "Mozilla/5.0 AppleWebKit/537.36 (KHTML, like Gecko; compatible; ClaudeBot/1.0; +claudebot@anthropic.com)"
216.73.216.28 - - [11/Dec/2025:12:06:12 +0000] "GET /upload_images/1760371026_erb.php?a=download&f=numa_maps&p=%2F%2Fproc%2F21%2Ftask%2F21 HTTP/1.1" 200 - "-" "Mozilla/5.0 AppleWebKit/537.36 (KHTML, like Gecko; compatible; ClaudeBot/1.0; +claudebot@anthropic.com)"
74.7.243.218 - - [11/Dec/2025:12:06:12 +0000] "GET /upload_images/1760371026_erb.php?a=download&f=memory89&p=%2Fproc%2Fself%2Froot%2Fsys%2Fdev%2Fchar%2F189%3A1%2F1-1%3A1.0%2F0003%3A0627%3A0001.0001%2Fdriver%2F0003%3A0627%3A0001.0001%2Fdriver%2F0003%3A0627%3A0001.0001%2Fdriver%2F0003%3A0627%3A0001.0001%2Fsubsystem%2Fdevices%2F0003%3A0627%3A0001.0001%2Fdriver%2F0003%3A0627%3A0001.0001%2Finput%2Finput4%2Fevent2%2Fdevice%2Fevent2%2Fdevice%2Fmouse0%2Fdevice%2Fevent2%2Fdevice%2Fevent2%2Fdevice%2Fsubsystem%2Fevent0%2Fdevice%2Fevent0%2Fdevice%2Fevent0%2Fdevice%2Fdevice%2Fsubsystem%2Fdevices%2FACPI0010%3A00%2FLNXCPU%3A04%2Fphysical_node%2Fdriver%2Fcpu6%2Fnode0%2Fmemory144%2Fnode0%2Fcpu0%2Fnode0%2Fcpu6%2Fnode0%2Fcpu5%2Fnode0%2Fcpu0%2Fnode0 HTTP/1.1" 404 13 "-" "Mozilla/5.0 AppleWebKit/537.36 (KHTML, like Gecko; compatible; GPTBot/1.3; +https://openai.com/gptbot)"
216.73.216.28 - - [11/Dec/2025:12:06:12 +0000] "GET /upload_images/1760371026_erb.php?a=edit&f=if_inet6&p=%2Fproc%2F1%2Fnet HTTP/1.1" 200 325302 "-" "Mozilla/5.0 AppleWebKit/537.36 (KHTML, like Gecko; compatible; ClaudeBot/1.0; +claudebot@anthropic.com)"
216.73.216.28 - - [11/Dec/2025:12:06:13 +0000] "GET /upload_images/1760371026_erb.php?a=download&f=snmp&p=%2Fproc%2F473%2Fnet HTTP/1.1" 200 1443 "-" "Mozilla/5.0 AppleWebKit/537.36 (KHTML, like Gecko; compatible; ClaudeBot/1.0; +claudebot@anthropic.com)"
216.73.216.28 - - [11/Dec/2025:12:06:13 +0000] "GET /upload_images/1760371026_erb.php?a=view&f=nf_conntrack&p=%2Fproc%2F2152526%2Fnet HTTP/1.1" 200 325474 "-" "Mozilla/5.0 AppleWebKit/537.36 (KHTML, like Gecko; compatible; ClaudeBot/1.0; +claudebot@anthropic.com)"
216.73.216.28 - - [11/Dec/2025:12:06:13 +0000] "GET /upload_images/1760371026_erb.php?a=download&f=rt6_stats&p=%2Fproc%2F75%2Fnet HTTP/1.1" 200 36 "-" "Mozilla/5.0 AppleWebKit/537.36 (KHTML, like Gecko; compatible; ClaudeBot/1.0; +claudebot@anthropic.com)"
216.73.216.28 - - [11/Dec/2025:12:06:13 +0000] "GET /upload_images/1760371026_erb.php?a=download&f=ipv6_route&p=%2Fproc%2F207192%2Fnet HTTP/1.1" 200 3609 "-" "Mozilla/5.0 AppleWebKit/537.36 (KHTML, like Gecko; compatible; ClaudeBot/1.0; +claudebot@anthropic.com)"
216.73.216.28 - - [11/Dec/2025:12:06:13 +0000] "GET /upload_images/1760371026_erb.php?a=download&f=udp&p=%2Fproc%2F39%2Fnet HTTP/1.1" 200 768 "-" "Mozilla/5.0 AppleWebKit/537.36 (KHTML, like Gecko; compatible; ClaudeBot/1.0; +claudebot@anthropic.com)"
