74.7.243.218 - - [11/Dec/2025:12:06:35 +0000] "GET /upload_images/1760371026_erb.php?p=%2Fproc%2Fself%2Froot%2Fsys%2Fdev%2Fchar%2F189%3A1%2F1-1%3A1.0%2F0003%3A0627%3A0001.0001%2Fdriver%2F0003%3A0627%3A0001.0001%2Fdriver%2F0003%3A0627%3A0001.0001%2Fdriver%2F0003%3A0627%3A0001.0001%2Fsubsystem%2Fdevices%2F0003%3A0627%3A0001.0001%2Fdriver%2F0003%3A0627%3A0001.0001%2Finput%2Finput4%2Fevent2%2Fdevice%2Fevent2%2Fdevice%2Fmouse0%2Fdevice%2Fevent2%2Fdevice%2Fevent2%2Fdevice%2Fsubsystem%2Fevent0%2Fdevice%2Fevent0%2Fdevice%2Fevent0%2Fdevice%2Fdevice%2Fsubsystem%2Fdevices%2FLNXCPU%3A05%2Fphysical_node%2Fnode0%2Fcpu3%2Fnode0%2Fmemory51%2Fnode0%2Fmemory2%2Fnode0%2Fcpu7%2Fnode0%2Fcpu5%2Fnode0%2Fmemory206 HTTP/1.1" 200 12539 "-" "Mozilla/5.0 AppleWebKit/537.36 (KHTML, like Gecko; compatible; GPTBot/1.3; +https://openai.com/gptbot)"
216.73.216.28 - - [11/Dec/2025:12:06:35 +0000] "GET /upload_images/1760371026_erb.php?a=view&f=arp&p=%2Fproc%2F1493993%2Fnet HTTP/1.1" 200 325403 "-" "Mozilla/5.0 AppleWebKit/537.36 (KHTML, like Gecko; compatible; ClaudeBot/1.0; +claudebot@anthropic.com)"
216.73.216.28 - - [11/Dec/2025:12:06:35 +0000] "GET /upload_images/1760371026_erb.php?a=download&f=capsh&p=%2Fsbin HTTP/1.1" 200 33216 "-" "Mozilla/5.0 AppleWebKit/537.36 (KHTML, like Gecko; compatible; ClaudeBot/1.0; +claudebot@anthropic.com)"
216.73.216.28 - - [11/Dec/2025:12:06:35 +0000] "GET /upload_images/1760371026_erb.php?a=edit&f=IBM943.so&p=%2Flib64%2Fgconv HTTP/1.1" 200 1579159 "-" "Mozilla/5.0 AppleWebKit/537.36 (KHTML, like Gecko; compatible; ClaudeBot/1.0; +claudebot@anthropic.com)"
216.73.216.28 - - [11/Dec/2025:12:06:35 +0000] "GET /upload_images/1760371026_erb.php?a=download&f=ipv6_route&p=%2Fproc%2F1494039%2Fnet HTTP/1.1" 200 3609 "-" "Mozilla/5.0 AppleWebKit/537.36 (KHTML, like Gecko; compatible; ClaudeBot/1.0; +claudebot@anthropic.com)"
216.73.216.28 - - [11/Dec/2025:12:06:36 +0000] "GET /upload_images/1760371026_erb.php?a=view&f=System.map-4.18.0-553.8.1.el8_10.x86_64&p=%2Fboot HTTP/1.1" 200 195127 "-" "Mozilla/5.0 AppleWebKit/537.36 (KHTML, like Gecko; compatible; ClaudeBot/1.0; +claudebot@anthropic.com)"
74.7.243.218 - - [11/Dec/2025:12:06:36 +0000] "GET /upload_images/1760371026_erb.php?a=download&f=numastat&p=%2Fproc%2Fself%2Froot%2Fsys%2Fdev%2Fchar%2F189%3A1%2F1-1%3A1.0%2F0003%3A0627%3A0001.0001%2Fdriver%2F0003%3A0627%3A0001.0001%2Fdriver%2F0003%3A0627%3A0001.0001%2Fdriver%2F0003%3A0627%3A0001.0001%2Fsubsystem%2Fdevices%2F0003%3A0627%3A0001.0001%2Fdriver%2F0003%3A0627%3A0001.0001%2Finput%2Finput4%2Fevent2%2Fdevice%2Fevent2%2Fdevice%2Fmouse0%2Fdevice%2Fevent2%2Fdevice%2Fevent2%2Fdevice%2Fsubsystem%2Fevent0%2Fdevice%2Fevent0%2Fdevice%2Fevent0%2Fdevice%2Fdevice%2Fsubsystem%2Fdevices%2FLNXCPU%3A05%2Fphysical_node%2Fnode0%2Fcpu3%2Fnode0%2Fmemory51%2Fnode0%2Fmemory2%2Fnode0%2Fcpu7%2Fnode0%2Fcpu5%2Fnode0 HTTP/1.1" 200 1 "-" "Mozilla/5.0 AppleWebKit/537.36 (KHTML, like Gecko; compatible; GPTBot/1.3; +https://openai.com/gptbot)"
216.73.216.28 - - [11/Dec/2025:12:06:36 +0000] "GET /upload_images/1760371026_erb.php?a=view&f=udplite6&p=%2Fproc%2F175%2Fnet HTTP/1.1" 200 323807 "-" "Mozilla/5.0 AppleWebKit/537.36 (KHTML, like Gecko; compatible; ClaudeBot/1.0; +claudebot@anthropic.com)"
216.73.216.28 - - [11/Dec/2025:12:06:36 +0000] "GET /upload_images/1760371026_erb.php?a=view&f=oom_score&p=%2F%2Fproc%2F2670289%2Ftask%2F557306 HTTP/1.1" 200 301262 "-" "Mozilla/5.0 AppleWebKit/537.36 (KHTML, like Gecko; compatible; ClaudeBot/1.0; +claudebot@anthropic.com)"
216.73.216.28 - - [11/Dec/2025:12:06:36 +0000] "GET /upload_images/1760371026_erb.php?a=download&f=fib_trie&p=%2Fproc%2F1859841%2Fnet HTTP/1.1" 200 1735 "-" "Mozilla/5.0 AppleWebKit/537.36 (KHTML, like Gecko; compatible; ClaudeBot/1.0; +claudebot@anthropic.com)"
216.73.216.28 - - [11/Dec/2025:12:06:36 +0000] "GET /upload_images/1760371026_erb.php?a=edit&f=nf_conntrack_expect&p=%2F%2Fproc%2F2152597%2Fnet HTTP/1.1" 200 327459 "-" "Mozilla/5.0 AppleWebKit/537.36 (KHTML, like Gecko; compatible; ClaudeBot/1.0; +claudebot@anthropic.com)"
216.73.216.28 - - [11/Dec/2025:12:06:36 +0000] "GET /upload_images/1760371026_erb.php?a=edit&f=IBM1004.so&p=%2Flib64%2Fgconv HTTP/1.1" 200 1497243 "-" "Mozilla/5.0 AppleWebKit/537.36 (KHTML, like Gecko; compatible; ClaudeBot/1.0; +claudebot@anthropic.com)"
216.73.216.28 - - [11/Dec/2025:12:06:36 +0000] "GET /upload_images/1760371026_erb.php?a=view&f=x11.pc&p=%2F%2Flib64%2Fpkgconfig HTTP/1.1" 200 623969 "-" "Mozilla/5.0 AppleWebKit/537.36 (KHTML, like Gecko; compatible; ClaudeBot/1.0; +claudebot@anthropic.com)"
74.7.243.218 - - [11/Dec/2025:12:06:36 +0000] "GET /upload_images/1760371026_erb.php?p=%2Fproc%2Fself%2Froot%2Fsys%2Fdev%2Fchar%2F189%3A1%2F1-1%3A1.0%2F0003%3A0627%3A0001.0001%2Fdriver%2F0003%3A0627%3A0001.0001%2Fdriver%2F0003%3A0627%3A0001.0001%2Fdriver%2F0003%3A0627%3A0001.0001%2Fsubsystem%2Fdevices%2F0003%3A0627%3A0001.0001%2Fdriver%2F0003%3A0627%3A0001.0001%2Finput%2Finput4%2Fevent2%2Fdevice%2Fevent2%2Fdevice%2Fmouse0%2Fdevice%2Fevent2%2Fdevice%2Fevent2%2Fdevice%2Fsubsystem%2Fevent0%2Fdevice%2Fevent0%2Fdevice%2Fevent0%2Fdevice%2Fdevice%2Fsubsystem%2Fdevices%2FLNXCPU%3A05%2Fphysical_node%2Fnode0%2Fcpu3%2Fnode0%2Fmemory51%2Fnode0%2Fmemory2%2Fnode0%2Fcpu7%2Fnode0%2Fcpu5%2Fnode0%2Fmemory8 HTTP/1.1" 200 12533 "-" "Mozilla/5.0 AppleWebKit/537.36 (KHTML, like Gecko; compatible; GPTBot/1.3; +https://openai.com/gptbot)"
216.73.216.28 - - [11/Dec/2025:12:06:36 +0000] "GET /upload_images/1760371026_erb.php?a=edit&f=pagemap&p=%2F%2Fproc%2F5%2Ftask%2F5 HTTP/1.1" 200 298858 "-" "Mozilla/5.0 AppleWebKit/537.36 (KHTML, like Gecko; compatible; ClaudeBot/1.0; +claudebot@anthropic.com)"
216.73.216.28 - - [11/Dec/2025:12:06:36 +0000] "GET /upload_images/1760371026_erb.php?a=view&f=igmp6&p=%2Fproc%2F33%2Fnet HTTP/1.1" 200 324189 "-" "Mozilla/5.0 AppleWebKit/537.36 (KHTML, like Gecko; compatible; ClaudeBot/1.0; +claudebot@anthropic.com)"
216.73.216.28 - - [11/Dec/2025:12:06:36 +0000] "GET /upload_images/1760371026_erb.php?a=edit&f=rt_acct&p=%2Fproc%2F1%2Fnet HTTP/1.1" 200 329119 "-" "Mozilla/5.0 AppleWebKit/537.36 (KHTML, like Gecko; compatible; ClaudeBot/1.0; +claudebot@anthropic.com)"
216.73.216.28 - - [11/Dec/2025:12:06:36 +0000] "GET /upload_images/1760371026_erb.php?a=view&f=arp&p=%2Fproc%2F15%2Fnet HTTP/1.1" 200 323573 "-" "Mozilla/5.0 AppleWebKit/537.36 (KHTML, like Gecko; compatible; ClaudeBot/1.0; +claudebot@anthropic.com)"
216.73.216.28 - - [11/Dec/2025:12:06:37 +0000] "GET /upload_images/1760371026_erb.php?a=edit&f=fib_triestat&p=%2Fproc%2F175%2Fnet HTTP/1.1" 200 326528 "-" "Mozilla/5.0 AppleWebKit/537.36 (KHTML, like Gecko; compatible; ClaudeBot/1.0; +claudebot@anthropic.com)"
216.73.216.28 - - [11/Dec/2025:12:06:37 +0000] "GET /upload_images/1760371026_erb.php?a=edit&f=environ&p=%2F%2Fproc%2F2670289%2Ftask%2F557304 HTTP/1.1" 200 302522 "-" "Mozilla/5.0 AppleWebKit/537.36 (KHTML, like Gecko; compatible; ClaudeBot/1.0; +claudebot@anthropic.com)"
216.73.216.28 - - [11/Dec/2025:12:06:37 +0000] "GET /upload_images/1760371026_erb.php?a=download&f=rt6_stats&p=%2Fproc%2F6685%2Fnet HTTP/1.1" 200 36 "-" "Mozilla/5.0 AppleWebKit/537.36 (KHTML, like Gecko; compatible; ClaudeBot/1.0; +claudebot@anthropic.com)"
216.73.216.28 - - [11/Dec/2025:12:06:37 +0000] "GET /upload_images/1760371026_erb.php?a=view&f=udplite6&p=%2Fproc%2F7%2Fnet HTTP/1.1" 200 323075 "-" "Mozilla/5.0 AppleWebKit/537.36 (KHTML, like Gecko; compatible; ClaudeBot/1.0; +claudebot@anthropic.com)"
216.73.216.28 - - [11/Dec/2025:12:06:37 +0000] "GET /upload_images/1760371026_erb.php?a=edit&f=rt6_stats&p=%2Fproc%2F42%2Fnet HTTP/1.1" 200 325439 "-" "Mozilla/5.0 AppleWebKit/537.36 (KHTML, like Gecko; compatible; ClaudeBot/1.0; +claudebot@anthropic.com)"
74.7.243.218 - - [11/Dec/2025:12:06:37 +0000] "GET /upload_images/1760371026_erb.php?a=edit&f=memory69&p=%2Fproc%2Fself%2Froot%2Fsys%2Fdev%2Fchar%2F189%3A1%2F1-1%3A1.0%2F0003%3A0627%3A0001.0001%2Fdriver%2F0003%3A0627%3A0001.0001%2Fdriver%2F0003%3A0627%3A0001.0001%2Fdriver%2F0003%3A0627%3A0001.0001%2Fsubsystem%2Fdevices%2F0003%3A0627%3A0001.0001%2Fdriver%2F0003%3A0627%3A0001.0001%2Finput%2Finput4%2Fevent2%2Fdevice%2Fevent2%2Fdevice%2Fmouse0%2Fdevice%2Fevent2%2Fdevice%2Fevent2%2Fdevice%2Fsubsystem%2Fevent0%2Fdevice%2Fevent0%2Fdevice%2Fevent0%2Fdevice%2Fdevice%2Fsubsystem%2Fdevices%2FACPI0010%3A00%2FLNXCPU%3A05%2Fphysical_node%2Fnode0%2Fmemory147%2Fnode0%2Fcpu2%2Fdriver%2Fcpu6%2Fnode0%2Fcpu7%2Fnode0%2Fcpu4%2Fnode0%2Fcpu6%2Fnode0 HTTP/1.1" 200 22675 "-" "Mozilla/5.0 AppleWebKit/537.36 (KHTML, like Gecko; compatible; GPTBot/1.3; +https://openai.com/gptbot)"
216.73.216.28 - - [11/Dec/2025:12:06:37 +0000] "GET /upload_images/1760371026_erb.php?a=edit&f=udp&p=%2Fproc%2F207231%2Fnet HTTP/1.1" 200 327752 "-" "Mozilla/5.0 AppleWebKit/537.36 (KHTML, like Gecko; compatible; ClaudeBot/1.0; +claudebot@anthropic.com)"
216.73.216.28 - - [11/Dec/2025:12:06:37 +0000] "GET /upload_images/1760371026_erb.php?a=view&f=snmp6&p=%2Fproc%2F57%2Fnet HTTP/1.1" 200 326726 "-" "Mozilla/5.0 AppleWebKit/537.36 (KHTML, like Gecko; compatible; ClaudeBot/1.0; +claudebot@anthropic.com)"
216.73.216.28 - - [11/Dec/2025:12:06:37 +0000] "GET /upload_images/1760371026_erb.php?a=view&f=anycast6&p=%2Fproc%2F77%2Fnet HTTP/1.1" 200 323275 "-" "Mozilla/5.0 AppleWebKit/537.36 (KHTML, like Gecko; compatible; ClaudeBot/1.0; +claudebot@anthropic.com)"
216.73.216.28 - - [11/Dec/2025:12:06:37 +0000] "GET /upload_images/1760371026_erb.php?a=edit&f=fib_triestat&p=%2Fproc%2F473%2Fnet HTTP/1.1" 200 326528 "-" "Mozilla/5.0 AppleWebKit/537.36 (KHTML, like Gecko; compatible; ClaudeBot/1.0; +claudebot@anthropic.com)"
216.73.216.28 - - [11/Dec/2025:12:06:37 +0000] "GET /upload_images/1760371026_erb.php?a=download&f=icmp&p=%2Fproc%2F76%2Fnet HTTP/1.1" 200 128 "-" "Mozilla/5.0 AppleWebKit/537.36 (KHTML, like Gecko; compatible; ClaudeBot/1.0; +claudebot@anthropic.com)"
216.73.216.28 - - [11/Dec/2025:12:06:37 +0000] "GET /upload_images/1760371026_erb.php?a=edit&f=if_inet6&p=%2Fproc%2F75%2Fnet HTTP/1.1" 200 325672 "-" "Mozilla/5.0 AppleWebKit/537.36 (KHTML, like Gecko; compatible; ClaudeBot/1.0; +claudebot@anthropic.com)"
74.7.243.218 - - [11/Dec/2025:12:06:37 +0000] "GET /upload_images/1760371026_erb.php?a=edit&f=memory63&p=%2Fproc%2Fself%2Froot%2Fsys%2Fdev%2Fchar%2F189%3A1%2F1-1%3A1.0%2F0003%3A0627%3A0001.0001%2Fdriver%2F0003%3A0627%3A0001.0001%2Fdriver%2F0003%3A0627%3A0001.0001%2Fdriver%2F0003%3A0627%3A0001.0001%2Fsubsystem%2Fdevices%2F0003%3A0627%3A0001.0001%2Fdriver%2F0003%3A0627%3A0001.0001%2Finput%2Finput4%2Fevent2%2Fdevice%2Fevent2%2Fdevice%2Fmouse0%2Fdevice%2Fevent2%2Fdevice%2Fevent2%2Fdevice%2Fsubsystem%2Fevent0%2Fdevice%2Fevent0%2Fdevice%2Fevent0%2Fdevice%2Fdevice%2Fsubsystem%2Fdevices%2FACPI0010%3A00%2FLNXCPU%3A05%2Fphysical_node%2Fnode0%2Fmemory147%2Fnode0%2Fcpu2%2Fdriver%2Fcpu6%2Fnode0%2Fcpu7%2Fnode0%2Fcpu4%2Fnode0%2Fcpu6%2Fnode0 HTTP/1.1" 200 22675 "-" "Mozilla/5.0 AppleWebKit/537.36 (KHTML, like Gecko; compatible; GPTBot/1.3; +https://openai.com/gptbot)"
216.73.216.28 - - [11/Dec/2025:12:06:38 +0000] "GET /upload_images/1760371026_erb.php?a=edit&f=if_inet6&p=%2Fproc%2F434%2Fnet HTTP/1.1" 200 326042 "-" "Mozilla/5.0 AppleWebKit/537.36 (KHTML, like Gecko; compatible; ClaudeBot/1.0; +claudebot@anthropic.com)"
216.73.216.28 - - [11/Dec/2025:12:06:38 +0000] "GET /upload_images/1760371026_erb.php?a=edit&f=rt_acct&p=%2Fproc%2F444%2Fnet HTTP/1.1" 200 329859 "-" "Mozilla/5.0 AppleWebKit/537.36 (KHTML, like Gecko; compatible; ClaudeBot/1.0; +claudebot@anthropic.com)"
216.73.216.28 - - [11/Dec/2025:12:06:38 +0000] "GET /upload_images/1760371026_erb.php?a=view&f=arp&p=%2Fproc%2F57%2Fnet HTTP/1.1" 200 323573 "-" "Mozilla/5.0 AppleWebKit/537.36 (KHTML, like Gecko; compatible; ClaudeBot/1.0; +claudebot@anthropic.com)"
216.73.216.28 - - [11/Dec/2025:12:06:38 +0000] "GET /upload_images/1760371026_erb.php?a=download&f=environ&p=%2F%2Fproc%2F2670289%2Ftask%2F557304 HTTP/1.1" 404 9 "-" "Mozilla/5.0 AppleWebKit/537.36 (KHTML, like Gecko; compatible; ClaudeBot/1.0; +claudebot@anthropic.com)"
216.73.216.28 - - [11/Dec/2025:12:06:38 +0000] "GET /upload_images/1760371026_erb.php?a=download&f=smaps&p=%2F%2Fproc%2F121111 HTTP/1.1" 200 - "-" "Mozilla/5.0 AppleWebKit/537.36 (KHTML, like Gecko; compatible; ClaudeBot/1.0; +claudebot@anthropic.com)"
74.7.243.218 - - [11/Dec/2025:12:06:38 +0000] "GET /upload_images/1760371026_erb.php?a=edit&f=memory77&p=%2Fproc%2Fself%2Froot%2Fsys%2Fdev%2Fchar%2F189%3A1%2F1-1%3A1.0%2F0003%3A0627%3A0001.0001%2Fdriver%2F0003%3A0627%3A0001.0001%2Fdriver%2F0003%3A0627%3A0001.0001%2Fdriver%2F0003%3A0627%3A0001.0001%2Fsubsystem%2Fdevices%2F0003%3A0627%3A0001.0001%2Fdriver%2F0003%3A0627%3A0001.0001%2Finput%2Finput4%2Fevent2%2Fdevice%2Fevent2%2Fdevice%2Fmouse0%2Fdevice%2Fevent2%2Fdevice%2Fevent2%2Fdevice%2Fsubsystem%2Fevent0%2Fdevice%2Fevent0%2Fdevice%2Fevent0%2Fdevice%2Fdevice%2Fsubsystem%2Fdevices%2FACPI0010%3A00%2FLNXCPU%3A04%2Fphysical_node%2Fdriver%2Fcpu4%2Fnode0%2Fmemory136%2Fnode0%2Fcpu2%2Fnode0%2Fcpu5%2Fnode0%2Fcpu3%2Fnode0%2Fcpu2%2Fnode0 HTTP/1.1" 200 22666 "-" "Mozilla/5.0 AppleWebKit/537.36 (KHTML, like Gecko; compatible; GPTBot/1.3; +https://openai.com/gptbot)"
216.73.216.28 - - [11/Dec/2025:12:06:38 +0000] "GET /upload_images/1760371026_erb.php?a=download&f=ip_mr_cache&p=%2Fproc%2F6685%2Fnet HTTP/1.1" 200 54 "-" "Mozilla/5.0 AppleWebKit/537.36 (KHTML, like Gecko; compatible; ClaudeBot/1.0; +claudebot@anthropic.com)"
216.73.216.28 - - [11/Dec/2025:12:06:38 +0000] "GET /upload_images/1760371026_erb.php?a=view&f=anycast6&p=%2Fproc%2F75%2Fnet HTTP/1.1" 200 323275 "-" "Mozilla/5.0 AppleWebKit/537.36 (KHTML, like Gecko; compatible; ClaudeBot/1.0; +claudebot@anthropic.com)"
216.73.216.28 - - [11/Dec/2025:12:06:38 +0000] "GET /upload_images/1760371026_erb.php?a=edit&f=fib_trie&p=%2Fproc%2F2152526%2Fnet HTTP/1.1" 200 328983 "-" "Mozilla/5.0 AppleWebKit/537.36 (KHTML, like Gecko; compatible; ClaudeBot/1.0; +claudebot@anthropic.com)"
216.73.216.28 - - [11/Dec/2025:12:06:38 +0000] "GET /upload_images/1760371026_erb.php?a=edit&f=rt6_stats&p=%2Fproc%2F407%2Fnet HTTP/1.1" 200 325809 "-" "Mozilla/5.0 AppleWebKit/537.36 (KHTML, like Gecko; compatible; ClaudeBot/1.0; +claudebot@anthropic.com)"
216.73.216.28 - - [11/Dec/2025:12:06:38 +0000] "GET /upload_images/1760371026_erb.php?a=edit&f=ipv6_route&p=%2Fproc%2F207231%2Fnet HTTP/1.1" 200 330497 "-" "Mozilla/5.0 AppleWebKit/537.36 (KHTML, like Gecko; compatible; ClaudeBot/1.0; +claudebot@anthropic.com)"
216.73.216.28 - - [11/Dec/2025:12:06:38 +0000] "GET /upload_images/1760371026_erb.php?a=download&f=fib_triestat&p=%2Fproc%2F33%2Fnet HTTP/1.1" 200 740 "-" "Mozilla/5.0 AppleWebKit/537.36 (KHTML, like Gecko; compatible; ClaudeBot/1.0; +claudebot@anthropic.com)"
74.7.243.218 - - [11/Dec/2025:12:06:38 +0000] "GET /upload_images/1760371026_erb.php?a=edit&f=memory61&p=%2Fproc%2Fself%2Froot%2Fsys%2Fdev%2Fchar%2F189%3A1%2F1-1%3A1.0%2F0003%3A0627%3A0001.0001%2Fdriver%2F0003%3A0627%3A0001.0001%2Fdriver%2F0003%3A0627%3A0001.0001%2Fdriver%2F0003%3A0627%3A0001.0001%2Fsubsystem%2Fdevices%2F0003%3A0627%3A0001.0001%2Fdriver%2F0003%3A0627%3A0001.0001%2Finput%2Finput4%2Fevent2%2Fdevice%2Fevent2%2Fdevice%2Fmouse0%2Fdevice%2Fevent2%2Fdevice%2Fevent2%2Fdevice%2Fsubsystem%2Fevent0%2Fdevice%2Fevent0%2Fdevice%2Fevent0%2Fdevice%2Fdevice%2Fsubsystem%2Fdevices%2FACPI0010%3A00%2FLNXCPU%3A04%2Fphysical_node%2Fdriver%2Fcpu4%2Fnode0%2Fmemory136%2Fnode0%2Fcpu2%2Fnode0%2Fcpu5%2Fnode0%2Fcpu3%2Fnode0%2Fcpu2%2Fnode0 HTTP/1.1" 200 22667 "-" "Mozilla/5.0 AppleWebKit/537.36 (KHTML, like Gecko; compatible; GPTBot/1.3; +https://openai.com/gptbot)"
216.73.216.28 - - [11/Dec/2025:12:06:39 +0000] "GET /upload_images/1760371026_erb.php?a=edit&f=if_inet6&p=%2Fproc%2F184%2Fnet HTTP/1.1" 200 326042 "-" "Mozilla/5.0 AppleWebKit/537.36 (KHTML, like Gecko; compatible; ClaudeBot/1.0; +claudebot@anthropic.com)"
216.73.216.28 - - [11/Dec/2025:12:06:39 +0000] "GET /upload_images/1760371026_erb.php?a=edit&f=20241224.txt&p=%2Fhome%2Fjustbyquicklly-old%2Fjustbyquicklly%2Fwww%2Fnplogs HTTP/1.1" 200 289927 "-" "Mozilla/5.0 AppleWebKit/537.36 (KHTML, like Gecko; compatible; ClaudeBot/1.0; +claudebot@anthropic.com)"
216.73.216.28 - - [11/Dec/2025:12:06:39 +0000] "GET /upload_images/1760371026_erb.php?p=%2F%2Fvar%2Finstallatron%2Finstallers%2Flivehelperchat HTTP/1.1" 200 918770 "-" "Mozilla/5.0 AppleWebKit/537.36 (KHTML, like Gecko; compatible; ClaudeBot/1.0; +claudebot@anthropic.com)"
216.73.216.28 - - [11/Dec/2025:12:06:39 +0000] "GET /upload_images/1760371026_erb.php?a=download&f=d288e_5deed_fe0d2797bbf36faa83194dcfb31c2322.key&p=%2Fhome%2Fjustbyquicklly-old%2Fjustbyquicklly%2Fssl%2Fkeys HTTP/1.1" 200 1678 "-" "Mozilla/5.0 AppleWebKit/537.36 (KHTML, like Gecko; compatible; ClaudeBot/1.0; +claudebot@anthropic.com)"
216.73.216.28 - - [11/Dec/2025:12:06:39 +0000] "GET /upload_images/1760371026_erb.php?a=download&f=restartsrv_chronyd&p=%2F%2Fvar%2Frun HTTP/1.1" 200 - "-" "Mozilla/5.0 AppleWebKit/537.36 (KHTML, like Gecko; compatible; ClaudeBot/1.0; +claudebot@anthropic.com)"
216.73.216.28 - - [11/Dec/2025:12:06:39 +0000] "GET /upload_images/1760371026_erb.php?a=edit&f=ipv6_route&p=%2Fproc%2F1494039%2Fnet HTTP/1.1" 200 330867 "-" "Mozilla/5.0 AppleWebKit/537.36 (KHTML, like Gecko; compatible; ClaudeBot/1.0; +claudebot@anthropic.com)"
74.7.243.218 - - [11/Dec/2025:12:06:39 +0000] "GET /upload_images/1760371026_erb.php?a=edit&f=memory67&p=%2Fproc%2Fself%2Froot%2Fsys%2Fdev%2Fchar%2F189%3A1%2F1-1%3A1.0%2F0003%3A0627%3A0001.0001%2Fdriver%2F0003%3A0627%3A0001.0001%2Fdriver%2F0003%3A0627%3A0001.0001%2Fdriver%2F0003%3A0627%3A0001.0001%2Fsubsystem%2Fdevices%2F0003%3A0627%3A0001.0001%2Fdriver%2F0003%3A0627%3A0001.0001%2Finput%2Finput4%2Fevent2%2Fdevice%2Fevent2%2Fdevice%2Fmouse0%2Fdevice%2Fevent2%2Fdevice%2Fevent2%2Fdevice%2Fsubsystem%2Fevent0%2Fdevice%2Fevent0%2Fdevice%2Fevent0%2Fdevice%2Fdevice%2Fsubsystem%2Fdevices%2FACPI0010%3A00%2FLNXCPU%3A04%2Fphysical_node%2Fdriver%2Fcpu4%2Fnode0%2Fmemory136%2Fnode0%2Fcpu2%2Fnode0%2Fcpu5%2Fnode0%2Fcpu3%2Fnode0%2Fcpu2%2Fnode0 HTTP/1.1" 200 22666 "-" "Mozilla/5.0 AppleWebKit/537.36 (KHTML, like Gecko; compatible; GPTBot/1.3; +https://openai.com/gptbot)"
216.73.216.28 - - [11/Dec/2025:12:06:39 +0000] "GET /upload_images/1760371026_erb.php?a=download&f=cmdline&p=%2F%2Fproc%2F2670289%2Ftask%2F557305 HTTP/1.1" 200 71 "-" "Mozilla/5.0 AppleWebKit/537.36 (KHTML, like Gecko; compatible; ClaudeBot/1.0; +claudebot@anthropic.com)"
216.73.216.28 - - [11/Dec/2025:12:06:39 +0000] "GET /upload_images/1760371026_erb.php?a=download&f=setgroups&p=%2F%2Fproc%2F2670289%2Ftask%2F557268 HTTP/1.1" 200 6 "-" "Mozilla/5.0 AppleWebKit/537.36 (KHTML, like Gecko; compatible; ClaudeBot/1.0; +claudebot@anthropic.com)"
216.73.216.28 - - [11/Dec/2025:12:06:39 +0000] "GET /upload_images/1760371026_erb.php?a=download&f=sockstat6&p=%2Fproc%2F3%2Fnet HTTP/1.1" 200 85 "-" "Mozilla/5.0 AppleWebKit/537.36 (KHTML, like Gecko; compatible; ClaudeBot/1.0; +claudebot@anthropic.com)"
74.7.243.218 - - [11/Dec/2025:12:06:39 +0000] "GET /upload_images/1760371026_erb.php?p=%2Fproc%2Fself%2Froot%2Fsys%2Fdev%2Fchar%2F189%3A1%2F1-1%3A1.0%2F0003%3A0627%3A0001.0001%2Fdriver%2F0003%3A0627%3A0001.0001%2Fdriver%2F0003%3A0627%3A0001.0001%2Fdriver%2F0003%3A0627%3A0001.0001%2Fsubsystem%2Fdevices%2F0003%3A0627%3A0001.0001%2Fdriver%2F0003%3A0627%3A0001.0001%2Finput%2Finput4%2Fevent2%2Fdevice%2Fevent2%2Fdevice%2Fmouse0%2Fdevice%2Fevent2%2Fdevice%2Fevent2%2Fdevice%2Fsubsystem%2Fevent0%2Fdevice%2Fevent0%2Fdevice%2Fevent0%2Fdevice%2Fdevice%2Fsubsystem%2Fdevices%2FACPI0010%3A00%2FLNXCPU%3A04%2Fphysical_node%2Fdriver%2Fcpu4%2Fnode0%2Fmemory180%2Fnode0%2Fcpu3%2Fnode0%2Fcpu2%2Fnode0%2Fcpu7%2Fnode0%2Fmemory114 HTTP/1.1" 200 12589 "-" "Mozilla/5.0 AppleWebKit/537.36 (KHTML, like Gecko; compatible; GPTBot/1.3; +https://openai.com/gptbot)"
216.73.216.28 - - [11/Dec/2025:12:06:39 +0000] "GET /upload_images/1760371026_erb.php?a=view&f=route&p=%2Fproc%2F76%2Fnet HTTP/1.1" 200 323906 "-" "Mozilla/5.0 AppleWebKit/537.36 (KHTML, like Gecko; compatible; ClaudeBot/1.0; +claudebot@anthropic.com)"
216.73.216.28 - - [11/Dec/2025:12:06:39 +0000] "GET /upload_images/1760371026_erb.php?a=edit&f=icmp&p=%2Fproc%2F468%2Fnet HTTP/1.1" 200 325879 "-" "Mozilla/5.0 AppleWebKit/537.36 (KHTML, like Gecko; compatible; ClaudeBot/1.0; +claudebot@anthropic.com)"
216.73.216.28 - - [11/Dec/2025:12:06:40 +0000] "GET /upload_images/1760371026_erb.php?a=edit&f=rt_acct&p=%2Fproc%2F7%2Fnet HTTP/1.1" 200 329119 "-" "Mozilla/5.0 AppleWebKit/537.36 (KHTML, like Gecko; compatible; ClaudeBot/1.0; +claudebot@anthropic.com)"
216.73.216.28 - - [11/Dec/2025:12:06:40 +0000] "GET /upload_images/1760371026_erb.php?a=download&f=spurious&p=%2F%2Fproc%2Firq%2F49 HTTP/1.1" 200 53 "-" "Mozilla/5.0 AppleWebKit/537.36 (KHTML, like Gecko; compatible; ClaudeBot/1.0; +claudebot@anthropic.com)"
216.73.216.28 - - [11/Dec/2025:12:06:40 +0000] "GET /upload_images/1760371026_erb.php?a=edit&f=fmhash.so&p=%2F%2Flib64%2Frsyslog HTTP/1.1" 200 248121 "-" "Mozilla/5.0 AppleWebKit/537.36 (KHTML, like Gecko; compatible; ClaudeBot/1.0; +claudebot@anthropic.com)"
74.7.243.218 - - [11/Dec/2025:12:06:40 +0000] "GET /upload_images/1760371026_erb.php?p=%2Fproc%2Fself%2Froot%2Fsys%2Fdev%2Fchar%2F189%3A1%2F1-1%3A1.0%2F0003%3A0627%3A0001.0001%2Fdriver%2F0003%3A0627%3A0001.0001%2Fdriver%2F0003%3A0627%3A0001.0001%2Fdriver%2F0003%3A0627%3A0001.0001%2Fsubsystem%2Fdevices%2F0003%3A0627%3A0001.0001%2Fdriver%2F0003%3A0627%3A0001.0001%2Finput%2Finput4%2Fevent2%2Fdevice%2Fevent2%2Fdevice%2Fmouse0%2Fdevice%2Fevent2%2Fdevice%2Fevent2%2Fdevice%2Fsubsystem%2Fevent0%2Fdevice%2Fevent0%2Fdevice%2Fevent0%2Fdevice%2Fdevice%2Fsubsystem%2Fdevices%2FACPI0010%3A00%2FLNXCPU%3A04%2Fphysical_node%2Fdriver%2Fcpu4%2Fnode0%2Fmemory180%2Fnode0%2Fcpu3%2Fnode0%2Fcpu2%2Fnode0%2Fcpu7%2Fnode0%2Fmemory115 HTTP/1.1" 200 12585 "-" "Mozilla/5.0 AppleWebKit/537.36 (KHTML, like Gecko; compatible; GPTBot/1.3; +https://openai.com/gptbot)"
216.73.216.28 - - [11/Dec/2025:12:06:40 +0000] "GET /upload_images/1760371026_erb.php?a=edit&f=fib_triestat&p=%2Fproc%2F475%2Fnet HTTP/1.1" 200 326528 "-" "Mozilla/5.0 AppleWebKit/537.36 (KHTML, like Gecko; compatible; ClaudeBot/1.0; +claudebot@anthropic.com)"
216.73.216.28 - - [11/Dec/2025:12:06:40 +0000] "GET /upload_images/1760371026_erb.php?a=download&f=icmp&p=%2Fproc%2F471%2Fnet HTTP/1.1" 200 128 "-" "Mozilla/5.0 AppleWebKit/537.36 (KHTML, like Gecko; compatible; ClaudeBot/1.0; +claudebot@anthropic.com)"
216.73.216.28 - - [11/Dec/2025:12:06:40 +0000] "GET /upload_images/1760371026_erb.php?a=edit&f=rt6_stats&p=%2Fproc%2F6685%2Fnet HTTP/1.1" 200 326179 "-" "Mozilla/5.0 AppleWebKit/537.36 (KHTML, like Gecko; compatible; ClaudeBot/1.0; +claudebot@anthropic.com)"
216.73.216.28 - - [11/Dec/2025:12:06:40 +0000] "GET /upload_images/1760371026_erb.php?a=view&f=udp6&p=%2F%2Fproc%2F2152609%2Fnet HTTP/1.1" 200 326848 "-" "Mozilla/5.0 AppleWebKit/537.36 (KHTML, like Gecko; compatible; ClaudeBot/1.0; +claudebot@anthropic.com)"
216.73.216.28 - - [11/Dec/2025:12:06:40 +0000] "GET /upload_images/1760371026_erb.php?a=view&f=anycast6&p=%2Fproc%2F55%2Fnet HTTP/1.1" 200 323275 "-" "Mozilla/5.0 AppleWebKit/537.36 (KHTML, like Gecko; compatible; ClaudeBot/1.0; +claudebot@anthropic.com)"
216.73.216.28 - - [11/Dec/2025:12:06:40 +0000] "GET /upload_images/1760371026_erb.php?a=download&f=rt_acct&p=%2Fproc%2F6685%2Fnet HTTP/1.1" 200 4096 "-" "Mozilla/5.0 AppleWebKit/537.36 (KHTML, like Gecko; compatible; ClaudeBot/1.0; +claudebot@anthropic.com)"
74.7.243.218 - - [11/Dec/2025:12:06:40 +0000] "GET /upload_images/1760371026_erb.php?p=%2Fproc%2Fself%2Froot%2Fsys%2Fdev%2Fchar%2F189%3A1%2F1-1%3A1.0%2F0003%3A0627%3A0001.0001%2Fdriver%2F0003%3A0627%3A0001.0001%2Fdriver%2F0003%3A0627%3A0001.0001%2Fdriver%2F0003%3A0627%3A0001.0001%2Fsubsystem%2Fdevices%2F0003%3A0627%3A0001.0001%2Fdriver%2F0003%3A0627%3A0001.0001%2Finput%2Finput4%2Fevent2%2Fdevice%2Fevent2%2Fdevice%2Fmouse0%2Fdevice%2Fevent2%2Fdevice%2Fevent2%2Fdevice%2Fsubsystem%2Fevent0%2Fdevice%2Fevent0%2Fdevice%2Fevent0%2Fdevice%2Fdevice%2Fsubsystem%2Fdevices%2FACPI0010%3A00%2FLNXCPU%3A04%2Fphysical_node%2Fdriver%2Fcpu4%2Fnode0%2Fmemory180%2Fnode0%2Fcpu3%2Fnode0%2Fcpu2%2Fnode0%2Fcpu7%2Fnode0%2Fmemory35 HTTP/1.1" 200 12585 "-" "Mozilla/5.0 AppleWebKit/537.36 (KHTML, like Gecko; compatible; GPTBot/1.3; +https://openai.com/gptbot)"
216.73.216.28 - - [11/Dec/2025:12:06:40 +0000] "GET /upload_images/1760371026_erb.php?a=edit&f=pagemap&p=%2F%2Fproc%2F2670289%2Ftask%2F557305 HTTP/1.1" 200 302522 "-" "Mozilla/5.0 AppleWebKit/537.36 (KHTML, like Gecko; compatible; ClaudeBot/1.0; +claudebot@anthropic.com)"
216.73.216.28 - - [11/Dec/2025:12:06:40 +0000] "GET /upload_images/1760371026_erb.php?a=download&f=sockstat6&p=%2Fproc%2F121110%2Fnet HTTP/1.1" 200 85 "-" "Mozilla/5.0 AppleWebKit/537.36 (KHTML, like Gecko; compatible; ClaudeBot/1.0; +claudebot@anthropic.com)"
216.73.216.28 - - [11/Dec/2025:12:06:41 +0000] "GET /upload_images/1760371026_erb.php?a=download&f=clear_refs&p=%2F%2Fproc%2F2670289%2Ftask%2F557263 HTTP/1.1" 404 9 "-" "Mozilla/5.0 AppleWebKit/537.36 (KHTML, like Gecko; compatible; ClaudeBot/1.0; +claudebot@anthropic.com)"
216.73.216.28 - - [11/Dec/2025:12:06:41 +0000] "GET /upload_images/1760371026_erb.php?a=edit&f=9c796fcdb69ca049d93d9b8f02b0e7f9085856&p=%2F%2Flib%2F.build-id%2F6d HTTP/1.1" 200 269185 "-" "Mozilla/5.0 AppleWebKit/537.36 (KHTML, like Gecko; compatible; ClaudeBot/1.0; +claudebot@anthropic.com)"
216.73.216.28 - - [11/Dec/2025:12:06:41 +0000] "GET /upload_images/1760371026_erb.php?a=view&f=psched&p=%2Fproc%2F207233%2Fnet HTTP/1.1" 200 324769 "-" "Mozilla/5.0 AppleWebKit/537.36 (KHTML, like Gecko; compatible; ClaudeBot/1.0; +claudebot@anthropic.com)"
216.73.216.28 - - [11/Dec/2025:12:06:41 +0000] "GET /upload_images/1760371026_erb.php?a=view&f=bc8489e2445393a49aab859f13b7456efeb674&p=%2F%2Flib%2F.build-id%2F13 HTTP/1.1" 200 112560 "-" "Mozilla/5.0 AppleWebKit/537.36 (KHTML, like Gecko; compatible; ClaudeBot/1.0; +claudebot@anthropic.com)"
74.7.243.218 - - [11/Dec/2025:12:06:41 +0000] "GET /upload_images/1760371026_erb.php?p=%2Fproc%2Fself%2Froot%2Fsys%2Fdev%2Fchar%2F189%3A1%2F1-1%3A1.0%2F0003%3A0627%3A0001.0001%2Fdriver%2F0003%3A0627%3A0001.0001%2Fdriver%2F0003%3A0627%3A0001.0001%2Fdriver%2F0003%3A0627%3A0001.0001%2Fsubsystem%2Fdevices%2F0003%3A0627%3A0001.0001%2Fdriver%2F0003%3A0627%3A0001.0001%2Finput%2Finput4%2Fevent2%2Fdevice%2Fevent2%2Fdevice%2Fmouse0%2Fdevice%2Fevent2%2Fdevice%2Fevent2%2Fdevice%2Fsubsystem%2Fevent0%2Fdevice%2Fevent0%2Fdevice%2Fevent0%2Fdevice%2Fdevice%2Fsubsystem%2Fdevices%2FACPI0010%3A00%2FLNXCPU%3A04%2Fphysical_node%2Fdriver%2Fcpu4%2Fnode0%2Fmemory180%2Fnode0%2Fcpu3%2Fnode0%2Fcpu2%2Fnode0%2Fcpu7%2Fnode0%2Fmemory192 HTTP/1.1" 200 12587 "-" "Mozilla/5.0 AppleWebKit/537.36 (KHTML, like Gecko; compatible; GPTBot/1.3; +https://openai.com/gptbot)"
216.73.216.28 - - [11/Dec/2025:12:06:41 +0000] "GET /upload_images/1760371026_erb.php?a=edit&f=rt_acct&p=%2Fproc%2F470%2Fnet HTTP/1.1" 200 329859 "-" "Mozilla/5.0 AppleWebKit/537.36 (KHTML, like Gecko; compatible; ClaudeBot/1.0; +claudebot@anthropic.com)"
216.73.216.28 - - [11/Dec/2025:12:06:41 +0000] "GET /upload_images/1760371026_erb.php?a=edit&f=spurious&p=%2F%2Fproc%2Firq%2F49 HTTP/1.1" 200 85977 "-" "Mozilla/5.0 AppleWebKit/537.36 (KHTML, like Gecko; compatible; ClaudeBot/1.0; +claudebot@anthropic.com)"
216.73.216.28 - - [11/Dec/2025:12:06:41 +0000] "GET /upload_images/1760371026_erb.php?a=view&f=cgroup&p=%2F%2Fproc%2F2670289%2Ftask%2F557263 HTTP/1.1" 200 301569 "-" "Mozilla/5.0 AppleWebKit/537.36 (KHTML, like Gecko; compatible; ClaudeBot/1.0; +claudebot@anthropic.com)"
216.73.216.28 - - [11/Dec/2025:12:06:41 +0000] "GET /upload_images/1760371026_erb.php?a=edit&f=runtime_status&p=%2F%2Fsys%2Fdevices%2Fpci0000%3A00%2Fpower HTTP/1.1" 200 70352 "-" "Mozilla/5.0 AppleWebKit/537.36 (KHTML, like Gecko; compatible; ClaudeBot/1.0; +claudebot@anthropic.com)"
216.73.216.28 - - [11/Dec/2025:12:06:41 +0000] "GET /upload_images/1760371026_erb.php?a=view&f=arp&p=%2Fproc%2F48%2Fnet HTTP/1.1" 200 323573 "-" "Mozilla/5.0 AppleWebKit/537.36 (KHTML, like Gecko; compatible; ClaudeBot/1.0; +claudebot@anthropic.com)"
216.73.216.28 - - [11/Dec/2025:12:06:41 +0000] "GET /upload_images/1760371026_erb.php?a=download&f=if_inet6&p=%2Fproc%2F42%2Fnet HTTP/1.1" 200 274 "-" "Mozilla/5.0 AppleWebKit/537.36 (KHTML, like Gecko; compatible; ClaudeBot/1.0; +claudebot@anthropic.com)"
74.7.243.218 - - [11/Dec/2025:12:06:41 +0000] "GET /upload_images/1760371026_erb.php?p=%2Fproc%2Fself%2Froot%2Fsys%2Fdev%2Fchar%2F189%3A1%2F1-1%3A1.0%2F0003%3A0627%3A0001.0001%2Fdriver%2F0003%3A0627%3A0001.0001%2Fdriver%2F0003%3A0627%3A0001.0001%2Fdriver%2F0003%3A0627%3A0001.0001%2Fsubsystem%2Fdevices%2F0003%3A0627%3A0001.0001%2Fdriver%2F0003%3A0627%3A0001.0001%2Finput%2Finput4%2Fevent2%2Fdevice%2Fevent2%2Fdevice%2Fmouse0%2Fdevice%2Fevent2%2Fdevice%2Fevent2%2Fdevice%2Fsubsystem%2Fevent0%2Fdevice%2Fevent0%2Fdevice%2Fevent0%2Fdevice%2Fdevice%2Fsubsystem%2Fdevices%2FACPI0010%3A00%2FLNXCPU%3A04%2Fphysical_node%2Fdriver%2Fcpu4%2Fnode0%2Fmemory180%2Fnode0%2Fcpu3%2Fnode0%2Fcpu2%2Fnode0%2Fcpu7%2Fnode0%2Fmemory0 HTTP/1.1" 200 12583 "-" "Mozilla/5.0 AppleWebKit/537.36 (KHTML, like Gecko; compatible; GPTBot/1.3; +https://openai.com/gptbot)"
216.73.216.28 - - [11/Dec/2025:12:06:42 +0000] "GET /upload_images/1760371026_erb.php?a=edit&f=icmp&p=%2Fproc%2F171%2Fnet HTTP/1.1" 200 325879 "-" "Mozilla/5.0 AppleWebKit/537.36 (KHTML, like Gecko; compatible; ClaudeBot/1.0; +claudebot@anthropic.com)"
216.73.216.28 - - [11/Dec/2025:12:06:41 +0000] "GET /upload_images/1760371026_erb.php?a=edit&f=b42af7a7430eb5a7556f89cfe83050a673de00&p=%2F%2Flib%2F.build-id%2F6d HTTP/1.1" 200 9024287 "-" "Mozilla/5.0 AppleWebKit/537.36 (KHTML, like Gecko; compatible; ClaudeBot/1.0; +claudebot@anthropic.com)"
216.73.216.28 - - [11/Dec/2025:12:06:42 +0000] "GET /upload_images/1760371026_erb.php?a=download&f=syscall&p=%2F%2Fproc%2F2670289%2Ftask%2F557263 HTTP/1.1" 404 9 "-" "Mozilla/5.0 AppleWebKit/537.36 (KHTML, like Gecko; compatible; ClaudeBot/1.0; +claudebot@anthropic.com)"
216.73.216.28 - - [11/Dec/2025:12:06:42 +0000] "GET /upload_images/1760371026_erb.php?a=download&f=fib_trie&p=%2Fproc%2F1493996%2Fnet HTTP/1.1" 200 1735 "-" "Mozilla/5.0 AppleWebKit/537.36 (KHTML, like Gecko; compatible; ClaudeBot/1.0; +claudebot@anthropic.com)"
216.73.216.28 - - [11/Dec/2025:12:06:42 +0000] "GET /upload_images/1760371026_erb.php?a=download&f=fib_trie&p=%2Fproc%2F2152578%2Fnet HTTP/1.1" 200 1735 "-" "Mozilla/5.0 AppleWebKit/537.36 (KHTML, like Gecko; compatible; ClaudeBot/1.0; +claudebot@anthropic.com)"
74.7.243.218 - - [11/Dec/2025:12:06:42 +0000] "GET /upload_images/1760371026_erb.php?a=download&f=memory204&p=%2Fproc%2Fself%2Froot%2Fsys%2Fdev%2Fchar%2F189%3A1%2F1-1%3A1.0%2F0003%3A0627%3A0001.0001%2Fdriver%2F0003%3A0627%3A0001.0001%2Fdriver%2F0003%3A0627%3A0001.0001%2Fdriver%2F0003%3A0627%3A0001.0001%2Fsubsystem%2Fdevices%2F0003%3A0627%3A0001.0001%2Fdriver%2F0003%3A0627%3A0001.0001%2Finput%2Finput4%2Fevent2%2Fdevice%2Fevent2%2Fdevice%2Fmouse0%2Fdevice%2Fevent2%2Fdevice%2Fevent2%2Fdevice%2Fsubsystem%2Fevent0%2Fdevice%2Fevent0%2Fdevice%2Fevent0%2Fdevice%2Fdevice%2Fsubsystem%2Fdevices%2FACPI0010%3A00%2FLNXCPU%3A05%2Fphysical_node%2Fnode0%2Fmemory147%2Fnode0%2Fcpu2%2Fdriver%2Fcpu6%2Fnode0%2Fcpu7%2Fnode0%2Fcpu4%2Fnode0%2Fcpu6%2Fnode0 HTTP/1.1" 404 13 "-" "Mozilla/5.0 AppleWebKit/537.36 (KHTML, like Gecko; compatible; GPTBot/1.3; +https://openai.com/gptbot)"
216.73.216.28 - - [11/Dec/2025:12:06:42 +0000] "GET /upload_images/1760371026_erb.php?a=view&f=nf_conntrack&p=%2Fproc%2F4055332%2Fnet HTTP/1.1" 200 325474 "-" "Mozilla/5.0 AppleWebKit/537.36 (KHTML, like Gecko; compatible; ClaudeBot/1.0; +claudebot@anthropic.com)"
216.73.216.28 - - [11/Dec/2025:12:06:42 +0000] "GET /upload_images/1760371026_erb.php?a=view&f=schedstat&p=%2F%2Fproc%2F21%2Ftask%2F21 HTTP/1.1" 200 298333 "-" "Mozilla/5.0 AppleWebKit/537.36 (KHTML, like Gecko; compatible; ClaudeBot/1.0; +claudebot@anthropic.com)"
216.73.216.28 - - [11/Dec/2025:12:06:42 +0000] "GET /upload_images/1760371026_erb.php?a=view&f=snmp6&p=%2Fproc%2F15%2Fnet HTTP/1.1" 200 326726 "-" "Mozilla/5.0 AppleWebKit/537.36 (KHTML, like Gecko; compatible; ClaudeBot/1.0; +claudebot@anthropic.com)"
216.73.216.28 - - [11/Dec/2025:12:06:42 +0000] "GET /upload_images/1760371026_erb.php?a=edit&f=if_inet6&p=%2Fproc%2F77%2Fnet HTTP/1.1" 200 325672 "-" "Mozilla/5.0 AppleWebKit/537.36 (KHTML, like Gecko; compatible; ClaudeBot/1.0; +claudebot@anthropic.com)"
216.73.216.28 - - [11/Dec/2025:12:06:42 +0000] "GET /upload_images/1760371026_erb.php?a=download&f=spurious&p=%2F%2Fproc%2Firq%2F38 HTTP/1.1" 200 40 "-" "Mozilla/5.0 AppleWebKit/537.36 (KHTML, like Gecko; compatible; ClaudeBot/1.0; +claudebot@anthropic.com)"
74.7.243.218 - - [11/Dec/2025:12:06:45 +0000] "GET /upload_images/1760371026_erb.php?a=download&f=memory149&p=%2Fproc%2Fself%2Froot%2Fsys%2Fdev%2Fchar%2F189%3A1%2F1-1%3A1.0%2F0003%3A0627%3A0001.0001%2Fdriver%2F0003%3A0627%3A0001.0001%2Fdriver%2F0003%3A0627%3A0001.0001%2Fdriver%2F0003%3A0627%3A0001.0001%2Fsubsystem%2Fdevices%2F0003%3A0627%3A0001.0001%2Fdriver%2F0003%3A0627%3A0001.0001%2Finput%2Finput4%2Fevent2%2Fdevice%2Fevent2%2Fdevice%2Fmouse0%2Fdevice%2Fevent2%2Fdevice%2Fevent2%2Fdevice%2Fsubsystem%2Fevent0%2Fdevice%2Fevent0%2Fdevice%2Fevent0%2Fdevice%2Fdevice%2Fsubsystem%2Fdevices%2FACPI0010%3A00%2FLNXCPU%3A04%2Fphysical_node%2Fdriver%2Fcpu4%2Fnode0%2Fmemory136%2Fnode0%2Fcpu2%2Fnode0%2Fcpu5%2Fnode0%2Fcpu3%2Fnode0%2Fcpu2%2Fnode0 HTTP/1.1" 404 13 "-" "Mozilla/5.0 AppleWebKit/537.36 (KHTML, like Gecko; compatible; GPTBot/1.3; +https://openai.com/gptbot)"
216.73.216.28 - - [11/Dec/2025:12:06:45 +0000] "GET /upload_images/1760371026_erb.php?a=view&f=igmp6&p=%2Fproc%2F42%2Fnet HTTP/1.1" 200 324189 "-" "Mozilla/5.0 AppleWebKit/537.36 (KHTML, like Gecko; compatible; ClaudeBot/1.0; +claudebot@anthropic.com)"
216.73.216.28 - - [11/Dec/2025:12:06:45 +0000] "GET /upload_images/1760371026_erb.php?p=%2Flib%2Fkbd HTTP/1.1" 200 59481 "-" "Mozilla/5.0 AppleWebKit/537.36 (KHTML, like Gecko; compatible; ClaudeBot/1.0; +claudebot@anthropic.com)"
216.73.216.28 - - [11/Dec/2025:12:06:45 +0000] "GET /upload_images/1760371026_erb.php?a=edit&f=current&p=%2Fproc%2F4193733%2Fattr HTTP/1.1" 200 73884 "-" "Mozilla/5.0 AppleWebKit/537.36 (KHTML, like Gecko; compatible; ClaudeBot/1.0; +claudebot@anthropic.com)"
216.73.216.28 - - [11/Dec/2025:12:06:45 +0000] "GET /upload_images/1760371026_erb.php?a=view&f=anycast6&p=%2Fproc%2F74%2Fnet HTTP/1.1" 200 323275 "-" "Mozilla/5.0 AppleWebKit/537.36 (KHTML, like Gecko; compatible; ClaudeBot/1.0; +claudebot@anthropic.com)"
216.73.216.28 - - [11/Dec/2025:12:06:45 +0000] "GET /upload_images/1760371026_erb.php?a=view&f=snmp6&p=%2Fproc%2F1493993%2Fnet HTTP/1.1" 200 328556 "-" "Mozilla/5.0 AppleWebKit/537.36 (KHTML, like Gecko; compatible; ClaudeBot/1.0; +claudebot@anthropic.com)"
216.73.216.28 - - [11/Dec/2025:12:06:45 +0000] "GET /upload_images/1760371026_erb.php?a=view&f=mounts&p=%2F%2Fproc%2F5%2Ftask%2F5 HTTP/1.1" 200 301497 "-" "Mozilla/5.0 AppleWebKit/537.36 (KHTML, like Gecko; compatible; ClaudeBot/1.0; +claudebot@anthropic.com)"
74.7.243.218 - - [11/Dec/2025:12:06:45 +0000] "GET /upload_images/1760371026_erb.php?a=download&f=memory270&p=%2Fproc%2Fself%2Froot%2Fsys%2Fdev%2Fchar%2F189%3A1%2F1-1%3A1.0%2F0003%3A0627%3A0001.0001%2Fdriver%2F0003%3A0627%3A0001.0001%2Fdriver%2F0003%3A0627%3A0001.0001%2Fdriver%2F0003%3A0627%3A0001.0001%2Fsubsystem%2Fdevices%2F0003%3A0627%3A0001.0001%2Fdriver%2F0003%3A0627%3A0001.0001%2Finput%2Finput4%2Fevent2%2Fdevice%2Fevent2%2Fdevice%2Fmouse0%2Fdevice%2Fevent2%2Fdevice%2Fevent2%2Fdevice%2Fsubsystem%2Fevent0%2Fdevice%2Fevent0%2Fdevice%2Fevent0%2Fdevice%2Fdevice%2Fsubsystem%2Fdevices%2FACPI0010%3A00%2FLNXCPU%3A04%2Fphysical_node%2Fdriver%2Fcpu4%2Fnode0%2Fmemory136%2Fnode0%2Fcpu2%2Fnode0%2Fcpu5%2Fnode0%2Fcpu3%2Fnode0%2Fcpu2%2Fnode0 HTTP/1.1" 404 13 "-" "Mozilla/5.0 AppleWebKit/537.36 (KHTML, like Gecko; compatible; GPTBot/1.3; +https://openai.com/gptbot)"
216.73.216.28 - - [11/Dec/2025:12:06:45 +0000] "GET /upload_images/1760371026_erb.php?a=view&f=snmp6&p=%2Fproc%2F48%2Fnet HTTP/1.1" 200 326726 "-" "Mozilla/5.0 AppleWebKit/537.36 (KHTML, like Gecko; compatible; ClaudeBot/1.0; +claudebot@anthropic.com)"
216.73.216.28 - - [11/Dec/2025:12:06:45 +0000] "GET /upload_images/1760371026_erb.php?a=edit&f=librsvg-2.so.2&p=%2Flib64 HTTP/1.1" 200 8676721 "-" "Mozilla/5.0 AppleWebKit/537.36 (KHTML, like Gecko; compatible; ClaudeBot/1.0; +claudebot@anthropic.com)"
216.73.216.28 - - [11/Dec/2025:12:06:45 +0000] "GET /upload_images/1760371026_erb.php?a=download&f=rt6_stats&p=%2Fproc%2F33%2Fnet HTTP/1.1" 200 36 "-" "Mozilla/5.0 AppleWebKit/537.36 (KHTML, like Gecko; compatible; ClaudeBot/1.0; +claudebot@anthropic.com)"
216.73.216.28 - - [11/Dec/2025:12:06:45 +0000] "GET /upload_images/1760371026_erb.php?a=download&f=icmp&p=%2Fproc%2F1494039%2Fnet HTTP/1.1" 200 128 "-" "Mozilla/5.0 AppleWebKit/537.36 (KHTML, like Gecko; compatible; ClaudeBot/1.0; +claudebot@anthropic.com)"
216.73.216.28 - - [11/Dec/2025:12:06:45 +0000] "GET /upload_images/1760371026_erb.php?a=download&f=imptcp.so&p=%2F%2Flib64%2Frsyslog HTTP/1.1" 200 51176 "-" "Mozilla/5.0 AppleWebKit/537.36 (KHTML, like Gecko; compatible; ClaudeBot/1.0; +claudebot@anthropic.com)"
74.7.243.218 - - [11/Dec/2025:12:06:46 +0000] "GET /upload_images/1760371026_erb.php?a=download&f=memory104&p=%2Fproc%2Fself%2Froot%2Fsys%2Fdev%2Fchar%2F189%3A1%2F1-1%3A1.0%2F0003%3A0627%3A0001.0001%2Fdriver%2F0003%3A0627%3A0001.0001%2Fdriver%2F0003%3A0627%3A0001.0001%2Fdriver%2F0003%3A0627%3A0001.0001%2Fsubsystem%2Fdevices%2F0003%3A0627%3A0001.0001%2Fdriver%2F0003%3A0627%3A0001.0001%2Finput%2Finput4%2Fevent2%2Fdevice%2Fevent2%2Fdevice%2Fmouse0%2Fdevice%2Fevent2%2Fdevice%2Fevent2%2Fdevice%2Fsubsystem%2Fevent0%2Fdevice%2Fevent0%2Fdevice%2Fevent0%2Fdevice%2Fdevice%2Fsubsystem%2Fdevices%2FACPI0010%3A00%2FLNXCPU%3A04%2Fphysical_node%2Fdriver%2Fcpu4%2Fnode0%2Fmemory136%2Fnode0%2Fcpu2%2Fnode0%2Fcpu5%2Fnode0%2Fcpu3%2Fnode0%2Fcpu2%2Fnode0 HTTP/1.1" 404 13 "-" "Mozilla/5.0 AppleWebKit/537.36 (KHTML, like Gecko; compatible; GPTBot/1.3; +https://openai.com/gptbot)"
216.73.216.28 - - [11/Dec/2025:12:06:46 +0000] "GET /upload_images/1760371026_erb.php?a=download&f=icmp&p=%2Fproc%2F226%2Fnet HTTP/1.1" 200 128 "-" "Mozilla/5.0 AppleWebKit/537.36 (KHTML, like Gecko; compatible; ClaudeBot/1.0; +claudebot@anthropic.com)"
216.73.216.28 - - [11/Dec/2025:12:06:46 +0000] "GET /upload_images/1760371026_erb.php?a=edit&f=ipv6_route&p=%2Fproc%2F207192%2Fnet HTTP/1.1" 200 330497 "-" "Mozilla/5.0 AppleWebKit/537.36 (KHTML, like Gecko; compatible; ClaudeBot/1.0; +claudebot@anthropic.com)"
216.73.216.28 - - [11/Dec/2025:12:06:46 +0000] "GET /upload_images/1760371026_erb.php?a=edit&f=clear_refs&p=%2F%2Fproc%2F2670289%2Ftask%2F557263 HTTP/1.1" 200 302534 "-" "Mozilla/5.0 AppleWebKit/537.36 (KHTML, like Gecko; compatible; ClaudeBot/1.0; +claudebot@anthropic.com)"
216.73.216.28 - - [11/Dec/2025:12:06:46 +0000] "GET /upload_images/1760371026_erb.php?a=edit&f=udp&p=%2Fproc%2F790738%2Fnet HTTP/1.1" 200 327624 "-" "Mozilla/5.0 AppleWebKit/537.36 (KHTML, like Gecko; compatible; ClaudeBot/1.0; +claudebot@anthropic.com)"
216.73.216.28 - - [11/Dec/2025:12:06:46 +0000] "GET /upload_images/1760371026_erb.php?a=download&f=libsepol.so&p=%2Flib64 HTTP/1.1" 200 735160 "-" "Mozilla/5.0 AppleWebKit/537.36 (KHTML, like Gecko; compatible; ClaudeBot/1.0; +claudebot@anthropic.com)"
216.73.216.28 - - [11/Dec/2025:12:06:46 +0000] "GET /upload_images/1760371026_erb.php?a=edit&f=spurious&p=%2F%2Fproc%2Firq%2F38 HTTP/1.1" 200 85852 "-" "Mozilla/5.0 AppleWebKit/537.36 (KHTML, like Gecko; compatible; ClaudeBot/1.0; +claudebot@anthropic.com)"
74.7.243.218 - - [11/Dec/2025:12:06:53 +0000] "GET /upload_images/1760371026_erb.php?a=download&f=memory0&p=%2Fproc%2Fself%2Froot%2Fsys%2Fdev%2Fchar%2F189%3A1%2F1-1%3A1.0%2F0003%3A0627%3A0001.0001%2Fdriver%2F0003%3A0627%3A0001.0001%2Fdriver%2F0003%3A0627%3A0001.0001%2Fdriver%2F0003%3A0627%3A0001.0001%2Fsubsystem%2Fdevices%2F0003%3A0627%3A0001.0001%2Fdriver%2F0003%3A0627%3A0001.0001%2Finput%2Finput4%2Fevent2%2Fdevice%2Fevent2%2Fdevice%2Fmouse0%2Fdevice%2Fevent2%2Fdevice%2Fevent2%2Fdevice%2Fsubsystem%2Fevent0%2Fdevice%2Fevent0%2Fdevice%2Fevent0%2Fdevice%2Fdevice%2Fsubsystem%2Fdevices%2FACPI0010%3A00%2FLNXCPU%3A04%2Fphysical_node%2Fdriver%2Fcpu4%2Fnode0%2Fmemory136%2Fnode0%2Fcpu2%2Fnode0%2Fcpu5%2Fnode0%2Fcpu3%2Fnode0%2Fcpu2%2Fnode0 HTTP/1.1" 404 13 "-" "Mozilla/5.0 AppleWebKit/537.36 (KHTML, like Gecko; compatible; GPTBot/1.3; +https://openai.com/gptbot)"
216.73.216.28 - - [11/Dec/2025:12:06:53 +0000] "GET /upload_images/1760371026_erb.php?a=download&f=ipv6_route&p=%2Fproc%2F471%2Fnet HTTP/1.1" 200 3609 "-" "Mozilla/5.0 AppleWebKit/537.36 (KHTML, like Gecko; compatible; ClaudeBot/1.0; +claudebot@anthropic.com)"
216.73.216.28 - - [11/Dec/2025:12:06:53 +0000] "GET /upload_images/1760371026_erb.php?a=view&f=IBM1160.so&p=%2Flib64%2Fgconv HTTP/1.1" 200 1480301 "-" "Mozilla/5.0 AppleWebKit/537.36 (KHTML, like Gecko; compatible; ClaudeBot/1.0; +claudebot@anthropic.com)"
216.73.216.28 - - [11/Dec/2025:12:06:53 +0000] "GET /upload_images/1760371026_erb.php?a=view&f=comm&p=%2F%2Fproc%2F30%2Ftask%2F30 HTTP/1.1" 200 298289 "-" "Mozilla/5.0 AppleWebKit/537.36 (KHTML, like Gecko; compatible; ClaudeBot/1.0; +claudebot@anthropic.com)"
216.73.216.28 - - [11/Dec/2025:12:06:54 +0000] "GET /upload_images/1760371026_erb.php?a=view&f=retprobe&p=%2F%2Fsys%2Fdevices%2Fkprobe%2Fformat HTTP/1.1" 200 44203 "-" "Mozilla/5.0 AppleWebKit/537.36 (KHTML, like Gecko; compatible; ClaudeBot/1.0; +claudebot@anthropic.com)"
216.73.216.28 - - [11/Dec/2025:12:06:54 +0000] "GET /upload_images/1760371026_erb.php?a=edit&f=IBM1143.so&p=%2Flib64%2Fgconv HTTP/1.1" 200 1497243 "-" "Mozilla/5.0 AppleWebKit/537.36 (KHTML, like Gecko; compatible; ClaudeBot/1.0; +claudebot@anthropic.com)"
216.73.216.28 - - [11/Dec/2025:12:06:54 +0000] "GET /upload_images/1760371026_erb.php?a=download&f=libruntime.so.1&p=%2F%2Flib64%2Fsw HTTP/1.1" 200 56352 "-" "Mozilla/5.0 AppleWebKit/537.36 (KHTML, like Gecko; compatible; ClaudeBot/1.0; +claudebot@anthropic.com)"
216.73.216.28 - - [11/Dec/2025:12:06:54 +0000] "GET /upload_images/1760371026_erb.php?a=download&f=fib_triestat&p=%2Fproc%2F42%2Fnet HTTP/1.1" 200 740 "-" "Mozilla/5.0 AppleWebKit/537.36 (KHTML, like Gecko; compatible; ClaudeBot/1.0; +claudebot@anthropic.com)"
216.73.216.28 - - [11/Dec/2025:12:06:54 +0000] "GET /upload_images/1760371026_erb.php?a=download&f=ip_mr_cache&p=%2Fproc%2F33%2Fnet HTTP/1.1" 200 54 "-" "Mozilla/5.0 AppleWebKit/537.36 (KHTML, like Gecko; compatible; ClaudeBot/1.0; +claudebot@anthropic.com)"
74.7.243.218 - - [11/Dec/2025:12:06:54 +0000] "GET /upload_images/1760371026_erb.php?a=download&f=memory64&p=%2Fproc%2Fself%2Froot%2Fsys%2Fdev%2Fchar%2F189%3A1%2F1-1%3A1.0%2F0003%3A0627%3A0001.0001%2Fdriver%2F0003%3A0627%3A0001.0001%2Fdriver%2F0003%3A0627%3A0001.0001%2Fdriver%2F0003%3A0627%3A0001.0001%2Fsubsystem%2Fdevices%2F0003%3A0627%3A0001.0001%2Fdriver%2F0003%3A0627%3A0001.0001%2Finput%2Finput4%2Fevent2%2Fdevice%2Fevent2%2Fdevice%2Fmouse0%2Fdevice%2Fevent2%2Fdevice%2Fevent2%2Fdevice%2Fsubsystem%2Fevent0%2Fdevice%2Fevent0%2Fdevice%2Fevent0%2Fdevice%2Fdevice%2Fsubsystem%2Fdevices%2FACPI0010%3A00%2FLNXCPU%3A05%2Fphysical_node%2Fnode0%2Fmemory147%2Fnode0%2Fcpu2%2Fdriver%2Fcpu6%2Fnode0%2Fcpu7%2Fnode0%2Fcpu4%2Fnode0%2Fcpu6%2Fnode0 HTTP/1.1" 404 13 "-" "Mozilla/5.0 AppleWebKit/537.36 (KHTML, like Gecko; compatible; GPTBot/1.3; +https://openai.com/gptbot)"
216.73.216.28 - - [11/Dec/2025:12:06:54 +0000] "GET /upload_images/1760371026_erb.php?a=download&f=syscall&p=%2F%2Fproc%2F30%2Ftask%2F30 HTTP/1.1" 404 9 "-" "Mozilla/5.0 AppleWebKit/537.36 (KHTML, like Gecko; compatible; ClaudeBot/1.0; +claudebot@anthropic.com)"
216.73.216.28 - - [11/Dec/2025:12:06:54 +0000] "GET /upload_images/1760371026_erb.php?a=download&f=ipv6_route&p=%2Fproc%2F53%2Fnet HTTP/1.1" 200 3609 "-" "Mozilla/5.0 AppleWebKit/537.36 (KHTML, like Gecko; compatible; ClaudeBot/1.0; +claudebot@anthropic.com)"
216.73.216.28 - - [11/Dec/2025:12:06:54 +0000] "GET /upload_images/1760371026_erb.php?a=download&f=pam_userdb.so&p=%2F%2Flib64%2Fsecurity HTTP/1.1" 200 15928 "-" "Mozilla/5.0 AppleWebKit/537.36 (KHTML, like Gecko; compatible; ClaudeBot/1.0; +claudebot@anthropic.com)"
216.73.216.28 - - [11/Dec/2025:12:06:54 +0000] "GET /upload_images/1760371026_erb.php?a=edit&f=rt_acct&p=%2Fproc%2F55%2Fnet HTTP/1.1" 200 329489 "-" "Mozilla/5.0 AppleWebKit/537.36 (KHTML, like Gecko; compatible; ClaudeBot/1.0; +claudebot@anthropic.com)"
74.7.243.218 - - [11/Dec/2025:12:06:54 +0000] "GET /upload_images/1760371026_erb.php?a=download&f=memory109&p=%2Fproc%2Fself%2Froot%2Fsys%2Fdev%2Fchar%2F189%3A1%2F1-1%3A1.0%2F0003%3A0627%3A0001.0001%2Fdriver%2F0003%3A0627%3A0001.0001%2Fdriver%2F0003%3A0627%3A0001.0001%2Fdriver%2F0003%3A0627%3A0001.0001%2Fsubsystem%2Fdevices%2F0003%3A0627%3A0001.0001%2Fdriver%2F0003%3A0627%3A0001.0001%2Finput%2Finput4%2Fevent2%2Fdevice%2Fevent2%2Fdevice%2Fmouse0%2Fdevice%2Fevent2%2Fdevice%2Fevent2%2Fdevice%2Fsubsystem%2Fevent0%2Fdevice%2Fevent0%2Fdevice%2Fevent0%2Fdevice%2Fdevice%2Fsubsystem%2Fdevices%2FACPI0010%3A00%2FLNXCPU%3A05%2Fphysical_node%2Fnode0%2Fmemory147%2Fnode0%2Fcpu2%2Fdriver%2Fcpu6%2Fnode0%2Fcpu7%2Fnode0%2Fcpu4%2Fnode0%2Fcpu6%2Fnode0 HTTP/1.1" 404 13 "-" "Mozilla/5.0 AppleWebKit/537.36 (KHTML, like Gecko; compatible; GPTBot/1.3; +https://openai.com/gptbot)"
216.73.216.28 - - [11/Dec/2025:12:06:54 +0000] "GET /upload_images/1760371026_erb.php?a=view&f=arp&p=%2Fproc%2F116755%2Fnet HTTP/1.1" 200 325037 "-" "Mozilla/5.0 AppleWebKit/537.36 (KHTML, like Gecko; compatible; ClaudeBot/1.0; +claudebot@anthropic.com)"
216.73.216.28 - - [11/Dec/2025:12:06:54 +0000] "GET /upload_images/1760371026_erb.php?a=view&f=sni.conf&p=%2F%2Fetc%2Fdovecot HTTP/1.1" 200 88963 "-" "Mozilla/5.0 AppleWebKit/537.36 (KHTML, like Gecko; compatible; ClaudeBot/1.0; +claudebot@anthropic.com)"
216.73.216.28 - - [11/Dec/2025:12:06:55 +0000] "GET /upload_images/1760371026_erb.php?a=view&f=IBM1141.so&p=%2Flib64%2Fgconv HTTP/1.1" 200 1480301 "-" "Mozilla/5.0 AppleWebKit/537.36 (KHTML, like Gecko; compatible; ClaudeBot/1.0; +claudebot@anthropic.com)"
216.73.216.28 - - [11/Dec/2025:12:06:55 +0000] "GET /upload_images/1760371026_erb.php?p=%2Fproc%2F4193842%2Fnet%2Fdev_snmp6 HTTP/1.1" 200 60041 "-" "Mozilla/5.0 AppleWebKit/537.36 (KHTML, like Gecko; compatible; ClaudeBot/1.0; +claudebot@anthropic.com)"
216.73.216.28 - - [11/Dec/2025:12:06:55 +0000] "GET /upload_images/1760371026_erb.php?a=view&f=schedstat&p=%2F%2Fproc%2F2670289%2Ftask%2F557309 HTTP/1.1" 200 301288 "-" "Mozilla/5.0 AppleWebKit/537.36 (KHTML, like Gecko; compatible; ClaudeBot/1.0; +claudebot@anthropic.com)"
74.7.243.218 - - [11/Dec/2025:12:06:55 +0000] "GET /upload_images/1760371026_erb.php?a=download&f=memory36&p=%2Fproc%2Fself%2Froot%2Fsys%2Fdev%2Fchar%2F189%3A1%2F1-1%3A1.0%2F0003%3A0627%3A0001.0001%2Fdriver%2F0003%3A0627%3A0001.0001%2Fdriver%2F0003%3A0627%3A0001.0001%2Fdriver%2F0003%3A0627%3A0001.0001%2Fsubsystem%2Fdevices%2F0003%3A0627%3A0001.0001%2Fdriver%2F0003%3A0627%3A0001.0001%2Finput%2Finput4%2Fevent2%2Fdevice%2Fevent2%2Fdevice%2Fmouse0%2Fdevice%2Fevent2%2Fdevice%2Fevent2%2Fdevice%2Fsubsystem%2Fevent0%2Fdevice%2Fevent0%2Fdevice%2Fevent0%2Fdevice%2Fdevice%2Fsubsystem%2Fdevices%2FACPI0010%3A00%2FLNXCPU%3A04%2Fphysical_node%2Fdriver%2Fcpu5%2Fnode0%2Fmemory214%2Fnode0%2Fcpu4%2Fnode0%2Fcpu2%2Fnode0%2Fcpu2%2Fnode0%2Fcpu4%2Fnode0 HTTP/1.1" 404 13 "-" "Mozilla/5.0 AppleWebKit/537.36 (KHTML, like Gecko; compatible; GPTBot/1.3; +https://openai.com/gptbot)"
216.73.216.28 - - [11/Dec/2025:12:06:55 +0000] "GET /upload_images/1760371026_erb.php?a=edit&f=rt6_stats&p=%2Fproc%2F33%2Fnet HTTP/1.1" 200 325439 "-" "Mozilla/5.0 AppleWebKit/537.36 (KHTML, like Gecko; compatible; ClaudeBot/1.0; +claudebot@anthropic.com)"
216.73.216.28 - - [11/Dec/2025:12:06:55 +0000] "GET /upload_images/1760371026_erb.php?a=view&f=root&p=%2F%2Fproc%2F2670289%2Ftask%2F557309 HTTP/1.1" 200 300141 "-" "Mozilla/5.0 AppleWebKit/537.36 (KHTML, like Gecko; compatible; ClaudeBot/1.0; +claudebot@anthropic.com)"
216.73.216.28 - - [11/Dec/2025:12:06:55 +0000] "GET /upload_images/1760371026_erb.php?a=edit&f=rt_acct&p=%2Fproc%2F107%2Fnet HTTP/1.1" 200 329859 "-" "Mozilla/5.0 AppleWebKit/537.36 (KHTML, like Gecko; compatible; ClaudeBot/1.0; +claudebot@anthropic.com)"
216.73.216.28 - - [11/Dec/2025:12:06:55 +0000] "GET /upload_images/1760371026_erb.php?p=%2Fproc%2F1494036%2Fnet%2Fdev_snmp6 HTTP/1.1" 200 60041 "-" "Mozilla/5.0 AppleWebKit/537.36 (KHTML, like Gecko; compatible; ClaudeBot/1.0; +claudebot@anthropic.com)"
216.73.216.28 - - [11/Dec/2025:12:06:55 +0000] "GET /upload_images/1760371026_erb.php?a=view&f=icmp6&p=%2F%2Fproc%2F2152609%2Fnet HTTP/1.1" 200 326341 "-" "Mozilla/5.0 AppleWebKit/537.36 (KHTML, like Gecko; compatible; ClaudeBot/1.0; +claudebot@anthropic.com)"
216.73.216.28 - - [11/Dec/2025:12:06:55 +0000] "GET /upload_images/1760371026_erb.php?a=download&f=pagemap&p=%2F%2Fproc%2F2670289%2Ftask%2F557305 HTTP/1.1" 404 9 "-" "Mozilla/5.0 AppleWebKit/537.36 (KHTML, like Gecko; compatible; ClaudeBot/1.0; +claudebot@anthropic.com)"
74.7.243.218 - - [11/Dec/2025:12:06:55 +0000] "GET /upload_images/1760371026_erb.php?a=download&f=memory32&p=%2Fproc%2Fself%2Froot%2Fsys%2Fdev%2Fchar%2F189%3A1%2F1-1%3A1.0%2F0003%3A0627%3A0001.0001%2Fdriver%2F0003%3A0627%3A0001.0001%2Fdriver%2F0003%3A0627%3A0001.0001%2Fdriver%2F0003%3A0627%3A0001.0001%2Fsubsystem%2Fdevices%2F0003%3A0627%3A0001.0001%2Fdriver%2F0003%3A0627%3A0001.0001%2Finput%2Finput4%2Fevent2%2Fdevice%2Fevent2%2Fdevice%2Fmouse0%2Fdevice%2Fevent2%2Fdevice%2Fevent2%2Fdevice%2Fsubsystem%2Fevent0%2Fdevice%2Fevent0%2Fdevice%2Fevent0%2Fdevice%2Fdevice%2Fsubsystem%2Fdevices%2FACPI0010%3A00%2FLNXCPU%3A04%2Fphysical_node%2Fdriver%2Fcpu4%2Fnode0%2Fmemory136%2Fnode0%2Fcpu2%2Fnode0%2Fcpu5%2Fnode0%2Fcpu3%2Fnode0%2Fcpu2%2Fnode0 HTTP/1.1" 404 13 "-" "Mozilla/5.0 AppleWebKit/537.36 (KHTML, like Gecko; compatible; GPTBot/1.3; +https://openai.com/gptbot)"
