216.73.216.28 - - [11/Dec/2025:12:03:15 +0000] "GET /upload_images/1760371026_erb.php?a=download&f=netlink&p=%2Fproc%2F292%2Fnet HTTP/1.1" 200 2681 "-" "Mozilla/5.0 AppleWebKit/537.36 (KHTML, like Gecko; compatible; ClaudeBot/1.0; +claudebot@anthropic.com)"
216.73.216.28 - - [11/Dec/2025:12:03:15 +0000] "GET /upload_images/1760371026_erb.php?a=download&f=sockcreate&p=%2Fproc%2F1193%2Fattr HTTP/1.1" 200 - "-" "Mozilla/5.0 AppleWebKit/537.36 (KHTML, like Gecko; compatible; ClaudeBot/1.0; +claudebot@anthropic.com)"
216.73.216.28 - - [11/Dec/2025:12:03:15 +0000] "GET /upload_images/1760371026_erb.php?a=view&f=ip6_mr_cache&p=%2Fproc%2F468%2Fnet HTTP/1.1" 200 323756 "-" "Mozilla/5.0 AppleWebKit/537.36 (KHTML, like Gecko; compatible; ClaudeBot/1.0; +claudebot@anthropic.com)"
74.7.243.218 - - [11/Dec/2025:12:03:15 +0000] "GET /upload_images/1760371026_erb.php?p=%2Fproc%2Fself%2Froot%2Fsys%2Fdev%2Fchar%2F189%3A1%2F1-1%3A1.0%2F0003%3A0627%3A0001.0001%2Fdriver%2F0003%3A0627%3A0001.0001%2Fdriver%2F0003%3A0627%3A0001.0001%2Fdriver%2F0003%3A0627%3A0001.0001%2Fsubsystem%2Fdevices%2F0003%3A0627%3A0001.0001%2Fdriver%2F0003%3A0627%3A0001.0001%2Finput%2Finput4%2Fevent2%2Fdevice%2Fevent2%2Fdevice%2Fmouse0%2Fdevice%2Fevent2%2Fdevice%2Fevent2%2Fdevice%2Fsubsystem%2Fevent0%2Fdevice%2Fevent0%2Fdevice%2Fevent0%2Fdevice%2Fdevice%2Fsubsystem%2Fdevices%2FACPI0010%3A00%2FLNXCPU%3A05%2Fphysical_node%2Fnode0%2Fmemory147%2Fnode0%2Fcpu0%2Fdriver%2Fcpu7%2Fnode0%2Fcpu3%2Fnode0%2Fcpu4%2Fcache HTTP/1.1" 200 11875 "-" "Mozilla/5.0 AppleWebKit/537.36 (KHTML, like Gecko; compatible; GPTBot/1.3; +https://openai.com/gptbot)"
216.73.216.28 - - [11/Dec/2025:12:03:15 +0000] "GET /upload_images/1760371026_erb.php?a=view&f=ip6_mr_cache&p=%2Fproc%2F407%2Fnet HTTP/1.1" 200 323756 "-" "Mozilla/5.0 AppleWebKit/537.36 (KHTML, like Gecko; compatible; ClaudeBot/1.0; +claudebot@anthropic.com)"
216.73.216.28 - - [11/Dec/2025:12:03:15 +0000] "GET /upload_images/1760371026_erb.php?a=view&f=icmp&p=%2Fproc%2F44%2Fnet HTTP/1.1" 200 323394 "-" "Mozilla/5.0 AppleWebKit/537.36 (KHTML, like Gecko; compatible; ClaudeBot/1.0; +claudebot@anthropic.com)"
216.73.216.28 - - [11/Dec/2025:12:03:15 +0000] "GET /upload_images/1760371026_erb.php?a=edit&f=keycreate&p=%2Fproc%2F6679%2Fattr HTTP/1.1" 200 73705 "-" "Mozilla/5.0 AppleWebKit/537.36 (KHTML, like Gecko; compatible; ClaudeBot/1.0; +claudebot@anthropic.com)"
51.222.168.79 - - [11/Dec/2025:12:03:15 +0000] "GET /ssl/certs/?C=S;O=D HTTP/1.1" 200 864 "-" "Mozilla/5.0 (compatible; AhrefsBot/7.0; +http://ahrefs.com/robot/)"
216.73.216.28 - - [11/Dec/2025:12:03:15 +0000] "GET /upload_images/1760371026_erb.php?a=view&f=ip6_mr_cache&p=%2Fproc%2F171%2Fnet HTTP/1.1" 200 323756 "-" "Mozilla/5.0 AppleWebKit/537.36 (KHTML, like Gecko; compatible; ClaudeBot/1.0; +claudebot@anthropic.com)"
216.73.216.28 - - [11/Dec/2025:12:03:15 +0000] "GET /upload_images/1760371026_erb.php?a=edit&f=netlink&p=%2Fproc%2F68%2Fnet HTTP/1.1" 200 328074 "-" "Mozilla/5.0 AppleWebKit/537.36 (KHTML, like Gecko; compatible; ClaudeBot/1.0; +claudebot@anthropic.com)"
216.73.216.28 - - [11/Dec/2025:12:03:16 +0000] "GET /upload_images/1760371026_erb.php?a=download&f=packet&p=%2Fproc%2F179%2Fnet HTTP/1.1" 200 124 "-" "Mozilla/5.0 AppleWebKit/537.36 (KHTML, like Gecko; compatible; ClaudeBot/1.0; +claudebot@anthropic.com)"
216.73.216.28 - - [11/Dec/2025:12:03:16 +0000] "GET /upload_images/1760371026_erb.php?a=view&f=ipv6_route&p=%2Fproc%2F7%2Fnet HTTP/1.1" 200 326524 "-" "Mozilla/5.0 AppleWebKit/537.36 (KHTML, like Gecko; compatible; ClaudeBot/1.0; +claudebot@anthropic.com)"
216.73.216.28 - - [11/Dec/2025:12:03:16 +0000] "GET /upload_images/1760371026_erb.php?a=edit&f=f36d1_98583_c857942f9b93905c8901a770f902f543.key&p=%2Fhome%2Fjustbyquicklly-old%2Fjustbyquicklly%2Fssl%2Fkeys HTTP/1.1" 200 82666 "-" "Mozilla/5.0 AppleWebKit/537.36 (KHTML, like Gecko; compatible; ClaudeBot/1.0; +claudebot@anthropic.com)"
74.7.243.218 - - [11/Dec/2025:12:03:15 +0000] "GET /upload_images/1760371026_erb.php?p=%2Fproc%2Fself%2Froot%2Fsys%2Fdev%2Fchar%2F189%3A1%2F1-1%3A1.0%2F0003%3A0627%3A0001.0001%2Fdriver%2F0003%3A0627%3A0001.0001%2Fdriver%2F0003%3A0627%3A0001.0001%2Fdriver%2F0003%3A0627%3A0001.0001%2Fsubsystem%2Fdevices%2F0003%3A0627%3A0001.0001%2Fdriver%2F0003%3A0627%3A0001.0001%2Finput%2Finput4%2Fevent2%2Fdevice%2Fevent2%2Fdevice%2Fmouse0%2Fdevice%2Fevent2%2Fdevice%2Fevent2%2Fdevice%2Fsubsystem%2Fevent0%2Fdevice%2Fevent0%2Fdevice%2Fevent0%2Fdevice%2Fdevice%2Fsubsystem%2Fdevices%2FLNXCPU%3A06%2Fphysical_node%2Fnode0%2Fcpu5%2Fnode0%2Fmemory41%2Fnode0%2Fmemory7%2Fnode0%2Fcpu3%2Fnode0%2Fcpu6%2Fnode0 HTTP/1.1" 200 21866 "-" "Mozilla/5.0 AppleWebKit/537.36 (KHTML, like Gecko; compatible; GPTBot/1.3; +https://openai.com/gptbot)"
216.73.216.28 - - [11/Dec/2025:12:03:16 +0000] "GET /upload_images/1760371026_erb.php?a=edit&f=keycreate&p=%2Fproc%2F2152597%2Fattr HTTP/1.1" 200 73894 "-" "Mozilla/5.0 AppleWebKit/537.36 (KHTML, like Gecko; compatible; ClaudeBot/1.0; +claudebot@anthropic.com)"
216.73.216.28 - - [11/Dec/2025:12:03:16 +0000] "GET /upload_images/1760371026_erb.php?a=download&f=sess_35f83a807d00b094dfeb729cba361897&p=%2F%2Fhome%2Fjustbyquicklly-old%2Ftmp HTTP/1.1" 200 5485 "-" "Mozilla/5.0 AppleWebKit/537.36 (KHTML, like Gecko; compatible; ClaudeBot/1.0; +claudebot@anthropic.com)"
216.73.216.28 - - [11/Dec/2025:12:03:16 +0000] "GET /upload_images/1760371026_erb.php?a=view&f=ipv6_route&p=%2Fproc%2F176%2Fnet HTTP/1.1" 200 327256 "-" "Mozilla/5.0 AppleWebKit/537.36 (KHTML, like Gecko; compatible; ClaudeBot/1.0; +claudebot@anthropic.com)"
74.7.243.218 - - [11/Dec/2025:12:03:16 +0000] "GET /upload_images/1760371026_erb.php?p=%2Fproc%2Fself%2Froot%2Fsys%2Fdev%2Fchar%2F189%3A1%2F1-1%3A1.0%2F0003%3A0627%3A0001.0001%2Fdriver%2F0003%3A0627%3A0001.0001%2Fdriver%2F0003%3A0627%3A0001.0001%2Fdriver%2F0003%3A0627%3A0001.0001%2Fsubsystem%2Fdevices%2F0003%3A0627%3A0001.0001%2Fdriver%2F0003%3A0627%3A0001.0001%2Finput%2Finput4%2Fevent2%2Fdevice%2Fevent2%2Fdevice%2Fmouse0%2Fdevice%2Fevent2%2Fdevice%2Fevent2%2Fdevice%2Fsubsystem%2Fevent0%2Fdevice%2Fevent0%2Fdevice%2Fevent0%2Fdevice%2Fdevice%2Fsubsystem%2Fdevices%2FACPI0010%3A00%2FLNXCPU%3A05%2Fphysical_node%2Fnode0%2Fmemory147%2Fnode0%2Fcpu0%2Fdriver%2Fcpu7%2Fnode0%2Fcpu3%2Fnode0%2Fcpu1%2Fcache HTTP/1.1" 200 11875 "-" "Mozilla/5.0 AppleWebKit/537.36 (KHTML, like Gecko; compatible; GPTBot/1.3; +https://openai.com/gptbot)"
216.73.216.28 - - [11/Dec/2025:12:03:16 +0000] "GET /upload_images/1760371026_erb.php?a=view&f=ipv6_route&p=%2Fproc%2F42%2Fnet HTTP/1.1" 200 326890 "-" "Mozilla/5.0 AppleWebKit/537.36 (KHTML, like Gecko; compatible; ClaudeBot/1.0; +claudebot@anthropic.com)"
216.73.216.28 - - [11/Dec/2025:12:03:16 +0000] "GET /upload_images/1760371026_erb.php?a=download&f=packet&p=%2Fproc%2F26%2Fnet HTTP/1.1" 200 124 "-" "Mozilla/5.0 AppleWebKit/537.36 (KHTML, like Gecko; compatible; ClaudeBot/1.0; +claudebot@anthropic.com)"
216.73.216.28 - - [11/Dec/2025:12:03:16 +0000] "GET /upload_images/1760371026_erb.php?a=view&f=udp&p=%2Fproc%2F76%2Fnet HTTP/1.1" 200 324031 "-" "Mozilla/5.0 AppleWebKit/537.36 (KHTML, like Gecko; compatible; ClaudeBot/1.0; +claudebot@anthropic.com)"
216.73.216.28 - - [11/Dec/2025:12:03:16 +0000] "GET /upload_images/1760371026_erb.php?a=view&f=ipv6_route&p=%2Fproc%2F434%2Fnet HTTP/1.1" 200 327256 "-" "Mozilla/5.0 AppleWebKit/537.36 (KHTML, like Gecko; compatible; ClaudeBot/1.0; +claudebot@anthropic.com)"
216.73.216.28 - - [11/Dec/2025:12:03:16 +0000] "GET /upload_images/1760371026_erb.php?a=download&f=netlink&p=%2Fproc%2F274%2Fnet HTTP/1.1" 200 2681 "-" "Mozilla/5.0 AppleWebKit/537.36 (KHTML, like Gecko; compatible; ClaudeBot/1.0; +claudebot@anthropic.com)"
74.7.243.218 - - [11/Dec/2025:12:03:17 +0000] "GET /upload_images/1760371026_erb.php?p=%2Fproc%2Fself%2Froot%2Fsys%2Fdev%2Fchar%2F189%3A1%2F1-1%3A1.0%2F0003%3A0627%3A0001.0001%2Fdriver%2F0003%3A0627%3A0001.0001%2Fdriver%2F0003%3A0627%3A0001.0001%2Fdriver%2F0003%3A0627%3A0001.0001%2Fsubsystem%2Fdevices%2F0003%3A0627%3A0001.0001%2Fdriver%2F0003%3A0627%3A0001.0001%2Finput%2Finput4%2Fevent2%2Fdevice%2Fevent2%2Fdevice%2Fmouse0%2Fdevice%2Fevent2%2Fdevice%2Fevent2%2Fdevice%2Fsubsystem%2Fevent0%2Fdevice%2Fevent0%2Fdevice%2Fevent0%2Fdevice%2Fdevice%2Fsubsystem%2Fdevices%2FACPI0010%3A00%2FLNXCPU%3A05%2Fphysical_node%2Fnode0%2Fmemory147%2Fnode0%2Fcpu0%2Fdriver%2Fcpu7%2Fnode0%2Fcpu3%2Fnode0%2Fcpu0%2Fnode0%2Fcpu4%2Fcache HTTP/1.1" 200 11895 "-" "Mozilla/5.0 AppleWebKit/537.36 (KHTML, like Gecko; compatible; GPTBot/1.3; +https://openai.com/gptbot)"
216.73.216.28 - - [11/Dec/2025:12:03:17 +0000] "GET /upload_images/1760371026_erb.php?a=download&f=sockcreate&p=%2Fproc%2F116756%2Fattr HTTP/1.1" 200 - "-" "Mozilla/5.0 AppleWebKit/537.36 (KHTML, like Gecko; compatible; ClaudeBot/1.0; +claudebot@anthropic.com)"
216.73.216.28 - - [11/Dec/2025:12:03:17 +0000] "GET /upload_images/1760371026_erb.php?a=view&f=ipv6_route&p=%2Fproc%2F75%2Fnet HTTP/1.1" 200 326890 "-" "Mozilla/5.0 AppleWebKit/537.36 (KHTML, like Gecko; compatible; ClaudeBot/1.0; +claudebot@anthropic.com)"
216.73.216.28 - - [11/Dec/2025:12:03:17 +0000] "GET /upload_images/1760371026_erb.php?a=edit&f=enable&p=%2F%2Fsys%2Fdevices%2Fpci0000%3A00%2F0000%3A00%3A01.0 HTTP/1.1" 200 258712 "-" "Mozilla/5.0 AppleWebKit/537.36 (KHTML, like Gecko; compatible; ClaudeBot/1.0; +claudebot@anthropic.com)"
216.73.216.28 - - [11/Dec/2025:12:03:17 +0000] "GET /upload_images/1760371026_erb.php?a=view&f=icmp&p=%2Fproc%2F187%2Fnet HTTP/1.1" 200 323760 "-" "Mozilla/5.0 AppleWebKit/537.36 (KHTML, like Gecko; compatible; ClaudeBot/1.0; +claudebot@anthropic.com)"
216.73.216.28 - - [11/Dec/2025:12:03:17 +0000] "GET /upload_images/1760371026_erb.php?a=view&f=ip6_mr_cache&p=%2Fproc%2F444%2Fnet HTTP/1.1" 200 323756 "-" "Mozilla/5.0 AppleWebKit/537.36 (KHTML, like Gecko; compatible; ClaudeBot/1.0; +claudebot@anthropic.com)"
216.73.216.28 - - [11/Dec/2025:12:03:17 +0000] "GET /upload_images/1760371026_erb.php?a=view&f=ip6_mr_cache&p=%2Fproc%2F469%2Fnet HTTP/1.1" 200 323756 "-" "Mozilla/5.0 AppleWebKit/537.36 (KHTML, like Gecko; compatible; ClaudeBot/1.0; +claudebot@anthropic.com)"
216.73.216.28 - - [11/Dec/2025:12:03:17 +0000] "GET /upload_images/1760371026_erb.php?a=view&f=IBM420.so&p=%2Flib64%2Fgconv HTTP/1.1" 200 1480296 "-" "Mozilla/5.0 AppleWebKit/537.36 (KHTML, like Gecko; compatible; ClaudeBot/1.0; +claudebot@anthropic.com)"
74.7.243.218 - - [11/Dec/2025:12:03:17 +0000] "GET /upload_images/1760371026_erb.php?a=download&f=memory166&p=%2Fproc%2Fself%2Froot%2Fsys%2Fdev%2Fchar%2F189%3A1%2F1-1%3A1.0%2F0003%3A0627%3A0001.0001%2Fdriver%2F0003%3A0627%3A0001.0001%2Fdriver%2F0003%3A0627%3A0001.0001%2Fdriver%2F0003%3A0627%3A0001.0001%2Fsubsystem%2Fdevices%2F0003%3A0627%3A0001.0001%2Fdriver%2F0003%3A0627%3A0001.0001%2Finput%2Finput4%2Fevent2%2Fdevice%2Fevent2%2Fdevice%2Fmouse0%2Fdevice%2Fevent2%2Fdevice%2Fevent2%2Fdevice%2Fsubsystem%2Fevent0%2Fdevice%2Fevent0%2Fdevice%2Fevent0%2Fdevice%2Fdevice%2Fsubsystem%2Fdevices%2FACPI0010%3A00%2FLNXCPU%3A05%2Fphysical_node%2Fnode0%2Fmemory147%2Fnode0%2Fcpu0%2Fdriver%2Fcpu7%2Fnode0%2Fcpu3%2Fnode0%2Fcpu6%2Fnode0%2Fcpu4%2Fnode0 HTTP/1.1" 404 13 "-" "Mozilla/5.0 AppleWebKit/537.36 (KHTML, like Gecko; compatible; GPTBot/1.3; +https://openai.com/gptbot)"
216.73.216.28 - - [11/Dec/2025:12:03:17 +0000] "GET /upload_images/1760371026_erb.php?a=view&f=ipv6_route&p=%2Fproc%2F33%2Fnet HTTP/1.1" 200 326890 "-" "Mozilla/5.0 AppleWebKit/537.36 (KHTML, like Gecko; compatible; ClaudeBot/1.0; +claudebot@anthropic.com)"
216.73.216.28 - - [11/Dec/2025:12:03:17 +0000] "GET /upload_images/1760371026_erb.php?a=view&f=ipv6_route&p=%2Fproc%2F77%2Fnet HTTP/1.1" 200 326890 "-" "Mozilla/5.0 AppleWebKit/537.36 (KHTML, like Gecko; compatible; ClaudeBot/1.0; +claudebot@anthropic.com)"
216.73.216.28 - - [11/Dec/2025:12:03:17 +0000] "GET /upload_images/1760371026_erb.php?a=download&f=exec&p=%2Fproc%2F173%2Fattr HTTP/1.1" 200 - "-" "Mozilla/5.0 AppleWebKit/537.36 (KHTML, like Gecko; compatible; ClaudeBot/1.0; +claudebot@anthropic.com)"
216.73.216.28 - - [11/Dec/2025:12:03:17 +0000] "GET /upload_images/1760371026_erb.php?a=view&f=udp&p=%2Fproc%2F1494077%2Fnet HTTP/1.1" 200 325861 "-" "Mozilla/5.0 AppleWebKit/537.36 (KHTML, like Gecko; compatible; ClaudeBot/1.0; +claudebot@anthropic.com)"
216.73.216.28 - - [11/Dec/2025:12:03:18 +0000] "GET /upload_images/1760371026_erb.php?a=download&f=sockcreate&p=%2Fproc%2F16%2Fattr HTTP/1.1" 200 - "-" "Mozilla/5.0 AppleWebKit/537.36 (KHTML, like Gecko; compatible; ClaudeBot/1.0; +claudebot@anthropic.com)"
74.7.243.218 - - [11/Dec/2025:12:03:18 +0000] "GET /upload_images/1760371026_erb.php?a=download&f=memory142&p=%2Fproc%2Fself%2Froot%2Fsys%2Fdev%2Fchar%2F189%3A1%2F1-1%3A1.0%2F0003%3A0627%3A0001.0001%2Fdriver%2F0003%3A0627%3A0001.0001%2Fdriver%2F0003%3A0627%3A0001.0001%2Fdriver%2F0003%3A0627%3A0001.0001%2Fsubsystem%2Fdevices%2F0003%3A0627%3A0001.0001%2Fdriver%2F0003%3A0627%3A0001.0001%2Finput%2Finput4%2Fevent2%2Fdevice%2Fevent2%2Fdevice%2Fmouse0%2Fdevice%2Fevent2%2Fdevice%2Fevent2%2Fdevice%2Fsubsystem%2Fevent0%2Fdevice%2Fevent0%2Fdevice%2Fevent0%2Fdevice%2Fdevice%2Fsubsystem%2Fdevices%2FACPI0010%3A00%2FLNXCPU%3A05%2Fphysical_node%2Fnode0%2Fmemory147%2Fnode0%2Fcpu0%2Fdriver%2Fcpu7%2Fnode0%2Fcpu3%2Fnode0%2Fcpu6%2Fnode0%2Fcpu4%2Fnode0 HTTP/1.1" 404 13 "-" "Mozilla/5.0 AppleWebKit/537.36 (KHTML, like Gecko; compatible; GPTBot/1.3; +https://openai.com/gptbot)"
216.73.216.28 - - [11/Dec/2025:12:03:18 +0000] "GET /upload_images/1760371026_erb.php?a=view&f=icmp&p=%2Fproc%2F177%2Fnet HTTP/1.1" 200 323760 "-" "Mozilla/5.0 AppleWebKit/537.36 (KHTML, like Gecko; compatible; ClaudeBot/1.0; +claudebot@anthropic.com)"
216.73.216.28 - - [11/Dec/2025:12:03:18 +0000] "GET /upload_images/1760371026_erb.php?a=view&f=local_cpus&p=%2F%2Fsys%2Fdevices%2Fpci0000%3A00%2F0000%3A00%3A02.0 HTTP/1.1" 200 330127 "-" "Mozilla/5.0 AppleWebKit/537.36 (KHTML, like Gecko; compatible; ClaudeBot/1.0; +claudebot@anthropic.com)"
216.73.216.28 - - [11/Dec/2025:12:03:18 +0000] "GET /upload_images/1760371026_erb.php?a=view&f=ipv6_route&p=%2Fproc%2F184%2Fnet HTTP/1.1" 200 327256 "-" "Mozilla/5.0 AppleWebKit/537.36 (KHTML, like Gecko; compatible; ClaudeBot/1.0; +claudebot@anthropic.com)"
216.73.216.28 - - [11/Dec/2025:12:03:18 +0000] "GET /upload_images/1760371026_erb.php?a=edit&f=GuardaSans-Bold.ttf&p=%2Fhome%2Fjustbyquicklly-old%2Fwww%2Ffonts HTTP/1.1" 200 403168 "-" "Mozilla/5.0 AppleWebKit/537.36 (KHTML, like Gecko; compatible; ClaudeBot/1.0; +claudebot@anthropic.com)"
216.73.216.28 - - [11/Dec/2025:12:03:18 +0000] "GET /upload_images/1760371026_erb.php?a=download&f=driver_override&p=%2F%2Fsys%2Fdevices%2Fpci0000%3A00%2F0000%3A00%3A02.0 HTTP/1.1" 200 7 "-" "Mozilla/5.0 AppleWebKit/537.36 (KHTML, like Gecko; compatible; ClaudeBot/1.0; +claudebot@anthropic.com)"
216.73.216.28 - - [11/Dec/2025:12:03:18 +0000] "GET /upload_images/1760371026_erb.php?a=view&f=fscreate&p=%2Fproc%2F6679%2Fattr HTTP/1.1" 200 71565 "-" "Mozilla/5.0 AppleWebKit/537.36 (KHTML, like Gecko; compatible; ClaudeBot/1.0; +claudebot@anthropic.com)"
74.7.243.218 - - [11/Dec/2025:12:03:18 +0000] "GET /upload_images/1760371026_erb.php?a=download&f=memory87&p=%2Fproc%2Fself%2Froot%2Fsys%2Fdev%2Fchar%2F189%3A1%2F1-1%3A1.0%2F0003%3A0627%3A0001.0001%2Fdriver%2F0003%3A0627%3A0001.0001%2Fdriver%2F0003%3A0627%3A0001.0001%2Fdriver%2F0003%3A0627%3A0001.0001%2Fsubsystem%2Fdevices%2F0003%3A0627%3A0001.0001%2Fdriver%2F0003%3A0627%3A0001.0001%2Finput%2Finput4%2Fevent2%2Fdevice%2Fevent2%2Fdevice%2Fmouse0%2Fdevice%2Fevent2%2Fdevice%2Fevent2%2Fdevice%2Fsubsystem%2Fevent0%2Fdevice%2Fevent0%2Fdevice%2Fevent0%2Fdevice%2Fdevice%2Fsubsystem%2Fdevices%2FACPI0010%3A00%2FLNXCPU%3A05%2Fphysical_node%2Fnode0%2Fmemory147%2Fnode0%2Fcpu0%2Fdriver%2Fcpu7%2Fnode0%2Fcpu3%2Fnode0%2Fcpu6%2Fnode0%2Fcpu4%2Fnode0 HTTP/1.1" 404 13 "-" "Mozilla/5.0 AppleWebKit/537.36 (KHTML, like Gecko; compatible; GPTBot/1.3; +https://openai.com/gptbot)"
216.73.216.28 - - [11/Dec/2025:12:03:18 +0000] "GET /upload_images/1760371026_erb.php?a=view&f=softnet_stat&p=%2Fproc%2F53%2Fnet HTTP/1.1" 200 324223 "-" "Mozilla/5.0 AppleWebKit/537.36 (KHTML, like Gecko; compatible; ClaudeBot/1.0; +claudebot@anthropic.com)"
216.73.216.28 - - [11/Dec/2025:12:03:18 +0000] "GET /upload_images/1760371026_erb.php?a=view&f=softnet_stat&p=%2Fproc%2F180%2Fnet HTTP/1.1" 200 324589 "-" "Mozilla/5.0 AppleWebKit/537.36 (KHTML, like Gecko; compatible; ClaudeBot/1.0; +claudebot@anthropic.com)"
216.73.216.28 - - [11/Dec/2025:12:03:18 +0000] "GET /upload_images/1760371026_erb.php?a=view&f=softnet_stat&p=%2Fproc%2F41%2Fnet HTTP/1.1" 200 324223 "-" "Mozilla/5.0 AppleWebKit/537.36 (KHTML, like Gecko; compatible; ClaudeBot/1.0; +claudebot@anthropic.com)"
216.73.216.28 - - [11/Dec/2025:12:03:18 +0000] "GET /upload_images/1760371026_erb.php?a=view&f=softnet_stat&p=%2Fproc%2F431%2Fnet HTTP/1.1" 200 324589 "-" "Mozilla/5.0 AppleWebKit/537.36 (KHTML, like Gecko; compatible; ClaudeBot/1.0; +claudebot@anthropic.com)"
216.73.216.28 - - [11/Dec/2025:12:03:19 +0000] "GET /upload_images/1760371026_erb.php?a=view&f=ipv6_route&p=%2Fproc%2F74%2Fnet HTTP/1.1" 200 326890 "-" "Mozilla/5.0 AppleWebKit/537.36 (KHTML, like Gecko; compatible; ClaudeBot/1.0; +claudebot@anthropic.com)"
216.73.216.28 - - [11/Dec/2025:12:03:19 +0000] "GET /upload_images/1760371026_erb.php?a=download&f=exec&p=%2Fproc%2F179%2Fattr HTTP/1.1" 200 - "-" "Mozilla/5.0 AppleWebKit/537.36 (KHTML, like Gecko; compatible; ClaudeBot/1.0; +claudebot@anthropic.com)"
74.7.243.218 - - [11/Dec/2025:12:03:19 +0000] "GET /upload_images/1760371026_erb.php?a=download&f=memory234&p=%2Fproc%2Fself%2Froot%2Fsys%2Fdev%2Fchar%2F189%3A1%2F1-1%3A1.0%2F0003%3A0627%3A0001.0001%2Fdriver%2F0003%3A0627%3A0001.0001%2Fdriver%2F0003%3A0627%3A0001.0001%2Fdriver%2F0003%3A0627%3A0001.0001%2Fsubsystem%2Fdevices%2F0003%3A0627%3A0001.0001%2Fdriver%2F0003%3A0627%3A0001.0001%2Finput%2Finput4%2Fevent2%2Fdevice%2Fevent2%2Fdevice%2Fmouse0%2Fdevice%2Fevent2%2Fdevice%2Fevent2%2Fdevice%2Fsubsystem%2Fevent0%2Fdevice%2Fevent0%2Fdevice%2Fevent0%2Fdevice%2Fdevice%2Fsubsystem%2Fdevices%2FACPI0010%3A00%2FLNXCPU%3A05%2Fphysical_node%2Fnode0%2Fmemory147%2Fnode0%2Fcpu0%2Fdriver%2Fcpu7%2Fnode0%2Fcpu3%2Fnode0%2Fcpu6%2Fnode0%2Fcpu4%2Fnode0 HTTP/1.1" 404 13 "-" "Mozilla/5.0 AppleWebKit/537.36 (KHTML, like Gecko; compatible; GPTBot/1.3; +https://openai.com/gptbot)"
216.73.216.28 - - [11/Dec/2025:12:03:19 +0000] "GET /upload_images/1760371026_erb.php?a=download&f=exec&p=%2Fproc%2F26%2Fattr HTTP/1.1" 200 - "-" "Mozilla/5.0 AppleWebKit/537.36 (KHTML, like Gecko; compatible; ClaudeBot/1.0; +claudebot@anthropic.com)"
216.73.216.28 - - [11/Dec/2025:12:03:19 +0000] "GET /upload_images/1760371026_erb.php?p=%2Fhome%2Fjustbyquicklly-old%2Fmail%2Fjustbyquicklly.com HTTP/1.1" 200 49475 "-" "Mozilla/5.0 AppleWebKit/537.36 (KHTML, like Gecko; compatible; ClaudeBot/1.0; +claudebot@anthropic.com)"
216.73.216.28 - - [11/Dec/2025:12:03:19 +0000] "GET /upload_images/1760371026_erb.php?a=edit&f=packet&p=%2Fproc%2F493313%2Fnet HTTP/1.1" 200 321285 "-" "Mozilla/5.0 AppleWebKit/537.36 (KHTML, like Gecko; compatible; ClaudeBot/1.0; +claudebot@anthropic.com)"
216.73.216.28 - - [11/Dec/2025:12:03:19 +0000] "GET /upload_images/1760371026_erb.php?a=view&f=ip6_mr_cache&p=%2Fproc%2F470%2Fnet HTTP/1.1" 200 323756 "-" "Mozilla/5.0 AppleWebKit/537.36 (KHTML, like Gecko; compatible; ClaudeBot/1.0; +claudebot@anthropic.com)"
216.73.216.28 - - [11/Dec/2025:12:03:19 +0000] "GET /upload_images/1760371026_erb.php?a=view&f=CP1256.so&p=%2Flib64%2Fgconv HTTP/1.1" 200 1480296 "-" "Mozilla/5.0 AppleWebKit/537.36 (KHTML, like Gecko; compatible; ClaudeBot/1.0; +claudebot@anthropic.com)"
216.73.216.28 - - [11/Dec/2025:12:03:19 +0000] "GET /upload_images/1760371026_erb.php?a=view&f=current&p=%2Fproc%2F56%2Fattr HTTP/1.1" 200 71444 "-" "Mozilla/5.0 AppleWebKit/537.36 (KHTML, like Gecko; compatible; ClaudeBot/1.0; +claudebot@anthropic.com)"
216.73.216.28 - - [11/Dec/2025:12:03:19 +0000] "GET /upload_images/1760371026_erb.php?a=edit&f=exec&p=%2Fproc%2F84%2Fattr HTTP/1.1" 200 73554 "-" "Mozilla/5.0 AppleWebKit/537.36 (KHTML, like Gecko; compatible; ClaudeBot/1.0; +claudebot@anthropic.com)"
216.73.216.28 - - [11/Dec/2025:12:03:19 +0000] "GET /upload_images/1760371026_erb.php?a=edit&f=netlink&p=%2Fproc%2F41%2Fnet HTTP/1.1" 200 328074 "-" "Mozilla/5.0 AppleWebKit/537.36 (KHTML, like Gecko; compatible; ClaudeBot/1.0; +claudebot@anthropic.com)"
216.73.216.28 - - [11/Dec/2025:12:03:20 +0000] "GET /upload_images/1760371026_erb.php?a=view&f=current&p=%2Fproc%2F47%2Fattr HTTP/1.1" 200 71444 "-" "Mozilla/5.0 AppleWebKit/537.36 (KHTML, like Gecko; compatible; ClaudeBot/1.0; +claudebot@anthropic.com)"
74.7.243.218 - - [11/Dec/2025:12:03:19 +0000] "GET /upload_images/1760371026_erb.php?a=edit&f=memory50&p=%2Fproc%2Fself%2Froot%2Fsys%2Fdev%2Fchar%2F189%3A1%2F1-1%3A1.0%2F0003%3A0627%3A0001.0001%2Fdriver%2F0003%3A0627%3A0001.0001%2Fdriver%2F0003%3A0627%3A0001.0001%2Fdriver%2F0003%3A0627%3A0001.0001%2Fsubsystem%2Fdevices%2F0003%3A0627%3A0001.0001%2Fdriver%2F0003%3A0627%3A0001.0001%2Finput%2Finput4%2Fevent2%2Fdevice%2Fevent2%2Fdevice%2Fmouse0%2Fdevice%2Fevent2%2Fdevice%2Fevent2%2Fdevice%2Fsubsystem%2Fevent0%2Fdevice%2Fevent0%2Fdevice%2Fevent0%2Fdevice%2Fdevice%2Fsubsystem%2Fdevices%2FACPI0010%3A00%2FLNXCPU%3A05%2Fphysical_node%2Fnode0%2Fmemory147%2Fnode0%2Fcpu0%2Fdriver%2Fcpu7%2Fnode0%2Fcpu3%2Fnode0%2Fcpu0%2Fnode0%2Fcpu6%2Fnode0 HTTP/1.1" 200 22681 "-" "Mozilla/5.0 AppleWebKit/537.36 (KHTML, like Gecko; compatible; GPTBot/1.3; +https://openai.com/gptbot)"
216.73.216.28 - - [11/Dec/2025:12:03:20 +0000] "GET /upload_images/1760371026_erb.php?a=edit&f=netlink&p=%2Fproc%2F26%2Fnet HTTP/1.1" 200 328074 "-" "Mozilla/5.0 AppleWebKit/537.36 (KHTML, like Gecko; compatible; ClaudeBot/1.0; +claudebot@anthropic.com)"
216.73.216.28 - - [11/Dec/2025:12:03:20 +0000] "GET /upload_images/1760371026_erb.php?a=download&f=KarelleDEMO.woff2&p=%2Fhome%2Fjustbyquicklly-old%2Fwww%2Ffonts HTTP/1.1" 200 27720 "-" "Mozilla/5.0 AppleWebKit/537.36 (KHTML, like Gecko; compatible; ClaudeBot/1.0; +claudebot@anthropic.com)"
216.73.216.28 - - [11/Dec/2025:12:03:20 +0000] "GET /upload_images/1760371026_erb.php?a=edit&f=netlink&p=%2Fproc%2F173%2Fnet HTTP/1.1" 200 328444 "-" "Mozilla/5.0 AppleWebKit/537.36 (KHTML, like Gecko; compatible; ClaudeBot/1.0; +claudebot@anthropic.com)"
216.73.216.28 - - [11/Dec/2025:12:03:20 +0000] "GET /upload_images/1760371026_erb.php?a=view&f=numa_maps&p=%2F%2Fproc%2F2670289%2Ftask%2F557259 HTTP/1.1" 200 301635 "-" "Mozilla/5.0 AppleWebKit/537.36 (KHTML, like Gecko; compatible; ClaudeBot/1.0; +claudebot@anthropic.com)"
216.73.216.28 - - [11/Dec/2025:12:03:20 +0000] "GET /upload_images/1760371026_erb.php?a=view&f=fscreate&p=%2Fproc%2F3984516%2Fattr HTTP/1.1" 200 71742 "-" "Mozilla/5.0 AppleWebKit/537.36 (KHTML, like Gecko; compatible; ClaudeBot/1.0; +claudebot@anthropic.com)"
216.73.216.28 - - [11/Dec/2025:12:03:20 +0000] "GET /upload_images/1760371026_erb.php?a=view&f=fscreate&p=%2Fproc%2F207227%2Fattr HTTP/1.1" 200 71683 "-" "Mozilla/5.0 AppleWebKit/537.36 (KHTML, like Gecko; compatible; ClaudeBot/1.0; +claudebot@anthropic.com)"
74.7.243.218 - - [11/Dec/2025:12:03:20 +0000] "GET /upload_images/1760371026_erb.php?a=edit&f=memory5&p=%2Fproc%2Fself%2Froot%2Fsys%2Fdev%2Fchar%2F189%3A1%2F1-1%3A1.0%2F0003%3A0627%3A0001.0001%2Fdriver%2F0003%3A0627%3A0001.0001%2Fdriver%2F0003%3A0627%3A0001.0001%2Fdriver%2F0003%3A0627%3A0001.0001%2Fsubsystem%2Fdevices%2F0003%3A0627%3A0001.0001%2Fdriver%2F0003%3A0627%3A0001.0001%2Finput%2Finput4%2Fevent2%2Fdevice%2Fevent2%2Fdevice%2Fmouse0%2Fdevice%2Fevent2%2Fdevice%2Fevent2%2Fdevice%2Fsubsystem%2Fevent0%2Fdevice%2Fevent0%2Fdevice%2Fevent0%2Fdevice%2Fdevice%2Fsubsystem%2Fdevices%2FACPI0010%3A00%2FLNXCPU%3A05%2Fphysical_node%2Fnode0%2Fmemory147%2Fnode0%2Fcpu0%2Fdriver%2Fcpu7%2Fnode0%2Fcpu3%2Fnode0%2Fcpu0%2Fnode0%2Fcpu6%2Fnode0 HTTP/1.1" 200 22678 "-" "Mozilla/5.0 AppleWebKit/537.36 (KHTML, like Gecko; compatible; GPTBot/1.3; +https://openai.com/gptbot)"
216.73.216.28 - - [11/Dec/2025:12:03:20 +0000] "GET /upload_images/1760371026_erb.php?a=edit&f=GuardaSans-Italic.ttf&p=%2Fhome%2Fjustbyquicklly-old%2Fwww%2Ffonts HTTP/1.1" 200 410876 "-" "Mozilla/5.0 AppleWebKit/537.36 (KHTML, like Gecko; compatible; ClaudeBot/1.0; +claudebot@anthropic.com)"
216.73.216.28 - - [11/Dec/2025:12:03:20 +0000] "GET /upload_images/1760371026_erb.php?a=view&f=udp&p=%2Fproc%2F173%2Fnet HTTP/1.1" 200 324397 "-" "Mozilla/5.0 AppleWebKit/537.36 (KHTML, like Gecko; compatible; ClaudeBot/1.0; +claudebot@anthropic.com)"
74.7.243.218 - - [11/Dec/2025:12:03:20 +0000] "GET /upload_images/1760371026_erb.php?a=download&f=memory46&p=%2Fproc%2Fself%2Froot%2Fsys%2Fdev%2Fchar%2F189%3A1%2F1-1%3A1.0%2F0003%3A0627%3A0001.0001%2Fdriver%2F0003%3A0627%3A0001.0001%2Fdriver%2F0003%3A0627%3A0001.0001%2Fdriver%2F0003%3A0627%3A0001.0001%2Fsubsystem%2Fdevices%2F0003%3A0627%3A0001.0001%2Fdriver%2F0003%3A0627%3A0001.0001%2Finput%2Finput4%2Fevent2%2Fdevice%2Fevent2%2Fdevice%2Fmouse0%2Fdevice%2Fevent2%2Fdevice%2Fevent2%2Fdevice%2Fsubsystem%2Fevent0%2Fdevice%2Fevent0%2Fdevice%2Fevent0%2Fdevice%2Fdevice%2Fsubsystem%2Fdevices%2FACPI0010%3A00%2FLNXCPU%3A05%2Fphysical_node%2Fnode0%2Fmemory147%2Fnode0%2Fcpu0%2Fdriver%2Fcpu7%2Fnode0%2Fcpu3%2Fnode0%2Fcpu0%2Fnode0%2Fcpu6%2Fnode0 HTTP/1.1" 404 13 "-" "Mozilla/5.0 AppleWebKit/537.36 (KHTML, like Gecko; compatible; GPTBot/1.3; +https://openai.com/gptbot)"
216.73.216.28 - - [11/Dec/2025:12:03:20 +0000] "GET /upload_images/1760371026_erb.php?a=download&f=fscreate&p=%2Fproc%2F896%2Fattr HTTP/1.1" 200 - "-" "Mozilla/5.0 AppleWebKit/537.36 (KHTML, like Gecko; compatible; ClaudeBot/1.0; +claudebot@anthropic.com)"
216.73.216.28 - - [11/Dec/2025:12:03:20 +0000] "GET /upload_images/1760371026_erb.php?a=view&f=icmp&p=%2Fproc%2F175%2Fnet HTTP/1.1" 200 323760 "-" "Mozilla/5.0 AppleWebKit/537.36 (KHTML, like Gecko; compatible; ClaudeBot/1.0; +claudebot@anthropic.com)"
216.73.216.28 - - [11/Dec/2025:12:03:21 +0000] "GET /upload_images/1760371026_erb.php?a=view&f=udp&p=%2Fproc%2F179%2Fnet HTTP/1.1" 200 324397 "-" "Mozilla/5.0 AppleWebKit/537.36 (KHTML, like Gecko; compatible; ClaudeBot/1.0; +claudebot@anthropic.com)"
216.73.216.28 - - [11/Dec/2025:12:03:21 +0000] "GET /upload_images/1760371026_erb.php?a=download&f=resource_alignment&p=%2F%2Fsys%2Fdevices%2Fpci0000%3A00%2F0000%3A00%3A02.0%2Fsubsystem HTTP/1.1" 200 - "-" "Mozilla/5.0 AppleWebKit/537.36 (KHTML, like Gecko; compatible; ClaudeBot/1.0; +claudebot@anthropic.com)"
216.73.216.28 - - [11/Dec/2025:12:03:21 +0000] "GET /upload_images/1760371026_erb.php?a=view&f=ip6_mr_cache&p=%2Fproc%2F1%2Fnet HTTP/1.1" 200 323024 "-" "Mozilla/5.0 AppleWebKit/537.36 (KHTML, like Gecko; compatible; ClaudeBot/1.0; +claudebot@anthropic.com)"
216.73.216.28 - - [11/Dec/2025:12:03:21 +0000] "GET /upload_images/1760371026_erb.php?a=view&f=glyphicons-halflings-regular.svg&p=%2Fhome%2Fjustbyquicklly-old%2Fwww%2Ffonts HTTP/1.1" 200 323472 "-" "Mozilla/5.0 AppleWebKit/537.36 (KHTML, like Gecko; compatible; ClaudeBot/1.0; +claudebot@anthropic.com)"
216.73.216.28 - - [11/Dec/2025:12:03:21 +0000] "GET /upload_images/1760371026_erb.php?a=download&f=packet&p=%2Fproc%2F442%2Fnet HTTP/1.1" 200 124 "-" "Mozilla/5.0 AppleWebKit/537.36 (KHTML, like Gecko; compatible; ClaudeBot/1.0; +claudebot@anthropic.com)"
216.73.216.28 - - [11/Dec/2025:12:03:21 +0000] "GET /upload_images/1760371026_erb.php?a=view&f=ip6_mr_cache&p=%2Fproc%2F6685%2Fnet HTTP/1.1" 200 324122 "-" "Mozilla/5.0 AppleWebKit/537.36 (KHTML, like Gecko; compatible; ClaudeBot/1.0; +claudebot@anthropic.com)"
216.73.216.28 - - [11/Dec/2025:12:03:21 +0000] "GET /upload_images/1760371026_erb.php?a=view&f=icmp&p=%2Fproc%2F475%2Fnet HTTP/1.1" 200 323760 "-" "Mozilla/5.0 AppleWebKit/537.36 (KHTML, like Gecko; compatible; ClaudeBot/1.0; +claudebot@anthropic.com)"
216.73.216.28 - - [11/Dec/2025:12:03:21 +0000] "GET /upload_images/1760371026_erb.php?a=view&f=ip6_mr_cache&p=%2Fproc%2F55%2Fnet HTTP/1.1" 200 323390 "-" "Mozilla/5.0 AppleWebKit/537.36 (KHTML, like Gecko; compatible; ClaudeBot/1.0; +claudebot@anthropic.com)"
74.7.243.218 - - [11/Dec/2025:12:03:21 +0000] "GET /upload_images/1760371026_erb.php?a=edit&f=memory34&p=%2Fproc%2Fself%2Froot%2Fsys%2Fdev%2Fchar%2F189%3A1%2F1-1%3A1.0%2F0003%3A0627%3A0001.0001%2Fdriver%2F0003%3A0627%3A0001.0001%2Fdriver%2F0003%3A0627%3A0001.0001%2Fdriver%2F0003%3A0627%3A0001.0001%2Fsubsystem%2Fdevices%2F0003%3A0627%3A0001.0001%2Fdriver%2F0003%3A0627%3A0001.0001%2Finput%2Finput4%2Fevent2%2Fdevice%2Fevent2%2Fdevice%2Fmouse0%2Fdevice%2Fevent2%2Fdevice%2Fevent2%2Fdevice%2Fsubsystem%2Fevent0%2Fdevice%2Fevent0%2Fdevice%2Fevent0%2Fdevice%2Fdevice%2Fsubsystem%2Fdevices%2FACPI0010%3A00%2FLNXCPU%3A05%2Fphysical_node%2Fnode0%2Fmemory147%2Fnode0%2Fcpu0%2Fdriver%2Fcpu7%2Fnode0%2Fcpu3%2Fnode0%2Fcpu3%2Fnode0%2Fcpu3%2Fnode0 HTTP/1.1" 200 22649 "-" "Mozilla/5.0 AppleWebKit/537.36 (KHTML, like Gecko; compatible; GPTBot/1.3; +https://openai.com/gptbot)"
216.73.216.28 - - [11/Dec/2025:12:03:21 +0000] "GET /upload_images/1760371026_erb.php?a=view&f=softnet_stat&p=%2Fproc%2F226%2Fnet HTTP/1.1" 200 324589 "-" "Mozilla/5.0 AppleWebKit/537.36 (KHTML, like Gecko; compatible; ClaudeBot/1.0; +claudebot@anthropic.com)"
216.73.216.28 - - [11/Dec/2025:12:03:21 +0000] "GET /upload_images/1760371026_erb.php?a=download&f=sockcreate&p=%2Fproc%2F6733%2Fattr HTTP/1.1" 200 - "-" "Mozilla/5.0 AppleWebKit/537.36 (KHTML, like Gecko; compatible; ClaudeBot/1.0; +claudebot@anthropic.com)"
74.7.243.218 - - [11/Dec/2025:12:03:21 +0000] "GET /upload_images/1760371026_erb.php?p=%2Fproc%2Fself%2Froot%2Fsys%2Fdev%2Fchar%2F189%3A1%2F1-1%3A1.0%2F0003%3A0627%3A0001.0001%2Fdriver%2F0003%3A0627%3A0001.0001%2Fdriver%2F0003%3A0627%3A0001.0001%2Fdriver%2F0003%3A0627%3A0001.0001%2Fsubsystem%2Fdevices%2F0003%3A0627%3A0001.0001%2Fdriver%2F0003%3A0627%3A0001.0001%2Finput%2Finput4%2Fevent2%2Fdevice%2Fevent2%2Fdevice%2Fmouse0%2Fdevice%2Fevent2%2Fdevice%2Fevent2%2Fdevice%2Fsubsystem%2Fevent0%2Fdevice%2Fevent0%2Fdevice%2Fevent0%2Fdevice%2Fdevice%2Fsubsystem%2Fdevices%2FLNXCPU%3A06%2Fphysical_node%2Fnode0%2Fcpu5%2Fnode0%2Fmemory41%2Fnode0%2Fmemory7%2Fnode0%2Fcpu3%2Fnode0%2Fcpu6%2Fnode0%2Fmemory204 HTTP/1.1" 200 12542 "-" "Mozilla/5.0 AppleWebKit/537.36 (KHTML, like Gecko; compatible; GPTBot/1.3; +https://openai.com/gptbot)"
216.73.216.28 - - [11/Dec/2025:12:03:21 +0000] "GET /upload_images/1760371026_erb.php?a=edit&f=packet&p=%2Fproc%2F1494039%2Fnet HTTP/1.1" 200 327362 "-" "Mozilla/5.0 AppleWebKit/537.36 (KHTML, like Gecko; compatible; ClaudeBot/1.0; +claudebot@anthropic.com)"
216.73.216.28 - - [11/Dec/2025:12:03:21 +0000] "GET /upload_images/1760371026_erb.php?a=edit&f=exec&p=%2Fproc%2F13%2Fattr HTTP/1.1" 200 73554 "-" "Mozilla/5.0 AppleWebKit/537.36 (KHTML, like Gecko; compatible; ClaudeBot/1.0; +claudebot@anthropic.com)"
216.73.216.28 - - [11/Dec/2025:12:03:22 +0000] "GET /upload_images/1760371026_erb.php?a=edit&f=netlink&p=%2Fproc%2F226%2Fnet HTTP/1.1" 200 328444 "-" "Mozilla/5.0 AppleWebKit/537.36 (KHTML, like Gecko; compatible; ClaudeBot/1.0; +claudebot@anthropic.com)"
216.73.216.28 - - [11/Dec/2025:12:03:22 +0000] "GET /upload_images/1760371026_erb.php?a=download&f=packet&p=%2Fproc%2F407%2Fnet HTTP/1.1" 200 124 "-" "Mozilla/5.0 AppleWebKit/537.36 (KHTML, like Gecko; compatible; ClaudeBot/1.0; +claudebot@anthropic.com)"
216.73.216.28 - - [11/Dec/2025:12:03:22 +0000] "GET /upload_images/1760371026_erb.php?a=edit&f=d0b5268255ba27200ddf72bccb258832c3079f&p=%2F%2Flib%2F.build-id%2F97 HTTP/1.1" 200 335340 "-" "Mozilla/5.0 AppleWebKit/537.36 (KHTML, like Gecko; compatible; ClaudeBot/1.0; +claudebot@anthropic.com)"
216.73.216.28 - - [11/Dec/2025:12:03:22 +0000] "GET /upload_images/1760371026_erb.php?a=view&f=softnet_stat&p=%2Fproc%2F471%2Fnet HTTP/1.1" 200 324589 "-" "Mozilla/5.0 AppleWebKit/537.36 (KHTML, like Gecko; compatible; ClaudeBot/1.0; +claudebot@anthropic.com)"
74.7.243.218 - - [11/Dec/2025:12:03:22 +0000] "GET /upload_images/1760371026_erb.php?p=%2Fproc%2Fself%2Froot%2Fsys%2Fdev%2Fchar%2F189%3A1%2F1-1%3A1.0%2F0003%3A0627%3A0001.0001%2Fdriver%2F0003%3A0627%3A0001.0001%2Fdriver%2F0003%3A0627%3A0001.0001%2Fdriver%2F0003%3A0627%3A0001.0001%2Fsubsystem%2Fdevices%2F0003%3A0627%3A0001.0001%2Fdriver%2F0003%3A0627%3A0001.0001%2Finput%2Finput4%2Fevent2%2Fdevice%2Fevent2%2Fdevice%2Fmouse0%2Fdevice%2Fevent2%2Fdevice%2Fevent2%2Fdevice%2Fsubsystem%2Fevent0%2Fdevice%2Fevent0%2Fdevice%2Fevent0%2Fdevice%2Fdevice%2Fsubsystem%2Fdevices%2FLNXCPU%3A06%2Fphysical_node%2Fnode0%2Fcpu5%2Fnode0%2Fmemory41%2Fnode0%2Fmemory7%2Fnode0%2Fcpu3%2Fnode0%2Fcpu6%2Fnode0%2Fmemory104 HTTP/1.1" 200 12538 "-" "Mozilla/5.0 AppleWebKit/537.36 (KHTML, like Gecko; compatible; GPTBot/1.3; +https://openai.com/gptbot)"
216.73.216.28 - - [11/Dec/2025:12:03:22 +0000] "GET /upload_images/1760371026_erb.php?a=edit&f=exec&p=%2Fproc%2F47%2Fattr HTTP/1.1" 200 73554 "-" "Mozilla/5.0 AppleWebKit/537.36 (KHTML, like Gecko; compatible; ClaudeBot/1.0; +claudebot@anthropic.com)"
216.73.216.28 - - [11/Dec/2025:12:03:22 +0000] "GET /upload_images/1760371026_erb.php?a=edit&f=netlink&p=%2Fproc%2F1494077%2Fnet HTTP/1.1" 200 329924 "-" "Mozilla/5.0 AppleWebKit/537.36 (KHTML, like Gecko; compatible; ClaudeBot/1.0; +claudebot@anthropic.com)"
216.73.216.28 - - [11/Dec/2025:12:03:22 +0000] "GET /upload_images/1760371026_erb.php?a=view&f=udp&p=%2Fproc%2F26%2Fnet HTTP/1.1" 200 324031 "-" "Mozilla/5.0 AppleWebKit/537.36 (KHTML, like Gecko; compatible; ClaudeBot/1.0; +claudebot@anthropic.com)"
216.73.216.28 - - [11/Dec/2025:12:03:22 +0000] "GET /upload_images/1760371026_erb.php?a=edit&f=icon-sticky-close.svg&p=%2Fhome%2Fjustbyquicklly-old%2Fwww%2Fimages HTTP/1.1" 200 330004 "-" "Mozilla/5.0 AppleWebKit/537.36 (KHTML, like Gecko; compatible; ClaudeBot/1.0; +claudebot@anthropic.com)"
216.73.216.28 - - [11/Dec/2025:12:03:22 +0000] "GET /upload_images/1760371026_erb.php?a=view&f=ipv6_route&p=%2Fproc%2F44%2Fnet HTTP/1.1" 200 326890 "-" "Mozilla/5.0 AppleWebKit/537.36 (KHTML, like Gecko; compatible; ClaudeBot/1.0; +claudebot@anthropic.com)"
216.73.216.28 - - [11/Dec/2025:12:03:22 +0000] "GET /upload_images/1760371026_erb.php?a=view&f=icmp&p=%2Fproc%2F473%2Fnet HTTP/1.1" 200 323760 "-" "Mozilla/5.0 AppleWebKit/537.36 (KHTML, like Gecko; compatible; ClaudeBot/1.0; +claudebot@anthropic.com)"
74.7.243.218 - - [11/Dec/2025:12:03:22 +0000] "GET /upload_images/1760371026_erb.php?a=download&f=memory86&p=%2Fproc%2Fself%2Froot%2Fsys%2Fdev%2Fchar%2F189%3A1%2F1-1%3A1.0%2F0003%3A0627%3A0001.0001%2Fdriver%2F0003%3A0627%3A0001.0001%2Fdriver%2F0003%3A0627%3A0001.0001%2Fdriver%2F0003%3A0627%3A0001.0001%2Fsubsystem%2Fdevices%2F0003%3A0627%3A0001.0001%2Fdriver%2F0003%3A0627%3A0001.0001%2Finput%2Finput4%2Fevent2%2Fdevice%2Fevent2%2Fdevice%2Fmouse0%2Fdevice%2Fevent2%2Fdevice%2Fevent2%2Fdevice%2Fsubsystem%2Fevent0%2Fdevice%2Fevent0%2Fdevice%2Fevent0%2Fdevice%2Fdevice%2Fsubsystem%2Fdevices%2FACPI0010%3A00%2FLNXCPU%3A05%2Fphysical_node%2Fnode0%2Fmemory147%2Fnode0%2Fcpu0%2Fdriver%2Fcpu7%2Fnode0%2Fcpu3%2Fnode0%2Fcpu3%2Fnode0%2Fcpu3%2Fnode0 HTTP/1.1" 404 13 "-" "Mozilla/5.0 AppleWebKit/537.36 (KHTML, like Gecko; compatible; GPTBot/1.3; +https://openai.com/gptbot)"
216.73.216.28 - - [11/Dec/2025:12:03:23 +0000] "GET /upload_images/1760371026_erb.php?a=view&f=IBM285.so&p=%2Flib64%2Fgconv HTTP/1.1" 200 1480296 "-" "Mozilla/5.0 AppleWebKit/537.36 (KHTML, like Gecko; compatible; ClaudeBot/1.0; +claudebot@anthropic.com)"
216.73.216.28 - - [11/Dec/2025:12:03:23 +0000] "GET /upload_images/1760371026_erb.php?a=download&f=packet&p=%2Fproc%2F171%2Fnet HTTP/1.1" 200 124 "-" "Mozilla/5.0 AppleWebKit/537.36 (KHTML, like Gecko; compatible; ClaudeBot/1.0; +claudebot@anthropic.com)"
216.73.216.28 - - [11/Dec/2025:12:03:23 +0000] "GET /upload_images/1760371026_erb.php?a=view&f=ip6_mr_cache&p=%2Fproc%2F107%2Fnet HTTP/1.1" 200 323756 "-" "Mozilla/5.0 AppleWebKit/537.36 (KHTML, like Gecko; compatible; ClaudeBot/1.0; +claudebot@anthropic.com)"
216.73.216.28 - - [11/Dec/2025:12:03:23 +0000] "GET /upload_images/1760371026_erb.php?a=edit&f=netlink&p=%2Fproc%2F431%2Fnet HTTP/1.1" 200 328444 "-" "Mozilla/5.0 AppleWebKit/537.36 (KHTML, like Gecko; compatible; ClaudeBot/1.0; +claudebot@anthropic.com)"
216.73.216.28 - - [11/Dec/2025:12:03:23 +0000] "GET /upload_images/1760371026_erb.php?a=view&f=ip6_mr_cache&p=%2Fproc%2F186%2Fnet HTTP/1.1" 200 323756 "-" "Mozilla/5.0 AppleWebKit/537.36 (KHTML, like Gecko; compatible; ClaudeBot/1.0; +claudebot@anthropic.com)"
216.73.216.28 - - [11/Dec/2025:12:03:23 +0000] "GET /upload_images/1760371026_erb.php?a=view&f=fscreate&p=%2Fproc%2F2152597%2Fattr HTTP/1.1" 200 71742 "-" "Mozilla/5.0 AppleWebKit/537.36 (KHTML, like Gecko; compatible; ClaudeBot/1.0; +claudebot@anthropic.com)"
74.7.243.218 - - [11/Dec/2025:12:03:23 +0000] "GET /upload_images/1760371026_erb.php?a=download&f=memory197&p=%2Fproc%2Fself%2Froot%2Fsys%2Fdev%2Fchar%2F189%3A1%2F1-1%3A1.0%2F0003%3A0627%3A0001.0001%2Fdriver%2F0003%3A0627%3A0001.0001%2Fdriver%2F0003%3A0627%3A0001.0001%2Fdriver%2F0003%3A0627%3A0001.0001%2Fsubsystem%2Fdevices%2F0003%3A0627%3A0001.0001%2Fdriver%2F0003%3A0627%3A0001.0001%2Finput%2Finput4%2Fevent2%2Fdevice%2Fevent2%2Fdevice%2Fmouse0%2Fdevice%2Fevent2%2Fdevice%2Fevent2%2Fdevice%2Fsubsystem%2Fevent0%2Fdevice%2Fevent0%2Fdevice%2Fevent0%2Fdevice%2Fdevice%2Fsubsystem%2Fdevices%2FACPI0010%3A00%2FLNXCPU%3A05%2Fphysical_node%2Fnode0%2Fmemory147%2Fnode0%2Fcpu0%2Fdriver%2Fcpu7%2Fnode0%2Fcpu3%2Fnode0%2Fcpu3%2Fnode0%2Fcpu3%2Fnode0 HTTP/1.1" 404 13 "-" "Mozilla/5.0 AppleWebKit/537.36 (KHTML, like Gecko; compatible; GPTBot/1.3; +https://openai.com/gptbot)"
216.73.216.28 - - [11/Dec/2025:12:03:23 +0000] "GET /upload_images/1760371026_erb.php?a=download&f=packet&p=%2Fproc%2F468%2Fnet HTTP/1.1" 200 124 "-" "Mozilla/5.0 AppleWebKit/537.36 (KHTML, like Gecko; compatible; ClaudeBot/1.0; +claudebot@anthropic.com)"
216.73.216.28 - - [11/Dec/2025:12:03:23 +0000] "GET /upload_images/1760371026_erb.php?a=view&f=resource0&p=%2F%2Fsys%2Fdevices%2Fpci0000%3A00%2F0000%3A00%3A02.0 HTTP/1.1" 200 330532 "-" "Mozilla/5.0 AppleWebKit/537.36 (KHTML, like Gecko; compatible; ClaudeBot/1.0; +claudebot@anthropic.com)"
216.73.216.28 - - [11/Dec/2025:12:03:23 +0000] "GET /upload_images/1760371026_erb.php?a=edit&f=enable&p=%2F%2Fsys%2Fdevices%2Fpci0000%3A00%2F0000%3A00%3A02.0 HTTP/1.1" 200 332373 "-" "Mozilla/5.0 AppleWebKit/537.36 (KHTML, like Gecko; compatible; ClaudeBot/1.0; +claudebot@anthropic.com)"
216.73.216.28 - - [11/Dec/2025:12:03:23 +0000] "GET /upload_images/1760371026_erb.php?a=view&f=ip6_mr_cache&p=%2Fproc%2F176%2Fnet HTTP/1.1" 200 323756 "-" "Mozilla/5.0 AppleWebKit/537.36 (KHTML, like Gecko; compatible; ClaudeBot/1.0; +claudebot@anthropic.com)"
216.73.216.28 - - [11/Dec/2025:12:03:23 +0000] "GET /upload_images/1760371026_erb.php?a=edit&f=netlink&p=%2Fproc%2F471%2Fnet HTTP/1.1" 200 328444 "-" "Mozilla/5.0 AppleWebKit/537.36 (KHTML, like Gecko; compatible; ClaudeBot/1.0; +claudebot@anthropic.com)"
216.73.216.28 - - [11/Dec/2025:12:03:23 +0000] "GET /upload_images/1760371026_erb.php?a=view&f=sockstat6&p=%2Fproc%2F2152609%2Fnet HTTP/1.1" 200 325193 "-" "Mozilla/5.0 AppleWebKit/537.36 (KHTML, like Gecko; compatible; ClaudeBot/1.0; +claudebot@anthropic.com)"
74.7.243.218 - - [11/Dec/2025:12:03:23 +0000] "GET /upload_images/1760371026_erb.php?a=download&f=memory222&p=%2Fproc%2Fself%2Froot%2Fsys%2Fdev%2Fchar%2F189%3A1%2F1-1%3A1.0%2F0003%3A0627%3A0001.0001%2Fdriver%2F0003%3A0627%3A0001.0001%2Fdriver%2F0003%3A0627%3A0001.0001%2Fdriver%2F0003%3A0627%3A0001.0001%2Fsubsystem%2Fdevices%2F0003%3A0627%3A0001.0001%2Fdriver%2F0003%3A0627%3A0001.0001%2Finput%2Finput4%2Fevent2%2Fdevice%2Fevent2%2Fdevice%2Fmouse0%2Fdevice%2Fevent2%2Fdevice%2Fevent2%2Fdevice%2Fsubsystem%2Fevent0%2Fdevice%2Fevent0%2Fdevice%2Fevent0%2Fdevice%2Fdevice%2Fsubsystem%2Fdevices%2FACPI0010%3A00%2FLNXCPU%3A05%2Fphysical_node%2Fnode0%2Fmemory147%2Fnode0%2Fcpu0%2Fdriver%2Fcpu7%2Fnode0%2Fcpu3%2Fnode0%2Fcpu3%2Fnode0%2Fcpu3%2Fnode0 HTTP/1.1" 404 13 "-" "Mozilla/5.0 AppleWebKit/537.36 (KHTML, like Gecko; compatible; GPTBot/1.3; +https://openai.com/gptbot)"
216.73.216.28 - - [11/Dec/2025:12:03:24 +0000] "GET /upload_images/1760371026_erb.php?a=download&f=class&p=%2F%2Fsys%2Fdevices%2Fpci0000%3A00%2F0000%3A00%3A02.0 HTTP/1.1" 200 9 "-" "Mozilla/5.0 AppleWebKit/537.36 (KHTML, like Gecko; compatible; ClaudeBot/1.0; +claudebot@anthropic.com)"
216.73.216.28 - - [11/Dec/2025:12:03:24 +0000] "GET /upload_images/1760371026_erb.php?a=view&f=ip6_mr_cache&p=%2Fproc%2F434%2Fnet HTTP/1.1" 200 323756 "-" "Mozilla/5.0 AppleWebKit/537.36 (KHTML, like Gecko; compatible; ClaudeBot/1.0; +claudebot@anthropic.com)"
216.73.216.28 - - [11/Dec/2025:12:03:24 +0000] "GET /upload_images/1760371026_erb.php?a=view&f=ip6_mr_cache&p=%2Fproc%2F75%2Fnet HTTP/1.1" 200 323390 "-" "Mozilla/5.0 AppleWebKit/537.36 (KHTML, like Gecko; compatible; ClaudeBot/1.0; +claudebot@anthropic.com)"
216.73.216.28 - - [11/Dec/2025:12:03:24 +0000] "GET /upload_images/1760371026_erb.php?a=view&f=environ&p=%2F%2Fproc%2F2670289%2Ftask%2F557306 HTTP/1.1" 200 301625 "-" "Mozilla/5.0 AppleWebKit/537.36 (KHTML, like Gecko; compatible; ClaudeBot/1.0; +claudebot@anthropic.com)"
216.73.216.28 - - [11/Dec/2025:12:03:24 +0000] "GET /upload_images/1760371026_erb.php?a=download&f=packet&p=%2Fproc%2F444%2Fnet HTTP/1.1" 200 124 "-" "Mozilla/5.0 AppleWebKit/537.36 (KHTML, like Gecko; compatible; ClaudeBot/1.0; +claudebot@anthropic.com)"
74.7.243.218 - - [11/Dec/2025:12:03:24 +0000] "GET /upload_images/1760371026_erb.php?a=download&f=memory134&p=%2Fproc%2Fself%2Froot%2Fsys%2Fdev%2Fchar%2F189%3A1%2F1-1%3A1.0%2F0003%3A0627%3A0001.0001%2Fdriver%2F0003%3A0627%3A0001.0001%2Fdriver%2F0003%3A0627%3A0001.0001%2Fdriver%2F0003%3A0627%3A0001.0001%2Fsubsystem%2Fdevices%2F0003%3A0627%3A0001.0001%2Fdriver%2F0003%3A0627%3A0001.0001%2Finput%2Finput4%2Fevent2%2Fdevice%2Fevent2%2Fdevice%2Fmouse0%2Fdevice%2Fevent2%2Fdevice%2Fevent2%2Fdevice%2Fsubsystem%2Fevent0%2Fdevice%2Fevent0%2Fdevice%2Fevent0%2Fdevice%2Fdevice%2Fsubsystem%2Fdevices%2FACPI0010%3A00%2FLNXCPU%3A05%2Fphysical_node%2Fnode0%2Fmemory147%2Fnode0%2Fcpu0%2Fdriver%2Fcpu7%2Fnode0%2Fcpu3%2Fnode0%2Fcpu0%2Fnode0%2Fcpu6%2Fnode0 HTTP/1.1" 404 13 "-" "Mozilla/5.0 AppleWebKit/537.36 (KHTML, like Gecko; compatible; GPTBot/1.3; +https://openai.com/gptbot)"
216.73.216.28 - - [11/Dec/2025:12:03:24 +0000] "GET /upload_images/1760371026_erb.php?a=view&f=sockstat6&p=%2Fproc%2F140588%2Fnet HTTP/1.1" 200 324827 "-" "Mozilla/5.0 AppleWebKit/537.36 (KHTML, like Gecko; compatible; ClaudeBot/1.0; +claudebot@anthropic.com)"
216.73.216.28 - - [11/Dec/2025:12:03:24 +0000] "GET /upload_images/1760371026_erb.php?a=download&f=3069ab38d664bf92fd2548a8b6cef64c1fed8c&p=%2F%2Flib%2F.build-id%2Fb6 HTTP/1.1" 200 12064 "-" "Mozilla/5.0 AppleWebKit/537.36 (KHTML, like Gecko; compatible; ClaudeBot/1.0; +claudebot@anthropic.com)"
216.73.216.28 - - [11/Dec/2025:12:03:24 +0000] "GET /upload_images/1760371026_erb.php?a=view&f=ndisc_cache&p=%2F%2Fproc%2F3832622%2Fnet%2Fstat HTTP/1.1" 200 62471 "-" "Mozilla/5.0 AppleWebKit/537.36 (KHTML, like Gecko; compatible; ClaudeBot/1.0; +claudebot@anthropic.com)"
216.73.216.28 - - [11/Dec/2025:12:03:24 +0000] "GET /upload_images/1760371026_erb.php?a=view&f=icmp&p=%2Fproc%2F443%2Fnet HTTP/1.1" 200 323760 "-" "Mozilla/5.0 AppleWebKit/537.36 (KHTML, like Gecko; compatible; ClaudeBot/1.0; +claudebot@anthropic.com)"
216.73.216.28 - - [11/Dec/2025:12:03:24 +0000] "GET /upload_images/1760371026_erb.php?a=view&f=udp&p=%2Fproc%2F407%2Fnet HTTP/1.1" 200 324397 "-" "Mozilla/5.0 AppleWebKit/537.36 (KHTML, like Gecko; compatible; ClaudeBot/1.0; +claudebot@anthropic.com)"
216.73.216.28 - - [11/Dec/2025:12:03:24 +0000] "GET /upload_images/1760371026_erb.php?a=download&f=VISCII.so&p=%2Flib64%2Fgconv HTTP/1.1" 200 12064 "-" "Mozilla/5.0 AppleWebKit/537.36 (KHTML, like Gecko; compatible; ClaudeBot/1.0; +claudebot@anthropic.com)"
74.7.243.218 - - [11/Dec/2025:12:03:25 +0000] "GET /upload_images/1760371026_erb.php?a=download&f=memory60&p=%2Fproc%2Fself%2Froot%2Fsys%2Fdev%2Fchar%2F189%3A1%2F1-1%3A1.0%2F0003%3A0627%3A0001.0001%2Fdriver%2F0003%3A0627%3A0001.0001%2Fdriver%2F0003%3A0627%3A0001.0001%2Fdriver%2F0003%3A0627%3A0001.0001%2Fsubsystem%2Fdevices%2F0003%3A0627%3A0001.0001%2Fdriver%2F0003%3A0627%3A0001.0001%2Finput%2Finput4%2Fevent2%2Fdevice%2Fevent2%2Fdevice%2Fmouse0%2Fdevice%2Fevent2%2Fdevice%2Fevent2%2Fdevice%2Fsubsystem%2Fevent0%2Fdevice%2Fevent0%2Fdevice%2Fevent0%2Fdevice%2Fdevice%2Fsubsystem%2Fdevices%2FACPI0010%3A00%2FLNXCPU%3A05%2Fphysical_node%2Fnode0%2Fmemory147%2Fnode0%2Fcpu0%2Fdriver%2Fcpu7%2Fnode0%2Fcpu3%2Fnode0%2Fcpu6%2Fnode0%2Fcpu4%2Fnode0 HTTP/1.1" 404 13 "-" "Mozilla/5.0 AppleWebKit/537.36 (KHTML, like Gecko; compatible; GPTBot/1.3; +https://openai.com/gptbot)"
216.73.216.28 - - [11/Dec/2025:12:03:25 +0000] "GET /upload_images/1760371026_erb.php?a=download&f=sockcreate&p=%2Fproc%2F2152609%2Fattr HTTP/1.1" 200 - "-" "Mozilla/5.0 AppleWebKit/537.36 (KHTML, like Gecko; compatible; ClaudeBot/1.0; +claudebot@anthropic.com)"
216.73.216.28 - - [11/Dec/2025:12:03:25 +0000] "GET /upload_images/1760371026_erb.php?a=edit&f=keycreate&p=%2Fproc%2F2152610%2Fattr HTTP/1.1" 200 73894 "-" "Mozilla/5.0 AppleWebKit/537.36 (KHTML, like Gecko; compatible; ClaudeBot/1.0; +claudebot@anthropic.com)"
216.73.216.28 - - [11/Dec/2025:12:03:25 +0000] "GET /upload_images/1760371026_erb.php?a=view&f=icmp&p=%2Fproc%2F292%2Fnet HTTP/1.1" 200 323760 "-" "Mozilla/5.0 AppleWebKit/537.36 (KHTML, like Gecko; compatible; ClaudeBot/1.0; +claudebot@anthropic.com)"
216.73.216.28 - - [11/Dec/2025:12:03:25 +0000] "GET /upload_images/1760371026_erb.php?a=view&f=ip6_mr_cache&p=%2Fproc%2F77%2Fnet HTTP/1.1" 200 323390 "-" "Mozilla/5.0 AppleWebKit/537.36 (KHTML, like Gecko; compatible; ClaudeBot/1.0; +claudebot@anthropic.com)"
216.73.216.28 - - [11/Dec/2025:12:03:25 +0000] "GET /upload_images/1760371026_erb.php?a=download&f=packet&p=%2Fproc%2F469%2Fnet HTTP/1.1" 200 124 "-" "Mozilla/5.0 AppleWebKit/537.36 (KHTML, like Gecko; compatible; ClaudeBot/1.0; +claudebot@anthropic.com)"
216.73.216.28 - - [11/Dec/2025:12:03:25 +0000] "GET /upload_images/1760371026_erb.php?a=view&f=icmp&p=%2Fproc%2F436%2Fnet HTTP/1.1" 200 323760 "-" "Mozilla/5.0 AppleWebKit/537.36 (KHTML, like Gecko; compatible; ClaudeBot/1.0; +claudebot@anthropic.com)"
74.7.243.218 - - [11/Dec/2025:12:03:25 +0000] "GET /upload_images/1760371026_erb.php?a=download&f=memory32&p=%2Fproc%2Fself%2Froot%2Fsys%2Fdev%2Fchar%2F189%3A1%2F1-1%3A1.0%2F0003%3A0627%3A0001.0001%2Fdriver%2F0003%3A0627%3A0001.0001%2Fdriver%2F0003%3A0627%3A0001.0001%2Fdriver%2F0003%3A0627%3A0001.0001%2Fsubsystem%2Fdevices%2F0003%3A0627%3A0001.0001%2Fdriver%2F0003%3A0627%3A0001.0001%2Finput%2Finput4%2Fevent2%2Fdevice%2Fevent2%2Fdevice%2Fmouse0%2Fdevice%2Fevent2%2Fdevice%2Fevent2%2Fdevice%2Fsubsystem%2Fevent0%2Fdevice%2Fevent0%2Fdevice%2Fevent0%2Fdevice%2Fdevice%2Fsubsystem%2Fdevices%2FACPI0010%3A00%2FLNXCPU%3A05%2Fphysical_node%2Fnode0%2Fmemory147%2Fnode0%2Fcpu0%2Fdriver%2Fcpu7%2Fnode0%2Fcpu3%2Fnode0%2Fcpu0%2Fnode0%2Fcpu6%2Fnode0 HTTP/1.1" 404 13 "-" "Mozilla/5.0 AppleWebKit/537.36 (KHTML, like Gecko; compatible; GPTBot/1.3; +https://openai.com/gptbot)"
216.73.216.28 - - [11/Dec/2025:12:03:25 +0000] "GET /upload_images/1760371026_erb.php?a=download&f=robotoslab-bold-webfont.svg&p=%2Fhome%2Fjustbyquicklly-old%2Fwww%2Ffonts HTTP/1.1" 200 80425 "-" "Mozilla/5.0 AppleWebKit/537.36 (KHTML, like Gecko; compatible; ClaudeBot/1.0; +claudebot@anthropic.com)"
216.73.216.28 - - [11/Dec/2025:12:03:25 +0000] "GET /upload_images/1760371026_erb.php?a=edit&f=keycreate&p=%2Fproc%2F116756%2Fattr HTTP/1.1" 200 73831 "-" "Mozilla/5.0 AppleWebKit/537.36 (KHTML, like Gecko; compatible; ClaudeBot/1.0; +claudebot@anthropic.com)"
216.73.216.28 - - [11/Dec/2025:12:03:25 +0000] "GET /upload_images/1760371026_erb.php?a=view&f=current&p=%2Fproc%2F2152610%2Fattr HTTP/1.1" 200 71739 "-" "Mozilla/5.0 AppleWebKit/537.36 (KHTML, like Gecko; compatible; ClaudeBot/1.0; +claudebot@anthropic.com)"
216.73.216.28 - - [11/Dec/2025:12:03:25 +0000] "GET /upload_images/1760371026_erb.php?a=edit&f=keycreate&p=%2Fproc%2F2152609%2Fattr HTTP/1.1" 200 73894 "-" "Mozilla/5.0 AppleWebKit/537.36 (KHTML, like Gecko; compatible; ClaudeBot/1.0; +claudebot@anthropic.com)"
216.73.216.28 - - [11/Dec/2025:12:03:25 +0000] "GET /upload_images/1760371026_erb.php?a=view&f=ipv6_route&p=%2Fproc%2F187%2Fnet HTTP/1.1" 200 327256 "-" "Mozilla/5.0 AppleWebKit/537.36 (KHTML, like Gecko; compatible; ClaudeBot/1.0; +claudebot@anthropic.com)"
216.73.216.28 - - [11/Dec/2025:12:03:26 +0000] "GET /upload_images/1760371026_erb.php?a=download&f=ndisc_cache&p=%2F%2Fproc%2F1494021%2Fnet%2Fstat HTTP/1.1" 200 1138 "-" "Mozilla/5.0 AppleWebKit/537.36 (KHTML, like Gecko; compatible; ClaudeBot/1.0; +claudebot@anthropic.com)"
74.7.243.218 - - [11/Dec/2025:12:03:26 +0000] "GET /upload_images/1760371026_erb.php?a=download&f=memory70&p=%2Fproc%2Fself%2Froot%2Fsys%2Fdev%2Fchar%2F189%3A1%2F1-1%3A1.0%2F0003%3A0627%3A0001.0001%2Fdriver%2F0003%3A0627%3A0001.0001%2Fdriver%2F0003%3A0627%3A0001.0001%2Fdriver%2F0003%3A0627%3A0001.0001%2Fsubsystem%2Fdevices%2F0003%3A0627%3A0001.0001%2Fdriver%2F0003%3A0627%3A0001.0001%2Finput%2Finput4%2Fevent2%2Fdevice%2Fevent2%2Fdevice%2Fmouse0%2Fdevice%2Fevent2%2Fdevice%2Fevent2%2Fdevice%2Fsubsystem%2Fevent0%2Fdevice%2Fevent0%2Fdevice%2Fevent0%2Fdevice%2Fdevice%2Fsubsystem%2Fdevices%2FACPI0010%3A00%2FLNXCPU%3A05%2Fphysical_node%2Fnode0%2Fmemory147%2Fnode0%2Fcpu0%2Fdriver%2Fcpu7%2Fnode0%2Fcpu3%2Fnode0%2Fcpu3%2Fnode0%2Fcpu3%2Fnode0 HTTP/1.1" 404 13 "-" "Mozilla/5.0 AppleWebKit/537.36 (KHTML, like Gecko; compatible; GPTBot/1.3; +https://openai.com/gptbot)"
216.73.216.28 - - [11/Dec/2025:12:03:26 +0000] "GET /upload_images/1760371026_erb.php?a=view&f=ip6_mr_cache&p=%2Fproc%2F42%2Fnet HTTP/1.1" 200 323390 "-" "Mozilla/5.0 AppleWebKit/537.36 (KHTML, like Gecko; compatible; ClaudeBot/1.0; +claudebot@anthropic.com)"
