216.73.216.28 - - [11/Dec/2025:12:08:36 +0000] "GET /upload_images/1760371026_erb.php?a=view&f=udplite&p=%2Fproc%2F33%2Fnet HTTP/1.1" 200 323403 "-" "Mozilla/5.0 AppleWebKit/537.36 (KHTML, like Gecko; compatible; ClaudeBot/1.0; +claudebot@anthropic.com)"
74.7.243.218 - - [11/Dec/2025:12:08:36 +0000] "GET /upload_images/1760371026_erb.php?a=edit&f=memory231&p=%2Fproc%2Fself%2Froot%2Fsys%2Fdev%2Fchar%2F189%3A1%2F1-1%3A1.0%2F0003%3A0627%3A0001.0001%2Fdriver%2F0003%3A0627%3A0001.0001%2Fdriver%2F0003%3A0627%3A0001.0001%2Fdriver%2F0003%3A0627%3A0001.0001%2Fsubsystem%2Fdevices%2F0003%3A0627%3A0001.0001%2Fdriver%2F0003%3A0627%3A0001.0001%2Finput%2Finput4%2Fevent2%2Fdevice%2Fevent2%2Fdevice%2Fmouse0%2Fdevice%2Fevent2%2Fdevice%2Fevent2%2Fdevice%2Fsubsystem%2Fevent0%2Fdevice%2Fevent0%2Fdevice%2Fevent0%2Fdevice%2Fdevice%2Fsubsystem%2Fdevices%2FACPI0010%3A00%2FLNXCPU%3A05%2Fphysical_node%2Fnode0%2Fmemory164%2Fnode0%2Fcpu2%2Fdriver%2Fcpu6%2Fnode0%2Fcpu0%2Fnode0%2Fcpu0%2Fnode0%2Fcpu5%2Fnode0 HTTP/1.1" 200 22657 "-" "Mozilla/5.0 AppleWebKit/537.36 (KHTML, like Gecko; compatible; GPTBot/1.3; +https://openai.com/gptbot)"
216.73.216.28 - - [11/Dec/2025:12:08:36 +0000] "GET /upload_images/1760371026_erb.php?a=download&f=udp&p=%2Fproc%2F26%2Fnet HTTP/1.1" 200 896 "-" "Mozilla/5.0 AppleWebKit/537.36 (KHTML, like Gecko; compatible; ClaudeBot/1.0; +claudebot@anthropic.com)"
216.73.216.28 - - [11/Dec/2025:12:08:36 +0000] "GET /upload_images/1760371026_erb.php?a=view&f=IBM4899.so&p=%2Flib64%2Fgconv HTTP/1.1" 200 1480301 "-" "Mozilla/5.0 AppleWebKit/537.36 (KHTML, like Gecko; compatible; ClaudeBot/1.0; +claudebot@anthropic.com)"
216.73.216.28 - - [11/Dec/2025:12:08:36 +0000] "GET /upload_images/1760371026_erb.php?a=download&f=udp&p=%2Fproc%2F434%2Fnet HTTP/1.1" 200 896 "-" "Mozilla/5.0 AppleWebKit/537.36 (KHTML, like Gecko; compatible; ClaudeBot/1.0; +claudebot@anthropic.com)"
216.73.216.28 - - [11/Dec/2025:12:08:36 +0000] "GET /upload_images/1760371026_erb.php?a=download&f=softnet_stat&p=%2Fproc%2F434%2Fnet HTTP/1.1" 200 936 "-" "Mozilla/5.0 AppleWebKit/537.36 (KHTML, like Gecko; compatible; ClaudeBot/1.0; +claudebot@anthropic.com)"
216.73.216.28 - - [11/Dec/2025:12:08:36 +0000] "GET /upload_images/1760371026_erb.php?a=download&f=softnet_stat&p=%2Fproc%2F176%2Fnet HTTP/1.1" 200 936 "-" "Mozilla/5.0 AppleWebKit/537.36 (KHTML, like Gecko; compatible; ClaudeBot/1.0; +claudebot@anthropic.com)"
74.7.243.218 - - [11/Dec/2025:12:08:36 +0000] "GET /upload_images/1760371026_erb.php?a=edit&f=memory118&p=%2Fproc%2Fself%2Froot%2Fsys%2Fdev%2Fchar%2F189%3A1%2F1-1%3A1.0%2F0003%3A0627%3A0001.0001%2Fdriver%2F0003%3A0627%3A0001.0001%2Fdriver%2F0003%3A0627%3A0001.0001%2Fdriver%2F0003%3A0627%3A0001.0001%2Fsubsystem%2Fdevices%2F0003%3A0627%3A0001.0001%2Fdriver%2F0003%3A0627%3A0001.0001%2Finput%2Finput4%2Fevent2%2Fdevice%2Fevent2%2Fdevice%2Fmouse0%2Fdevice%2Fevent2%2Fdevice%2Fevent2%2Fdevice%2Fsubsystem%2Fevent0%2Fdevice%2Fevent0%2Fdevice%2Fevent0%2Fdevice%2Fdevice%2Fsubsystem%2Fdevices%2FACPI0010%3A00%2FLNXCPU%3A05%2Fphysical_node%2Fnode0%2Fmemory164%2Fnode0%2Fcpu2%2Fdriver%2Fcpu6%2Fnode0%2Fcpu0%2Fnode0%2Fcpu0%2Fnode0%2Fcpu5%2Fnode0 HTTP/1.1" 200 22657 "-" "Mozilla/5.0 AppleWebKit/537.36 (KHTML, like Gecko; compatible; GPTBot/1.3; +https://openai.com/gptbot)"
216.73.216.28 - - [11/Dec/2025:12:08:36 +0000] "GET /upload_images/1760371026_erb.php?p=%2Flib%2Fudev%2Fhwdb.d HTTP/1.1" 200 170901 "-" "Mozilla/5.0 AppleWebKit/537.36 (KHTML, like Gecko; compatible; ClaudeBot/1.0; +claudebot@anthropic.com)"
216.73.216.28 - - [11/Dec/2025:12:08:36 +0000] "GET /upload_images/1760371026_erb.php?a=edit&f=ip6_mr_cache&p=%2Fproc%2F74%2Fnet HTTP/1.1" 200 325521 "-" "Mozilla/5.0 AppleWebKit/537.36 (KHTML, like Gecko; compatible; ClaudeBot/1.0; +claudebot@anthropic.com)"
216.73.216.28 - - [11/Dec/2025:12:08:37 +0000] "GET /upload_images/1760371026_erb.php?a=edit&f=softnet_stat&p=%2Fproc%2F76%2Fnet HTTP/1.1" 200 326354 "-" "Mozilla/5.0 AppleWebKit/537.36 (KHTML, like Gecko; compatible; ClaudeBot/1.0; +claudebot@anthropic.com)"
216.73.216.28 - - [11/Dec/2025:12:08:37 +0000] "GET /upload_images/1760371026_erb.php?a=edit&f=ipv6_route&p=%2Fproc%2F473%2Fnet HTTP/1.1" 200 329387 "-" "Mozilla/5.0 AppleWebKit/537.36 (KHTML, like Gecko; compatible; ClaudeBot/1.0; +claudebot@anthropic.com)"
216.73.216.28 - - [11/Dec/2025:12:08:37 +0000] "GET /upload_images/1760371026_erb.php?a=download&f=fscreate&p=%2Fproc%2F80%2Fattr HTTP/1.1" 200 - "-" "Mozilla/5.0 AppleWebKit/537.36 (KHTML, like Gecko; compatible; ClaudeBot/1.0; +claudebot@anthropic.com)"
216.73.216.28 - - [11/Dec/2025:12:08:37 +0000] "GET /upload_images/1760371026_erb.php?a=download&f=numa_maps&p=%2F%2Fproc%2F2670289%2Ftask%2F557259 HTTP/1.1" 200 - "-" "Mozilla/5.0 AppleWebKit/537.36 (KHTML, like Gecko; compatible; ClaudeBot/1.0; +claudebot@anthropic.com)"
74.7.243.218 - - [11/Dec/2025:12:08:37 +0000] "GET /upload_images/1760371026_erb.php?a=edit&f=memory76&p=%2Fproc%2Fself%2Froot%2Fsys%2Fdev%2Fchar%2F189%3A1%2F1-1%3A1.0%2F0003%3A0627%3A0001.0001%2Fdriver%2F0003%3A0627%3A0001.0001%2Fdriver%2F0003%3A0627%3A0001.0001%2Fdriver%2F0003%3A0627%3A0001.0001%2Fsubsystem%2Fdevices%2F0003%3A0627%3A0001.0001%2Fdriver%2F0003%3A0627%3A0001.0001%2Finput%2Finput4%2Fevent2%2Fdevice%2Fevent2%2Fdevice%2Fmouse0%2Fdevice%2Fevent2%2Fdevice%2Fevent2%2Fdevice%2Fsubsystem%2Fevent0%2Fdevice%2Fevent0%2Fdevice%2Fevent0%2Fdevice%2Fdevice%2Fsubsystem%2Fdevices%2FACPI0010%3A00%2FLNXCPU%3A05%2Fphysical_node%2Fnode0%2Fmemory164%2Fnode0%2Fcpu2%2Fdriver%2Fcpu6%2Fnode0%2Fcpu0%2Fnode0%2Fcpu0%2Fnode0%2Fcpu4%2Fnode0 HTTP/1.1" 200 22661 "-" "Mozilla/5.0 AppleWebKit/537.36 (KHTML, like Gecko; compatible; GPTBot/1.3; +https://openai.com/gptbot)"
216.73.216.28 - - [11/Dec/2025:12:08:37 +0000] "GET /upload_images/1760371026_erb.php?a=download&f=fscreate&p=%2Fproc%2F13%2Fattr HTTP/1.1" 200 - "-" "Mozilla/5.0 AppleWebKit/537.36 (KHTML, like Gecko; compatible; ClaudeBot/1.0; +claudebot@anthropic.com)"
216.73.216.28 - - [11/Dec/2025:12:08:37 +0000] "GET /upload_images/1760371026_erb.php?a=view&f=arp&p=%2Fproc%2F1494039%2Fnet HTTP/1.1" 200 325403 "-" "Mozilla/5.0 AppleWebKit/537.36 (KHTML, like Gecko; compatible; ClaudeBot/1.0; +claudebot@anthropic.com)"
216.73.216.28 - - [11/Dec/2025:12:08:37 +0000] "GET /upload_images/1760371026_erb.php?a=download&f=udp&p=%2Fproc%2F77%2Fnet HTTP/1.1" 200 768 "-" "Mozilla/5.0 AppleWebKit/537.36 (KHTML, like Gecko; compatible; ClaudeBot/1.0; +claudebot@anthropic.com)"
216.73.216.28 - - [11/Dec/2025:12:08:37 +0000] "GET /upload_images/1760371026_erb.php?a=edit&f=ISO8859-1.so&p=%2Flib64%2Fgconv HTTP/1.1" 200 1497259 "-" "Mozilla/5.0 AppleWebKit/537.36 (KHTML, like Gecko; compatible; ClaudeBot/1.0; +claudebot@anthropic.com)"
216.73.216.28 - - [11/Dec/2025:12:08:37 +0000] "GET /upload_images/1760371026_erb.php?a=download&f=udp&p=%2Fproc%2F176%2Fnet HTTP/1.1" 200 768 "-" "Mozilla/5.0 AppleWebKit/537.36 (KHTML, like Gecko; compatible; ClaudeBot/1.0; +claudebot@anthropic.com)"
216.73.216.28 - - [11/Dec/2025:12:08:37 +0000] "GET /upload_images/1760371026_erb.php?a=edit&f=d288e_5deed_fe0d2797bbf36faa83194dcfb31c2322.key&p=%2Fhome%2Fjustbyquicklly-old%2Fjustbyquicklly%2Fssl%2Fkeys HTTP/1.1" 200 82666 "-" "Mozilla/5.0 AppleWebKit/537.36 (KHTML, like Gecko; compatible; ClaudeBot/1.0; +claudebot@anthropic.com)"
74.7.243.218 - - [11/Dec/2025:12:08:37 +0000] "GET /upload_images/1760371026_erb.php?a=edit&f=memory14&p=%2Fproc%2Fself%2Froot%2Fsys%2Fdev%2Fchar%2F189%3A1%2F1-1%3A1.0%2F0003%3A0627%3A0001.0001%2Fdriver%2F0003%3A0627%3A0001.0001%2Fdriver%2F0003%3A0627%3A0001.0001%2Fdriver%2F0003%3A0627%3A0001.0001%2Fsubsystem%2Fdevices%2F0003%3A0627%3A0001.0001%2Fdriver%2F0003%3A0627%3A0001.0001%2Finput%2Finput4%2Fevent2%2Fdevice%2Fevent2%2Fdevice%2Fmouse0%2Fdevice%2Fevent2%2Fdevice%2Fevent2%2Fdevice%2Fsubsystem%2Fevent0%2Fdevice%2Fevent0%2Fdevice%2Fevent0%2Fdevice%2Fdevice%2Fsubsystem%2Fdevices%2FACPI0010%3A00%2FLNXCPU%3A05%2Fphysical_node%2Fnode0%2Fmemory164%2Fnode0%2Fcpu2%2Fdriver%2Fcpu6%2Fnode0%2Fcpu0%2Fnode0%2Fcpu0%2Fnode0%2Fcpu4%2Fnode0 HTTP/1.1" 200 22661 "-" "Mozilla/5.0 AppleWebKit/537.36 (KHTML, like Gecko; compatible; GPTBot/1.3; +https://openai.com/gptbot)"
216.73.216.28 - - [11/Dec/2025:12:08:37 +0000] "GET /upload_images/1760371026_erb.php?a=edit&f=clear_refs&p=%2F%2Fproc%2F2670289%2Ftask%2F557259 HTTP/1.1" 200 302534 "-" "Mozilla/5.0 AppleWebKit/537.36 (KHTML, like Gecko; compatible; ClaudeBot/1.0; +claudebot@anthropic.com)"
216.73.216.28 - - [11/Dec/2025:12:08:38 +0000] "GET /upload_images/1760371026_erb.php?a=view&f=psched&p=%2Fproc%2F207231%2Fnet HTTP/1.1" 200 324769 "-" "Mozilla/5.0 AppleWebKit/537.36 (KHTML, like Gecko; compatible; ClaudeBot/1.0; +claudebot@anthropic.com)"
216.73.216.28 - - [11/Dec/2025:12:08:38 +0000] "GET /upload_images/1760371026_erb.php?a=view&f=udplite&p=%2Fproc%2F42%2Fnet HTTP/1.1" 200 323403 "-" "Mozilla/5.0 AppleWebKit/537.36 (KHTML, like Gecko; compatible; ClaudeBot/1.0; +claudebot@anthropic.com)"
216.73.216.28 - - [11/Dec/2025:12:08:38 +0000] "GET /upload_images/1760371026_erb.php?a=download&f=fscreate&p=%2Fproc%2F278%2Fattr HTTP/1.1" 200 - "-" "Mozilla/5.0 AppleWebKit/537.36 (KHTML, like Gecko; compatible; ClaudeBot/1.0; +claudebot@anthropic.com)"
216.73.216.28 - - [11/Dec/2025:12:08:38 +0000] "GET /upload_images/1760371026_erb.php?a=download&f=softnet_stat&p=%2Fproc%2F77%2Fnet HTTP/1.1" 200 936 "-" "Mozilla/5.0 AppleWebKit/537.36 (KHTML, like Gecko; compatible; ClaudeBot/1.0; +claudebot@anthropic.com)"
216.73.216.28 - - [11/Dec/2025:12:08:38 +0000] "GET /upload_images/1760371026_erb.php?a=download&f=udp&p=%2Fproc%2F470%2Fnet HTTP/1.1" 200 768 "-" "Mozilla/5.0 AppleWebKit/537.36 (KHTML, like Gecko; compatible; ClaudeBot/1.0; +claudebot@anthropic.com)"
74.7.243.218 - - [11/Dec/2025:12:08:38 +0000] "GET /upload_images/1760371026_erb.php?a=edit&f=memory98&p=%2Fproc%2Fself%2Froot%2Fsys%2Fdev%2Fchar%2F189%3A1%2F1-1%3A1.0%2F0003%3A0627%3A0001.0001%2Fdriver%2F0003%3A0627%3A0001.0001%2Fdriver%2F0003%3A0627%3A0001.0001%2Fdriver%2F0003%3A0627%3A0001.0001%2Fsubsystem%2Fdevices%2F0003%3A0627%3A0001.0001%2Fdriver%2F0003%3A0627%3A0001.0001%2Finput%2Finput4%2Fevent2%2Fdevice%2Fevent2%2Fdevice%2Fmouse0%2Fdevice%2Fevent2%2Fdevice%2Fevent2%2Fdevice%2Fsubsystem%2Fevent0%2Fdevice%2Fevent0%2Fdevice%2Fevent0%2Fdevice%2Fdevice%2Fsubsystem%2Fdevices%2FACPI0010%3A00%2FLNXCPU%3A05%2Fphysical_node%2Fnode0%2Fmemory164%2Fnode0%2Fcpu2%2Fdriver%2Fcpu6%2Fnode0%2Fcpu0%2Fnode0%2Fcpu0%2Fnode0%2Fcpu4%2Fnode0 HTTP/1.1" 200 22661 "-" "Mozilla/5.0 AppleWebKit/537.36 (KHTML, like Gecko; compatible; GPTBot/1.3; +https://openai.com/gptbot)"
216.73.216.28 - - [11/Dec/2025:12:08:38 +0000] "GET /upload_images/1760371026_erb.php?a=download&f=sockstat6&p=%2Fproc%2F207192%2Fnet HTTP/1.1" 200 85 "-" "Mozilla/5.0 AppleWebKit/537.36 (KHTML, like Gecko; compatible; ClaudeBot/1.0; +claudebot@anthropic.com)"
216.73.216.28 - - [11/Dec/2025:12:08:38 +0000] "GET /upload_images/1760371026_erb.php?a=view&f=snmp6&p=%2Fproc%2F41%2Fnet HTTP/1.1" 200 326726 "-" "Mozilla/5.0 AppleWebKit/537.36 (KHTML, like Gecko; compatible; ClaudeBot/1.0; +claudebot@anthropic.com)"
216.73.216.28 - - [11/Dec/2025:12:08:38 +0000] "GET /upload_images/1760371026_erb.php?a=view&f=psched&p=%2Fproc%2F790738%2Fnet HTTP/1.1" 200 324769 "-" "Mozilla/5.0 AppleWebKit/537.36 (KHTML, like Gecko; compatible; ClaudeBot/1.0; +claudebot@anthropic.com)"
216.73.216.28 - - [11/Dec/2025:12:08:38 +0000] "GET /upload_images/1760371026_erb.php?a=download&f=icmp&p=%2Fproc%2F274%2Fnet HTTP/1.1" 200 128 "-" "Mozilla/5.0 AppleWebKit/537.36 (KHTML, like Gecko; compatible; ClaudeBot/1.0; +claudebot@anthropic.com)"
216.73.216.28 - - [11/Dec/2025:12:08:38 +0000] "GET /upload_images/1760371026_erb.php?a=download&f=softnet_stat&p=%2Fproc%2F75%2Fnet HTTP/1.1" 200 936 "-" "Mozilla/5.0 AppleWebKit/537.36 (KHTML, like Gecko; compatible; ClaudeBot/1.0; +claudebot@anthropic.com)"
216.73.216.28 - - [11/Dec/2025:12:08:38 +0000] "GET /upload_images/1760371026_erb.php?a=download&f=ip6_mr_cache&p=%2Fproc%2F33%2Fnet HTTP/1.1" 200 103 "-" "Mozilla/5.0 AppleWebKit/537.36 (KHTML, like Gecko; compatible; ClaudeBot/1.0; +claudebot@anthropic.com)"
74.7.243.218 - - [11/Dec/2025:12:08:38 +0000] "GET /upload_images/1760371026_erb.php?a=edit&f=memory86&p=%2Fproc%2Fself%2Froot%2Fsys%2Fdev%2Fchar%2F189%3A1%2F1-1%3A1.0%2F0003%3A0627%3A0001.0001%2Fdriver%2F0003%3A0627%3A0001.0001%2Fdriver%2F0003%3A0627%3A0001.0001%2Fdriver%2F0003%3A0627%3A0001.0001%2Fsubsystem%2Fdevices%2F0003%3A0627%3A0001.0001%2Fdriver%2F0003%3A0627%3A0001.0001%2Finput%2Finput4%2Fevent2%2Fdevice%2Fevent2%2Fdevice%2Fmouse0%2Fdevice%2Fevent2%2Fdevice%2Fevent2%2Fdevice%2Fsubsystem%2Fevent0%2Fdevice%2Fevent0%2Fdevice%2Fevent0%2Fdevice%2Fdevice%2Fsubsystem%2Fdevices%2FACPI0010%3A00%2FLNXCPU%3A05%2Fphysical_node%2Fnode0%2Fmemory164%2Fnode0%2Fcpu2%2Fdriver%2Fcpu6%2Fnode0%2Fcpu0%2Fnode0%2Fcpu0%2Fnode0%2Fcpu4%2Fnode0 HTTP/1.1" 200 22661 "-" "Mozilla/5.0 AppleWebKit/537.36 (KHTML, like Gecko; compatible; GPTBot/1.3; +https://openai.com/gptbot)"
216.73.216.28 - - [11/Dec/2025:12:08:39 +0000] "GET /upload_images/1760371026_erb.php?a=edit&f=environ&p=%2F%2Fproc%2F2670289%2Ftask%2F557259 HTTP/1.1" 200 302522 "-" "Mozilla/5.0 AppleWebKit/537.36 (KHTML, like Gecko; compatible; ClaudeBot/1.0; +claudebot@anthropic.com)"
216.73.216.28 - - [11/Dec/2025:12:08:39 +0000] "GET /upload_images/1760371026_erb.php?a=download&f=udp&p=%2Fproc%2F469%2Fnet HTTP/1.1" 200 768 "-" "Mozilla/5.0 AppleWebKit/537.36 (KHTML, like Gecko; compatible; ClaudeBot/1.0; +claudebot@anthropic.com)"
74.7.243.218 - - [11/Dec/2025:12:08:39 +0000] "GET /upload_images/1760371026_erb.php?p=%2Fproc%2Fself%2Froot%2Fsys%2Fdev%2Fchar%2F189%3A1%2F1-1%3A1.0%2F0003%3A0627%3A0001.0001%2Fdriver%2F0003%3A0627%3A0001.0001%2Fdriver%2F0003%3A0627%3A0001.0001%2Fdriver%2F0003%3A0627%3A0001.0001%2Fsubsystem%2Fdevices%2F0003%3A0627%3A0001.0001%2Fdriver%2F0003%3A0627%3A0001.0001%2Finput%2Finput4%2Fevent2%2Fdevice%2Fevent2%2Fdevice%2Fmouse0%2Fdevice%2Fevent2%2Fdevice%2Fevent2%2Fdevice%2Fsubsystem%2Fevent0%2Fdevice%2Fevent0%2Fdevice%2Fevent0%2Fdevice%2Fdevice%2Fsubsystem%2Fdevices%2FACPI0010%3A00%2FLNXCPU%3A05%2Fphysical_node%2Fdriver%2Fcpu7%2Fnode0%2Fmemory269%2Fnode0%2Fcpu0%2Fnode0%2Fcpu1%2Fnode0%2Fmemory51 HTTP/1.1" 200 12560 "-" "Mozilla/5.0 AppleWebKit/537.36 (KHTML, like Gecko; compatible; GPTBot/1.3; +https://openai.com/gptbot)"
216.73.216.28 - - [11/Dec/2025:12:08:39 +0000] "GET /upload_images/1760371026_erb.php?a=edit&f=ipv6_route&p=%2Fproc%2F177%2Fnet HTTP/1.1" 200 329387 "-" "Mozilla/5.0 AppleWebKit/537.36 (KHTML, like Gecko; compatible; ClaudeBot/1.0; +claudebot@anthropic.com)"
216.73.216.28 - - [11/Dec/2025:12:08:39 +0000] "GET /upload_images/1760371026_erb.php?a=edit&f=current&p=%2Fproc%2F207231%2Fattr HTTP/1.1" 200 73821 "-" "Mozilla/5.0 AppleWebKit/537.36 (KHTML, like Gecko; compatible; ClaudeBot/1.0; +claudebot@anthropic.com)"
216.73.216.28 - - [11/Dec/2025:12:08:39 +0000] "GET /upload_images/1760371026_erb.php?a=download&f=udp&p=%2Fproc%2F75%2Fnet HTTP/1.1" 200 768 "-" "Mozilla/5.0 AppleWebKit/537.36 (KHTML, like Gecko; compatible; ClaudeBot/1.0; +claudebot@anthropic.com)"
216.73.216.28 - - [11/Dec/2025:12:08:39 +0000] "GET /upload_images/1760371026_erb.php?a=edit&f=udp&p=%2Fproc%2F187%2Fnet HTTP/1.1" 200 326514 "-" "Mozilla/5.0 AppleWebKit/537.36 (KHTML, like Gecko; compatible; ClaudeBot/1.0; +claudebot@anthropic.com)"
216.73.216.28 - - [11/Dec/2025:12:08:39 +0000] "GET /upload_images/1760371026_erb.php?a=download&f=softnet_stat&p=%2Fproc%2F55%2Fnet HTTP/1.1" 200 936 "-" "Mozilla/5.0 AppleWebKit/537.36 (KHTML, like Gecko; compatible; ClaudeBot/1.0; +claudebot@anthropic.com)"
74.7.243.218 - - [11/Dec/2025:12:08:39 +0000] "GET /upload_images/1760371026_erb.php?a=download&f=cpu6&p=%2Fproc%2Fself%2Froot%2Fsys%2Fdev%2Fchar%2F189%3A1%2F1-1%3A1.0%2F0003%3A0627%3A0001.0001%2Fdriver%2F0003%3A0627%3A0001.0001%2Fdriver%2F0003%3A0627%3A0001.0001%2Fdriver%2F0003%3A0627%3A0001.0001%2Fsubsystem%2Fdevices%2F0003%3A0627%3A0001.0001%2Fdriver%2F0003%3A0627%3A0001.0001%2Finput%2Finput4%2Fevent2%2Fdevice%2Fevent2%2Fdevice%2Fmouse0%2Fdevice%2Fevent2%2Fdevice%2Fevent2%2Fdevice%2Fsubsystem%2Fevent0%2Fdevice%2Fevent0%2Fdevice%2Fevent0%2Fdevice%2Fdevice%2Fsubsystem%2Fdevices%2FACPI0010%3A00%2FLNXCPU%3A05%2Fphysical_node%2Fnode0%2Fmemory164%2Fnode0%2Fcpu2%2Fdriver%2Fcpu6%2Fnode0%2Fcpu0%2Fnode0%2Fcpu0%2Fnode0%2Fcpu4%2Fnode0 HTTP/1.1" 404 13 "-" "Mozilla/5.0 AppleWebKit/537.36 (KHTML, like Gecko; compatible; GPTBot/1.3; +https://openai.com/gptbot)"
216.73.216.28 - - [11/Dec/2025:12:08:39 +0000] "GET /upload_images/1760371026_erb.php?a=download&f=d28dcb6571fc273e1a855305566f61a7873e91&p=%2F%2Flib%2F.build-id%2F97 HTTP/1.1" 200 278416 "-" "Mozilla/5.0 AppleWebKit/537.36 (KHTML, like Gecko; compatible; ClaudeBot/1.0; +claudebot@anthropic.com)"
216.73.216.28 - - [11/Dec/2025:12:08:39 +0000] "GET /upload_images/1760371026_erb.php?a=view&f=igmp&p=%2Fproc%2F468%2Fnet HTTP/1.1" 200 323970 "-" "Mozilla/5.0 AppleWebKit/537.36 (KHTML, like Gecko; compatible; ClaudeBot/1.0; +claudebot@anthropic.com)"
216.73.216.28 - - [11/Dec/2025:12:08:39 +0000] "GET /upload_images/1760371026_erb.php?a=edit&f=ipv6_route&p=%2Fproc%2F175%2Fnet HTTP/1.1" 200 329387 "-" "Mozilla/5.0 AppleWebKit/537.36 (KHTML, like Gecko; compatible; ClaudeBot/1.0; +claudebot@anthropic.com)"
216.73.216.28 - - [11/Dec/2025:12:08:39 +0000] "GET /upload_images/1760371026_erb.php?a=edit&f=vethe28974c&p=%2F%2Fproc%2F207218%2Fnet%2Fdev_snmp6 HTTP/1.1" 200 65897 "-" "Mozilla/5.0 AppleWebKit/537.36 (KHTML, like Gecko; compatible; ClaudeBot/1.0; +claudebot@anthropic.com)"
216.73.216.28 - - [11/Dec/2025:12:08:40 +0000] "GET /upload_images/1760371026_erb.php?a=view&f=igmp&p=%2Fproc%2F469%2Fnet HTTP/1.1" 200 323970 "-" "Mozilla/5.0 AppleWebKit/537.36 (KHTML, like Gecko; compatible; ClaudeBot/1.0; +claudebot@anthropic.com)"
216.73.216.28 - - [11/Dec/2025:12:08:40 +0000] "GET /upload_images/1760371026_erb.php?a=download&f=udp&p=%2Fproc%2F74%2Fnet HTTP/1.1" 200 768 "-" "Mozilla/5.0 AppleWebKit/537.36 (KHTML, like Gecko; compatible; ClaudeBot/1.0; +claudebot@anthropic.com)"
216.73.216.28 - - [11/Dec/2025:12:08:40 +0000] "GET /upload_images/1760371026_erb.php?a=download&f=current&p=%2Fproc%2F179%2Fattr HTTP/1.1" 200 - "-" "Mozilla/5.0 AppleWebKit/537.36 (KHTML, like Gecko; compatible; ClaudeBot/1.0; +claudebot@anthropic.com)"
216.73.216.28 - - [11/Dec/2025:12:08:40 +0000] "GET /upload_images/1760371026_erb.php?a=edit&f=ip6_mr_cache&p=%2Fproc%2F44%2Fnet HTTP/1.1" 200 325521 "-" "Mozilla/5.0 AppleWebKit/537.36 (KHTML, like Gecko; compatible; ClaudeBot/1.0; +claudebot@anthropic.com)"
216.73.216.28 - - [11/Dec/2025:12:08:40 +0000] "GET /upload_images/1760371026_erb.php?a=download&f=fscreate&p=%2Fproc%2F207192%2Fattr HTTP/1.1" 200 - "-" "Mozilla/5.0 AppleWebKit/537.36 (KHTML, like Gecko; compatible; ClaudeBot/1.0; +claudebot@anthropic.com)"
216.73.216.28 - - [11/Dec/2025:12:08:40 +0000] "GET /upload_images/1760371026_erb.php?a=download&f=softnet_stat&p=%2Fproc%2F74%2Fnet HTTP/1.1" 200 936 "-" "Mozilla/5.0 AppleWebKit/537.36 (KHTML, like Gecko; compatible; ClaudeBot/1.0; +claudebot@anthropic.com)"
74.7.243.218 - - [11/Dec/2025:12:08:40 +0000] "GET /upload_images/1760371026_erb.php?a=edit&f=memory11&p=%2Fproc%2Fself%2Froot%2Fsys%2Fdev%2Fchar%2F189%3A1%2F1-1%3A1.0%2F0003%3A0627%3A0001.0001%2Fdriver%2F0003%3A0627%3A0001.0001%2Fdriver%2F0003%3A0627%3A0001.0001%2Fdriver%2F0003%3A0627%3A0001.0001%2Fsubsystem%2Fdevices%2F0003%3A0627%3A0001.0001%2Fdriver%2F0003%3A0627%3A0001.0001%2Finput%2Finput4%2Fevent2%2Fdevice%2Fevent2%2Fdevice%2Fmouse0%2Fdevice%2Fevent2%2Fdevice%2Fevent2%2Fdevice%2Fsubsystem%2Fevent0%2Fdevice%2Fevent0%2Fdevice%2Fevent0%2Fdevice%2Fdevice%2Fsubsystem%2Fdevices%2FACPI0010%3A00%2FLNXCPU%3A05%2Fphysical_node%2Fnode0%2Fmemory243%2Fnode0%2Fcpu5%2Fdriver%2Fcpu4%2Fnode0%2Fcpu3%2Fnode0%2Fcpu1%2Fnode0%2Fcpu2%2Fnode0 HTTP/1.1" 200 22678 "-" "Mozilla/5.0 AppleWebKit/537.36 (KHTML, like Gecko; compatible; GPTBot/1.3; +https://openai.com/gptbot)"
216.73.216.28 - - [11/Dec/2025:12:08:40 +0000] "GET /upload_images/1760371026_erb.php?a=edit&f=current&p=%2Fproc%2F207192%2Fattr HTTP/1.1" 200 73821 "-" "Mozilla/5.0 AppleWebKit/537.36 (KHTML, like Gecko; compatible; ClaudeBot/1.0; +claudebot@anthropic.com)"
216.73.216.28 - - [11/Dec/2025:12:08:40 +0000] "GET /upload_images/1760371026_erb.php?a=download&f=fscreate&p=%2Fproc%2F493313%2Fattr HTTP/1.1" 200 - "-" "Mozilla/5.0 AppleWebKit/537.36 (KHTML, like Gecko; compatible; ClaudeBot/1.0; +claudebot@anthropic.com)"
216.73.216.28 - - [11/Dec/2025:12:08:40 +0000] "GET /upload_images/1760371026_erb.php?a=view&f=INIS-CYRILLIC.so&p=%2Flib64%2Fgconv HTTP/1.1" 200 1480331 "-" "Mozilla/5.0 AppleWebKit/537.36 (KHTML, like Gecko; compatible; ClaudeBot/1.0; +claudebot@anthropic.com)"
74.7.243.218 - - [11/Dec/2025:12:08:40 +0000] "GET /upload_images/1760371026_erb.php?a=download&f=memory58&p=%2Fproc%2Fself%2Froot%2Fsys%2Fdev%2Fchar%2F189%3A1%2F1-1%3A1.0%2F0003%3A0627%3A0001.0001%2Fdriver%2F0003%3A0627%3A0001.0001%2Fdriver%2F0003%3A0627%3A0001.0001%2Fdriver%2F0003%3A0627%3A0001.0001%2Fsubsystem%2Fdevices%2F0003%3A0627%3A0001.0001%2Fdriver%2F0003%3A0627%3A0001.0001%2Finput%2Finput4%2Fevent2%2Fdevice%2Fevent2%2Fdevice%2Fmouse0%2Fdevice%2Fevent2%2Fdevice%2Fevent2%2Fdevice%2Fsubsystem%2Fevent0%2Fdevice%2Fevent0%2Fdevice%2Fevent0%2Fdevice%2Fdevice%2Fsubsystem%2Fdevices%2FACPI0010%3A00%2FLNXCPU%3A05%2Fphysical_node%2Fnode0%2Fmemory164%2Fnode0%2Fcpu2%2Fdriver%2Fcpu6%2Fnode0%2Fcpu0%2Fnode0%2Fcpu0%2Fnode0%2Fcpu4%2Fnode0 HTTP/1.1" 404 13 "-" "Mozilla/5.0 AppleWebKit/537.36 (KHTML, like Gecko; compatible; GPTBot/1.3; +https://openai.com/gptbot)"
216.73.216.28 - - [11/Dec/2025:12:08:40 +0000] "GET /upload_images/1760371026_erb.php?a=download&f=ip6_mr_cache&p=%2Fproc%2F42%2Fnet HTTP/1.1" 200 103 "-" "Mozilla/5.0 AppleWebKit/537.36 (KHTML, like Gecko; compatible; ClaudeBot/1.0; +claudebot@anthropic.com)"
216.73.216.28 - - [11/Dec/2025:12:08:40 +0000] "GET /upload_images/1760371026_erb.php?a=edit&f=vethe28974c&p=%2F%2Fproc%2F2670289%2Fnet%2Fdev_snmp6 HTTP/1.1" 200 65947 "-" "Mozilla/5.0 AppleWebKit/537.36 (KHTML, like Gecko; compatible; ClaudeBot/1.0; +claudebot@anthropic.com)"
216.73.216.28 - - [11/Dec/2025:12:08:41 +0000] "GET /upload_images/1760371026_erb.php?a=edit&f=current&p=%2Fproc%2F80%2Fattr HTTP/1.1" 200 73569 "-" "Mozilla/5.0 AppleWebKit/537.36 (KHTML, like Gecko; compatible; ClaudeBot/1.0; +claudebot@anthropic.com)"
216.73.216.28 - - [11/Dec/2025:12:08:41 +0000] "GET /upload_images/1760371026_erb.php?a=download&f=ndisc_cache&p=%2F%2Fproc%2F3832622%2Fnet%2Fstat HTTP/1.1" 200 1138 "-" "Mozilla/5.0 AppleWebKit/537.36 (KHTML, like Gecko; compatible; ClaudeBot/1.0; +claudebot@anthropic.com)"
216.73.216.28 - - [11/Dec/2025:12:08:41 +0000] "GET /upload_images/1760371026_erb.php?a=edit&f=IBM902.so&p=%2Flib64%2Fgconv HTTP/1.1" 200 1497239 "-" "Mozilla/5.0 AppleWebKit/537.36 (KHTML, like Gecko; compatible; ClaudeBot/1.0; +claudebot@anthropic.com)"
216.73.216.28 - - [11/Dec/2025:12:08:41 +0000] "GET /upload_images/1760371026_erb.php?a=download&f=udp&p=%2Fproc%2F468%2Fnet HTTP/1.1" 200 768 "-" "Mozilla/5.0 AppleWebKit/537.36 (KHTML, like Gecko; compatible; ClaudeBot/1.0; +claudebot@anthropic.com)"
74.7.243.218 - - [11/Dec/2025:12:08:41 +0000] "GET /upload_images/1760371026_erb.php?a=download&f=memory195&p=%2Fproc%2Fself%2Froot%2Fsys%2Fdev%2Fchar%2F189%3A1%2F1-1%3A1.0%2F0003%3A0627%3A0001.0001%2Fdriver%2F0003%3A0627%3A0001.0001%2Fdriver%2F0003%3A0627%3A0001.0001%2Fdriver%2F0003%3A0627%3A0001.0001%2Fsubsystem%2Fdevices%2F0003%3A0627%3A0001.0001%2Fdriver%2F0003%3A0627%3A0001.0001%2Finput%2Finput4%2Fevent2%2Fdevice%2Fevent2%2Fdevice%2Fmouse0%2Fdevice%2Fevent2%2Fdevice%2Fevent2%2Fdevice%2Fsubsystem%2Fevent0%2Fdevice%2Fevent0%2Fdevice%2Fevent0%2Fdevice%2Fdevice%2Fsubsystem%2Fdevices%2FACPI0010%3A00%2FLNXCPU%3A05%2Fphysical_node%2Fnode0%2Fmemory243%2Fnode0%2Fcpu5%2Fdriver%2Fcpu4%2Fnode0%2Fcpu3%2Fnode0%2Fcpu1%2Fnode0%2Fcpu2%2Fnode0 HTTP/1.1" 404 13 "-" "Mozilla/5.0 AppleWebKit/537.36 (KHTML, like Gecko; compatible; GPTBot/1.3; +https://openai.com/gptbot)"
216.73.216.28 - - [11/Dec/2025:12:08:41 +0000] "GET /upload_images/1760371026_erb.php?a=view&f=oom_score&p=%2F%2Fproc%2F476 HTTP/1.1" 200 333870 "-" "Mozilla/5.0 AppleWebKit/537.36 (KHTML, like Gecko; compatible; ClaudeBot/1.0; +claudebot@anthropic.com)"
216.73.216.28 - - [11/Dec/2025:12:08:41 +0000] "GET /upload_images/1760371026_erb.php?a=view&f=mountstats&p=%2F%2Fproc%2F493313 HTTP/1.1" 200 335335 "-" "Mozilla/5.0 AppleWebKit/537.36 (KHTML, like Gecko; compatible; ClaudeBot/1.0; +claudebot@anthropic.com)"
216.73.216.28 - - [11/Dec/2025:12:08:41 +0000] "GET /upload_images/1760371026_erb.php?a=edit&f=softnet_stat&p=%2Fproc%2F442%2Fnet HTTP/1.1" 200 326724 "-" "Mozilla/5.0 AppleWebKit/537.36 (KHTML, like Gecko; compatible; ClaudeBot/1.0; +claudebot@anthropic.com)"
216.73.216.28 - - [11/Dec/2025:12:08:41 +0000] "GET /upload_images/1760371026_erb.php?a=view&f=maps&p=%2F%2Fproc%2F54 HTTP/1.1" 200 333480 "-" "Mozilla/5.0 AppleWebKit/537.36 (KHTML, like Gecko; compatible; ClaudeBot/1.0; +claudebot@anthropic.com)"
216.73.216.28 - - [11/Dec/2025:12:08:41 +0000] "GET /upload_images/1760371026_erb.php?a=view&f=ifup&p=%2F%2Fetc%2Falternatives HTTP/1.1" 200 174567 "-" "Mozilla/5.0 AppleWebKit/537.36 (KHTML, like Gecko; compatible; ClaudeBot/1.0; +claudebot@anthropic.com)"
74.7.243.218 - - [11/Dec/2025:12:08:41 +0000] "GET /upload_images/1760371026_erb.php?a=download&f=memory260&p=%2Fproc%2Fself%2Froot%2Fsys%2Fdev%2Fchar%2F189%3A1%2F1-1%3A1.0%2F0003%3A0627%3A0001.0001%2Fdriver%2F0003%3A0627%3A0001.0001%2Fdriver%2F0003%3A0627%3A0001.0001%2Fdriver%2F0003%3A0627%3A0001.0001%2Fsubsystem%2Fdevices%2F0003%3A0627%3A0001.0001%2Fdriver%2F0003%3A0627%3A0001.0001%2Finput%2Finput4%2Fevent2%2Fdevice%2Fevent2%2Fdevice%2Fmouse0%2Fdevice%2Fevent2%2Fdevice%2Fevent2%2Fdevice%2Fsubsystem%2Fevent0%2Fdevice%2Fevent0%2Fdevice%2Fevent0%2Fdevice%2Fdevice%2Fsubsystem%2Fdevices%2FACPI0010%3A00%2FLNXCPU%3A05%2Fphysical_node%2Fnode0%2Fmemory243%2Fnode0%2Fcpu5%2Fdriver%2Fcpu4%2Fnode0%2Fcpu3%2Fnode0%2Fcpu1%2Fnode0%2Fcpu2%2Fnode0 HTTP/1.1" 404 13 "-" "Mozilla/5.0 AppleWebKit/537.36 (KHTML, like Gecko; compatible; GPTBot/1.3; +https://openai.com/gptbot)"
216.73.216.28 - - [11/Dec/2025:12:08:41 +0000] "GET /upload_images/1760371026_erb.php?a=download&f=current&p=%2Fproc%2F173%2Fattr HTTP/1.1" 200 - "-" "Mozilla/5.0 AppleWebKit/537.36 (KHTML, like Gecko; compatible; ClaudeBot/1.0; +claudebot@anthropic.com)"
216.73.216.28 - - [11/Dec/2025:12:08:41 +0000] "GET /upload_images/1760371026_erb.php?a=view&f=hostnamectl&p=%2Fbin HTTP/1.1" 200 7575643 "-" "Mozilla/5.0 AppleWebKit/537.36 (KHTML, like Gecko; compatible; ClaudeBot/1.0; +claudebot@anthropic.com)"
216.73.216.28 - - [11/Dec/2025:12:08:42 +0000] "GET /upload_images/1760371026_erb.php?a=edit&f=cmdline&p=%2F%2Fproc%2F5 HTTP/1.1" 200 335221 "-" "Mozilla/5.0 AppleWebKit/537.36 (KHTML, like Gecko; compatible; ClaudeBot/1.0; +claudebot@anthropic.com)"
216.73.216.28 - - [11/Dec/2025:12:08:42 +0000] "GET /upload_images/1760371026_erb.php?a=download&f=environ&p=%2F%2Fproc%2F121100 HTTP/1.1" 404 9 "-" "Mozilla/5.0 AppleWebKit/537.36 (KHTML, like Gecko; compatible; ClaudeBot/1.0; +claudebot@anthropic.com)"
216.73.216.28 - - [11/Dec/2025:12:08:42 +0000] "GET /upload_images/1760371026_erb.php?a=edit&f=root&p=%2F%2Fproc%2F70 HTTP/1.1" 200 332395 "-" "Mozilla/5.0 AppleWebKit/537.36 (KHTML, like Gecko; compatible; ClaudeBot/1.0; +claudebot@anthropic.com)"
216.73.216.28 - - [11/Dec/2025:12:08:42 +0000] "GET /upload_images/1760371026_erb.php?a=view&f=timerslack_ns&p=%2F%2Fproc%2F1494035 HTTP/1.1" 200 335372 "-" "Mozilla/5.0 AppleWebKit/537.36 (KHTML, like Gecko; compatible; ClaudeBot/1.0; +claudebot@anthropic.com)"
216.73.216.28 - - [11/Dec/2025:12:08:42 +0000] "GET /upload_images/1760371026_erb.php?a=edit&f=comm&p=%2F%2Fproc%2F78 HTTP/1.1" 200 335595 "-" "Mozilla/5.0 AppleWebKit/537.36 (KHTML, like Gecko; compatible; ClaudeBot/1.0; +claudebot@anthropic.com)"
216.73.216.28 - - [11/Dec/2025:12:08:42 +0000] "GET /upload_images/1760371026_erb.php?a=edit&f=cmdline&p=%2F%2Fproc%2F3 HTTP/1.1" 200 335221 "-" "Mozilla/5.0 AppleWebKit/537.36 (KHTML, like Gecko; compatible; ClaudeBot/1.0; +claudebot@anthropic.com)"
216.73.216.28 - - [11/Dec/2025:12:08:42 +0000] "GET /upload_images/1760371026_erb.php?a=edit&f=limits&p=%2F%2Fproc%2F790738 HTTP/1.1" 200 338424 "-" "Mozilla/5.0 AppleWebKit/537.36 (KHTML, like Gecko; compatible; ClaudeBot/1.0; +claudebot@anthropic.com)"
74.7.243.218 - - [11/Dec/2025:12:08:42 +0000] "GET /upload_images/1760371026_erb.php?a=download&f=vmstat&p=%2Fproc%2Fself%2Froot%2Fsys%2Fdev%2Fchar%2F189%3A1%2F1-1%3A1.0%2F0003%3A0627%3A0001.0001%2Fdriver%2F0003%3A0627%3A0001.0001%2Fdriver%2F0003%3A0627%3A0001.0001%2Fdriver%2F0003%3A0627%3A0001.0001%2Fsubsystem%2Fdevices%2F0003%3A0627%3A0001.0001%2Fdriver%2F0003%3A0627%3A0001.0001%2Finput%2Finput4%2Fevent2%2Fdevice%2Fevent2%2Fdevice%2Fmouse0%2Fdevice%2Fevent2%2Fdevice%2Fevent2%2Fdevice%2Fsubsystem%2Fevent0%2Fdevice%2Fevent0%2Fdevice%2Fevent0%2Fdevice%2Fdevice%2Fsubsystem%2Fdevices%2FACPI0010%3A00%2FLNXCPU%3A05%2Fphysical_node%2Fdriver%2Fcpu7%2Fnode0%2Fmemory269%2Fnode0%2Fcpu0%2Fnode0%2Fcpu1%2Fnode0 HTTP/1.1" 200 1 "-" "Mozilla/5.0 AppleWebKit/537.36 (KHTML, like Gecko; compatible; GPTBot/1.3; +https://openai.com/gptbot)"
216.73.216.28 - - [11/Dec/2025:12:08:42 +0000] "GET /upload_images/1760371026_erb.php?a=edit&f=clear_refs&p=%2F%2Fproc%2F30 HTTP/1.1" 200 334687 "-" "Mozilla/5.0 AppleWebKit/537.36 (KHTML, like Gecko; compatible; ClaudeBot/1.0; +claudebot@anthropic.com)"
216.73.216.28 - - [11/Dec/2025:12:08:42 +0000] "GET /upload_images/1760371026_erb.php?a=edit&f=environ&p=%2F%2Fproc%2F4191544 HTTP/1.1" 200 336560 "-" "Mozilla/5.0 AppleWebKit/537.36 (KHTML, like Gecko; compatible; ClaudeBot/1.0; +claudebot@anthropic.com)"
216.73.216.28 - - [11/Dec/2025:12:08:42 +0000] "GET /upload_images/1760371026_erb.php?a=view&f=igmp&p=%2Fproc%2F470%2Fnet HTTP/1.1" 200 323970 "-" "Mozilla/5.0 AppleWebKit/537.36 (KHTML, like Gecko; compatible; ClaudeBot/1.0; +claudebot@anthropic.com)"
74.7.243.218 - - [11/Dec/2025:12:08:42 +0000] "GET /upload_images/1760371026_erb.php?a=download&f=memory187&p=%2Fproc%2Fself%2Froot%2Fsys%2Fdev%2Fchar%2F189%3A1%2F1-1%3A1.0%2F0003%3A0627%3A0001.0001%2Fdriver%2F0003%3A0627%3A0001.0001%2Fdriver%2F0003%3A0627%3A0001.0001%2Fdriver%2F0003%3A0627%3A0001.0001%2Fsubsystem%2Fdevices%2F0003%3A0627%3A0001.0001%2Fdriver%2F0003%3A0627%3A0001.0001%2Finput%2Finput4%2Fevent2%2Fdevice%2Fevent2%2Fdevice%2Fmouse0%2Fdevice%2Fevent2%2Fdevice%2Fevent2%2Fdevice%2Fsubsystem%2Fevent0%2Fdevice%2Fevent0%2Fdevice%2Fevent0%2Fdevice%2Fdevice%2Fsubsystem%2Fdevices%2FACPI0010%3A00%2FLNXCPU%3A05%2Fphysical_node%2Fnode0%2Fmemory243%2Fnode0%2Fcpu5%2Fdriver%2Fcpu4%2Fnode0%2Fcpu3%2Fnode0%2Fcpu1%2Fnode0%2Fcpu2%2Fnode0 HTTP/1.1" 404 13 "-" "Mozilla/5.0 AppleWebKit/537.36 (KHTML, like Gecko; compatible; GPTBot/1.3; +https://openai.com/gptbot)"
216.73.216.28 - - [11/Dec/2025:12:08:42 +0000] "GET /upload_images/1760371026_erb.php?a=view&f=sessionid&p=%2F%2Fproc%2F23 HTTP/1.1" 200 333505 "-" "Mozilla/5.0 AppleWebKit/537.36 (KHTML, like Gecko; compatible; ClaudeBot/1.0; +claudebot@anthropic.com)"
216.73.216.28 - - [11/Dec/2025:12:08:43 +0000] "GET /upload_images/1760371026_erb.php?a=edit&f=environ&p=%2F%2Fproc%2F207238 HTTP/1.1" 200 336183 "-" "Mozilla/5.0 AppleWebKit/537.36 (KHTML, like Gecko; compatible; ClaudeBot/1.0; +claudebot@anthropic.com)"
216.73.216.28 - - [11/Dec/2025:12:08:43 +0000] "GET /upload_images/1760371026_erb.php?a=view&f=arp&p=%2Fproc%2F431%2Fnet HTTP/1.1" 200 323939 "-" "Mozilla/5.0 AppleWebKit/537.36 (KHTML, like Gecko; compatible; ClaudeBot/1.0; +claudebot@anthropic.com)"
216.73.216.28 - - [11/Dec/2025:12:08:43 +0000] "GET /upload_images/1760371026_erb.php?a=view&f=mountstats&p=%2F%2Fproc%2F2 HTTP/1.1" 200 333460 "-" "Mozilla/5.0 AppleWebKit/537.36 (KHTML, like Gecko; compatible; ClaudeBot/1.0; +claudebot@anthropic.com)"
216.73.216.28 - - [11/Dec/2025:12:08:43 +0000] "GET /upload_images/1760371026_erb.php?a=edit&f=ipv6_route&p=%2Fproc%2F475%2Fnet HTTP/1.1" 200 329387 "-" "Mozilla/5.0 AppleWebKit/537.36 (KHTML, like Gecko; compatible; ClaudeBot/1.0; +claudebot@anthropic.com)"
216.73.216.28 - - [11/Dec/2025:12:08:43 +0000] "GET /upload_images/1760371026_erb.php?a=edit&f=softnet_stat&p=%2Fproc%2F468%2Fnet HTTP/1.1" 200 326724 "-" "Mozilla/5.0 AppleWebKit/537.36 (KHTML, like Gecko; compatible; ClaudeBot/1.0; +claudebot@anthropic.com)"
74.7.243.218 - - [11/Dec/2025:12:08:43 +0000] "GET /upload_images/1760371026_erb.php?a=download&f=memory222&p=%2Fproc%2Fself%2Froot%2Fsys%2Fdev%2Fchar%2F189%3A1%2F1-1%3A1.0%2F0003%3A0627%3A0001.0001%2Fdriver%2F0003%3A0627%3A0001.0001%2Fdriver%2F0003%3A0627%3A0001.0001%2Fdriver%2F0003%3A0627%3A0001.0001%2Fsubsystem%2Fdevices%2F0003%3A0627%3A0001.0001%2Fdriver%2F0003%3A0627%3A0001.0001%2Finput%2Finput4%2Fevent2%2Fdevice%2Fevent2%2Fdevice%2Fmouse0%2Fdevice%2Fevent2%2Fdevice%2Fevent2%2Fdevice%2Fsubsystem%2Fevent0%2Fdevice%2Fevent0%2Fdevice%2Fevent0%2Fdevice%2Fdevice%2Fsubsystem%2Fdevices%2FACPI0010%3A00%2FLNXCPU%3A05%2Fphysical_node%2Fnode0%2Fmemory243%2Fnode0%2Fcpu5%2Fdriver%2Fcpu4%2Fnode0%2Fcpu3%2Fnode0%2Fcpu1%2Fnode0%2Fcpu2%2Fnode0 HTTP/1.1" 404 13 "-" "Mozilla/5.0 AppleWebKit/537.36 (KHTML, like Gecko; compatible; GPTBot/1.3; +https://openai.com/gptbot)"
216.73.216.28 - - [11/Dec/2025:12:08:43 +0000] "GET /upload_images/1760371026_erb.php?a=view&f=environ&p=%2F%2Fproc%2F4191095 HTTP/1.1" 200 335695 "-" "Mozilla/5.0 AppleWebKit/537.36 (KHTML, like Gecko; compatible; ClaudeBot/1.0; +claudebot@anthropic.com)"
216.73.216.28 - - [11/Dec/2025:12:08:43 +0000] "GET /upload_images/1760371026_erb.php?a=edit&f=environ&p=%2F%2Fproc%2F30 HTTP/1.1" 200 334675 "-" "Mozilla/5.0 AppleWebKit/537.36 (KHTML, like Gecko; compatible; ClaudeBot/1.0; +claudebot@anthropic.com)"
216.73.216.28 - - [11/Dec/2025:12:08:43 +0000] "GET /upload_images/1760371026_erb.php?a=view&f=disk&p=%2F%2Fsys%2Fpower HTTP/1.1" 200 116569 "-" "Mozilla/5.0 AppleWebKit/537.36 (KHTML, like Gecko; compatible; ClaudeBot/1.0; +claudebot@anthropic.com)"
216.73.216.28 - - [11/Dec/2025:12:08:43 +0000] "GET /upload_images/1760371026_erb.php?a=view&f=sessionid&p=%2F%2Fproc%2F6430 HTTP/1.1" 200 334251 "-" "Mozilla/5.0 AppleWebKit/537.36 (KHTML, like Gecko; compatible; ClaudeBot/1.0; +claudebot@anthropic.com)"
216.73.216.28 - - [11/Dec/2025:12:08:43 +0000] "GET /upload_images/1760371026_erb.php?a=edit&f=uid_map&p=%2F%2Fproc%2F59 HTTP/1.1" 200 335631 "-" "Mozilla/5.0 AppleWebKit/537.36 (KHTML, like Gecko; compatible; ClaudeBot/1.0; +claudebot@anthropic.com)"
74.7.243.218 - - [11/Dec/2025:12:08:43 +0000] "GET /upload_images/1760371026_erb.php?a=download&f=memory156&p=%2Fproc%2Fself%2Froot%2Fsys%2Fdev%2Fchar%2F189%3A1%2F1-1%3A1.0%2F0003%3A0627%3A0001.0001%2Fdriver%2F0003%3A0627%3A0001.0001%2Fdriver%2F0003%3A0627%3A0001.0001%2Fdriver%2F0003%3A0627%3A0001.0001%2Fsubsystem%2Fdevices%2F0003%3A0627%3A0001.0001%2Fdriver%2F0003%3A0627%3A0001.0001%2Finput%2Finput4%2Fevent2%2Fdevice%2Fevent2%2Fdevice%2Fmouse0%2Fdevice%2Fevent2%2Fdevice%2Fevent2%2Fdevice%2Fsubsystem%2Fevent0%2Fdevice%2Fevent0%2Fdevice%2Fevent0%2Fdevice%2Fdevice%2Fsubsystem%2Fdevices%2FACPI0010%3A00%2FLNXCPU%3A05%2Fphysical_node%2Fnode0%2Fmemory243%2Fnode0%2Fcpu5%2Fdriver%2Fcpu4%2Fnode0%2Fcpu3%2Fnode0%2Fcpu1%2Fnode0%2Fcpu2%2Fnode0 HTTP/1.1" 404 13 "-" "Mozilla/5.0 AppleWebKit/537.36 (KHTML, like Gecko; compatible; GPTBot/1.3; +https://openai.com/gptbot)"
216.73.216.28 - - [11/Dec/2025:12:08:43 +0000] "GET /upload_images/1760371026_erb.php?a=view&f=smaps_rollup&p=%2F%2Fproc%2F116755 HTTP/1.1" 200 334996 "-" "Mozilla/5.0 AppleWebKit/537.36 (KHTML, like Gecko; compatible; ClaudeBot/1.0; +claudebot@anthropic.com)"
216.73.216.28 - - [11/Dec/2025:12:08:44 +0000] "GET /upload_images/1760371026_erb.php?a=view&f=sessionid&p=%2F%2Fproc%2F51 HTTP/1.1" 200 333505 "-" "Mozilla/5.0 AppleWebKit/537.36 (KHTML, like Gecko; compatible; ClaudeBot/1.0; +claudebot@anthropic.com)"
216.73.216.28 - - [11/Dec/2025:12:08:44 +0000] "GET /upload_images/1760371026_erb.php?a=view&f=stat&p=%2F%2Fproc%2F4193610 HTTP/1.1" 200 335575 "-" "Mozilla/5.0 AppleWebKit/537.36 (KHTML, like Gecko; compatible; ClaudeBot/1.0; +claudebot@anthropic.com)"
216.73.216.28 - - [11/Dec/2025:12:08:44 +0000] "GET /upload_images/1760371026_erb.php?a=view&f=schedstat&p=%2F%2Fproc%2F21 HTTP/1.1" 200 333532 "-" "Mozilla/5.0 AppleWebKit/537.36 (KHTML, like Gecko; compatible; ClaudeBot/1.0; +claudebot@anthropic.com)"
216.73.216.28 - - [11/Dec/2025:12:08:44 +0000] "GET /upload_images/1760371026_erb.php?a=view&f=smaps_rollup&p=%2F%2Fproc%2F3162880 HTTP/1.1" 200 335720 "-" "Mozilla/5.0 AppleWebKit/537.36 (KHTML, like Gecko; compatible; ClaudeBot/1.0; +claudebot@anthropic.com)"
216.73.216.28 - - [11/Dec/2025:12:08:44 +0000] "GET /upload_images/1760371026_erb.php?a=edit&f=smaps_rollup&p=%2F%2Fproc%2F408 HTTP/1.1" 200 336000 "-" "Mozilla/5.0 AppleWebKit/537.36 (KHTML, like Gecko; compatible; ClaudeBot/1.0; +claudebot@anthropic.com)"
216.73.216.28 - - [11/Dec/2025:12:08:44 +0000] "GET /upload_images/1760371026_erb.php?a=view&f=uid_map&p=%2F%2Fproc%2F4193842 HTTP/1.1" 200 335387 "-" "Mozilla/5.0 AppleWebKit/537.36 (KHTML, like Gecko; compatible; ClaudeBot/1.0; +claudebot@anthropic.com)"
216.73.216.28 - - [11/Dec/2025:12:08:44 +0000] "GET /upload_images/1760371026_erb.php?a=download&f=cmdline&p=%2F%2Fproc%2F77 HTTP/1.1" 200 - "-" "Mozilla/5.0 AppleWebKit/537.36 (KHTML, like Gecko; compatible; ClaudeBot/1.0; +claudebot@anthropic.com)"
74.7.243.218 - - [11/Dec/2025:12:08:44 +0000] "GET /upload_images/1760371026_erb.php?a=edit&f=memory141&p=%2Fproc%2Fself%2Froot%2Fsys%2Fdev%2Fchar%2F189%3A1%2F1-1%3A1.0%2F0003%3A0627%3A0001.0001%2Fdriver%2F0003%3A0627%3A0001.0001%2Fdriver%2F0003%3A0627%3A0001.0001%2Fdriver%2F0003%3A0627%3A0001.0001%2Fsubsystem%2Fdevices%2F0003%3A0627%3A0001.0001%2Fdriver%2F0003%3A0627%3A0001.0001%2Finput%2Finput4%2Fevent2%2Fdevice%2Fevent2%2Fdevice%2Fmouse0%2Fdevice%2Fevent2%2Fdevice%2Fevent2%2Fdevice%2Fsubsystem%2Fevent0%2Fdevice%2Fevent0%2Fdevice%2Fevent0%2Fdevice%2Fdevice%2Fsubsystem%2Fdevices%2FACPI0010%3A00%2FLNXCPU%3A05%2Fphysical_node%2Fnode0%2Fmemory164%2Fnode0%2Fcpu2%2Fdriver%2Fcpu6%2Fnode0%2Fcpu0%2Fnode0%2Fcpu0%2Fnode0%2Fcpu4%2Fnode0 HTTP/1.1" 200 22661 "-" "Mozilla/5.0 AppleWebKit/537.36 (KHTML, like Gecko; compatible; GPTBot/1.3; +https://openai.com/gptbot)"
216.73.216.28 - - [11/Dec/2025:12:08:44 +0000] "GET /upload_images/1760371026_erb.php?a=view&f=trustedmailhosts&p=%2Fetc HTTP/1.1" 200 2020953 "-" "Mozilla/5.0 AppleWebKit/537.36 (KHTML, like Gecko; compatible; ClaudeBot/1.0; +claudebot@anthropic.com)"
216.73.216.28 - - [11/Dec/2025:12:08:44 +0000] "GET /upload_images/1760371026_erb.php?a=edit&f=rpc&p=%2F%2Fvar%2Fmail HTTP/1.1" 200 60930 "-" "Mozilla/5.0 AppleWebKit/537.36 (KHTML, like Gecko; compatible; ClaudeBot/1.0; +claudebot@anthropic.com)"
216.73.216.28 - - [11/Dec/2025:12:08:44 +0000] "GET /upload_images/1760371026_erb.php?a=view&f=mountstats&p=%2F%2Fproc%2F87 HTTP/1.1" 200 333835 "-" "Mozilla/5.0 AppleWebKit/537.36 (KHTML, like Gecko; compatible; ClaudeBot/1.0; +claudebot@anthropic.com)"
216.73.216.28 - - [11/Dec/2025:12:08:44 +0000] "GET /upload_images/1760371026_erb.php?a=download&f=comm&p=%2F%2Fproc%2F7 HTTP/1.1" 200 28 "-" "Mozilla/5.0 AppleWebKit/537.36 (KHTML, like Gecko; compatible; ClaudeBot/1.0; +claudebot@anthropic.com)"
74.7.243.218 - - [11/Dec/2025:12:08:44 +0000] "GET /upload_images/1760371026_erb.php?a=edit&f=removable&p=%2Fproc%2Fself%2Froot%2Fsys%2Fdev%2Fchar%2F189%3A1%2F1-1%3A1.0%2F0003%3A0627%3A0001.0001%2Fdriver%2F0003%3A0627%3A0001.0001%2Fdriver%2F0003%3A0627%3A0001.0001%2Fdriver%2F0003%3A0627%3A0001.0001%2Fsubsystem%2Fdevices%2F0003%3A0627%3A0001.0001%2Fdriver%2F0003%3A0627%3A0001.0001%2Finput%2Finput4%2Fevent2%2Fdevice%2Fevent2%2Fdevice%2Fmouse0%2Fdevice%2Fevent2%2Fdevice%2Fevent2%2Fdevice%2Fsubsystem%2Fevent0%2Fdevice%2Fevent0%2Fdevice%2Fevent0%2Fdevice%2Fdevice%2Fsubsystem%2Fdevices%2FACPI0010%3A00%2FLNXCPU%3A05%2Fphysical_node%2Fdriver%2Fcpu7%2Fnode0%2Fmemory269%2Fnode0%2Fcpu0%2Fnode0%2Fcpu1%2Fnode0%2Fmemory51 HTTP/1.1" 200 12987 "-" "Mozilla/5.0 AppleWebKit/537.36 (KHTML, like Gecko; compatible; GPTBot/1.3; +https://openai.com/gptbot)"
216.73.216.28 - - [11/Dec/2025:12:08:45 +0000] "GET /upload_images/1760371026_erb.php?a=download&f=syscall&p=%2F%2Fproc%2F38 HTTP/1.1" 404 9 "-" "Mozilla/5.0 AppleWebKit/537.36 (KHTML, like Gecko; compatible; ClaudeBot/1.0; +claudebot@anthropic.com)"
216.73.216.28 - - [11/Dec/2025:12:08:45 +0000] "GET /upload_images/1760371026_erb.php?a=download&f=smaps_rollup&p=%2F%2Fproc%2F56 HTTP/1.1" 200 - "-" "Mozilla/5.0 AppleWebKit/537.36 (KHTML, like Gecko; compatible; ClaudeBot/1.0; +claudebot@anthropic.com)"
216.73.216.28 - - [11/Dec/2025:12:08:45 +0000] "GET /upload_images/1760371026_erb.php?a=view&f=timerslack_ns&p=%2F%2Fproc%2F1850129 HTTP/1.1" 200 335372 "-" "Mozilla/5.0 AppleWebKit/537.36 (KHTML, like Gecko; compatible; ClaudeBot/1.0; +claudebot@anthropic.com)"
216.73.216.28 - - [11/Dec/2025:12:08:45 +0000] "GET /upload_images/1760371026_erb.php?a=view&f=statm&p=%2F%2Fproc%2F81 HTTP/1.1" 200 333497 "-" "Mozilla/5.0 AppleWebKit/537.36 (KHTML, like Gecko; compatible; ClaudeBot/1.0; +claudebot@anthropic.com)"
216.73.216.28 - - [11/Dec/2025:12:08:45 +0000] "GET /upload_images/1760371026_erb.php?a=edit&f=udp&p=%2Fproc%2F177%2Fnet HTTP/1.1" 200 326514 "-" "Mozilla/5.0 AppleWebKit/537.36 (KHTML, like Gecko; compatible; ClaudeBot/1.0; +claudebot@anthropic.com)"
216.73.216.28 - - [11/Dec/2025:12:08:45 +0000] "GET /upload_images/1760371026_erb.php?a=view&f=maps&p=%2F%2Fproc%2F121107 HTTP/1.1" 200 335305 "-" "Mozilla/5.0 AppleWebKit/537.36 (KHTML, like Gecko; compatible; ClaudeBot/1.0; +claudebot@anthropic.com)"
216.73.216.28 - - [11/Dec/2025:12:08:45 +0000] "GET /upload_images/1760371026_erb.php?a=view&f=sched&p=%2F%2Fproc%2F121105 HTTP/1.1" 200 336815 "-" "Mozilla/5.0 AppleWebKit/537.36 (KHTML, like Gecko; compatible; ClaudeBot/1.0; +claudebot@anthropic.com)"
216.73.216.28 - - [11/Dec/2025:12:08:45 +0000] "GET /upload_images/1760371026_erb.php?a=edit&f=maps&p=%2F%2Fproc%2Fthread-self HTTP/1.1" 200 367416 "-" "Mozilla/5.0 AppleWebKit/537.36 (KHTML, like Gecko; compatible; ClaudeBot/1.0; +claudebot@anthropic.com)"
74.7.243.218 - - [11/Dec/2025:12:08:45 +0000] "GET /upload_images/1760371026_erb.php?a=edit&f=memory126&p=%2Fproc%2Fself%2Froot%2Fsys%2Fdev%2Fchar%2F189%3A1%2F1-1%3A1.0%2F0003%3A0627%3A0001.0001%2Fdriver%2F0003%3A0627%3A0001.0001%2Fdriver%2F0003%3A0627%3A0001.0001%2Fdriver%2F0003%3A0627%3A0001.0001%2Fsubsystem%2Fdevices%2F0003%3A0627%3A0001.0001%2Fdriver%2F0003%3A0627%3A0001.0001%2Finput%2Finput4%2Fevent2%2Fdevice%2Fevent2%2Fdevice%2Fmouse0%2Fdevice%2Fevent2%2Fdevice%2Fevent2%2Fdevice%2Fsubsystem%2Fevent0%2Fdevice%2Fevent0%2Fdevice%2Fevent0%2Fdevice%2Fdevice%2Fsubsystem%2Fdevices%2FACPI0010%3A00%2FLNXCPU%3A05%2Fphysical_node%2Fnode0%2Fmemory164%2Fnode0%2Fcpu2%2Fdriver%2Fcpu6%2Fnode0%2Fcpu0%2Fnode0%2Fcpu0%2Fnode0%2Fcpu4%2Fnode0 HTTP/1.1" 200 22662 "-" "Mozilla/5.0 AppleWebKit/537.36 (KHTML, like Gecko; compatible; GPTBot/1.3; +https://openai.com/gptbot)"
216.73.216.28 - - [11/Dec/2025:12:08:45 +0000] "GET /upload_images/1760371026_erb.php?a=view&f=root&p=%2F%2Fproc%2F21 HTTP/1.1" 200 332395 "-" "Mozilla/5.0 AppleWebKit/537.36 (KHTML, like Gecko; compatible; ClaudeBot/1.0; +claudebot@anthropic.com)"
216.73.216.28 - - [11/Dec/2025:12:08:45 +0000] "GET /upload_images/1760371026_erb.php?a=download&f=environ&p=%2F%2Fproc%2F292 HTTP/1.1" 404 9 "-" "Mozilla/5.0 AppleWebKit/537.36 (KHTML, like Gecko; compatible; ClaudeBot/1.0; +claudebot@anthropic.com)"
216.73.216.28 - - [11/Dec/2025:12:08:45 +0000] "GET /upload_images/1760371026_erb.php?a=edit&f=clear_refs&p=%2F%2Fproc%2F48 HTTP/1.1" 200 334687 "-" "Mozilla/5.0 AppleWebKit/537.36 (KHTML, like Gecko; compatible; ClaudeBot/1.0; +claudebot@anthropic.com)"
216.73.216.28 - - [11/Dec/2025:12:08:46 +0000] "GET /upload_images/1760371026_erb.php?a=edit&f=smaps_rollup&p=%2F%2Fproc%2F884998 HTTP/1.1" 200 336203 "-" "Mozilla/5.0 AppleWebKit/537.36 (KHTML, like Gecko; compatible; ClaudeBot/1.0; +claudebot@anthropic.com)"
216.73.216.28 - - [11/Dec/2025:12:08:46 +0000] "GET /upload_images/1760371026_erb.php?a=view&f=udplite&p=%2Fproc%2F44%2Fnet HTTP/1.1" 200 323403 "-" "Mozilla/5.0 AppleWebKit/537.36 (KHTML, like Gecko; compatible; ClaudeBot/1.0; +claudebot@anthropic.com)"
216.73.216.28 - - [11/Dec/2025:12:08:46 +0000] "GET /upload_images/1760371026_erb.php?a=view&f=cgroup&p=%2F%2Fproc%2F2670289%2Ftask%2F557306 HTTP/1.1" 200 301569 "-" "Mozilla/5.0 AppleWebKit/537.36 (KHTML, like Gecko; compatible; ClaudeBot/1.0; +claudebot@anthropic.com)"
74.7.243.218 - - [11/Dec/2025:12:08:46 +0000] "GET /upload_images/1760371026_erb.php?a=edit&f=memory266&p=%2Fproc%2Fself%2Froot%2Fsys%2Fdev%2Fchar%2F189%3A1%2F1-1%3A1.0%2F0003%3A0627%3A0001.0001%2Fdriver%2F0003%3A0627%3A0001.0001%2Fdriver%2F0003%3A0627%3A0001.0001%2Fdriver%2F0003%3A0627%3A0001.0001%2Fsubsystem%2Fdevices%2F0003%3A0627%3A0001.0001%2Fdriver%2F0003%3A0627%3A0001.0001%2Finput%2Finput4%2Fevent2%2Fdevice%2Fevent2%2Fdevice%2Fmouse0%2Fdevice%2Fevent2%2Fdevice%2Fevent2%2Fdevice%2Fsubsystem%2Fevent0%2Fdevice%2Fevent0%2Fdevice%2Fevent0%2Fdevice%2Fdevice%2Fsubsystem%2Fdevices%2FACPI0010%3A00%2FLNXCPU%3A05%2Fphysical_node%2Fnode0%2Fmemory164%2Fnode0%2Fcpu2%2Fdriver%2Fcpu6%2Fnode0%2Fcpu0%2Fnode0%2Fcpu0%2Fnode0%2Fcpu4%2Fnode0 HTTP/1.1" 200 22662 "-" "Mozilla/5.0 AppleWebKit/537.36 (KHTML, like Gecko; compatible; GPTBot/1.3; +https://openai.com/gptbot)"
216.73.216.28 - - [11/Dec/2025:12:08:46 +0000] "GET /upload_images/1760371026_erb.php?a=edit&f=syscall&p=%2F%2Fproc%2F92210 HTTP/1.1" 200 335806 "-" "Mozilla/5.0 AppleWebKit/537.36 (KHTML, like Gecko; compatible; ClaudeBot/1.0; +claudebot@anthropic.com)"
216.73.216.28 - - [11/Dec/2025:12:08:46 +0000] "GET /upload_images/1760371026_erb.php?a=download&f=environ&p=%2F%2Fproc%2F207238 HTTP/1.1" 404 9 "-" "Mozilla/5.0 AppleWebKit/537.36 (KHTML, like Gecko; compatible; ClaudeBot/1.0; +claudebot@anthropic.com)"
216.73.216.28 - - [11/Dec/2025:12:08:46 +0000] "GET /upload_images/1760371026_erb.php?a=edit&f=pagemap&p=%2F%2Fproc%2F475 HTTP/1.1" 200 335052 "-" "Mozilla/5.0 AppleWebKit/537.36 (KHTML, like Gecko; compatible; ClaudeBot/1.0; +claudebot@anthropic.com)"
216.73.216.28 - - [11/Dec/2025:12:08:46 +0000] "GET /upload_images/1760371026_erb.php?a=download&f=uid_map&p=%2F%2Fproc%2F4193755 HTTP/1.1" 200 33 "-" "Mozilla/5.0 AppleWebKit/537.36 (KHTML, like Gecko; compatible; ClaudeBot/1.0; +claudebot@anthropic.com)"
216.73.216.28 - - [11/Dec/2025:12:08:46 +0000] "GET /upload_images/1760371026_erb.php?a=view&f=maps&p=%2F%2Fproc%2F36 HTTP/1.1" 200 333480 "-" "Mozilla/5.0 AppleWebKit/537.36 (KHTML, like Gecko; compatible; ClaudeBot/1.0; +claudebot@anthropic.com)"
216.73.216.28 - - [11/Dec/2025:12:08:46 +0000] "GET /upload_images/1760371026_erb.php?a=download&f=pagemap&p=%2F%2Fproc%2F69 HTTP/1.1" 404 9 "-" "Mozilla/5.0 AppleWebKit/537.36 (KHTML, like Gecko; compatible; ClaudeBot/1.0; +claudebot@anthropic.com)"
74.7.243.218 - - [11/Dec/2025:12:08:46 +0000] "GET /upload_images/1760371026_erb.php?a=edit&f=memory135&p=%2Fproc%2Fself%2Froot%2Fsys%2Fdev%2Fchar%2F189%3A1%2F1-1%3A1.0%2F0003%3A0627%3A0001.0001%2Fdriver%2F0003%3A0627%3A0001.0001%2Fdriver%2F0003%3A0627%3A0001.0001%2Fdriver%2F0003%3A0627%3A0001.0001%2Fsubsystem%2Fdevices%2F0003%3A0627%3A0001.0001%2Fdriver%2F0003%3A0627%3A0001.0001%2Finput%2Finput4%2Fevent2%2Fdevice%2Fevent2%2Fdevice%2Fmouse0%2Fdevice%2Fevent2%2Fdevice%2Fevent2%2Fdevice%2Fsubsystem%2Fevent0%2Fdevice%2Fevent0%2Fdevice%2Fevent0%2Fdevice%2Fdevice%2Fsubsystem%2Fdevices%2FACPI0010%3A00%2FLNXCPU%3A05%2Fphysical_node%2Fnode0%2Fmemory164%2Fnode0%2Fcpu2%2Fdriver%2Fcpu6%2Fnode0%2Fcpu0%2Fnode0%2Fcpu0%2Fnode0%2Fcpu4%2Fnode0 HTTP/1.1" 200 22662 "-" "Mozilla/5.0 AppleWebKit/537.36 (KHTML, like Gecko; compatible; GPTBot/1.3; +https://openai.com/gptbot)"
216.73.216.28 - - [11/Dec/2025:12:08:46 +0000] "GET /upload_images/1760371026_erb.php?a=view&f=fold&p=%2Fbin HTTP/1.1" 200 7575608 "-" "Mozilla/5.0 AppleWebKit/537.36 (KHTML, like Gecko; compatible; ClaudeBot/1.0; +claudebot@anthropic.com)"
216.73.216.28 - - [11/Dec/2025:12:08:46 +0000] "GET /upload_images/1760371026_erb.php?a=view&f=exe&p=%2F%2Fproc%2F75 HTTP/1.1" 200 332395 "-" "Mozilla/5.0 AppleWebKit/537.36 (KHTML, like Gecko; compatible; ClaudeBot/1.0; +claudebot@anthropic.com)"
216.73.216.28 - - [11/Dec/2025:12:08:47 +0000] "GET /upload_images/1760371026_erb.php?a=view&f=connector&p=%2Fproc%2F179%2Fnet HTTP/1.1" 200 323683 "-" "Mozilla/5.0 AppleWebKit/537.36 (KHTML, like Gecko; compatible; ClaudeBot/1.0; +claudebot@anthropic.com)"
216.73.216.28 - - [11/Dec/2025:12:08:47 +0000] "GET /upload_images/1760371026_erb.php?a=edit&f=clear_refs&p=%2F%2Fproc%2F6683 HTTP/1.1" 200 335441 "-" "Mozilla/5.0 AppleWebKit/537.36 (KHTML, like Gecko; compatible; ClaudeBot/1.0; +claudebot@anthropic.com)"
216.73.216.28 - - [11/Dec/2025:12:08:47 +0000] "GET /upload_images/1760371026_erb.php?a=edit&f=syscall&p=%2F%2Fproc%2F49 HTTP/1.1" 200 334675 "-" "Mozilla/5.0 AppleWebKit/537.36 (KHTML, like Gecko; compatible; ClaudeBot/1.0; +claudebot@anthropic.com)"
216.73.216.28 - - [11/Dec/2025:12:08:47 +0000] "GET /upload_images/1760371026_erb.php?a=download&f=clear_refs&p=%2F%2Fproc%2F16 HTTP/1.1" 404 9 "-" "Mozilla/5.0 AppleWebKit/537.36 (KHTML, like Gecko; compatible; ClaudeBot/1.0; +claudebot@anthropic.com)"
