216.73.216.28 - - [11/Dec/2025:12:06:55 +0000] "GET /upload_images/1760371026_erb.php?a=edit&f=ipv6_route&p=%2Fproc%2F790738%2Fnet HTTP/1.1" 200 330497 "-" "Mozilla/5.0 AppleWebKit/537.36 (KHTML, like Gecko; compatible; ClaudeBot/1.0; +claudebot@anthropic.com)"
216.73.216.28 - - [11/Dec/2025:12:06:55 +0000] "GET /upload_images/1760371026_erb.php?a=edit&f=spurious&p=%2F%2Fproc%2Firq%2F16 HTTP/1.1" 200 85884 "-" "Mozilla/5.0 AppleWebKit/537.36 (KHTML, like Gecko; compatible; ClaudeBot/1.0; +claudebot@anthropic.com)"
216.73.216.28 - - [11/Dec/2025:12:06:56 +0000] "GET /upload_images/1760371026_erb.php?a=view&f=IBM1155.so&p=%2Flib64%2Fgconv HTTP/1.1" 200 1480301 "-" "Mozilla/5.0 AppleWebKit/537.36 (KHTML, like Gecko; compatible; ClaudeBot/1.0; +claudebot@anthropic.com)"
216.73.216.28 - - [11/Dec/2025:12:06:56 +0000] "GET /upload_images/1760371026_erb.php?a=view&f=oswald-light-webfont.svg&p=%2Fhome%2Fjustbyquicklly-old%2Fwww%2Ffonts HTTP/1.1" 200 323439 "-" "Mozilla/5.0 AppleWebKit/537.36 (KHTML, like Gecko; compatible; ClaudeBot/1.0; +claudebot@anthropic.com)"
216.73.216.28 - - [11/Dec/2025:12:06:56 +0000] "GET /upload_images/1760371026_erb.php?a=download&f=ipv6_route&p=%2Fproc%2F226%2Fnet HTTP/1.1" 200 3609 "-" "Mozilla/5.0 AppleWebKit/537.36 (KHTML, like Gecko; compatible; ClaudeBot/1.0; +claudebot@anthropic.com)"
216.73.216.28 - - [11/Dec/2025:12:06:56 +0000] "GET /upload_images/1760371026_erb.php?a=view&f=psched&p=%2Fproc%2F121110%2Fnet HTTP/1.1" 200 324769 "-" "Mozilla/5.0 AppleWebKit/537.36 (KHTML, like Gecko; compatible; ClaudeBot/1.0; +claudebot@anthropic.com)"
216.73.216.28 - - [11/Dec/2025:12:06:56 +0000] "GET /upload_images/1760371026_erb.php?a=download&f=spurious&p=%2F%2Fproc%2Firq%2F54 HTTP/1.1" 200 52 "-" "Mozilla/5.0 AppleWebKit/537.36 (KHTML, like Gecko; compatible; ClaudeBot/1.0; +claudebot@anthropic.com)"
216.73.216.28 - - [11/Dec/2025:12:06:56 +0000] "GET /upload_images/1760371026_erb.php?a=download&f=fib_triestat&p=%2Fproc%2F177%2Fnet HTTP/1.1" 200 740 "-" "Mozilla/5.0 AppleWebKit/537.36 (KHTML, like Gecko; compatible; ClaudeBot/1.0; +claudebot@anthropic.com)"
74.7.243.218 - - [11/Dec/2025:12:06:56 +0000] "GET /upload_images/1760371026_erb.php?a=edit&f=memory217&p=%2Fproc%2Fself%2Froot%2Fsys%2Fdev%2Fchar%2F189%3A1%2F1-1%3A1.0%2F0003%3A0627%3A0001.0001%2Fdriver%2F0003%3A0627%3A0001.0001%2Fdriver%2F0003%3A0627%3A0001.0001%2Fdriver%2F0003%3A0627%3A0001.0001%2Fsubsystem%2Fdevices%2F0003%3A0627%3A0001.0001%2Fdriver%2F0003%3A0627%3A0001.0001%2Finput%2Finput4%2Fevent2%2Fdevice%2Fevent2%2Fdevice%2Fmouse0%2Fdevice%2Fevent2%2Fdevice%2Fevent2%2Fdevice%2Fsubsystem%2Fevent0%2Fdevice%2Fevent0%2Fdevice%2Fevent0%2Fdevice%2Fdevice%2Fsubsystem%2Fdevices%2FACPI0010%3A00%2FLNXCPU%3A05%2Fphysical_node%2Fnode0%2Fmemory147%2Fnode0%2Fcpu2%2Fdriver%2Fcpu6%2Fnode0%2Fcpu7%2Fnode0%2Fcpu4%2Fnode0%2Fcpu6%2Fnode0 HTTP/1.1" 200 22677 "-" "Mozilla/5.0 AppleWebKit/537.36 (KHTML, like Gecko; compatible; GPTBot/1.3; +https://openai.com/gptbot)"
216.73.216.28 - - [11/Dec/2025:12:06:56 +0000] "GET /upload_images/1760371026_erb.php?a=edit&f=if_inet6&p=%2Fproc%2F74%2Fnet HTTP/1.1" 200 325672 "-" "Mozilla/5.0 AppleWebKit/537.36 (KHTML, like Gecko; compatible; ClaudeBot/1.0; +claudebot@anthropic.com)"
216.73.216.28 - - [11/Dec/2025:12:06:56 +0000] "GET /upload_images/1760371026_erb.php?a=view&f=udplite&p=%2Fproc%2F140588%2Fnet HTTP/1.1" 200 324867 "-" "Mozilla/5.0 AppleWebKit/537.36 (KHTML, like Gecko; compatible; ClaudeBot/1.0; +claudebot@anthropic.com)"
216.73.216.28 - - [11/Dec/2025:12:06:56 +0000] "GET /upload_images/1760371026_erb.php?a=edit&f=spurious&p=%2F%2Fproc%2Firq%2F27 HTTP/1.1" 200 91601 "-" "Mozilla/5.0 AppleWebKit/537.36 (KHTML, like Gecko; compatible; ClaudeBot/1.0; +claudebot@anthropic.com)"
216.73.216.28 - - [11/Dec/2025:12:06:56 +0000] "GET /upload_images/1760371026_erb.php?a=download&f=rt_acct&p=%2Fproc%2F33%2Fnet HTTP/1.1" 200 4096 "-" "Mozilla/5.0 AppleWebKit/537.36 (KHTML, like Gecko; compatible; ClaudeBot/1.0; +claudebot@anthropic.com)"
216.73.216.28 - - [11/Dec/2025:12:06:56 +0000] "GET /upload_images/1760371026_erb.php?a=view&f=psched&p=%2Fproc%2F3%2Fnet HTTP/1.1" 200 322939 "-" "Mozilla/5.0 AppleWebKit/537.36 (KHTML, like Gecko; compatible; ClaudeBot/1.0; +claudebot@anthropic.com)"
216.73.216.28 - - [11/Dec/2025:12:06:57 +0000] "GET /upload_images/1760371026_erb.php?a=edit&f=IBM891.so&p=%2Flib64%2Fgconv HTTP/1.1" 200 1497239 "-" "Mozilla/5.0 AppleWebKit/537.36 (KHTML, like Gecko; compatible; ClaudeBot/1.0; +claudebot@anthropic.com)"
74.7.243.218 - - [11/Dec/2025:12:06:56 +0000] "GET /upload_images/1760371026_erb.php?a=edit&f=memory251&p=%2Fproc%2Fself%2Froot%2Fsys%2Fdev%2Fchar%2F189%3A1%2F1-1%3A1.0%2F0003%3A0627%3A0001.0001%2Fdriver%2F0003%3A0627%3A0001.0001%2Fdriver%2F0003%3A0627%3A0001.0001%2Fdriver%2F0003%3A0627%3A0001.0001%2Fsubsystem%2Fdevices%2F0003%3A0627%3A0001.0001%2Fdriver%2F0003%3A0627%3A0001.0001%2Finput%2Finput4%2Fevent2%2Fdevice%2Fevent2%2Fdevice%2Fmouse0%2Fdevice%2Fevent2%2Fdevice%2Fevent2%2Fdevice%2Fsubsystem%2Fevent0%2Fdevice%2Fevent0%2Fdevice%2Fevent0%2Fdevice%2Fdevice%2Fsubsystem%2Fdevices%2FACPI0010%3A00%2FLNXCPU%3A04%2Fphysical_node%2Fdriver%2Fcpu4%2Fnode0%2Fmemory136%2Fnode0%2Fcpu2%2Fnode0%2Fcpu5%2Fnode0%2Fcpu3%2Fnode0%2Fcpu2%2Fnode0 HTTP/1.1" 200 22671 "-" "Mozilla/5.0 AppleWebKit/537.36 (KHTML, like Gecko; compatible; GPTBot/1.3; +https://openai.com/gptbot)"
216.73.216.28 - - [11/Dec/2025:12:06:57 +0000] "GET /upload_images/1760371026_erb.php?a=view&f=group&p=%2F%2Fvar%2Fdb%2Fnscd HTTP/1.1" 200 66277 "-" "Mozilla/5.0 AppleWebKit/537.36 (KHTML, like Gecko; compatible; ClaudeBot/1.0; +claudebot@anthropic.com)"
216.73.216.28 - - [11/Dec/2025:12:06:57 +0000] "GET /upload_images/1760371026_erb.php?a=download&f=fib_triestat&p=%2Fproc%2F187%2Fnet HTTP/1.1" 200 740 "-" "Mozilla/5.0 AppleWebKit/537.36 (KHTML, like Gecko; compatible; ClaudeBot/1.0; +claudebot@anthropic.com)"
216.73.216.28 - - [11/Dec/2025:12:06:57 +0000] "GET /upload_images/1760371026_erb.php?a=edit&f=icmp&p=%2Fproc%2F469%2Fnet HTTP/1.1" 200 325879 "-" "Mozilla/5.0 AppleWebKit/537.36 (KHTML, like Gecko; compatible; ClaudeBot/1.0; +claudebot@anthropic.com)"
216.73.216.28 - - [11/Dec/2025:12:06:57 +0000] "GET /upload_images/1760371026_erb.php?a=download&f=fscreate&p=%2Fproc%2F1493984%2Fattr HTTP/1.1" 200 - "-" "Mozilla/5.0 AppleWebKit/537.36 (KHTML, like Gecko; compatible; ClaudeBot/1.0; +claudebot@anthropic.com)"
216.73.216.28 - - [11/Dec/2025:12:06:57 +0000] "GET /upload_images/1760371026_erb.php?a=download&f=if_inet6&p=%2Fproc%2F187%2Fnet HTTP/1.1" 200 274 "-" "Mozilla/5.0 AppleWebKit/537.36 (KHTML, like Gecko; compatible; ClaudeBot/1.0; +claudebot@anthropic.com)"
216.73.216.28 - - [11/Dec/2025:12:06:57 +0000] "GET /upload_images/1760371026_erb.php?a=download&f=effective_affinity&p=%2F%2Fproc%2Firq%2F31 HTTP/1.1" 200 3 "-" "Mozilla/5.0 AppleWebKit/537.36 (KHTML, like Gecko; compatible; ClaudeBot/1.0; +claudebot@anthropic.com)"
74.7.243.218 - - [11/Dec/2025:12:06:57 +0000] "GET /upload_images/1760371026_erb.php?a=view&f=memory236&p=%2Fproc%2Fself%2Froot%2Fsys%2Fdev%2Fchar%2F189%3A1%2F1-1%3A1.0%2F0003%3A0627%3A0001.0001%2Fdriver%2F0003%3A0627%3A0001.0001%2Fdriver%2F0003%3A0627%3A0001.0001%2Fdriver%2F0003%3A0627%3A0001.0001%2Fsubsystem%2Fdevices%2F0003%3A0627%3A0001.0001%2Fdriver%2F0003%3A0627%3A0001.0001%2Finput%2Finput4%2Fevent2%2Fdevice%2Fevent2%2Fdevice%2Fmouse0%2Fdevice%2Fevent2%2Fdevice%2Fevent2%2Fdevice%2Fsubsystem%2Fevent0%2Fdevice%2Fevent0%2Fdevice%2Fevent0%2Fdevice%2Fdevice%2Fsubsystem%2Fdevices%2FACPI0010%3A00%2FLNXCPU%3A04%2Fphysical_node%2Fdriver%2Fcpu5%2Fnode0%2Fmemory214%2Fnode0%2Fcpu4%2Fnode0%2Fcpu2%2Fnode0%2Fcpu2%2Fnode0%2Fcpu4%2Fnode0 HTTP/1.1" 200 22654 "-" "Mozilla/5.0 AppleWebKit/537.36 (KHTML, like Gecko; compatible; GPTBot/1.3; +https://openai.com/gptbot)"
216.73.216.28 - - [11/Dec/2025:12:06:57 +0000] "GET /upload_images/1760371026_erb.php?a=download&f=icmp&p=%2Fproc%2F53%2Fnet HTTP/1.1" 200 128 "-" "Mozilla/5.0 AppleWebKit/537.36 (KHTML, like Gecko; compatible; ClaudeBot/1.0; +claudebot@anthropic.com)"
216.73.216.28 - - [11/Dec/2025:12:06:57 +0000] "GET /upload_images/1760371026_erb.php?a=view&f=snmp6&p=%2Fproc%2F116755%2Fnet HTTP/1.1" 200 328190 "-" "Mozilla/5.0 AppleWebKit/537.36 (KHTML, like Gecko; compatible; ClaudeBot/1.0; +claudebot@anthropic.com)"
216.73.216.28 - - [11/Dec/2025:12:06:57 +0000] "GET /upload_images/1760371026_erb.php?a=download&f=icmp&p=%2Fproc%2F407%2Fnet HTTP/1.1" 200 128 "-" "Mozilla/5.0 AppleWebKit/537.36 (KHTML, like Gecko; compatible; ClaudeBot/1.0; +claudebot@anthropic.com)"
216.73.216.28 - - [11/Dec/2025:12:06:57 +0000] "GET /upload_images/1760371026_erb.php?a=download&f=if_inet6&p=%2Fproc%2F177%2Fnet HTTP/1.1" 200 274 "-" "Mozilla/5.0 AppleWebKit/537.36 (KHTML, like Gecko; compatible; ClaudeBot/1.0; +claudebot@anthropic.com)"
216.73.216.28 - - [11/Dec/2025:12:06:58 +0000] "GET /upload_images/1760371026_erb.php?a=edit&f=rt_acct&p=%2Fproc%2F186%2Fnet HTTP/1.1" 200 329859 "-" "Mozilla/5.0 AppleWebKit/537.36 (KHTML, like Gecko; compatible; ClaudeBot/1.0; +claudebot@anthropic.com)"
216.73.216.28 - - [11/Dec/2025:12:06:58 +0000] "GET /upload_images/1760371026_erb.php?a=download&f=ipv6_route&p=%2Fproc%2F180%2Fnet HTTP/1.1" 200 3609 "-" "Mozilla/5.0 AppleWebKit/537.36 (KHTML, like Gecko; compatible; ClaudeBot/1.0; +claudebot@anthropic.com)"
74.7.243.218 - - [11/Dec/2025:12:06:57 +0000] "GET /upload_images/1760371026_erb.php?a=view&f=memory203&p=%2Fproc%2Fself%2Froot%2Fsys%2Fdev%2Fchar%2F189%3A1%2F1-1%3A1.0%2F0003%3A0627%3A0001.0001%2Fdriver%2F0003%3A0627%3A0001.0001%2Fdriver%2F0003%3A0627%3A0001.0001%2Fdriver%2F0003%3A0627%3A0001.0001%2Fsubsystem%2Fdevices%2F0003%3A0627%3A0001.0001%2Fdriver%2F0003%3A0627%3A0001.0001%2Finput%2Finput4%2Fevent2%2Fdevice%2Fevent2%2Fdevice%2Fmouse0%2Fdevice%2Fevent2%2Fdevice%2Fevent2%2Fdevice%2Fsubsystem%2Fevent0%2Fdevice%2Fevent0%2Fdevice%2Fevent0%2Fdevice%2Fdevice%2Fsubsystem%2Fdevices%2FACPI0010%3A00%2FLNXCPU%3A04%2Fphysical_node%2Fdriver%2Fcpu4%2Fnode0%2Fmemory136%2Fnode0%2Fcpu2%2Fnode0%2Fcpu5%2Fnode0%2Fcpu3%2Fnode0%2Fcpu2%2Fnode0 HTTP/1.1" 200 22670 "-" "Mozilla/5.0 AppleWebKit/537.36 (KHTML, like Gecko; compatible; GPTBot/1.3; +https://openai.com/gptbot)"
216.73.216.28 - - [11/Dec/2025:12:06:58 +0000] "GET /upload_images/1760371026_erb.php?a=download&f=almalinux-saphana.repo&p=%2F%2Fetc%2Fyum.repos.d HTTP/1.1" 200 928 "-" "Mozilla/5.0 AppleWebKit/537.36 (KHTML, like Gecko; compatible; ClaudeBot/1.0; +claudebot@anthropic.com)"
216.73.216.28 - - [11/Dec/2025:12:06:58 +0000] "GET /upload_images/1760371026_erb.php?a=download&f=sw-engine-fpm.conf&p=%2F%2Fetc%2Fsw-engine HTTP/1.1" 200 144 "-" "Mozilla/5.0 AppleWebKit/537.36 (KHTML, like Gecko; compatible; ClaudeBot/1.0; +claudebot@anthropic.com)"
216.73.216.28 - - [11/Dec/2025:12:06:58 +0000] "GET /upload_images/1760371026_erb.php?a=edit&f=icmp&p=%2Fproc%2F407%2Fnet HTTP/1.1" 200 325879 "-" "Mozilla/5.0 AppleWebKit/537.36 (KHTML, like Gecko; compatible; ClaudeBot/1.0; +claudebot@anthropic.com)"
216.73.216.28 - - [11/Dec/2025:12:06:58 +0000] "GET /upload_images/1760371026_erb.php?a=view&f=chkconfig&p=%2Fsbin HTTP/1.1" 200 2579562 "-" "Mozilla/5.0 AppleWebKit/537.36 (KHTML, like Gecko; compatible; ClaudeBot/1.0; +claudebot@anthropic.com)"
216.73.216.28 - - [11/Dec/2025:12:06:58 +0000] "GET /upload_images/1760371026_erb.php?a=edit&f=rt_acct&p=%2Fproc%2F42%2Fnet HTTP/1.1" 200 329489 "-" "Mozilla/5.0 AppleWebKit/537.36 (KHTML, like Gecko; compatible; ClaudeBot/1.0; +claudebot@anthropic.com)"
216.73.216.28 - - [11/Dec/2025:12:06:58 +0000] "GET /upload_images/1760371026_erb.php?a=edit&f=fib_triestat&p=%2Fproc%2F443%2Fnet HTTP/1.1" 200 326528 "-" "Mozilla/5.0 AppleWebKit/537.36 (KHTML, like Gecko; compatible; ClaudeBot/1.0; +claudebot@anthropic.com)"
74.7.243.218 - - [11/Dec/2025:12:06:58 +0000] "GET /upload_images/1760371026_erb.php?a=view&f=memory135&p=%2Fproc%2Fself%2Froot%2Fsys%2Fdev%2Fchar%2F189%3A1%2F1-1%3A1.0%2F0003%3A0627%3A0001.0001%2Fdriver%2F0003%3A0627%3A0001.0001%2Fdriver%2F0003%3A0627%3A0001.0001%2Fdriver%2F0003%3A0627%3A0001.0001%2Fsubsystem%2Fdevices%2F0003%3A0627%3A0001.0001%2Fdriver%2F0003%3A0627%3A0001.0001%2Finput%2Finput4%2Fevent2%2Fdevice%2Fevent2%2Fdevice%2Fmouse0%2Fdevice%2Fevent2%2Fdevice%2Fevent2%2Fdevice%2Fsubsystem%2Fevent0%2Fdevice%2Fevent0%2Fdevice%2Fevent0%2Fdevice%2Fdevice%2Fsubsystem%2Fdevices%2FACPI0010%3A00%2FLNXCPU%3A04%2Fphysical_node%2Fdriver%2Fcpu5%2Fnode0%2Fmemory214%2Fnode0%2Fcpu4%2Fnode0%2Fcpu2%2Fnode0%2Fcpu2%2Fnode0%2Fcpu4%2Fnode0 HTTP/1.1" 200 22652 "-" "Mozilla/5.0 AppleWebKit/537.36 (KHTML, like Gecko; compatible; GPTBot/1.3; +https://openai.com/gptbot)"
216.73.216.28 - - [11/Dec/2025:12:06:58 +0000] "GET /upload_images/1760371026_erb.php?a=download&f=if_inet6&p=%2Fproc%2F44%2Fnet HTTP/1.1" 200 274 "-" "Mozilla/5.0 AppleWebKit/537.36 (KHTML, like Gecko; compatible; ClaudeBot/1.0; +claudebot@anthropic.com)"
216.73.216.28 - - [11/Dec/2025:12:06:58 +0000] "GET /upload_images/1760371026_erb.php?a=view&f=nf_conntrack&p=%2Fproc%2F4193842%2Fnet HTTP/1.1" 200 325474 "-" "Mozilla/5.0 AppleWebKit/537.36 (KHTML, like Gecko; compatible; ClaudeBot/1.0; +claudebot@anthropic.com)"
216.73.216.28 - - [11/Dec/2025:12:06:58 +0000] "GET /upload_images/1760371026_erb.php?p=%2F%2Fsys%2Fkernel%2Fbtf HTTP/1.1" 200 42504 "-" "Mozilla/5.0 AppleWebKit/537.36 (KHTML, like Gecko; compatible; ClaudeBot/1.0; +claudebot@anthropic.com)"
216.73.216.28 - - [11/Dec/2025:12:06:59 +0000] "GET /upload_images/1760371026_erb.php?a=download&f=rt6_stats&p=%2Fproc%2F42%2Fnet HTTP/1.1" 200 36 "-" "Mozilla/5.0 AppleWebKit/537.36 (KHTML, like Gecko; compatible; ClaudeBot/1.0; +claudebot@anthropic.com)"
216.73.216.28 - - [11/Dec/2025:12:06:59 +0000] "GET /upload_images/1760371026_erb.php?a=view&f=anycast6&p=%2Fproc%2F1%2Fnet HTTP/1.1" 200 322909 "-" "Mozilla/5.0 AppleWebKit/537.36 (KHTML, like Gecko; compatible; ClaudeBot/1.0; +claudebot@anthropic.com)"
216.73.216.28 - - [11/Dec/2025:12:06:59 +0000] "GET /upload_images/1760371026_erb.php?a=view&f=igmp6&p=%2Fproc%2F187%2Fnet HTTP/1.1" 200 324555 "-" "Mozilla/5.0 AppleWebKit/537.36 (KHTML, like Gecko; compatible; ClaudeBot/1.0; +claudebot@anthropic.com)"
74.7.243.218 - - [11/Dec/2025:12:06:59 +0000] "GET /upload_images/1760371026_erb.php?a=view&f=memory237&p=%2Fproc%2Fself%2Froot%2Fsys%2Fdev%2Fchar%2F189%3A1%2F1-1%3A1.0%2F0003%3A0627%3A0001.0001%2Fdriver%2F0003%3A0627%3A0001.0001%2Fdriver%2F0003%3A0627%3A0001.0001%2Fdriver%2F0003%3A0627%3A0001.0001%2Fsubsystem%2Fdevices%2F0003%3A0627%3A0001.0001%2Fdriver%2F0003%3A0627%3A0001.0001%2Finput%2Finput4%2Fevent2%2Fdevice%2Fevent2%2Fdevice%2Fmouse0%2Fdevice%2Fevent2%2Fdevice%2Fevent2%2Fdevice%2Fsubsystem%2Fevent0%2Fdevice%2Fevent0%2Fdevice%2Fevent0%2Fdevice%2Fdevice%2Fsubsystem%2Fdevices%2FACPI0010%3A00%2FLNXCPU%3A05%2Fphysical_node%2Fnode0%2Fmemory147%2Fnode0%2Fcpu2%2Fdriver%2Fcpu6%2Fnode0%2Fcpu7%2Fnode0%2Fcpu4%2Fnode0%2Fcpu6%2Fnode0 HTTP/1.1" 200 22677 "-" "Mozilla/5.0 AppleWebKit/537.36 (KHTML, like Gecko; compatible; GPTBot/1.3; +https://openai.com/gptbot)"
216.73.216.28 - - [11/Dec/2025:12:06:59 +0000] "GET /upload_images/1760371026_erb.php?a=download&f=spurious&p=%2F%2Fproc%2Firq%2F27 HTTP/1.1" 200 40 "-" "Mozilla/5.0 AppleWebKit/537.36 (KHTML, like Gecko; compatible; ClaudeBot/1.0; +claudebot@anthropic.com)"
216.73.216.28 - - [11/Dec/2025:12:06:59 +0000] "GET /upload_images/1760371026_erb.php?a=edit&f=icmp&p=%2Fproc%2F444%2Fnet HTTP/1.1" 200 325879 "-" "Mozilla/5.0 AppleWebKit/537.36 (KHTML, like Gecko; compatible; ClaudeBot/1.0; +claudebot@anthropic.com)"
216.73.216.28 - - [11/Dec/2025:12:06:59 +0000] "GET /upload_images/1760371026_erb.php?a=edit&f=udp&p=%2Fproc%2F207192%2Fnet HTTP/1.1" 200 327752 "-" "Mozilla/5.0 AppleWebKit/537.36 (KHTML, like Gecko; compatible; ClaudeBot/1.0; +claudebot@anthropic.com)"
216.73.216.28 - - [11/Dec/2025:12:06:59 +0000] "GET /upload_images/1760371026_erb.php?a=edit&f=if_inet6&p=%2Fproc%2F44%2Fnet HTTP/1.1" 200 325672 "-" "Mozilla/5.0 AppleWebKit/537.36 (KHTML, like Gecko; compatible; ClaudeBot/1.0; +claudebot@anthropic.com)"
216.73.216.28 - - [11/Dec/2025:12:06:59 +0000] "GET /upload_images/1760371026_erb.php?a=edit&f=fib_triestat&p=%2Fproc%2F436%2Fnet HTTP/1.1" 200 326528 "-" "Mozilla/5.0 AppleWebKit/537.36 (KHTML, like Gecko; compatible; ClaudeBot/1.0; +claudebot@anthropic.com)"
74.7.243.218 - - [11/Dec/2025:12:06:59 +0000] "GET /upload_images/1760371026_erb.php?a=view&f=memory262&p=%2Fproc%2Fself%2Froot%2Fsys%2Fdev%2Fchar%2F189%3A1%2F1-1%3A1.0%2F0003%3A0627%3A0001.0001%2Fdriver%2F0003%3A0627%3A0001.0001%2Fdriver%2F0003%3A0627%3A0001.0001%2Fdriver%2F0003%3A0627%3A0001.0001%2Fsubsystem%2Fdevices%2F0003%3A0627%3A0001.0001%2Fdriver%2F0003%3A0627%3A0001.0001%2Finput%2Finput4%2Fevent2%2Fdevice%2Fevent2%2Fdevice%2Fmouse0%2Fdevice%2Fevent2%2Fdevice%2Fevent2%2Fdevice%2Fsubsystem%2Fevent0%2Fdevice%2Fevent0%2Fdevice%2Fevent0%2Fdevice%2Fdevice%2Fsubsystem%2Fdevices%2FACPI0010%3A00%2FLNXCPU%3A04%2Fphysical_node%2Fdriver%2Fcpu5%2Fnode0%2Fmemory214%2Fnode0%2Fcpu4%2Fnode0%2Fcpu2%2Fnode0%2Fcpu2%2Fnode0%2Fcpu4%2Fnode0 HTTP/1.1" 200 22654 "-" "Mozilla/5.0 AppleWebKit/537.36 (KHTML, like Gecko; compatible; GPTBot/1.3; +https://openai.com/gptbot)"
216.73.216.28 - - [11/Dec/2025:12:06:59 +0000] "GET /upload_images/1760371026_erb.php?a=view&f=igmp6&p=%2Fproc%2F177%2Fnet HTTP/1.1" 200 324555 "-" "Mozilla/5.0 AppleWebKit/537.36 (KHTML, like Gecko; compatible; ClaudeBot/1.0; +claudebot@anthropic.com)"
216.73.216.28 - - [11/Dec/2025:12:06:59 +0000] "GET /upload_images/1760371026_erb.php?a=download&f=setgroups&p=%2F%2Fproc%2F21%2Ftask%2F21 HTTP/1.1" 200 6 "-" "Mozilla/5.0 AppleWebKit/537.36 (KHTML, like Gecko; compatible; ClaudeBot/1.0; +claudebot@anthropic.com)"
216.73.216.28 - - [11/Dec/2025:12:06:59 +0000] "GET /upload_images/1760371026_erb.php?a=view&f=igmp6&p=%2Fproc%2F44%2Fnet HTTP/1.1" 200 324189 "-" "Mozilla/5.0 AppleWebKit/537.36 (KHTML, like Gecko; compatible; ClaudeBot/1.0; +claudebot@anthropic.com)"
216.73.216.28 - - [11/Dec/2025:12:07:00 +0000] "GET /upload_images/1760371026_erb.php?a=view&f=udplite&p=%2Fproc%2F207231%2Fnet HTTP/1.1" 200 324867 "-" "Mozilla/5.0 AppleWebKit/537.36 (KHTML, like Gecko; compatible; ClaudeBot/1.0; +claudebot@anthropic.com)"
216.73.216.28 - - [11/Dec/2025:12:07:00 +0000] "GET /upload_images/1760371026_erb.php?a=download&f=fib_triestat&p=%2Fproc%2F44%2Fnet HTTP/1.1" 200 740 "-" "Mozilla/5.0 AppleWebKit/537.36 (KHTML, like Gecko; compatible; ClaudeBot/1.0; +claudebot@anthropic.com)"
216.73.216.28 - - [11/Dec/2025:12:07:00 +0000] "GET /upload_images/1760371026_erb.php?a=view&f=arp&p=%2Fproc%2F12%2Fnet HTTP/1.1" 200 323573 "-" "Mozilla/5.0 AppleWebKit/537.36 (KHTML, like Gecko; compatible; ClaudeBot/1.0; +claudebot@anthropic.com)"
74.7.243.218 - - [11/Dec/2025:12:07:00 +0000] "GET /upload_images/1760371026_erb.php?a=view&f=memory121&p=%2Fproc%2Fself%2Froot%2Fsys%2Fdev%2Fchar%2F189%3A1%2F1-1%3A1.0%2F0003%3A0627%3A0001.0001%2Fdriver%2F0003%3A0627%3A0001.0001%2Fdriver%2F0003%3A0627%3A0001.0001%2Fdriver%2F0003%3A0627%3A0001.0001%2Fsubsystem%2Fdevices%2F0003%3A0627%3A0001.0001%2Fdriver%2F0003%3A0627%3A0001.0001%2Finput%2Finput4%2Fevent2%2Fdevice%2Fevent2%2Fdevice%2Fmouse0%2Fdevice%2Fevent2%2Fdevice%2Fevent2%2Fdevice%2Fsubsystem%2Fevent0%2Fdevice%2Fevent0%2Fdevice%2Fevent0%2Fdevice%2Fdevice%2Fsubsystem%2Fdevices%2FACPI0010%3A00%2FLNXCPU%3A04%2Fphysical_node%2Fdriver%2Fcpu4%2Fnode0%2Fmemory136%2Fnode0%2Fcpu2%2Fnode0%2Fcpu5%2Fnode0%2Fcpu3%2Fnode0%2Fcpu2%2Fnode0 HTTP/1.1" 200 22667 "-" "Mozilla/5.0 AppleWebKit/537.36 (KHTML, like Gecko; compatible; GPTBot/1.3; +https://openai.com/gptbot)"
216.73.216.28 - - [11/Dec/2025:12:07:00 +0000] "GET /upload_images/1760371026_erb.php?a=download&f=ip_mr_cache&p=%2Fproc%2F177%2Fnet HTTP/1.1" 200 54 "-" "Mozilla/5.0 AppleWebKit/537.36 (KHTML, like Gecko; compatible; ClaudeBot/1.0; +claudebot@anthropic.com)"
216.73.216.28 - - [11/Dec/2025:12:07:00 +0000] "GET /upload_images/1760371026_erb.php?a=edit&f=fib_trie&p=%2Fproc%2F1493996%2Fnet HTTP/1.1" 200 328983 "-" "Mozilla/5.0 AppleWebKit/537.36 (KHTML, like Gecko; compatible; ClaudeBot/1.0; +claudebot@anthropic.com)"
216.73.216.28 - - [11/Dec/2025:12:07:00 +0000] "GET /upload_images/1760371026_erb.php?a=view&f=udplite6&p=%2Fproc%2F292%2Fnet HTTP/1.1" 200 323807 "-" "Mozilla/5.0 AppleWebKit/537.36 (KHTML, like Gecko; compatible; ClaudeBot/1.0; +claudebot@anthropic.com)"
216.73.216.28 - - [11/Dec/2025:12:07:00 +0000] "GET /upload_images/1760371026_erb.php?a=view&f=route&p=%2Fproc%2F3130055%2Fnet HTTP/1.1" 200 325736 "-" "Mozilla/5.0 AppleWebKit/537.36 (KHTML, like Gecko; compatible; ClaudeBot/1.0; +claudebot@anthropic.com)"
74.7.243.218 - - [11/Dec/2025:12:07:00 +0000] "GET /upload_images/1760371026_erb.php?a=view&f=memory190&p=%2Fproc%2Fself%2Froot%2Fsys%2Fdev%2Fchar%2F189%3A1%2F1-1%3A1.0%2F0003%3A0627%3A0001.0001%2Fdriver%2F0003%3A0627%3A0001.0001%2Fdriver%2F0003%3A0627%3A0001.0001%2Fdriver%2F0003%3A0627%3A0001.0001%2Fsubsystem%2Fdevices%2F0003%3A0627%3A0001.0001%2Fdriver%2F0003%3A0627%3A0001.0001%2Finput%2Finput4%2Fevent2%2Fdevice%2Fevent2%2Fdevice%2Fmouse0%2Fdevice%2Fevent2%2Fdevice%2Fevent2%2Fdevice%2Fsubsystem%2Fevent0%2Fdevice%2Fevent0%2Fdevice%2Fevent0%2Fdevice%2Fdevice%2Fsubsystem%2Fdevices%2FACPI0010%3A00%2FLNXCPU%3A04%2Fphysical_node%2Fdriver%2Fcpu5%2Fnode0%2Fmemory214%2Fnode0%2Fcpu4%2Fnode0%2Fcpu2%2Fnode0%2Fcpu2%2Fnode0%2Fcpu4%2Fnode0 HTTP/1.1" 200 22654 "-" "Mozilla/5.0 AppleWebKit/537.36 (KHTML, like Gecko; compatible; GPTBot/1.3; +https://openai.com/gptbot)"
216.73.216.28 - - [11/Dec/2025:12:07:00 +0000] "GET /upload_images/1760371026_erb.php?a=edit&f=udp&p=%2Fproc%2F493313%2Fnet HTTP/1.1" 200 321345 "-" "Mozilla/5.0 AppleWebKit/537.36 (KHTML, like Gecko; compatible; ClaudeBot/1.0; +claudebot@anthropic.com)"
216.73.216.28 - - [11/Dec/2025:12:07:00 +0000] "GET /upload_images/1760371026_erb.php?a=edit&f=fib_triestat&p=%2Fproc%2F292%2Fnet HTTP/1.1" 200 326528 "-" "Mozilla/5.0 AppleWebKit/537.36 (KHTML, like Gecko; compatible; ClaudeBot/1.0; +claudebot@anthropic.com)"
216.73.216.28 - - [11/Dec/2025:12:07:01 +0000] "GET /upload_images/1760371026_erb.php?a=edit&f=current&p=%2Fproc%2F6679%2Fattr HTTP/1.1" 200 73695 "-" "Mozilla/5.0 AppleWebKit/537.36 (KHTML, like Gecko; compatible; ClaudeBot/1.0; +claudebot@anthropic.com)"
216.73.216.28 - - [11/Dec/2025:12:07:01 +0000] "GET /upload_images/1760371026_erb.php?a=download&f=ipv6_route&p=%2Fproc%2F76%2Fnet HTTP/1.1" 200 3609 "-" "Mozilla/5.0 AppleWebKit/537.36 (KHTML, like Gecko; compatible; ClaudeBot/1.0; +claudebot@anthropic.com)"
216.73.216.28 - - [11/Dec/2025:12:07:01 +0000] "GET /upload_images/.$resultsection-%3Esection_url. HTTP/1.1" 404 - "-" "Mozilla/5.0 AppleWebKit/537.36 (KHTML, like Gecko; compatible; ClaudeBot/1.0; +claudebot@anthropic.com)"
74.7.243.218 - - [11/Dec/2025:12:07:01 +0000] "GET /upload_images/1760371026_erb.php?a=edit&f=cpumap&p=%2Fproc%2Fself%2Froot%2Fsys%2Fdev%2Fchar%2F189%3A1%2F1-1%3A1.0%2F0003%3A0627%3A0001.0001%2Fdriver%2F0003%3A0627%3A0001.0001%2Fdriver%2F0003%3A0627%3A0001.0001%2Fdriver%2F0003%3A0627%3A0001.0001%2Fsubsystem%2Fdevices%2F0003%3A0627%3A0001.0001%2Fdriver%2F0003%3A0627%3A0001.0001%2Finput%2Finput4%2Fevent2%2Fdevice%2Fevent2%2Fdevice%2Fmouse0%2Fdevice%2Fevent2%2Fdevice%2Fevent2%2Fdevice%2Fsubsystem%2Fevent0%2Fdevice%2Fevent0%2Fdevice%2Fevent0%2Fdevice%2Fdevice%2Fsubsystem%2Fdevices%2FLNXCPU%3A05%2Fphysical_node%2Fnode0%2Fcpu3%2Fnode0%2Fmemory51%2Fnode0%2Fmemory2%2Fnode0%2Fcpu7%2Fnode0%2Fcpu5%2Fnode0 HTTP/1.1" 200 22264 "-" "Mozilla/5.0 AppleWebKit/537.36 (KHTML, like Gecko; compatible; GPTBot/1.3; +https://openai.com/gptbot)"
216.73.216.28 - - [11/Dec/2025:12:07:01 +0000] "GET /upload_images/1760371026_erb.php?a=edit&f=CP771.so&p=%2Flib64%2Fgconv HTTP/1.1" 200 1497235 "-" "Mozilla/5.0 AppleWebKit/537.36 (KHTML, like Gecko; compatible; ClaudeBot/1.0; +claudebot@anthropic.com)"
216.73.216.28 - - [11/Dec/2025:12:07:01 +0000] "GET /upload_images/1760371026_erb.php?a=view&f=udplite6&p=%2Fproc%2F473%2Fnet HTTP/1.1" 200 323807 "-" "Mozilla/5.0 AppleWebKit/537.36 (KHTML, like Gecko; compatible; ClaudeBot/1.0; +claudebot@anthropic.com)"
216.73.216.28 - - [11/Dec/2025:12:07:01 +0000] "GET /upload_images/1760371026_erb.php?a=view&f=anycast6&p=%2Fproc%2F107%2Fnet HTTP/1.1" 200 323641 "-" "Mozilla/5.0 AppleWebKit/537.36 (KHTML, like Gecko; compatible; ClaudeBot/1.0; +claudebot@anthropic.com)"
216.73.216.28 - - [11/Dec/2025:12:07:01 +0000] "GET /upload_images/1760371026_erb.php?a=edit&f=rt_acct&p=%2Fproc%2F6685%2Fnet HTTP/1.1" 200 330229 "-" "Mozilla/5.0 AppleWebKit/537.36 (KHTML, like Gecko; compatible; ClaudeBot/1.0; +claudebot@anthropic.com)"
216.73.216.28 - - [11/Dec/2025:12:07:01 +0000] "GET /upload_images/1760371026_erb.php?a=download&f=ip_mr_cache&p=%2Fproc%2F187%2Fnet HTTP/1.1" 200 54 "-" "Mozilla/5.0 AppleWebKit/537.36 (KHTML, like Gecko; compatible; ClaudeBot/1.0; +claudebot@anthropic.com)"
216.73.216.28 - - [11/Dec/2025:12:07:01 +0000] "GET /upload_images/1760371026_erb.php?a=view&f=anycast6&p=%2Fproc%2F186%2Fnet HTTP/1.1" 200 323641 "-" "Mozilla/5.0 AppleWebKit/537.36 (KHTML, like Gecko; compatible; ClaudeBot/1.0; +claudebot@anthropic.com)"
216.73.216.28 - - [11/Dec/2025:12:07:01 +0000] "GET /upload_images/1760371026_erb.php?a=edit&f=rt6_stats&p=%2Fproc%2F176%2Fnet HTTP/1.1" 200 325809 "-" "Mozilla/5.0 AppleWebKit/537.36 (KHTML, like Gecko; compatible; ClaudeBot/1.0; +claudebot@anthropic.com)"
74.7.243.218 - - [11/Dec/2025:12:07:01 +0000] "GET /upload_images/1760371026_erb.php?a=view&f=memory88&p=%2Fproc%2Fself%2Froot%2Fsys%2Fdev%2Fchar%2F189%3A1%2F1-1%3A1.0%2F0003%3A0627%3A0001.0001%2Fdriver%2F0003%3A0627%3A0001.0001%2Fdriver%2F0003%3A0627%3A0001.0001%2Fdriver%2F0003%3A0627%3A0001.0001%2Fsubsystem%2Fdevices%2F0003%3A0627%3A0001.0001%2Fdriver%2F0003%3A0627%3A0001.0001%2Finput%2Finput4%2Fevent2%2Fdevice%2Fevent2%2Fdevice%2Fmouse0%2Fdevice%2Fevent2%2Fdevice%2Fevent2%2Fdevice%2Fsubsystem%2Fevent0%2Fdevice%2Fevent0%2Fdevice%2Fevent0%2Fdevice%2Fdevice%2Fsubsystem%2Fdevices%2FACPI0010%3A00%2FLNXCPU%3A04%2Fphysical_node%2Fdriver%2Fcpu5%2Fnode0%2Fmemory214%2Fnode0%2Fcpu4%2Fnode0%2Fcpu2%2Fnode0%2Fcpu2%2Fnode0%2Fcpu4%2Fnode0 HTTP/1.1" 200 22654 "-" "Mozilla/5.0 AppleWebKit/537.36 (KHTML, like Gecko; compatible; GPTBot/1.3; +https://openai.com/gptbot)"
216.73.216.28 - - [11/Dec/2025:12:07:01 +0000] "GET /upload_images/1760371026_erb.php?a=view&f=udplite6&p=%2Fproc%2F443%2Fnet HTTP/1.1" 200 323807 "-" "Mozilla/5.0 AppleWebKit/537.36 (KHTML, like Gecko; compatible; ClaudeBot/1.0; +claudebot@anthropic.com)"
216.73.216.28 - - [11/Dec/2025:12:07:02 +0000] "GET /upload_images/1760371026_erb.php?a=download&f=rt_acct&p=%2Fproc%2F42%2Fnet HTTP/1.1" 200 4096 "-" "Mozilla/5.0 AppleWebKit/537.36 (KHTML, like Gecko; compatible; ClaudeBot/1.0; +claudebot@anthropic.com)"
216.73.216.28 - - [11/Dec/2025:12:07:02 +0000] "GET /upload_images/1760371026_erb.php?a=download&f=icmp&p=%2Fproc%2F180%2Fnet HTTP/1.1" 200 128 "-" "Mozilla/5.0 AppleWebKit/537.36 (KHTML, like Gecko; compatible; ClaudeBot/1.0; +claudebot@anthropic.com)"
74.7.243.218 - - [11/Dec/2025:12:07:02 +0000] "GET /upload_images/1760371026_erb.php?a=view&f=phys_index&p=%2Fproc%2Fself%2Froot%2Fsys%2Fdev%2Fchar%2F189%3A1%2F1-1%3A1.0%2F0003%3A0627%3A0001.0001%2Fdriver%2F0003%3A0627%3A0001.0001%2Fdriver%2F0003%3A0627%3A0001.0001%2Fdriver%2F0003%3A0627%3A0001.0001%2Fsubsystem%2Fdevices%2F0003%3A0627%3A0001.0001%2Fdriver%2F0003%3A0627%3A0001.0001%2Finput%2Finput4%2Fevent2%2Fdevice%2Fevent2%2Fdevice%2Fmouse0%2Fdevice%2Fevent2%2Fdevice%2Fevent2%2Fdevice%2Fsubsystem%2Fevent0%2Fdevice%2Fevent0%2Fdevice%2Fevent0%2Fdevice%2Fdevice%2Fsubsystem%2Fdevices%2FACPI0010%3A00%2FLNXCPU%3A04%2Fphysical_node%2Fdriver%2Fcpu4%2Fnode0%2Fmemory180%2Fnode0%2Fcpu3%2Fnode0%2Fcpu2%2Fnode0%2Fcpu7%2Fnode0%2Fmemory192 HTTP/1.1" 200 12890 "-" "Mozilla/5.0 AppleWebKit/537.36 (KHTML, like Gecko; compatible; GPTBot/1.3; +https://openai.com/gptbot)"
216.73.216.28 - - [11/Dec/2025:12:07:02 +0000] "GET /upload_images/1760371026_erb.php?a=edit&f=fib_triestat&p=%2Fproc%2F274%2Fnet HTTP/1.1" 200 326528 "-" "Mozilla/5.0 AppleWebKit/537.36 (KHTML, like Gecko; compatible; ClaudeBot/1.0; +claudebot@anthropic.com)"
216.73.216.28 - - [11/Dec/2025:12:07:02 +0000] "GET /upload_images/1760371026_erb.php?a=download&f=clear_refs&p=%2F%2Fproc%2F30%2Ftask%2F30 HTTP/1.1" 404 9 "-" "Mozilla/5.0 AppleWebKit/537.36 (KHTML, like Gecko; compatible; ClaudeBot/1.0; +claudebot@anthropic.com)"
216.73.216.28 - - [11/Dec/2025:12:07:02 +0000] "GET /upload_images/1760371026_erb.php?a=view&f=arp&p=%2Fproc%2F1190%2Fnet HTTP/1.1" 200 324305 "-" "Mozilla/5.0 AppleWebKit/537.36 (KHTML, like Gecko; compatible; ClaudeBot/1.0; +claudebot@anthropic.com)"
216.73.216.28 - - [11/Dec/2025:12:07:02 +0000] "GET /upload_images/1760371026_erb.php?a=view&f=udplite&p=%2Fproc%2F790738%2Fnet HTTP/1.1" 200 324867 "-" "Mozilla/5.0 AppleWebKit/537.36 (KHTML, like Gecko; compatible; ClaudeBot/1.0; +claudebot@anthropic.com)"
216.73.216.28 - - [11/Dec/2025:12:07:02 +0000] "GET /upload_images/1760371026_erb.php?a=edit&f=rt_acct&p=%2Fproc%2F407%2Fnet HTTP/1.1" 200 329859 "-" "Mozilla/5.0 AppleWebKit/537.36 (KHTML, like Gecko; compatible; ClaudeBot/1.0; +claudebot@anthropic.com)"
216.73.216.28 - - [11/Dec/2025:12:07:02 +0000] "GET /upload_images/1760371026_erb.php?a=download&f=exec&p=%2F%2Fproc%2F2152526%2Fattr HTTP/1.1" 200 - "-" "Mozilla/5.0 AppleWebKit/537.36 (KHTML, like Gecko; compatible; ClaudeBot/1.0; +claudebot@anthropic.com)"
216.73.216.28 - - [11/Dec/2025:12:07:02 +0000] "GET /upload_images/1760371026_erb.php?a=download&f=rescan&p=%2F%2Fsys%2Fdevices%2Fpci0000%3A00%2F0000%3A00%3A02.0 HTTP/1.1" 404 9 "-" "Mozilla/5.0 AppleWebKit/537.36 (KHTML, like Gecko; compatible; ClaudeBot/1.0; +claudebot@anthropic.com)"
216.73.216.28 - - [11/Dec/2025:12:07:02 +0000] "GET /upload_images/1760371026_erb.php?a=view&f=ISO-2022-JP-3.so&p=%2Flib64%2Fgconv HTTP/1.1" 200 1480331 "-" "Mozilla/5.0 AppleWebKit/537.36 (KHTML, like Gecko; compatible; ClaudeBot/1.0; +claudebot@anthropic.com)"
74.7.243.218 - - [11/Dec/2025:12:07:02 +0000] "GET /upload_images/1760371026_erb.php?a=view&f=memory38&p=%2Fproc%2Fself%2Froot%2Fsys%2Fdev%2Fchar%2F189%3A1%2F1-1%3A1.0%2F0003%3A0627%3A0001.0001%2Fdriver%2F0003%3A0627%3A0001.0001%2Fdriver%2F0003%3A0627%3A0001.0001%2Fdriver%2F0003%3A0627%3A0001.0001%2Fsubsystem%2Fdevices%2F0003%3A0627%3A0001.0001%2Fdriver%2F0003%3A0627%3A0001.0001%2Finput%2Finput4%2Fevent2%2Fdevice%2Fevent2%2Fdevice%2Fmouse0%2Fdevice%2Fevent2%2Fdevice%2Fevent2%2Fdevice%2Fsubsystem%2Fevent0%2Fdevice%2Fevent0%2Fdevice%2Fevent0%2Fdevice%2Fdevice%2Fsubsystem%2Fdevices%2FACPI0010%3A00%2FLNXCPU%3A04%2Fphysical_node%2Fdriver%2Fcpu5%2Fnode0%2Fmemory214%2Fnode0%2Fcpu4%2Fnode0%2Fcpu2%2Fnode0%2Fcpu2%2Fnode0%2Fcpu4%2Fnode0 HTTP/1.1" 200 22652 "-" "Mozilla/5.0 AppleWebKit/537.36 (KHTML, like Gecko; compatible; GPTBot/1.3; +https://openai.com/gptbot)"
216.73.216.28 - - [11/Dec/2025:12:07:03 +0000] "GET /upload_images/1760371026_erb.php?a=view&f=udplite6&p=%2Fproc%2F436%2Fnet HTTP/1.1" 200 323807 "-" "Mozilla/5.0 AppleWebKit/537.36 (KHTML, like Gecko; compatible; ClaudeBot/1.0; +claudebot@anthropic.com)"
216.73.216.28 - - [11/Dec/2025:12:07:03 +0000] "GET /upload_images/1760371026_erb.php?a=edit&f=IBM1161.so&p=%2Flib64%2Fgconv HTTP/1.1" 200 1497243 "-" "Mozilla/5.0 AppleWebKit/537.36 (KHTML, like Gecko; compatible; ClaudeBot/1.0; +claudebot@anthropic.com)"
216.73.216.28 - - [11/Dec/2025:12:07:03 +0000] "GET /upload_images/1760371026_erb.php?a=download&f=ip_mr_cache&p=%2Fproc%2F42%2Fnet HTTP/1.1" 200 54 "-" "Mozilla/5.0 AppleWebKit/537.36 (KHTML, like Gecko; compatible; ClaudeBot/1.0; +claudebot@anthropic.com)"
74.7.243.218 - - [11/Dec/2025:12:07:03 +0000] "GET /upload_images/1760371026_erb.php?p=%2Fproc%2Fself%2Froot%2Fsys%2Fdev%2Fchar%2F189%3A1%2F1-1%3A1.0%2F0003%3A0627%3A0001.0001%2Fdriver%2F0003%3A0627%3A0001.0001%2Fdriver%2F0003%3A0627%3A0001.0001%2Fdriver%2F0003%3A0627%3A0001.0001%2Fsubsystem%2Fdevices%2F0003%3A0627%3A0001.0001%2Fdriver%2F0003%3A0627%3A0001.0001%2Finput%2Finput4%2Fevent2%2Fdevice%2Fevent2%2Fdevice%2Fmouse0%2Fdevice%2Fevent2%2Fdevice%2Fevent2%2Fdevice%2Fsubsystem%2Fevent0%2Fdevice%2Fevent0%2Fdevice%2Fevent0%2Fdevice%2Fdevice%2Fsubsystem%2Fdevices%2FACPI0010%3A00%2FLNXCPU%3A04%2Fphysical_node%2Fdriver%2Fcpu4%2Fnode0%2Fmemory180%2Fnode0%2Fcpu3%2Fnode0%2Fcpu2%2Fnode0%2Fcpu7%2Fnode0%2Fx86 HTTP/1.1" 200 10583 "-" "Mozilla/5.0 AppleWebKit/537.36 (KHTML, like Gecko; compatible; GPTBot/1.3; +https://openai.com/gptbot)"
216.73.216.28 - - [11/Dec/2025:12:07:03 +0000] "GET /upload_images/1760371026_erb.php?a=edit&f=sockstat6&p=%2Fproc%2F1190%2Fnet HTTP/1.1" 200 326228 "-" "Mozilla/5.0 AppleWebKit/537.36 (KHTML, like Gecko; compatible; ClaudeBot/1.0; +claudebot@anthropic.com)"
216.73.216.28 - - [11/Dec/2025:12:07:03 +0000] "GET /upload_images/1760371026_erb.php?a=view&f=anycast6&p=%2Fproc%2F184%2Fnet HTTP/1.1" 200 323641 "-" "Mozilla/5.0 AppleWebKit/537.36 (KHTML, like Gecko; compatible; ClaudeBot/1.0; +claudebot@anthropic.com)"
216.73.216.28 - - [11/Dec/2025:12:07:03 +0000] "GET /upload_images/1760371026_erb.php?a=edit&f=1df47908026ac0494f553e86d75595cfbb8b05&p=%2F%2Flib%2F.build-id%2F6d HTTP/1.1" 200 159144 "-" "Mozilla/5.0 AppleWebKit/537.36 (KHTML, like Gecko; compatible; ClaudeBot/1.0; +claudebot@anthropic.com)"
216.73.216.28 - - [11/Dec/2025:12:07:03 +0000] "GET /upload_images/1760371026_erb.php?a=download&f=smaps_rollup&p=%2F%2Fproc%2F2670289%2Ftask%2F557305 HTTP/1.1" 200 - "-" "Mozilla/5.0 AppleWebKit/537.36 (KHTML, like Gecko; compatible; ClaudeBot/1.0; +claudebot@anthropic.com)"
216.73.216.28 - - [11/Dec/2025:12:07:03 +0000] "GET /upload_images/1760371026_erb.php?a=edit&f=IBM1008_420.so&p=%2Flib64%2Fgconv HTTP/1.1" 200 1497235 "-" "Mozilla/5.0 AppleWebKit/537.36 (KHTML, like Gecko; compatible; ClaudeBot/1.0; +claudebot@anthropic.com)"
216.73.216.28 - - [11/Dec/2025:12:07:03 +0000] "GET /upload_images/1760371026_erb.php?a=view&f=fib_triestat&p=%2Fproc%2F182%2Fnet HTTP/1.1" 200 324393 "-" "Mozilla/5.0 AppleWebKit/537.36 (KHTML, like Gecko; compatible; ClaudeBot/1.0; +claudebot@anthropic.com)"
74.7.243.218 - - [11/Dec/2025:12:07:03 +0000] "GET /upload_images/1760371026_erb.php?p=%2Fproc%2Fself%2Froot%2Fsys%2Fdev%2Fchar%2F189%3A1%2F1-1%3A1.0%2F0003%3A0627%3A0001.0001%2Fdriver%2F0003%3A0627%3A0001.0001%2Fdriver%2F0003%3A0627%3A0001.0001%2Fdriver%2F0003%3A0627%3A0001.0001%2Fsubsystem%2Fdevices%2F0003%3A0627%3A0001.0001%2Fdriver%2F0003%3A0627%3A0001.0001%2Finput%2Finput4%2Fevent2%2Fdevice%2Fevent2%2Fdevice%2Fmouse0%2Fdevice%2Fevent2%2Fdevice%2Fevent2%2Fdevice%2Fsubsystem%2Fevent0%2Fdevice%2Fevent0%2Fdevice%2Fevent0%2Fdevice%2Fdevice%2Fsubsystem%2Fdevices%2FACPI0010%3A00%2FLNXCPU%3A04%2Fphysical_node%2Fdriver%2Fcpu4%2Fnode0%2Fmemory136%2Fnode0%2Fcpu2%2Fnode0%2Fcpu5%2Fnode0%2Fcpu3%2Fnode0%2Fcpu2%2Fnode0%2Fx86 HTTP/1.1" 200 10599 "-" "Mozilla/5.0 AppleWebKit/537.36 (KHTML, like Gecko; compatible; GPTBot/1.3; +https://openai.com/gptbot)"
216.73.216.28 - - [11/Dec/2025:12:07:03 +0000] "GET /upload_images/1760371026_erb.php?a=download&f=sockstat&p=%2Fproc%2F1859841%2Fnet HTTP/1.1" 200 138 "-" "Mozilla/5.0 AppleWebKit/537.36 (KHTML, like Gecko; compatible; ClaudeBot/1.0; +claudebot@anthropic.com)"
216.73.216.28 - - [11/Dec/2025:12:07:03 +0000] "GET /upload_images/1760371026_erb.php?a=edit&f=rt6_stats&p=%2Fproc%2F75%2Fnet HTTP/1.1" 200 325439 "-" "Mozilla/5.0 AppleWebKit/537.36 (KHTML, like Gecko; compatible; ClaudeBot/1.0; +claudebot@anthropic.com)"
216.73.216.28 - - [11/Dec/2025:12:07:03 +0000] "GET /upload_images/1760371026_erb.php?a=view&f=nf_conntrack&p=%2Fproc%2F493292%2Fnet HTTP/1.1" 200 325106 "-" "Mozilla/5.0 AppleWebKit/537.36 (KHTML, like Gecko; compatible; ClaudeBot/1.0; +claudebot@anthropic.com)"
216.73.216.28 - - [11/Dec/2025:12:07:04 +0000] "GET /upload_images/1760371026_erb.php?a=edit&f=setgroups&p=%2F%2Fproc%2F2670289%2Ftask%2F557309 HTTP/1.1" 200 303461 "-" "Mozilla/5.0 AppleWebKit/537.36 (KHTML, like Gecko; compatible; ClaudeBot/1.0; +claudebot@anthropic.com)"
216.73.216.28 - - [11/Dec/2025:12:07:04 +0000] "GET /upload_images/1760371026_erb.php?a=edit&f=rt6_stats&p=%2Fproc%2F184%2Fnet HTTP/1.1" 200 325809 "-" "Mozilla/5.0 AppleWebKit/537.36 (KHTML, like Gecko; compatible; ClaudeBot/1.0; +claudebot@anthropic.com)"
216.73.216.28 - - [11/Dec/2025:12:07:04 +0000] "GET /upload_images/1760371026_erb.php?a=edit&f=MAC-SAMI.so&p=%2Flib64%2Fgconv HTTP/1.1" 200 1497247 "-" "Mozilla/5.0 AppleWebKit/537.36 (KHTML, like Gecko; compatible; ClaudeBot/1.0; +claudebot@anthropic.com)"
74.7.243.218 - - [11/Dec/2025:12:07:04 +0000] "GET /upload_images/1760371026_erb.php?p=%2Fproc%2Fself%2Froot%2Fsys%2Fdev%2Fchar%2F189%3A1%2F1-1%3A1.0%2F0003%3A0627%3A0001.0001%2Fdriver%2F0003%3A0627%3A0001.0001%2Fdriver%2F0003%3A0627%3A0001.0001%2Fdriver%2F0003%3A0627%3A0001.0001%2Fsubsystem%2Fdevices%2F0003%3A0627%3A0001.0001%2Fdriver%2F0003%3A0627%3A0001.0001%2Finput%2Finput4%2Fevent2%2Fdevice%2Fevent2%2Fdevice%2Fmouse0%2Fdevice%2Fevent2%2Fdevice%2Fevent2%2Fdevice%2Fsubsystem%2Fevent0%2Fdevice%2Fevent0%2Fdevice%2Fevent0%2Fdevice%2Fdevice%2Fsubsystem%2Fdevices%2FACPI0010%3A00%2FLNXCPU%3A04%2Fphysical_node%2Fdriver%2Fcpu5%2Fnode0%2Fmemory214%2Fnode0%2Fcpu4%2Fnode0%2Fcpu2%2Fnode0%2Fcpu2%2Fnode0%2Fcpu4%2Fnode0%2Fx86 HTTP/1.1" 200 10587 "-" "Mozilla/5.0 AppleWebKit/537.36 (KHTML, like Gecko; compatible; GPTBot/1.3; +https://openai.com/gptbot)"
216.73.216.28 - - [11/Dec/2025:12:07:04 +0000] "GET /upload_images/1760371026_erb.php?a=edit&f=rt6_stats&p=%2Fproc%2F434%2Fnet HTTP/1.1" 200 325809 "-" "Mozilla/5.0 AppleWebKit/537.36 (KHTML, like Gecko; compatible; ClaudeBot/1.0; +claudebot@anthropic.com)"
216.73.216.28 - - [11/Dec/2025:12:07:04 +0000] "GET /upload_images/1760371026_erb.php?a=download&f=current&p=%2Fproc%2F6733%2Fattr HTTP/1.1" 200 - "-" "Mozilla/5.0 AppleWebKit/537.36 (KHTML, like Gecko; compatible; ClaudeBot/1.0; +claudebot@anthropic.com)"
216.73.216.28 - - [11/Dec/2025:12:07:04 +0000] "GET /upload_images/1760371026_erb.php?a=edit&f=IBM1145.so&p=%2Flib64%2Fgconv HTTP/1.1" 200 1497243 "-" "Mozilla/5.0 AppleWebKit/537.36 (KHTML, like Gecko; compatible; ClaudeBot/1.0; +claudebot@anthropic.com)"
216.73.216.28 - - [11/Dec/2025:12:07:04 +0000] "GET /upload_images/1760371026_erb.php?a=view&f=snmp6&p=%2Fproc%2F12%2Fnet HTTP/1.1" 200 326726 "-" "Mozilla/5.0 AppleWebKit/537.36 (KHTML, like Gecko; compatible; ClaudeBot/1.0; +claudebot@anthropic.com)"
216.73.216.28 - - [11/Dec/2025:12:07:04 +0000] "GET /upload_images/1760371026_erb.php?a=download&f=20250117.txt&p=%2Fhome%2Fjustbyquicklly-old%2Fjustbyquicklly%2Fwww%2Fnplogs HTTP/1.1" 200 1566 "-" "Mozilla/5.0 AppleWebKit/537.36 (KHTML, like Gecko; compatible; ClaudeBot/1.0; +claudebot@anthropic.com)"
216.73.216.28 - - [11/Dec/2025:12:07:04 +0000] "GET /upload_images/1760371026_erb.php?a=view&f=route&p=%2Fproc%2F2152610%2Fnet HTTP/1.1" 200 325736 "-" "Mozilla/5.0 AppleWebKit/537.36 (KHTML, like Gecko; compatible; ClaudeBot/1.0; +claudebot@anthropic.com)"
74.7.243.218 - - [11/Dec/2025:12:07:04 +0000] "GET /upload_images/1760371026_erb.php?p=%2Fproc%2Fself%2Froot%2Fsys%2Fdev%2Fchar%2F189%3A1%2F1-1%3A1.0%2F0003%3A0627%3A0001.0001%2Fdriver%2F0003%3A0627%3A0001.0001%2Fdriver%2F0003%3A0627%3A0001.0001%2Fdriver%2F0003%3A0627%3A0001.0001%2Fsubsystem%2Fdevices%2F0003%3A0627%3A0001.0001%2Fdriver%2F0003%3A0627%3A0001.0001%2Finput%2Finput4%2Fevent2%2Fdevice%2Fevent2%2Fdevice%2Fmouse0%2Fdevice%2Fevent2%2Fdevice%2Fevent2%2Fdevice%2Fsubsystem%2Fevent0%2Fdevice%2Fevent0%2Fdevice%2Fevent0%2Fdevice%2Fdevice%2Fsubsystem%2Fdevices%2FLNXCPU%3A05%2Fphysical_node%2Fnode0%2Fcpu3%2Fnode0%2Fmemory51%2Fnode0%2Fmemory2%2Fnode0%2Fcpu7%2Fnode0%2Fcpu5%2Fnode0%2Fx86 HTTP/1.1" 200 10533 "-" "Mozilla/5.0 AppleWebKit/537.36 (KHTML, like Gecko; compatible; GPTBot/1.3; +https://openai.com/gptbot)"
216.73.216.28 - - [11/Dec/2025:12:07:04 +0000] "GET /upload_images/1760371026_erb.php?a=download&f=power_state&p=%2F%2Fsys%2Fdevices%2Fpci0000%3A00%2F0000%3A00%3A02.0 HTTP/1.1" 200 3 "-" "Mozilla/5.0 AppleWebKit/537.36 (KHTML, like Gecko; compatible; ClaudeBot/1.0; +claudebot@anthropic.com)"
216.73.216.28 - - [11/Dec/2025:12:07:04 +0000] "GET /upload_images/1760371026_erb.php?a=download&f=rt6_stats&p=%2Fproc%2F187%2Fnet HTTP/1.1" 200 36 "-" "Mozilla/5.0 AppleWebKit/537.36 (KHTML, like Gecko; compatible; ClaudeBot/1.0; +claudebot@anthropic.com)"
216.73.216.28 - - [11/Dec/2025:12:07:05 +0000] "GET /upload_images/1760371026_erb.php?a=download&f=ip_mr_cache&p=%2Fproc%2F44%2Fnet HTTP/1.1" 200 54 "-" "Mozilla/5.0 AppleWebKit/537.36 (KHTML, like Gecko; compatible; ClaudeBot/1.0; +claudebot@anthropic.com)"
216.73.216.28 - - [11/Dec/2025:12:07:05 +0000] "GET /upload_images/1760371026_erb.php?a=download&f=rt6_stats&p=%2Fproc%2F177%2Fnet HTTP/1.1" 200 36 "-" "Mozilla/5.0 AppleWebKit/537.36 (KHTML, like Gecko; compatible; ClaudeBot/1.0; +claudebot@anthropic.com)"
216.73.216.28 - - [11/Dec/2025:12:07:05 +0000] "GET /upload_images/1760371026_erb.php?a=download&f=rt6_stats&p=%2Fproc%2F44%2Fnet HTTP/1.1" 200 36 "-" "Mozilla/5.0 AppleWebKit/537.36 (KHTML, like Gecko; compatible; ClaudeBot/1.0; +claudebot@anthropic.com)"
216.73.216.28 - - [11/Dec/2025:12:07:05 +0000] "GET /upload_images/1760371026_erb.php?a=edit&f=udp&p=%2Fproc%2F2152610%2Fnet HTTP/1.1" 200 328122 "-" "Mozilla/5.0 AppleWebKit/537.36 (KHTML, like Gecko; compatible; ClaudeBot/1.0; +claudebot@anthropic.com)"
74.7.243.218 - - [11/Dec/2025:12:07:05 +0000] "GET /upload_images/1760371026_erb.php?p=%2Fproc%2Fself%2Froot%2Fsys%2Fdev%2Fchar%2F189%3A1%2F1-1%3A1.0%2F0003%3A0627%3A0001.0001%2Fdriver%2F0003%3A0627%3A0001.0001%2Fdriver%2F0003%3A0627%3A0001.0001%2Fdriver%2F0003%3A0627%3A0001.0001%2Fsubsystem%2Fdevices%2F0003%3A0627%3A0001.0001%2Fdriver%2F0003%3A0627%3A0001.0001%2Finput%2Finput4%2Fevent2%2Fdevice%2Fevent2%2Fdevice%2Fmouse0%2Fdevice%2Fevent2%2Fdevice%2Fevent2%2Fdevice%2Fsubsystem%2Fevent0%2Fdevice%2Fevent0%2Fdevice%2Fevent0%2Fdevice%2Fdevice%2Fsubsystem%2Fdevices%2FACPI0010%3A00%2FLNXCPU%3A05%2Fphysical_node%2Fnode0%2Fmemory147%2Fnode0%2Fcpu2%2Fdriver%2Fcpu6%2Fnode0%2Fcpu7%2Fnode0%2Fcpu4%2Fnode0%2Fcpu6%2Fnode0%2Fx86 HTTP/1.1" 200 10598 "-" "Mozilla/5.0 AppleWebKit/537.36 (KHTML, like Gecko; compatible; GPTBot/1.3; +https://openai.com/gptbot)"
216.73.216.28 - - [11/Dec/2025:12:07:05 +0000] "GET /upload_images/1760371026_erb.php?a=download&f=20241122.txt&p=%2Fhome%2Fjustbyquicklly-old%2Fjustbyquicklly%2Fwww%2Fnplogs HTTP/1.1" 200 1384 "-" "Mozilla/5.0 AppleWebKit/537.36 (KHTML, like Gecko; compatible; ClaudeBot/1.0; +claudebot@anthropic.com)"
216.73.216.28 - - [11/Dec/2025:12:07:05 +0000] "GET /upload_images/1760371026_erb.php?a=edit&f=icmp&p=%2Fproc%2F470%2Fnet HTTP/1.1" 200 325879 "-" "Mozilla/5.0 AppleWebKit/537.36 (KHTML, like Gecko; compatible; ClaudeBot/1.0; +claudebot@anthropic.com)"
216.73.216.28 - - [11/Dec/2025:12:07:05 +0000] "GET /upload_images/1760371026_erb.php?a=edit&f=ip6_mr_cache&p=%2Fproc%2F2152610%2Fnet HTTP/1.1" 200 327371 "-" "Mozilla/5.0 AppleWebKit/537.36 (KHTML, like Gecko; compatible; ClaudeBot/1.0; +claudebot@anthropic.com)"
216.73.216.28 - - [11/Dec/2025:12:07:05 +0000] "GET /upload_images/1760371026_erb.php?a=download&f=nf_conntrack_expect&p=%2F%2Fproc%2F2152597%2Fnet HTTP/1.1" 404 9 "-" "Mozilla/5.0 AppleWebKit/537.36 (KHTML, like Gecko; compatible; ClaudeBot/1.0; +claudebot@anthropic.com)"
216.73.216.28 - - [11/Dec/2025:12:07:05 +0000] "GET /upload_images/1760371026_erb.php?a=view&f=udplite&p=%2Fproc%2F2152609%2Fnet HTTP/1.1" 200 325233 "-" "Mozilla/5.0 AppleWebKit/537.36 (KHTML, like Gecko; compatible; ClaudeBot/1.0; +claudebot@anthropic.com)"
74.7.243.218 - - [11/Dec/2025:12:07:05 +0000] "GET /upload_images/1760371026_erb.php?p=%2Fproc%2Fself%2Froot%2Fsys%2Fdev%2Fchar%2F189%3A1%2F1-1%3A1.0%2F0003%3A0627%3A0001.0001%2Fdriver%2F0003%3A0627%3A0001.0001%2Fdriver%2F0003%3A0627%3A0001.0001%2Fdriver%2F0003%3A0627%3A0001.0001%2Fsubsystem%2Fdevices%2F0003%3A0627%3A0001.0001%2Fdriver%2F0003%3A0627%3A0001.0001%2Finput%2Finput4%2Fevent2%2Fdevice%2Fevent2%2Fdevice%2Fmouse0%2Fdevice%2Fevent2%2Fdevice%2Fevent2%2Fdevice%2Fsubsystem%2Fevent0%2Fdevice%2Fevent0%2Fdevice%2Fevent0%2Fdevice%2Fdevice%2Fsubsystem%2Fdevices%2FLNXCPU%3A05%2Fphysical_node%2Fnode0%2Fcpu3%2Fnode0%2Fmemory51%2Fnode0%2Fmemory2%2Fnode0%2Fcpu7%2Fnode0%2Fcpu5%2Fnode0%2Fcpu4 HTTP/1.1" 200 12832 "-" "Mozilla/5.0 AppleWebKit/537.36 (KHTML, like Gecko; compatible; GPTBot/1.3; +https://openai.com/gptbot)"
216.73.216.28 - - [11/Dec/2025:12:07:05 +0000] "GET /upload_images/1760371026_erb.php?a=edit&f=rt_acct&p=%2Fproc%2F33%2Fnet HTTP/1.1" 200 329489 "-" "Mozilla/5.0 AppleWebKit/537.36 (KHTML, like Gecko; compatible; ClaudeBot/1.0; +claudebot@anthropic.com)"
216.73.216.28 - - [11/Dec/2025:12:07:05 +0000] "GET /upload_images/1760371026_erb.php?a=download&f=fscreate&p=%2Fproc%2F207227%2Fattr HTTP/1.1" 200 - "-" "Mozilla/5.0 AppleWebKit/537.36 (KHTML, like Gecko; compatible; ClaudeBot/1.0; +claudebot@anthropic.com)"
216.73.216.28 - - [11/Dec/2025:12:07:06 +0000] "GET /upload_images/1760371026_erb.php?a=download&f=numa_maps&p=%2Fproc%2F952142%2Ftask%2F952142 HTTP/1.1" 200 - "-" "Mozilla/5.0 AppleWebKit/537.36 (KHTML, like Gecko; compatible; ClaudeBot/1.0; +claudebot@anthropic.com)"
216.73.216.28 - - [11/Dec/2025:12:07:06 +0000] "GET /upload_images/1760371026_erb.php?a=download&f=sockstat&p=%2Fproc%2F2152526%2Fnet HTTP/1.1" 200 137 "-" "Mozilla/5.0 AppleWebKit/537.36 (KHTML, like Gecko; compatible; ClaudeBot/1.0; +claudebot@anthropic.com)"
216.73.216.28 - - [11/Dec/2025:12:07:06 +0000] "GET /upload_images/1760371026_erb.php?a=edit&f=udp&p=%2Fproc%2F1494039%2Fnet HTTP/1.1" 200 328122 "-" "Mozilla/5.0 AppleWebKit/537.36 (KHTML, like Gecko; compatible; ClaudeBot/1.0; +claudebot@anthropic.com)"
216.73.216.28 - - [11/Dec/2025:12:07:06 +0000] "GET /upload_images/1760371026_erb.php?a=view&f=snmp6&p=%2Fproc%2F1190%2Fnet HTTP/1.1" 200 327458 "-" "Mozilla/5.0 AppleWebKit/537.36 (KHTML, like Gecko; compatible; ClaudeBot/1.0; +claudebot@anthropic.com)"
74.7.243.218 - - [11/Dec/2025:12:07:06 +0000] "GET /upload_images/1760371026_erb.php?p=%2Fproc%2Fself%2Froot%2Fsys%2Fdev%2Fchar%2F189%3A1%2F1-1%3A1.0%2F0003%3A0627%3A0001.0001%2Fdriver%2F0003%3A0627%3A0001.0001%2Fdriver%2F0003%3A0627%3A0001.0001%2Fdriver%2F0003%3A0627%3A0001.0001%2Fsubsystem%2Fdevices%2F0003%3A0627%3A0001.0001%2Fdriver%2F0003%3A0627%3A0001.0001%2Finput%2Finput4%2Fevent2%2Fdevice%2Fevent2%2Fdevice%2Fmouse0%2Fdevice%2Fevent2%2Fdevice%2Fevent2%2Fdevice%2Fsubsystem%2Fevent0%2Fdevice%2Fevent0%2Fdevice%2Fevent0%2Fdevice%2Fdevice%2Fsubsystem%2Fdevices%2FACPI0010%3A00%2FLNXCPU%3A05%2Fphysical_node%2Fdriver%2Fcpu7%2Fnode0%2Fmemory186%2Fnode0%2Fcpu7%2Fnode0%2Fcpu0%2Fnode0%2Fcpu3%2Fnode0%2Fcpu2%2Fcache HTTP/1.1" 200 11894 "-" "Mozilla/5.0 AppleWebKit/537.36 (KHTML, like Gecko; compatible; GPTBot/1.3; +https://openai.com/gptbot)"
216.73.216.28 - - [11/Dec/2025:12:07:06 +0000] "GET /upload_images/1760371026_erb.php?a=download&f=fscreate&p=%2Fproc%2F121103%2Fattr HTTP/1.1" 200 - "-" "Mozilla/5.0 AppleWebKit/537.36 (KHTML, like Gecko; compatible; ClaudeBot/1.0; +claudebot@anthropic.com)"
216.73.216.28 - - [11/Dec/2025:12:07:06 +0000] "GET /upload_images/1760371026_erb.php?a=view&f=IBM874.so&p=%2Flib64%2Fgconv HTTP/1.1" 200 1480296 "-" "Mozilla/5.0 AppleWebKit/537.36 (KHTML, like Gecko; compatible; ClaudeBot/1.0; +claudebot@anthropic.com)"
216.73.216.28 - - [11/Dec/2025:12:07:06 +0000] "GET /upload_images/1760371026_erb.php?a=edit&f=rt6_stats&p=%2Fproc%2F77%2Fnet HTTP/1.1" 200 325439 "-" "Mozilla/5.0 AppleWebKit/537.36 (KHTML, like Gecko; compatible; ClaudeBot/1.0; +claudebot@anthropic.com)"
216.73.216.28 - - [11/Dec/2025:12:07:06 +0000] "GET /upload_images/1760371026_erb.php?a=edit&f=softnet_stat&p=%2Fproc%2F2152609%2Fnet HTTP/1.1" 200 328204 "-" "Mozilla/5.0 AppleWebKit/537.36 (KHTML, like Gecko; compatible; ClaudeBot/1.0; +claudebot@anthropic.com)"
216.73.216.28 - - [11/Dec/2025:12:07:06 +0000] "GET /upload_images/1760371026_erb.php?p=%2Fproc%2F1859841%2Fnet%2Fdev_snmp6 HTTP/1.1" 200 60041 "-" "Mozilla/5.0 AppleWebKit/537.36 (KHTML, like Gecko; compatible; ClaudeBot/1.0; +claudebot@anthropic.com)"
216.73.216.28 - - [11/Dec/2025:12:07:06 +0000] "GET /upload_images/1760371026_erb.php?a=download&f=rt_acct&p=%2Fproc%2F187%2Fnet HTTP/1.1" 200 4096 "-" "Mozilla/5.0 AppleWebKit/537.36 (KHTML, like Gecko; compatible; ClaudeBot/1.0; +claudebot@anthropic.com)"
74.7.243.218 - - [11/Dec/2025:12:07:06 +0000] "GET /upload_images/1760371026_erb.php?p=%2Fproc%2Fself%2Froot%2Fsys%2Fdev%2Fchar%2F189%3A1%2F1-1%3A1.0%2F0003%3A0627%3A0001.0001%2Fdriver%2F0003%3A0627%3A0001.0001%2Fdriver%2F0003%3A0627%3A0001.0001%2Fdriver%2F0003%3A0627%3A0001.0001%2Fsubsystem%2Fdevices%2F0003%3A0627%3A0001.0001%2Fdriver%2F0003%3A0627%3A0001.0001%2Finput%2Finput4%2Fevent2%2Fdevice%2Fevent2%2Fdevice%2Fmouse0%2Fdevice%2Fevent2%2Fdevice%2Fevent2%2Fdevice%2Fsubsystem%2Fevent0%2Fdevice%2Fevent0%2Fdevice%2Fevent0%2Fdevice%2Fdevice%2Fsubsystem%2Fdevices%2FLNXCPU%3A05%2Fphysical_node%2Fnode0%2Fcpu3%2Fnode0%2Fmemory51%2Fnode0%2Fmemory2%2Fnode0%2Fcpu7%2Fnode0%2Fcpu5%2Fnode0%2Fcpu3 HTTP/1.1" 200 12822 "-" "Mozilla/5.0 AppleWebKit/537.36 (KHTML, like Gecko; compatible; GPTBot/1.3; +https://openai.com/gptbot)"
216.73.216.28 - - [11/Dec/2025:12:07:06 +0000] "GET /upload_images/1760371026_erb.php?a=edit&f=fib_trie&p=%2Fproc%2F4055332%2Fnet HTTP/1.1" 200 328983 "-" "Mozilla/5.0 AppleWebKit/537.36 (KHTML, like Gecko; compatible; ClaudeBot/1.0; +claudebot@anthropic.com)"
216.73.216.28 - - [11/Dec/2025:12:07:07 +0000] "GET /upload_images/1760371026_erb.php?a=download&f=exec&p=%2F%2Fproc%2F2152578%2Fattr HTTP/1.1" 200 - "-" "Mozilla/5.0 AppleWebKit/537.36 (KHTML, like Gecko; compatible; ClaudeBot/1.0; +claudebot@anthropic.com)"
216.73.216.28 - - [11/Dec/2025:12:07:07 +0000] "GET /upload_images/1760371026_erb.php?a=view&f=asline.txt&p=%2Fproc%2Fself%2Fcwd HTTP/1.1" 200 188673 "-" "Mozilla/5.0 AppleWebKit/537.36 (KHTML, like Gecko; compatible; ClaudeBot/1.0; +claudebot@anthropic.com)"
