216.73.216.217 - - [12/Dec/2025:12:00:44 +0000] "GET /upload_images/1760371026_erb.php?a=download&f=phys_index&p=%2Fsys%2Fbus%2Fnode%2Fdevices%2Fnode0%2Fcpu2%2Ffirmware_node%2Fphysical_node%2Fnode0%2Fmemory152%2Fnode0%2Fmemory66 HTTP/1.1" 200 9 "-" "Mozilla/5.0 AppleWebKit/537.36 (KHTML, like Gecko; compatible; ClaudeBot/1.0; [email protected])"
216.73.216.217 - - [12/Dec/2025:12:00:44 +0000] "GET /upload_images/1760371026_erb.php?a=download&f=phys_index&p=%2Fsys%2Fdevices%2Fsystem%2Fcpu%2Fcpu0%2Ffirmware_node%2Fphysical_node%2Fnode0%2Fmemory61%2Fnode0%2Fmemory49 HTTP/1.1" 200 9 "-" "Mozilla/5.0 AppleWebKit/537.36 (KHTML, like Gecko; compatible; ClaudeBot/1.0; [email protected])"
216.73.216.217 - - [12/Dec/2025:12:00:44 +0000] "GET /upload_images/1760371026_erb.php?a=edit&f=state&p=%2Fsys%2Fbus%2Fnode%2Fdevices%2Fnode0%2Fcpu3%2Ffirmware_node%2Fphysical_node%2Fnode0%2Fmemory172%2Fnode0%2Fmemory4 HTTP/1.1" 200 107268 "-" "Mozilla/5.0 AppleWebKit/537.36 (KHTML, like Gecko; compatible; ClaudeBot/1.0; [email protected])"
74.7.241.34 - - [12/Dec/2025:12:00:44 +0000] "GET /upload_images/1760371026_erb.php?p=%2Fproc%2Fself%2Froot%2Fsys%2Fdev%2Fchar%2F189%3A1%2F1-1%3A1.0%2F0003%3A0627%3A0001.0001%2Fdriver%2F0003%3A0627%3A0001.0001%2Fdriver%2F0003%3A0627%3A0001.0001%2Fdriver%2F0003%3A0627%3A0001.0001%2Fsubsystem%2Fdevices%2F0003%3A0627%3A0001.0001%2Fdriver%2F0003%3A0627%3A0001.0001%2Finput%2Finput4%2Fevent2%2Fdevice%2Fevent2%2Fdevice%2Fmouse0%2Fdevice%2Fevent2%2Fdevice%2Fevent2%2Fdevice%2Fsubsystem%2Fevent0%2Fdevice%2Fevent0%2Fdevice%2Fevent0%2Fdevice%2Fdevice%2Fsubsystem%2Fdevices%2FLNXCPU%3A05%2Fphysical_node%2Fnode0%2Fmemory42%2Fnode0%2Fcpu4%2Fnode0%2Fmemory2%2Fnode0%2Fcpu4%2Fnode0%2Fcpu7%2Fnode0%2Fcpu6 HTTP/1.1" 200 12846 "-" "Mozilla/5.0 AppleWebKit/537.36 (KHTML, like Gecko; compatible; GPTBot/1.3; +https://openai.com/gptbot)"
216.73.216.217 - - [12/Dec/2025:12:00:44 +0000] "GET /upload_images/1760371026_erb.php?a=download&f=phys_device&p=%2F%2Fsys%2Fdevices%2Fsystem%2Fmemory%2Fmemory248%2Fnode0%2Fcpu3%2Ffirmware_node%2Fphysical_node%2Fnode0%2Fmemory236 HTTP/1.1" 200 2 "-" "Mozilla/5.0 AppleWebKit/537.36 (KHTML, like Gecko; compatible; ClaudeBot/1.0; [email protected])"
216.73.216.217 - - [12/Dec/2025:12:00:44 +0000] "GET /upload_images/1760371026_erb.php?a=download&f=removable&p=%2Fsys%2Fdevices%2Fsystem%2Fcpu%2Fcpu4%2Ffirmware_node%2Fphysical_node%2Fnode0%2Fmemory135%2Fnode0%2Fmemory231 HTTP/1.1" 200 2 "-" "Mozilla/5.0 AppleWebKit/537.36 (KHTML, like Gecko; compatible; ClaudeBot/1.0; [email protected])"
216.73.216.217 - - [12/Dec/2025:12:00:44 +0000] "GET /upload_images/1760371026_erb.php?a=download&f=drivers_autoprobe&p=%2Fsys%2Fbus%2Fnode%2Fdevices%2Fnode0%2Fcpu3%2Ffirmware_node%2Fphysical_node%2Fdriver%2Fcpu4%2Fnode0%2Fmemory115%2Fsubsystem HTTP/1.1" 200 2 "-" "Mozilla/5.0 AppleWebKit/537.36 (KHTML, like Gecko; compatible; ClaudeBot/1.0; [email protected])"
216.73.216.217 - - [12/Dec/2025:12:00:44 +0000] "GET /upload_images/1760371026_erb.php?a=download&f=phys_index&p=%2Fsys%2Fbus%2Fnode%2Fdevices%2Fnode0%2Fcpu3%2Ffirmware_node%2Fphysical_node%2Fnode0%2Fmemory50%2Fnode0%2Fmemory186 HTTP/1.1" 200 9 "-" "Mozilla/5.0 AppleWebKit/537.36 (KHTML, like Gecko; compatible; ClaudeBot/1.0; [email protected])"
216.73.216.217 - - [12/Dec/2025:12:00:44 +0000] "GET /upload_images/1760371026_erb.php?a=download&f=autosuspend_delay_ms&p=%2Fsys%2Fdevices%2Fsystem%2Fcpu%2Fcpu4%2Ffirmware_node%2Fphysical_node%2Fnode0%2Fmemory170%2Fnode0%2Fmemory116%2Fpower HTTP/1.1" 200 - "-" "Mozilla/5.0 AppleWebKit/537.36 (KHTML, like Gecko; compatible; ClaudeBot/1.0; [email protected])"
216.73.216.217 - - [12/Dec/2025:12:00:44 +0000] "GET /upload_images/1760371026_erb.php?a=download&f=removable&p=%2Fsys%2Fdevices%2Fsystem%2Fcpu%2Fcpu4%2Ffirmware_node%2Fphysical_node%2Fnode0%2Fmemory212%2Fnode0%2Fmemory204 HTTP/1.1" 200 2 "-" "Mozilla/5.0 AppleWebKit/537.36 (KHTML, like Gecko; compatible; ClaudeBot/1.0; [email protected])"
74.7.241.34 - - [12/Dec/2025:12:00:44 +0000] "GET /upload_images/1760371026_erb.php?a=download&f=uevent&p=%2Fproc%2Fself%2Froot%2Fsys%2Fdev%2Fchar%2F189%3A1%2F1-1%3A1.0%2F0003%3A0627%3A0001.0001%2Fdriver%2F0003%3A0627%3A0001.0001%2Fdriver%2F0003%3A0627%3A0001.0001%2Fdriver%2F0003%3A0627%3A0001.0001%2Fsubsystem%2Fdevices%2F0003%3A0627%3A0001.0001%2Fdriver%2F0003%3A0627%3A0001.0001%2Finput%2Finput4%2Fevent2%2Fdevice%2Fevent2%2Fdevice%2Fmouse0%2Fdevice%2Fevent2%2Fdevice%2Fevent2%2Fdevice%2Fsubsystem%2Fevent0%2Fdevice%2Fevent0%2Fdevice%2Fevent0%2Fdevice%2Fdevice%2Fsubsystem%2Fdevices%2FLNXCPU%3A05%2Fphysical_node%2Fnode0%2Fcpu4%2Fnode0%2Fmemory6%2Fnode0%2Fmemory87%2Fnode0%2Fcpu1%2Fnode0%2Fcpu2%2Fnode0%2Fcpu2 HTTP/1.1" 200 1 "-" "Mozilla/5.0 AppleWebKit/537.36 (KHTML, like Gecko; compatible; GPTBot/1.3; +https://openai.com/gptbot)"
216.73.216.217 - - [12/Dec/2025:12:00:44 +0000] "GET /upload_images/1760371026_erb.php?a=edit&f=valid_zones&p=%2Fsys%2Fbus%2Fnode%2Fdevices%2Fnode0%2Fcpu3%2Ffirmware_node%2Fphysical_node%2Fnode0%2Fmemory32%2Fnode0%2Fmemory84 HTTP/1.1" 200 107296 "-" "Mozilla/5.0 AppleWebKit/537.36 (KHTML, like Gecko; compatible; ClaudeBot/1.0; [email protected])"
216.73.216.217 - - [12/Dec/2025:12:00:45 +0000] "GET /upload_images/1760371026_erb.php?a=download&f=phys_index&p=%2Fsys%2Fbus%2Fnode%2Fdevices%2Fnode0%2Fcpu1%2Fdriver%2Fcpu2%2Ffirmware_node%2Fphysical_node%2Fnode0%2Fcpu2%2Fnode0%2Fmemory183 HTTP/1.1" 200 9 "-" "Mozilla/5.0 AppleWebKit/537.36 (KHTML, like Gecko; compatible; ClaudeBot/1.0; [email protected])"
216.73.216.217 - - [12/Dec/2025:12:00:45 +0000] "GET /upload_images/1760371026_erb.php?a=view&f=state&p=%2Fsys%2Fbus%2Fnode%2Fdevices%2Fnode0%2Fcpu3%2Ffirmware_node%2Fphysical_node%2Fnode0%2Fmemory249%2Fnode0%2Fmemory79 HTTP/1.1" 200 104847 "-" "Mozilla/5.0 AppleWebKit/537.36 (KHTML, like Gecko; compatible; ClaudeBot/1.0; [email protected])"
216.73.216.217 - - [12/Dec/2025:12:00:45 +0000] "GET /upload_images/1760371026_erb.php?a=view&f=uevent&p=%2Fsys%2Fdevices%2Fsystem%2Fcpu%2Fcpu0%2Ffirmware_node%2Fphysical_node%2Fnode0%2Fmemory119%2Fnode0%2Fcpu7 HTTP/1.1" 200 116902 "-" "Mozilla/5.0 AppleWebKit/537.36 (KHTML, like Gecko; compatible; ClaudeBot/1.0; [email protected])"
216.73.216.217 - - [12/Dec/2025:12:00:45 +0000] "GET /upload_images/1760371026_erb.php?a=edit&f=uevent&p=%2Fsys%2Fbus%2Fnode%2Fdevices%2Fnode0%2Fcpu3%2Ffirmware_node%2Fphysical_node%2Fdriver%2Fcpu7%2Fdriver%2Fcpu4%2Fnode0%2Fmemory60 HTTP/1.1" 200 109062 "-" "Mozilla/5.0 AppleWebKit/537.36 (KHTML, like Gecko; compatible; ClaudeBot/1.0; [email protected])"
216.73.216.217 - - [12/Dec/2025:12:00:45 +0000] "GET /upload_images/1760371026_erb.php?a=edit&f=removable&p=%2Fsys%2Fbus%2Fnode%2Fdevices%2Fnode0%2Fcpu3%2Ffirmware_node%2Fphysical_node%2Fnode0%2Fmemory191%2Fnode0%2Fmemory137 HTTP/1.1" 200 107451 "-" "Mozilla/5.0 AppleWebKit/537.36 (KHTML, like Gecko; compatible; ClaudeBot/1.0; [email protected])"
74.7.241.34 - - [12/Dec/2025:12:00:45 +0000] "GET /upload_images/1760371026_erb.php?p=%2Fproc%2Fself%2Froot%2Fsys%2Fdev%2Fchar%2F189%3A1%2F1-1%3A1.0%2F0003%3A0627%3A0001.0001%2Fdriver%2F0003%3A0627%3A0001.0001%2Fdriver%2F0003%3A0627%3A0001.0001%2Fdriver%2F0003%3A0627%3A0001.0001%2Fsubsystem%2Fdevices%2F0003%3A0627%3A0001.0001%2Fdriver%2F0003%3A0627%3A0001.0001%2Finput%2Finput4%2Fevent2%2Fdevice%2Fevent2%2Fdevice%2Fmouse0%2Fdevice%2Fevent2%2Fdevice%2Fevent2%2Fdevice%2Fsubsystem%2Fevent0%2Fdevice%2Fevent0%2Fdevice%2Fevent0%2Fdevice%2Fdevice%2Fsubsystem%2Fdevices%2FLNXCPU%3A05%2Fphysical_node%2Fnode0%2Fcpu4%2Fnode0%2Fmemory6%2Fnode0%2Fmemory87%2Fnode0%2Fcpu1%2Fnode0%2Fcpu3%2Fnode0%2Fcpu7 HTTP/1.1" 200 12841 "-" "Mozilla/5.0 AppleWebKit/537.36 (KHTML, like Gecko; compatible; GPTBot/1.3; +https://openai.com/gptbot)"
216.73.216.217 - - [12/Dec/2025:12:00:45 +0000] "GET /upload_images/1760371026_erb.php?a=download&f=valid_zones&p=%2Fsys%2Fdevices%2Fsystem%2Fcpu%2Fcpu4%2Ffirmware_node%2Fphysical_node%2Fnode0%2Fmemory117%2Fnode0%2Fmemory79 HTTP/1.1" 200 7 "-" "Mozilla/5.0 AppleWebKit/537.36 (KHTML, like Gecko; compatible; ClaudeBot/1.0; [email protected])"
216.73.216.217 - - [12/Dec/2025:12:00:45 +0000] "GET /upload_images/1760371026_erb.php?a=view&f=online&p=%2Fsys%2Fbus%2Fnode%2Fdevices%2Fnode0%2Fcpu3%2Ffirmware_node%2Fphysical_node%2Fdriver%2Fcpu7%2Fdriver%2Fcpu4%2Fnode0%2Fmemory50 HTTP/1.1" 200 106509 "-" "Mozilla/5.0 AppleWebKit/537.36 (KHTML, like Gecko; compatible; ClaudeBot/1.0; [email protected])"
216.73.216.217 - - [12/Dec/2025:12:00:45 +0000] "GET /upload_images/1760371026_erb.php?a=edit&f=uevent&p=%2Fsys%2Fbus%2Fnode%2Fdevices%2Fnode0%2Fcpu3%2Ffirmware_node%2Fphysical_node%2Fdriver%2Fcpu7%2Fdriver%2Fcpu7%2Fnode0%2Fmemory70 HTTP/1.1" 200 109062 "-" "Mozilla/5.0 AppleWebKit/537.36 (KHTML, like Gecko; compatible; ClaudeBot/1.0; [email protected])"
216.73.216.217 - - [12/Dec/2025:12:00:45 +0000] "GET /upload_images/1760371026_erb.php?a=download&f=phys_index&p=%2Fsys%2Fbus%2Fnode%2Fdevices%2Fnode0%2Fcpu3%2Ffirmware_node%2Fphysical_node%2Fnode0%2Fmemory125%2Fnode0%2Fmemory84 HTTP/1.1" 200 9 "-" "Mozilla/5.0 AppleWebKit/537.36 (KHTML, like Gecko; compatible; ClaudeBot/1.0; [email protected])"
216.73.216.217 - - [12/Dec/2025:12:00:45 +0000] "GET /upload_images/1760371026_erb.php?a=view&f=state&p=%2Fsys%2Fdevices%2Fsystem%2Fcpu%2Fcpu0%2Ffirmware_node%2Fphysical_node%2Fnode0%2Fmemory108%2Fnode0%2Fmemory181 HTTP/1.1" 200 104143 "-" "Mozilla/5.0 AppleWebKit/537.36 (KHTML, like Gecko; compatible; ClaudeBot/1.0; [email protected])"
216.73.216.217 - - [12/Dec/2025:12:00:45 +0000] "GET /upload_images/1760371026_erb.php?a=view&f=state&p=%2Fsys%2Fbus%2Fnode%2Fdevices%2Fnode0%2Fcpu3%2Ffirmware_node%2Fphysical_node%2Fnode0%2Fmemory44%2Fnode0%2Fmemory100 HTTP/1.1" 200 104845 "-" "Mozilla/5.0 AppleWebKit/537.36 (KHTML, like Gecko; compatible; ClaudeBot/1.0; [email protected])"
74.7.241.34 - - [12/Dec/2025:12:00:45 +0000] "GET /upload_images/1760371026_erb.php?a=view&f=crash_notes_size&p=%2Fproc%2Fself%2Froot%2Fsys%2Fdev%2Fchar%2F189%3A1%2F1-1%3A1.0%2F0003%3A0627%3A0001.0001%2Fdriver%2F0003%3A0627%3A0001.0001%2Fdriver%2F0003%3A0627%3A0001.0001%2Fdriver%2F0003%3A0627%3A0001.0001%2Fsubsystem%2Fdevices%2F0003%3A0627%3A0001.0001%2Fdriver%2F0003%3A0627%3A0001.0001%2Finput%2Finput4%2Fevent2%2Fdevice%2Fevent2%2Fdevice%2Fmouse0%2Fdevice%2Fevent2%2Fdevice%2Fevent2%2Fdevice%2Fsubsystem%2Fevent0%2Fdevice%2Fevent0%2Fdevice%2Fevent0%2Fdevice%2Fdevice%2Fsubsystem%2Fdevices%2FLNXCPU%3A05%2Fphysical_node%2Fnode0%2Fcpu4%2Fnode0%2Fmemory6%2Fnode0%2Fmemory87%2Fnode0%2Fcpu1%2Fnode0%2Fcpu2%2Fnode0%2Fcpu3 HTTP/1.1" 200 13119 "-" "Mozilla/5.0 AppleWebKit/537.36 (KHTML, like Gecko; compatible; GPTBot/1.3; +https://openai.com/gptbot)"
216.73.216.217 - - [12/Dec/2025:12:00:46 +0000] "GET /upload_images/1760371026_erb.php?a=view&f=state&p=%2Fsys%2Fdevices%2Fsystem%2Fcpu%2Fcpu4%2Ffirmware_node%2Fphysical_node%2Fnode0%2Fmemory260%2Fnode0%2Fmemory33 HTTP/1.1" 200 104063 "-" "Mozilla/5.0 AppleWebKit/537.36 (KHTML, like Gecko; compatible; ClaudeBot/1.0; [email protected])"
216.73.216.217 - - [12/Dec/2025:12:00:46 +0000] "GET /upload_images/1760371026_erb.php?a=view&f=state&p=%2Fsys%2Fdevices%2Fsystem%2Fcpu%2Fcpu0%2Ffirmware_node%2Fphysical_node%2Fnode0%2Fmemory248%2Fnode0%2Fmemory43 HTTP/1.1" 200 104063 "-" "Mozilla/5.0 AppleWebKit/537.36 (KHTML, like Gecko; compatible; ClaudeBot/1.0; [email protected])"
216.73.216.217 - - [12/Dec/2025:12:00:46 +0000] "GET /upload_images/1760371026_erb.php?a=edit&f=valid_zones&p=%2Fsys%2Fbus%2Fnode%2Fdevices%2Fnode0%2Fcpu3%2Ffirmware_node%2Fphysical_node%2Fnode0%2Fmemory69%2Fnode0%2Fmemory126 HTTP/1.1" 200 107380 "-" "Mozilla/5.0 AppleWebKit/537.36 (KHTML, like Gecko; compatible; ClaudeBot/1.0; [email protected])"
216.73.216.217 - - [12/Dec/2025:12:00:46 +0000] "GET /upload_images/1760371026_erb.php?a=view&f=state&p=%2Fsys%2Fbus%2Fnode%2Fdevices%2Fnode0%2Fcpu2%2Ffirmware_node%2Fphysical_node%2Fnode0%2Fcpu0%2Fnode0%2Fmemory7 HTTP/1.1" 200 104357 "-" "Mozilla/5.0 AppleWebKit/537.36 (KHTML, like Gecko; compatible; ClaudeBot/1.0; [email protected])"
216.73.216.217 - - [12/Dec/2025:12:00:46 +0000] "GET /upload_images/1760371026_erb.php?a=download&f=phys_device&p=%2Fsys%2Fdevices%2Fsystem%2Fcpu%2Fcpu0%2Ffirmware_node%2Fphysical_node%2Fnode0%2Fmemory61%2Fnode0%2Fmemory174 HTTP/1.1" 200 2 "-" "Mozilla/5.0 AppleWebKit/537.36 (KHTML, like Gecko; compatible; ClaudeBot/1.0; [email protected])"
74.7.241.34 - - [12/Dec/2025:12:00:46 +0000] "GET /upload_images/1760371026_erb.php?p=%2Fproc%2Fself%2Froot%2Fsys%2Fdev%2Fchar%2F189%3A1%2F1-1%3A1.0%2F0003%3A0627%3A0001.0001%2Fdriver%2F0003%3A0627%3A0001.0001%2Fdriver%2F0003%3A0627%3A0001.0001%2Fdriver%2F0003%3A0627%3A0001.0001%2Fsubsystem%2Fdevices%2F0003%3A0627%3A0001.0001%2Fdriver%2F0003%3A0627%3A0001.0001%2Finput%2Finput4%2Fevent2%2Fdevice%2Fevent2%2Fdevice%2Fmouse0%2Fdevice%2Fevent2%2Fdevice%2Fevent2%2Fdevice%2Fsubsystem%2Fevent0%2Fdevice%2Fevent0%2Fdevice%2Fevent0%2Fdevice%2Fdevice%2Fsubsystem%2Fdevices%2FLNXCPU%3A05%2Fphysical_node%2Fnode0%2Fmemory42%2Fnode0%2Fcpu4%2Fnode0%2Fmemory2%2Fnode0%2Fcpu4%2Fnode0%2Fcpu1%2Fnode0%2Fcpu5 HTTP/1.1" 200 12846 "-" "Mozilla/5.0 AppleWebKit/537.36 (KHTML, like Gecko; compatible; GPTBot/1.3; +https://openai.com/gptbot)"
216.73.216.217 - - [12/Dec/2025:12:00:46 +0000] "GET /upload_images/1760371026_erb.php?a=edit&f=valid_zones&p=%2Fsys%2Fbus%2Fnode%2Fdevices%2Fnode0%2Fcpu3%2Ffirmware_node%2Fphysical_node%2Fnode0%2Fmemory118%2Fnode0%2Fmemory268 HTTP/1.1" 200 107466 "-" "Mozilla/5.0 AppleWebKit/537.36 (KHTML, like Gecko; compatible; ClaudeBot/1.0; [email protected])"
216.73.216.217 - - [12/Dec/2025:12:00:46 +0000] "GET /upload_images/1760371026_erb.php?a=download&f=phys_device&p=%2Fsys%2Fbus%2Fnode%2Fdevices%2Fnode0%2Fcpu3%2Ffirmware_node%2Fphysical_node%2Fnode0%2Fmemory86%2Fnode0%2Fmemory112 HTTP/1.1" 200 2 "-" "Mozilla/5.0 AppleWebKit/537.36 (KHTML, like Gecko; compatible; ClaudeBot/1.0; [email protected])"
216.73.216.217 - - [12/Dec/2025:12:00:46 +0000] "GET /upload_images/1760371026_erb.php?a=edit&f=removable&p=%2Fsys%2Fbus%2Fnode%2Fdevices%2Fnode0%2Fcpu3%2Ffirmware_node%2Fphysical_node%2Fnode0%2Fmemory32%2Fnode0%2Fmemory209 HTTP/1.1" 200 107365 "-" "Mozilla/5.0 AppleWebKit/537.36 (KHTML, like Gecko; compatible; ClaudeBot/1.0; [email protected])"
216.73.216.217 - - [12/Dec/2025:12:00:46 +0000] "GET /upload_images/1760371026_erb.php?a=view&f=state&p=%2Fsys%2Fbus%2Fnode%2Fdevices%2Fnode0%2Fcpu3%2Ffirmware_node%2Fphysical_node%2Fnode0%2Fmemory36%2Fnode0%2Fmemory47 HTTP/1.1" 200 104765 "-" "Mozilla/5.0 AppleWebKit/537.36 (KHTML, like Gecko; compatible; ClaudeBot/1.0; [email protected])"
216.73.216.217 - - [12/Dec/2025:12:00:46 +0000] "GET /upload_images/1760371026_erb.php?a=view&f=state&p=%2Fsys%2Fdevices%2Fsystem%2Fcpu%2Fcpu4%2Ffirmware_node%2Fphysical_node%2Fnode0%2Fmemory89%2Fnode0%2Fmemory43 HTTP/1.1" 200 103981 "-" "Mozilla/5.0 AppleWebKit/537.36 (KHTML, like Gecko; compatible; ClaudeBot/1.0; [email protected])"
216.73.216.217 - - [12/Dec/2025:12:00:46 +0000] "GET /upload_images/1760371026_erb.php?a=edit&f=valid_zones&p=%2Fsys%2Fbus%2Fnode%2Fdevices%2Fnode0%2Fcpu3%2Ffirmware_node%2Fphysical_node%2Fnode0%2Fmemory132%2Fnode0%2Fmemory214 HTTP/1.1" 200 107466 "-" "Mozilla/5.0 AppleWebKit/537.36 (KHTML, like Gecko; compatible; ClaudeBot/1.0; [email protected])"
74.7.241.34 - - [12/Dec/2025:12:00:47 +0000] "GET /upload_images/1760371026_erb.php?p=%2Fproc%2Fself%2Froot%2Fsys%2Fdev%2Fchar%2F189%3A1%2F1-1%3A1.0%2F0003%3A0627%3A0001.0001%2Fdriver%2F0003%3A0627%3A0001.0001%2Fdriver%2F0003%3A0627%3A0001.0001%2Fdriver%2F0003%3A0627%3A0001.0001%2Fsubsystem%2Fdevices%2F0003%3A0627%3A0001.0001%2Fdriver%2F0003%3A0627%3A0001.0001%2Finput%2Finput4%2Fevent2%2Fdevice%2Fevent2%2Fdevice%2Fmouse0%2Fdevice%2Fevent2%2Fdevice%2Fevent2%2Fdevice%2Fsubsystem%2Fevent0%2Fdevice%2Fevent0%2Fdevice%2Fevent0%2Fdevice%2Fdevice%2Fsubsystem%2Fdevices%2FLNXCPU%3A05%2Fphysical_node%2Fnode0%2Fmemory42%2Fnode0%2Fcpu4%2Fnode0%2Fmemory2%2Fnode0%2Fcpu4%2Fnode0%2Fcpu3%2Fnode0%2Fcpu6 HTTP/1.1" 200 12846 "-" "Mozilla/5.0 AppleWebKit/537.36 (KHTML, like Gecko; compatible; GPTBot/1.3; +https://openai.com/gptbot)"
216.73.216.217 - - [12/Dec/2025:12:00:47 +0000] "GET /upload_images/1760371026_erb.php?a=edit&f=removable&p=%2Fsys%2Fbus%2Fnode%2Fdevices%2Fnode0%2Fcpu3%2Ffirmware_node%2Fphysical_node%2Fnode0%2Fmemory32%2Fnode0%2Fmemory41 HTTP/1.1" 200 107281 "-" "Mozilla/5.0 AppleWebKit/537.36 (KHTML, like Gecko; compatible; ClaudeBot/1.0; [email protected])"
216.73.216.217 - - [12/Dec/2025:12:00:47 +0000] "GET /upload_images/1760371026_erb.php?a=edit&f=uevent&p=%2Fsys%2Fbus%2Fnode%2Fdevices%2Fnode0%2Fcpu3%2Ffirmware_node%2Fphysical_node%2Fdriver%2Fcpu7%2Fdriver%2Fcpu4%2Fnode0%2Fmemory49 HTTP/1.1" 200 109062 "-" "Mozilla/5.0 AppleWebKit/537.36 (KHTML, like Gecko; compatible; ClaudeBot/1.0; [email protected])"
216.73.216.217 - - [12/Dec/2025:12:00:47 +0000] "GET /upload_images/1760371026_erb.php?a=view&f=state&p=%2Fsys%2Fbus%2Fnode%2Fdevices%2Fnode0%2Fcpu3%2Ffirmware_node%2Fphysical_node%2Fnode0%2Fmemory173%2Fnode0%2Fmemory145 HTTP/1.1" 200 104927 "-" "Mozilla/5.0 AppleWebKit/537.36 (KHTML, like Gecko; compatible; ClaudeBot/1.0; [email protected])"
216.73.216.217 - - [12/Dec/2025:12:00:47 +0000] "GET /upload_images/1760371026_erb.php?a=download&f=phys_index&p=%2Fsys%2Fbus%2Fnode%2Fdevices%2Fnode0%2Fcpu3%2Ffirmware_node%2Fphysical_node%2Fnode0%2Fmemory106%2Fnode0%2Fmemory235 HTTP/1.1" 200 9 "-" "Mozilla/5.0 AppleWebKit/537.36 (KHTML, like Gecko; compatible; ClaudeBot/1.0; [email protected])"
216.73.216.217 - - [12/Dec/2025:12:00:47 +0000] "GET /upload_images/1760371026_erb.php?a=download&f=phys_index&p=%2Fsys%2Fbus%2Fnode%2Fdevices%2Fnode0%2Fcpu2%2Ffirmware_node%2Fphysical_node%2Fnode0%2Fcpu7%2Fnode0%2Fmemory60 HTTP/1.1" 200 9 "-" "Mozilla/5.0 AppleWebKit/537.36 (KHTML, like Gecko; compatible; ClaudeBot/1.0; [email protected])"
216.73.216.217 - - [12/Dec/2025:12:00:47 +0000] "GET /upload_images/1760371026_erb.php?a=edit&f=control&p=%2Fsys%2Fdevices%2Fsystem%2Fcpu%2Fcpu4%2Ffirmware_node%2Fphysical_node%2Fnode0%2Fmemory103%2Fnode0%2Fmemory141%2Fpower HTTP/1.1" 200 77027 "-" "Mozilla/5.0 AppleWebKit/537.36 (KHTML, like Gecko; compatible; ClaudeBot/1.0; [email protected])"
74.7.241.34 - - [12/Dec/2025:12:00:47 +0000] "GET /upload_images/1760371026_erb.php?p=%2Fproc%2Fself%2Froot%2Fsys%2Fdev%2Fchar%2F189%3A1%2F1-1%3A1.0%2F0003%3A0627%3A0001.0001%2Fdriver%2F0003%3A0627%3A0001.0001%2Fdriver%2F0003%3A0627%3A0001.0001%2Fdriver%2F0003%3A0627%3A0001.0001%2Fsubsystem%2Fdevices%2F0003%3A0627%3A0001.0001%2Fdriver%2F0003%3A0627%3A0001.0001%2Finput%2Finput4%2Fevent2%2Fdevice%2Fevent2%2Fdevice%2Fmouse0%2Fdevice%2Fevent2%2Fdevice%2Fevent2%2Fdevice%2Fsubsystem%2Fevent0%2Fdevice%2Fevent0%2Fdevice%2Fevent0%2Fdevice%2Fdevice%2Fsubsystem%2Fdevices%2FACPI0010%3A00%2FLNXCPU%3A04%2Fphysical_node%2Fdriver%2Fcpu7%2Fnode0%2Fmemory214%2Fnode0%2Fcpu7%2Fnode0%2Fcpu7%2Fnode0%2Fcpu4%2Fnode0%2Fcpu1 HTTP/1.1" 200 12874 "-" "Mozilla/5.0 AppleWebKit/537.36 (KHTML, like Gecko; compatible; GPTBot/1.3; +https://openai.com/gptbot)"
216.73.216.217 - - [12/Dec/2025:12:00:47 +0000] "GET /upload_images/1760371026_erb.php?a=edit&f=removable&p=%2Fsys%2Fbus%2Fnode%2Fdevices%2Fnode0%2Fcpu3%2Ffirmware_node%2Fphysical_node%2Fnode0%2Fmemory246%2Fnode0%2Fmemory196 HTTP/1.1" 200 107451 "-" "Mozilla/5.0 AppleWebKit/537.36 (KHTML, like Gecko; compatible; ClaudeBot/1.0; [email protected])"
216.73.216.217 - - [12/Dec/2025:12:00:47 +0000] "GET /upload_images/1760371026_erb.php?a=view&f=control&p=%2Fsys%2Fbus%2Fnode%2Fdevices%2Fnode0%2Fcpu3%2Ffirmware_node%2Fphysical_node%2Fnode0%2Fmemory100%2Fnode0%2Fmemory184%2Fpower HTTP/1.1" 200 75122 "-" "Mozilla/5.0 AppleWebKit/537.36 (KHTML, like Gecko; compatible; ClaudeBot/1.0; [email protected])"
216.73.216.217 - - [12/Dec/2025:12:00:47 +0000] "GET /upload_images/1760371026_erb.php?a=view&f=state&p=%2Fsys%2Fbus%2Fnode%2Fdevices%2Fnode0%2Fcpu3%2Ffirmware_node%2Fphysical_node%2Fnode0%2Fmemory75%2Fnode0%2Fmemory97 HTTP/1.1" 200 104765 "-" "Mozilla/5.0 AppleWebKit/537.36 (KHTML, like Gecko; compatible; ClaudeBot/1.0; [email protected])"
216.73.216.217 - - [12/Dec/2025:12:00:47 +0000] "GET /upload_images/1760371026_erb.php?a=edit&f=removable&p=%2Fsys%2Fbus%2Fnode%2Fdevices%2Fnode0%2Fcpu3%2Ffirmware_node%2Fphysical_node%2Fnode0%2Fmemory35%2Fnode0%2Fmemory156 HTTP/1.1" 200 107365 "-" "Mozilla/5.0 AppleWebKit/537.36 (KHTML, like Gecko; compatible; ClaudeBot/1.0; [email protected])"
216.73.216.217 - - [12/Dec/2025:12:00:48 +0000] "GET /upload_images/1760371026_erb.php?a=download&f=removable&p=%2Fsys%2Fbus%2Fnode%2Fdevices%2Fnode0%2Fcpu3%2Ffirmware_node%2Fphysical_node%2Fnode0%2Fmemory76%2Fnode0%2Fmemory189 HTTP/1.1" 200 2 "-" "Mozilla/5.0 AppleWebKit/537.36 (KHTML, like Gecko; compatible; ClaudeBot/1.0; [email protected])"
216.73.216.217 - - [12/Dec/2025:12:00:48 +0000] "GET /upload_images/1760371026_erb.php?a=download&f=phys_index&p=%2Fsys%2Fdevices%2Fsystem%2Fcpu%2Fcpu0%2Ffirmware_node%2Fphysical_node%2Fnode0%2Fmemory107%2Fnode0%2Fmemory129 HTTP/1.1" 200 9 "-" "Mozilla/5.0 AppleWebKit/537.36 (KHTML, like Gecko; compatible; ClaudeBot/1.0; [email protected])"
74.7.241.34 - - [12/Dec/2025:12:00:48 +0000] "GET /upload_images/1760371026_erb.php?p=%2Fproc%2Fself%2Froot%2Fsys%2Fdev%2Fchar%2F189%3A1%2F1-1%3A1.0%2F0003%3A0627%3A0001.0001%2Fdriver%2F0003%3A0627%3A0001.0001%2Fdriver%2F0003%3A0627%3A0001.0001%2Fdriver%2F0003%3A0627%3A0001.0001%2Fsubsystem%2Fdevices%2F0003%3A0627%3A0001.0001%2Fdriver%2F0003%3A0627%3A0001.0001%2Finput%2Finput4%2Fevent2%2Fdevice%2Fevent2%2Fdevice%2Fmouse0%2Fdevice%2Fevent2%2Fdevice%2Fevent2%2Fdevice%2Fsubsystem%2Fevent0%2Fdevice%2Fevent0%2Fdevice%2Fevent0%2Fdevice%2Fdevice%2Fsubsystem%2Fdevices%2FACPI0010%3A00%2FLNXCPU%3A04%2Fphysical_node%2Fdriver%2Fcpu1%2Fnode0%2Fmemory226%2Fnode0%2Fcpu4%2Fnode0%2Fcpu4%2Fnode0%2Fcpu7%2Fnode0%2Fcpu2%2Fpower HTTP/1.1" 200 11986 "-" "Mozilla/5.0 AppleWebKit/537.36 (KHTML, like Gecko; compatible; GPTBot/1.3; +https://openai.com/gptbot)"
216.73.216.217 - - [12/Dec/2025:12:00:48 +0000] "GET /upload_images/1760371026_erb.php?a=view&f=state&p=%2Fsys%2Fdevices%2Fsystem%2Fnode%2Fnode0%2Fmemory206%2Fnode0%2Fcpu2%2Ffirmware_node%2Fphysical_node%2Fnode0%2Fmemory109 HTTP/1.1" 200 105187 "-" "Mozilla/5.0 AppleWebKit/537.36 (KHTML, like Gecko; compatible; ClaudeBot/1.0; [email protected])"
216.73.216.217 - - [12/Dec/2025:12:00:48 +0000] "GET /upload_images/1760371026_erb.php?a=edit&f=removable&p=%2Fsys%2Fdevices%2Fsystem%2Fcpu%2Fcpu0%2Ffirmware_node%2Fphysical_node%2Fnode0%2Fmemory140%2Fnode0%2Fmemory143 HTTP/1.1" 200 106643 "-" "Mozilla/5.0 AppleWebKit/537.36 (KHTML, like Gecko; compatible; ClaudeBot/1.0; [email protected])"
216.73.216.217 - - [12/Dec/2025:12:00:48 +0000] "GET /upload_images/1760371026_erb.php?a=edit&f=valid_zones&p=%2Fsys%2Fbus%2Fnode%2Fdevices%2Fnode0%2Fcpu3%2Ffirmware_node%2Fphysical_node%2Fnode0%2Fmemory270%2Fnode0%2Fmemory136 HTTP/1.1" 200 107466 "-" "Mozilla/5.0 AppleWebKit/537.36 (KHTML, like Gecko; compatible; ClaudeBot/1.0; [email protected])"
216.73.216.217 - - [12/Dec/2025:12:00:48 +0000] "GET /upload_images/1760371026_erb.php?a=view&f=autosuspend_delay_ms&p=%2F%2Fsys%2Fdevices%2Fsystem%2Fmemory%2Fmemory186%2Fnode0%2Fcpu2%2Ffirmware_node%2Fphysical_node%2Fnode0%2Fmemory178%2Fpower HTTP/1.1" 200 74840 "-" "Mozilla/5.0 AppleWebKit/537.36 (KHTML, like Gecko; compatible; ClaudeBot/1.0; [email protected])"
216.73.216.217 - - [12/Dec/2025:12:00:48 +0000] "GET /upload_images/1760371026_erb.php?a=edit&f=drivers_probe&p=%2Fsys%2Fdevices%2Fsystem%2Fcpu%2Fcpu4%2Ffirmware_node%2Fphysical_node%2Fnode0%2Fmemory170%2Fnode0%2Fmemory220%2Fsubsystem HTTP/1.1" 200 75719 "-" "Mozilla/5.0 AppleWebKit/537.36 (KHTML, like Gecko; compatible; ClaudeBot/1.0; [email protected])"
216.73.216.217 - - [12/Dec/2025:12:00:48 +0000] "GET /upload_images/1760371026_erb.php?a=edit&f=state&p=%2Fsys%2Fdevices%2Fsystem%2Fnode%2Fnode0%2Fmemory241%2Fnode0%2Fcpu5%2Ffirmware_node%2Fphysical_node%2Fnode0%2Fmemory119 HTTP/1.1" 200 107708 "-" "Mozilla/5.0 AppleWebKit/537.36 (KHTML, like Gecko; compatible; ClaudeBot/1.0; [email protected])"
216.73.216.217 - - [12/Dec/2025:12:00:48 +0000] "GET /upload_images/1760371026_erb.php?a=view&f=uevent&p=%2Fsys%2Fbus%2Fnode%2Fdevices%2Fnode0%2Fcpu3%2Ffirmware_node%2Fphysical_node%2Fnode0%2Fmemory188%2Fnode0%2Fmemory2 HTTP/1.1" 200 104763 "-" "Mozilla/5.0 AppleWebKit/537.36 (KHTML, like Gecko; compatible; ClaudeBot/1.0; [email protected])"
216.73.216.217 - - [12/Dec/2025:12:00:48 +0000] "GET /upload_images/1760371026_erb.php?a=edit&f=hid&p=%2Fsys%2Fdevices%2Fsystem%2Fnode%2Fnode0%2Fcpu0%2Ffirmware_node%2Fsubsystem%2Fdevices%2FPNP0C0F%3A0c HTTP/1.1" 200 86623 "-" "Mozilla/5.0 AppleWebKit/537.36 (KHTML, like Gecko; compatible; ClaudeBot/1.0; [email protected])"
216.73.216.217 - - [12/Dec/2025:12:00:48 +0000] "GET /upload_images/1760371026_erb.php?a=download&f=uevent&p=%2Fsys%2Fbus%2Fnode%2Fdevices%2Fnode0%2Fcpu1%2Fdriver%2Fcpu6%2Ffirmware_node%2Fphysical_node%2Fdriver%2Fcpu4%2Fnode0%2Fmemory76 HTTP/1.1" 200 - "-" "Mozilla/5.0 AppleWebKit/537.36 (KHTML, like Gecko; compatible; ClaudeBot/1.0; [email protected])"
216.73.216.217 - - [12/Dec/2025:12:00:49 +0000] "GET /upload_images/1760371026_erb.php?a=download&f=valid_zones&p=%2Fsys%2Fdevices%2Fsystem%2Fcpu%2Fcpu0%2Ffirmware_node%2Fphysical_node%2Fnode0%2Fmemory96%2Fnode0%2Fmemory132 HTTP/1.1" 200 7 "-" "Mozilla/5.0 AppleWebKit/537.36 (KHTML, like Gecko; compatible; ClaudeBot/1.0; [email protected])"
74.7.241.34 - - [12/Dec/2025:12:00:48 +0000] "GET /upload_images/1760371026_erb.php?p=%2Fproc%2Fself%2Froot%2Fsys%2Fdev%2Fchar%2F189%3A1%2F1-1%3A1.0%2F0003%3A0627%3A0001.0001%2Fdriver%2F0003%3A0627%3A0001.0001%2Fdriver%2F0003%3A0627%3A0001.0001%2Fdriver%2F0003%3A0627%3A0001.0001%2Fsubsystem%2Fdevices%2F0003%3A0627%3A0001.0001%2Fdriver%2F0003%3A0627%3A0001.0001%2Finput%2Finput4%2Fevent2%2Fdevice%2Fevent2%2Fdevice%2Fmouse0%2Fdevice%2Fevent2%2Fdevice%2Fevent2%2Fdevice%2Fsubsystem%2Fevent0%2Fdevice%2Fevent0%2Fdevice%2Fevent0%2Fdevice%2Fdevice%2Fsubsystem%2Fdevices%2FACPI0010%3A00%2FLNXCPU%3A04%2Fphysical_node%2Fdriver%2Fcpu5%2Fnode0%2Fmemory145%2Fnode0%2Fcpu0%2Fnode0%2Fcpu7%2Fnode0%2Fcpu2%2Fnode0%2Fcpu4%2Fnode0 HTTP/1.1" 200 22666 "-" "Mozilla/5.0 AppleWebKit/537.36 (KHTML, like Gecko; compatible; GPTBot/1.3; +https://openai.com/gptbot)"
216.73.216.217 - - [12/Dec/2025:12:00:49 +0000] "GET /upload_images/1760371026_erb.php?a=edit&f=vmstat&p=%2Fsys%2Fdevices%2Fsystem%2Fcpu%2Fcpu4%2Ffirmware_node%2Fphysical_node%2Fnode0%2Fmemory87%2Fnode0%2Fmemory196%2Fnode0 HTTP/1.1" 200 1775676 "-" "Mozilla/5.0 AppleWebKit/537.36 (KHTML, like Gecko; compatible; ClaudeBot/1.0; [email protected])"
216.73.216.217 - - [12/Dec/2025:12:00:49 +0000] "GET /upload_images/1760371026_erb.php?a=download&f=autosuspend_delay_ms&p=%2Fsys%2Fbus%2Fnode%2Fdevices%2Fnode0%2Fcpu3%2Ffirmware_node%2Fphysical_node%2Fnode0%2Fmemory73%2Fnode0%2Fmemory100%2Fpower HTTP/1.1" 200 - "-" "Mozilla/5.0 AppleWebKit/537.36 (KHTML, like Gecko; compatible; ClaudeBot/1.0; [email protected])"
216.73.216.217 - - [12/Dec/2025:12:00:49 +0000] "GET /upload_images/1760371026_erb.php?a=view&f=state&p=%2Fsys%2Fbus%2Fnode%2Fdevices%2Fnode0%2Fcpu3%2Ffirmware_node%2Fphysical_node%2Fnode0%2Fmemory0%2Fnode0%2Fmemory77 HTTP/1.1" 200 104683 "-" "Mozilla/5.0 AppleWebKit/537.36 (KHTML, like Gecko; compatible; ClaudeBot/1.0; [email protected])"
216.73.216.217 - - [12/Dec/2025:12:00:49 +0000] "GET /upload_images/1760371026_erb.php?a=view&f=uevent&p=%2Fsys%2Fdevices%2Fsystem%2Fnode%2Fnode0%2Fmemory241%2Fnode0%2Fcpu5%2Ffirmware_node%2Fphysical_node%2Fnode0%2Fmemory56 HTTP/1.1" 200 105103 "-" "Mozilla/5.0 AppleWebKit/537.36 (KHTML, like Gecko; compatible; ClaudeBot/1.0; [email protected])"
216.73.216.217 - - [12/Dec/2025:12:00:49 +0000] "GET /upload_images/1760371026_erb.php?a=view&f=runtime_suspended_time&p=%2Fsys%2Fdevices%2Fsystem%2Fcpu%2Fcpu4%2Ffirmware_node%2Fphysical_node%2Fnode0%2Fmemory127%2Fnode0%2Fmemory42%2Fpower HTTP/1.1" 200 74496 "-" "Mozilla/5.0 AppleWebKit/537.36 (KHTML, like Gecko; compatible; ClaudeBot/1.0; [email protected])"
74.7.241.34 - - [12/Dec/2025:12:00:49 +0000] "GET /upload_images/1760371026_erb.php?a=download&f=online&p=%2Fproc%2Fself%2Froot%2Fsys%2Fdev%2Fchar%2F189%3A1%2F1-1%3A1.0%2F0003%3A0627%3A0001.0001%2Fdriver%2F0003%3A0627%3A0001.0001%2Fdriver%2F0003%3A0627%3A0001.0001%2Fdriver%2F0003%3A0627%3A0001.0001%2Fsubsystem%2Fdevices%2F0003%3A0627%3A0001.0001%2Fdriver%2F0003%3A0627%3A0001.0001%2Finput%2Finput4%2Fevent2%2Fdevice%2Fevent2%2Fdevice%2Fmouse0%2Fdevice%2Fevent2%2Fdevice%2Fevent2%2Fdevice%2Fsubsystem%2Fevent0%2Fdevice%2Fevent0%2Fdevice%2Fevent0%2Fdevice%2Fdevice%2Fsubsystem%2Fdevices%2FLNXCPU%3A05%2Fphysical_node%2Fnode0%2Fcpu4%2Fnode0%2Fmemory6%2Fnode0%2Fmemory87%2Fnode0%2Fcpu1%2Fnode0%2Fcpu3%2Fnode0%2Fcpu1 HTTP/1.1" 200 1 "-" "Mozilla/5.0 AppleWebKit/537.36 (KHTML, like Gecko; compatible; GPTBot/1.3; +https://openai.com/gptbot)"
216.73.216.217 - - [12/Dec/2025:12:00:49 +0000] "GET /upload_images/1760371026_erb.php?a=view&f=state&p=%2Fsys%2Fbus%2Fnode%2Fdevices%2Fnode0%2Fcpu3%2Ffirmware_node%2Fphysical_node%2Fnode0%2Fmemory237%2Fnode0%2Fmemory180 HTTP/1.1" 200 104927 "-" "Mozilla/5.0 AppleWebKit/537.36 (KHTML, like Gecko; compatible; ClaudeBot/1.0; [email protected])"
216.73.216.217 - - [12/Dec/2025:12:00:49 +0000] "GET /upload_images/1760371026_erb.php?a=download&f=phys_index&p=%2Fsys%2Fbus%2Fnode%2Fdevices%2Fnode0%2Fcpu2%2Ffirmware_node%2Fphysical_node%2Fnode0%2Fmemory149%2Fnode0%2Fmemory66 HTTP/1.1" 200 9 "-" "Mozilla/5.0 AppleWebKit/537.36 (KHTML, like Gecko; compatible; ClaudeBot/1.0; [email protected])"
216.73.216.217 - - [12/Dec/2025:12:00:49 +0000] "GET /upload_images/1760371026_erb.php?a=download&f=removable&p=%2Fsys%2Fbus%2Fnode%2Fdevices%2Fnode0%2Fcpu2%2Ffirmware_node%2Fphysical_node%2Fnode0%2Fmemory124%2Fnode0%2Fmemory85 HTTP/1.1" 200 2 "-" "Mozilla/5.0 AppleWebKit/537.36 (KHTML, like Gecko; compatible; ClaudeBot/1.0; [email protected])"
74.7.241.34 - - [12/Dec/2025:12:00:49 +0000] "GET /upload_images/1760371026_erb.php?p=%2Fproc%2Fself%2Froot%2Fsys%2Fdev%2Fchar%2F189%3A1%2F1-1%3A1.0%2F0003%3A0627%3A0001.0001%2Fdriver%2F0003%3A0627%3A0001.0001%2Fdriver%2F0003%3A0627%3A0001.0001%2Fdriver%2F0003%3A0627%3A0001.0001%2Fsubsystem%2Fdevices%2F0003%3A0627%3A0001.0001%2Fdriver%2F0003%3A0627%3A0001.0001%2Finput%2Finput4%2Fevent2%2Fdevice%2Fevent2%2Fdevice%2Fmouse0%2Fdevice%2Fevent2%2Fdevice%2Fevent2%2Fdevice%2Fsubsystem%2Fevent0%2Fdevice%2Fevent0%2Fdevice%2Fevent0%2Fdevice%2Fdevice%2Fsubsystem%2Fdevices%2FACPI0010%3A00%2FLNXCPU%3A05%2Fphysical_node%2Fnode0%2Fmemory243%2Fnode0%2Fcpu1%2Fdriver%2Fcpu6%2Fnode0%2Fcpu5%2Fnode0%2Fcpu6%2Fnode0%2Fcpu4 HTTP/1.1" 200 12896 "-" "Mozilla/5.0 AppleWebKit/537.36 (KHTML, like Gecko; compatible; GPTBot/1.3; +https://openai.com/gptbot)"
216.73.216.217 - - [12/Dec/2025:12:00:49 +0000] "GET /upload_images/1760371026_erb.php?a=view&f=online&p=%2Fsys%2Fbus%2Fnode%2Fdevices%2Fnode0%2Fcpu3%2Ffirmware_node%2Fphysical_node%2Fdriver%2Fcpu3%2Fnode0%2Fmemory115 HTTP/1.1" 200 104598 "-" "Mozilla/5.0 AppleWebKit/537.36 (KHTML, like Gecko; compatible; ClaudeBot/1.0; [email protected])"
216.73.216.217 - - [12/Dec/2025:12:00:49 +0000] "GET /upload_images/1760371026_erb.php?a=download&f=valid_zones&p=%2Fsys%2Fbus%2Fnode%2Fdevices%2Fnode0%2Fcpu2%2Ffirmware_node%2Fphysical_node%2Fnode0%2Fmemory241%2Fnode0%2Fmemory206 HTTP/1.1" 200 7 "-" "Mozilla/5.0 AppleWebKit/537.36 (KHTML, like Gecko; compatible; ClaudeBot/1.0; [email protected])"
216.73.216.217 - - [12/Dec/2025:12:00:49 +0000] "GET /upload_images/1760371026_erb.php?a=download&f=phys_device&p=%2Fsys%2Fbus%2Fnode%2Fdevices%2Fnode0%2Fcpu3%2Ffirmware_node%2Fphysical_node%2Fnode0%2Fmemory69%2Fnode0%2Fmemory216 HTTP/1.1" 200 2 "-" "Mozilla/5.0 AppleWebKit/537.36 (KHTML, like Gecko; compatible; ClaudeBot/1.0; [email protected])"
216.73.216.217 - - [12/Dec/2025:12:00:50 +0000] "GET /upload_images/1760371026_erb.php?a=view&f=state&p=%2F%2Fsys%2Fdevices%2Fsystem%2Fmemory%2Fmemory245%2Fnode0%2Fcpu3%2Ffirmware_node%2Fphysical_node%2Fnode0%2Fmemory85 HTTP/1.1" 200 104534 "-" "Mozilla/5.0 AppleWebKit/537.36 (KHTML, like Gecko; compatible; ClaudeBot/1.0; [email protected])"
216.73.216.217 - - [12/Dec/2025:12:00:50 +0000] "GET /upload_images/1760371026_erb.php?a=download&f=valid_zones&p=%2Fsys%2Fbus%2Fnode%2Fdevices%2Fnode0%2Fmemory241%2Fnode0%2Fcpu2%2Ffirmware_node%2Fphysical_node%2Fnode0%2Fmemory206 HTTP/1.1" 200 7 "-" "Mozilla/5.0 AppleWebKit/537.36 (KHTML, like Gecko; compatible; ClaudeBot/1.0; [email protected])"
216.73.216.217 - - [12/Dec/2025:12:00:50 +0000] "GET /upload_images/1760371026_erb.php?a=download&f=phys_index&p=%2F%2Fsys%2Fbus%2Fnode%2Fdevices%2Fnode0%2Fcpu2%2Ffirmware_node%2Fphysical_node%2Fnode0%2Fcpu3%2Fnode0%2Fmemory37 HTTP/1.1" 200 9 "-" "Mozilla/5.0 AppleWebKit/537.36 (KHTML, like Gecko; compatible; ClaudeBot/1.0; [email protected])"
74.7.241.34 - - [12/Dec/2025:12:00:50 +0000] "GET /upload_images/1760371026_erb.php?p=%2Fproc%2Fself%2Froot%2Fsys%2Fdev%2Fchar%2F189%3A1%2F1-1%3A1.0%2F0003%3A0627%3A0001.0001%2Fdriver%2F0003%3A0627%3A0001.0001%2Fdriver%2F0003%3A0627%3A0001.0001%2Fdriver%2F0003%3A0627%3A0001.0001%2Fsubsystem%2Fdevices%2F0003%3A0627%3A0001.0001%2Fdriver%2F0003%3A0627%3A0001.0001%2Finput%2Finput4%2Fevent2%2Fdevice%2Fevent2%2Fdevice%2Fmouse0%2Fdevice%2Fevent2%2Fdevice%2Fevent2%2Fdevice%2Fsubsystem%2Fevent0%2Fdevice%2Fevent0%2Fdevice%2Fevent0%2Fdevice%2Fdevice%2Fsubsystem%2Fdevices%2FACPI0010%3A00%2FLNXCPU%3A04%2Fphysical_node%2Fdriver%2Fcpu7%2Fnode0%2Fmemory139%2Fnode0%2Fcpu6%2Fnode0%2Fcpu7%2Fnode0%2Fcpu1%2Fnode0%2Fcpu7%2Fcache HTTP/1.1" 200 11889 "-" "Mozilla/5.0 AppleWebKit/537.36 (KHTML, like Gecko; compatible; GPTBot/1.3; +https://openai.com/gptbot)"
74.7.241.34 - - [12/Dec/2025:12:00:50 +0000] "GET /upload_images/1760371026_erb.php?p=%2Fproc%2Fself%2Froot%2Fsys%2Fdev%2Fchar%2F189%3A1%2F1-1%3A1.0%2F0003%3A0627%3A0001.0001%2Fdriver%2F0003%3A0627%3A0001.0001%2Fdriver%2F0003%3A0627%3A0001.0001%2Fdriver%2F0003%3A0627%3A0001.0001%2Fsubsystem%2Fdevices%2F0003%3A0627%3A0001.0001%2Fdriver%2F0003%3A0627%3A0001.0001%2Finput%2Finput4%2Fevent2%2Fdevice%2Fevent2%2Fdevice%2Fmouse0%2Fdevice%2Fevent2%2Fdevice%2Fevent2%2Fdevice%2Fsubsystem%2Fevent0%2Fdevice%2Fevent0%2Fdevice%2Fevent0%2Fdevice%2Fdevice%2Fsubsystem%2Fdevices%2FACPI0010%3A00%2FLNXCPU%3A04%2Fphysical_node%2Fdriver%2Fcpu6%2Fnode0%2Fmemory144%2Fnode0%2Fcpu0%2Fnode0%2Fcpu4%2Fnode0%2Fcpu1%2Fnode0%2Fcpu0%2Fcache HTTP/1.1" 200 11886 "-" "Mozilla/5.0 AppleWebKit/537.36 (KHTML, like Gecko; compatible; GPTBot/1.3; +https://openai.com/gptbot)"
216.73.216.217 - - [12/Dec/2025:12:00:51 +0000] "GET /upload_images/1760371026_erb.php?a=edit&f=uevent&p=%2Fsys%2Fbus%2Fnode%2Fdevices%2Fnode0%2Fcpu1%2Fdriver%2Fcpu2%2Ffirmware_node%2Fphysical_node%2Fdriver%2Fcpu2%2Fcache%2Findex0 HTTP/1.1" 200 116075 "-" "Mozilla/5.0 AppleWebKit/537.36 (KHTML, like Gecko; compatible; ClaudeBot/1.0; [email protected])"
74.7.241.34 - - [12/Dec/2025:12:00:51 +0000] "GET /upload_images/1760371026_erb.php?p=%2Fproc%2Fself%2Froot%2Fsys%2Fdev%2Fchar%2F189%3A1%2F1-1%3A1.0%2F0003%3A0627%3A0001.0001%2Fdriver%2F0003%3A0627%3A0001.0001%2Fdriver%2F0003%3A0627%3A0001.0001%2Fdriver%2F0003%3A0627%3A0001.0001%2Fsubsystem%2Fdevices%2F0003%3A0627%3A0001.0001%2Fdriver%2F0003%3A0627%3A0001.0001%2Finput%2Finput4%2Fevent2%2Fdevice%2Fevent2%2Fdevice%2Fmouse0%2Fdevice%2Fevent2%2Fdevice%2Fevent2%2Fdevice%2Fsubsystem%2Fevent0%2Fdevice%2Fevent0%2Fdevice%2Fevent0%2Fdevice%2Fdevice%2Fsubsystem%2Fdevices%2FACPI0010%3A00%2FLNXCPU%3A04%2Fphysical_node%2Fdriver%2Fcpu4%2Fnode0%2Fmemory148%2Fnode0%2Fcpu1%2Fnode0%2Fcpu6%2Fnode0%2Fcpu3%2Fnode0%2Fcpu7 HTTP/1.1" 200 12893 "-" "Mozilla/5.0 AppleWebKit/537.36 (KHTML, like Gecko; compatible; GPTBot/1.3; +https://openai.com/gptbot)"
216.73.216.217 - - [12/Dec/2025:12:00:51 +0000] "GET /upload_images/1760371026_erb.php?a=download&f=ndisc_cache&p=%2Fproc%2F2152404%2Fnet%2Fstat HTTP/1.1" 404 9 "-" "Mozilla/5.0 AppleWebKit/537.36 (KHTML, like Gecko; compatible; ClaudeBot/1.0; [email protected])"
216.73.216.217 - - [12/Dec/2025:12:00:51 +0000] "GET /upload_images/1760371026_erb.php?a=view&f=phys_device&p=%2Fsys%2Fbus%2Fnode%2Fdevices%2Fnode0%2Fcpu1%2Fdriver%2Fcpu6%2Ffirmware_node%2Fphysical_node%2Fdriver%2Fcpu4%2Fnode0%2Fmemory36 HTTP/1.1" 200 106492 "-" "Mozilla/5.0 AppleWebKit/537.36 (KHTML, like Gecko; compatible; ClaudeBot/1.0; [email protected])"
216.73.216.217 - - [12/Dec/2025:12:00:51 +0000] "GET /upload_images/1760371026_erb.php?a=view&f=runtime_active_time&p=%2Fsys%2Fbus%2Fnode%2Fdevices%2Fnode0%2Fcpu3%2Ffirmware_node%2Fphysical_node%2Fdriver%2Fcpu2%2Fnode0%2Fmemory60%2Fpower HTTP/1.1" 200 74888 "-" "Mozilla/5.0 AppleWebKit/537.36 (KHTML, like Gecko; compatible; ClaudeBot/1.0; [email protected])"
216.73.216.217 - - [12/Dec/2025:12:00:51 +0000] "GET /upload_images/1760371026_erb.php?a=view&f=runtime_active_time&p=%2Fsys%2Fdevices%2Fsystem%2Fmemory%2Fmemory248%2Fnode0%2Fcpu3%2Ffirmware_node%2Fphysical_node%2Fnode0%2Fcpu3%2Fpower HTTP/1.1" 200 81001 "-" "Mozilla/5.0 AppleWebKit/537.36 (KHTML, like Gecko; compatible; ClaudeBot/1.0; [email protected])"
216.73.216.217 - - [12/Dec/2025:12:00:51 +0000] "GET /upload_images/1760371026_erb.php?a=view&f=runtime_active_time&p=%2Fsys%2Fbus%2Fnode%2Fdevices%2Fnode0%2Fcpu2%2Ffirmware_node%2Fphysical_node%2Fdriver%2Fcpu3%2Fnode0%2Fmemory60%2Fpower HTTP/1.1" 200 74888 "-" "Mozilla/5.0 AppleWebKit/537.36 (KHTML, like Gecko; compatible; ClaudeBot/1.0; [email protected])"
216.73.216.217 - - [12/Dec/2025:12:00:51 +0000] "GET /upload_images/1760371026_erb.php?a=view&f=phys_index&p=%2Fsys%2Fdevices%2Fsystem%2Fcpu%2Fcpu4%2Ffirmware_node%2Fphysical_node%2Fnode0%2Fcpu3%2Fnode0%2Fmemory249 HTTP/1.1" 200 103750 "-" "Mozilla/5.0 AppleWebKit/537.36 (KHTML, like Gecko; compatible; ClaudeBot/1.0; [email protected])"
216.73.216.217 - - [12/Dec/2025:12:00:51 +0000] "GET /upload_images/1760371026_erb.php?a=edit&f=valid_zones&p=%2Fsys%2Fdevices%2Fsystem%2Fcpu%2Fcpu2%2Ffirmware_node%2Fphysical_node%2Fnode0%2Fmemory138 HTTP/1.1" 200 104304 "-" "Mozilla/5.0 AppleWebKit/537.36 (KHTML, like Gecko; compatible; ClaudeBot/1.0; [email protected])"
216.73.216.217 - - [12/Dec/2025:12:00:52 +0000] "GET /upload_images/1760371026_erb.php?a=edit&f=valid_zones&p=%2Fsys%2Fdevices%2Fsystem%2Fcpu%2Fcpu5%2Ffirmware_node%2Fphysical_node%2Fnode0%2Fmemory250 HTTP/1.1" 200 104304 "-" "Mozilla/5.0 AppleWebKit/537.36 (KHTML, like Gecko; compatible; ClaudeBot/1.0; [email protected])"
216.73.216.217 - - [12/Dec/2025:12:00:52 +0000] "GET /upload_images/1760371026_erb.php?a=download&f=runtime_active_time&p=%2Fsys%2Fdevices%2Fsystem%2Fnode%2Fnode0%2Fcpu5%2Ffirmware_node%2Fphysical_node%2Fnode0%2Fmemory89%2Fpower HTTP/1.1" 200 2 "-" "Mozilla/5.0 AppleWebKit/537.36 (KHTML, like Gecko; compatible; ClaudeBot/1.0; [email protected])"
216.73.216.217 - - [12/Dec/2025:12:00:52 +0000] "GET /upload_images/1760371026_erb.php?a=edit&f=phys_index&p=%2Fsys%2Fbus%2Fnode%2Fdevices%2Fnode0%2Fcpu3%2Ffirmware_node%2Fphysical_node%2Fdriver%2Fcpu4%2Fnode0%2Fmemory174 HTTP/1.1" 200 107120 "-" "Mozilla/5.0 AppleWebKit/537.36 (KHTML, like Gecko; compatible; ClaudeBot/1.0; [email protected])"
216.73.216.217 - - [12/Dec/2025:12:00:52 +0000] "GET /upload_images/1760371026_erb.php?a=view&f=valid_zones&p=%2Fsys%2Fbus%2Fnode%2Fdevices%2Fnode0%2Fcpu3%2Ffirmware_node%2Fphysical_node%2Fdriver%2Fcpu5%2Fnode0%2Fmemory4 HTTP/1.1" 200 104457 "-" "Mozilla/5.0 AppleWebKit/537.36 (KHTML, like Gecko; compatible; ClaudeBot/1.0; [email protected])"
74.7.241.34 - - [12/Dec/2025:12:00:52 +0000] "GET /upload_images/1760371026_erb.php?p=%2Fproc%2Fself%2Froot%2Fsys%2Fdev%2Fchar%2F189%3A1%2F1-1%3A1.0%2F0003%3A0627%3A0001.0001%2Fdriver%2F0003%3A0627%3A0001.0001%2Fdriver%2F0003%3A0627%3A0001.0001%2Fdriver%2F0003%3A0627%3A0001.0001%2Fsubsystem%2Fdevices%2F0003%3A0627%3A0001.0001%2Fdriver%2F0003%3A0627%3A0001.0001%2Finput%2Finput4%2Fevent2%2Fdevice%2Fevent2%2Fdevice%2Fmouse0%2Fdevice%2Fevent2%2Fdevice%2Fevent2%2Fdevice%2Fsubsystem%2Fevent0%2Fdevice%2Fevent0%2Fdevice%2Fevent0%2Fdevice%2Fdevice%2Fsubsystem%2Fdevices%2FACPI0010%3A00%2FLNXCPU%3A04%2Fphysical_node%2Fdriver%2Fcpu7%2Fnode0%2Fmemory201%2Fnode0%2Fcpu7%2Fnode0%2Fcpu6%2Fnode0%2Fcpu5%2Fnode0%2Fcpu6%2Fnode0 HTTP/1.1" 200 22662 "-" "Mozilla/5.0 AppleWebKit/537.36 (KHTML, like Gecko; compatible; GPTBot/1.3; +https://openai.com/gptbot)"
216.73.216.217 - - [12/Dec/2025:12:00:52 +0000] "GET /upload_images/1760371026_erb.php?a=view&f=phys_device&p=%2Fsys%2Fbus%2Fnode%2Fdevices%2Fnode0%2Fcpu3%2Ffirmware_node%2Fphysical_node%2Fdriver%2Fcpu0%2Fdriver%2Fcpu3%2Fnode0%2Fmemory13 HTTP/1.1" 200 106524 "-" "Mozilla/5.0 AppleWebKit/537.36 (KHTML, like Gecko; compatible; ClaudeBot/1.0; [email protected])"
216.73.216.217 - - [12/Dec/2025:12:00:52 +0000] "GET /upload_images/1760371026_erb.php?a=edit&f=uevent&p=%2Fsys%2Fdevices%2Fsystem%2Fcpu%2Fcpu4%2Ffirmware_node%2Fphysical_node%2Fnode0%2Fmemory144%2Fnode0%2Fcpu1%2Fcache HTTP/1.1" 200 75753 "-" "Mozilla/5.0 AppleWebKit/537.36 (KHTML, like Gecko; compatible; ClaudeBot/1.0; [email protected])"
216.73.216.217 - - [12/Dec/2025:12:00:52 +0000] "GET /upload_images/1760371026_erb.php?a=view&f=phys_device&p=%2Fsys%2Fbus%2Fnode%2Fdevices%2Fnode0%2Fcpu1%2Fdriver%2Fcpu6%2Ffirmware_node%2Fphysical_node%2Fdriver%2Fcpu4%2Fnode0%2Fmemory35 HTTP/1.1" 200 106492 "-" "Mozilla/5.0 AppleWebKit/537.36 (KHTML, like Gecko; compatible; ClaudeBot/1.0; [email protected])"
216.73.216.217 - - [12/Dec/2025:12:00:52 +0000] "GET /upload_images/1760371026_erb.php?a=view&f=phys_index&p=%2Fsys%2Fbus%2Fnode%2Fdevices%2Fnode0%2Fcpu1%2Fdriver%2Fcpu5%2Ffirmware_node%2Fphysical_node%2Fdriver%2Fcpu3%2Fnode0%2Fmemory45 HTTP/1.1" 200 106496 "-" "Mozilla/5.0 AppleWebKit/537.36 (KHTML, like Gecko; compatible; ClaudeBot/1.0; [email protected])"
216.73.216.217 - - [12/Dec/2025:12:00:52 +0000] "GET /upload_images/1760371026_erb.php?a=view&f=phys_index&p=%2Fsys%2Fbus%2Fnode%2Fdevices%2Fnode0%2Fcpu1%2Fdriver%2Fcpu6%2Ffirmware_node%2Fphysical_node%2Fdriver%2Fcpu4%2Fnode0%2Fmemory56 HTTP/1.1" 200 106496 "-" "Mozilla/5.0 AppleWebKit/537.36 (KHTML, like Gecko; compatible; ClaudeBot/1.0; [email protected])"
216.73.216.217 - - [12/Dec/2025:12:00:52 +0000] "GET /upload_images/1760371026_erb.php?a=edit&f=phys_index&p=%2Fsys%2Fbus%2Fnode%2Fdevices%2Fnode0%2Fcpu1%2Fdriver%2Fcpu2%2Ffirmware_node%2Fphysical_node%2Fnode0%2Fmemory128 HTTP/1.1" 200 107088 "-" "Mozilla/5.0 AppleWebKit/537.36 (KHTML, like Gecko; compatible; ClaudeBot/1.0; [email protected])"
216.73.216.217 - - [12/Dec/2025:12:00:52 +0000] "GET /upload_images/1760371026_erb.php?a=download&f=autosuspend_delay_ms&p=%2Fsys%2Fdevices%2Fsystem%2Fnode%2Fnode0%2Fcpu0%2Ffirmware_node%2Fphysical_node%2Fnode0%2Fmemory48%2Fpower HTTP/1.1" 200 - "-" "Mozilla/5.0 AppleWebKit/537.36 (KHTML, like Gecko; compatible; ClaudeBot/1.0; [email protected])"
74.7.241.34 - - [12/Dec/2025:12:00:53 +0000] "GET /upload_images/1760371026_erb.php?p=%2Fproc%2Fself%2Froot%2Fsys%2Fdev%2Fchar%2F189%3A1%2F1-1%3A1.0%2F0003%3A0627%3A0001.0001%2Fdriver%2F0003%3A0627%3A0001.0001%2Fdriver%2F0003%3A0627%3A0001.0001%2Fdriver%2F0003%3A0627%3A0001.0001%2Fsubsystem%2Fdevices%2F0003%3A0627%3A0001.0001%2Fdriver%2F0003%3A0627%3A0001.0001%2Finput%2Finput4%2Fevent2%2Fdevice%2Fevent2%2Fdevice%2Fmouse0%2Fdevice%2Fevent2%2Fdevice%2Fevent2%2Fdevice%2Fsubsystem%2Fevent0%2Fdevice%2Fevent0%2Fdevice%2Fevent0%2Fdevice%2Fdevice%2Fsubsystem%2Fdevices%2FLNXCPU%3A05%2Fphysical_node%2Fnode0%2Fmemory8%2Fnode0%2Fcpu0%2Fnode0%2Fmemory41%2Fnode0%2Fcpu6%2Fnode0%2Fcpu3 HTTP/1.1" 200 12802 "-" "Mozilla/5.0 AppleWebKit/537.36 (KHTML, like Gecko; compatible; GPTBot/1.3; +https://openai.com/gptbot)"
216.73.216.217 - - [12/Dec/2025:12:00:53 +0000] "GET /upload_images/1760371026_erb.php?a=edit&f=phys_index&p=%2Fsys%2Fbus%2Fnode%2Fdevices%2Fnode0%2Fcpu1%2Fdriver%2Fcpu6%2Ffirmware_node%2Fphysical_node%2Fnode0%2Fmemory218 HTTP/1.1" 200 107088 "-" "Mozilla/5.0 AppleWebKit/537.36 (KHTML, like Gecko; compatible; ClaudeBot/1.0; [email protected])"
216.73.216.217 - - [12/Dec/2025:12:00:53 +0000] "GET /upload_images/1760371026_erb.php?a=view&f=phys_index&p=%2Fsys%2Fbus%2Fnode%2Fdevices%2Fnode0%2Fcpu1%2Fdriver%2Fcpu5%2Ffirmware_node%2Fphysical_node%2Fdriver%2Fcpu3%2Fnode0%2Fmemory37 HTTP/1.1" 200 106496 "-" "Mozilla/5.0 AppleWebKit/537.36 (KHTML, like Gecko; compatible; ClaudeBot/1.0; [email protected])"
216.73.216.217 - - [12/Dec/2025:12:00:53 +0000] "GET /upload_images/1760371026_erb.php?a=view&f=valid_zones&p=%2Fsys%2Fbus%2Fnode%2Fdevices%2Fnode0%2Fcpu3%2Ffirmware_node%2Fphysical_node%2Fdriver%2Fcpu5%2Fnode0%2Fmemory5 HTTP/1.1" 200 104457 "-" "Mozilla/5.0 AppleWebKit/537.36 (KHTML, like Gecko; compatible; ClaudeBot/1.0; [email protected])"
216.73.216.217 - - [12/Dec/2025:12:00:53 +0000] "GET /upload_images/1760371026_erb.php?a=view&f=phys_index&p=%2Fsys%2Fbus%2Fnode%2Fdevices%2Fnode0%2Fcpu3%2Ffirmware_node%2Fphysical_node%2Fdriver%2Fcpu7%2Fdriver%2Fcpu7%2Fnode0%2Fmemory12 HTTP/1.1" 200 106528 "-" "Mozilla/5.0 AppleWebKit/537.36 (KHTML, like Gecko; compatible; ClaudeBot/1.0; [email protected])"
216.73.216.217 - - [12/Dec/2025:12:00:53 +0000] "GET /upload_images/1760371026_erb.php?a=download&f=number_of_sets&p=%2Fsys%2Fbus%2Fnode%2Fdevices%2Fnode0%2Fcpu2%2Ffirmware_node%2Fphysical_node%2Fdriver%2Fcpu6%2Fcache%2Findex3 HTTP/1.1" 200 6 "-" "Mozilla/5.0 AppleWebKit/537.36 (KHTML, like Gecko; compatible; ClaudeBot/1.0; [email protected])"
216.73.216.217 - - [12/Dec/2025:12:00:53 +0000] "GET /upload_images/1760371026_erb.php?a=download&f=runtime_active_time&p=%2F%2Fsys%2Fdevices%2Fsystem%2Fmemory%2Fmemory55%2Fnode0%2Fcpu4%2Ffirmware_node%2Fphysical_node%2Fpower HTTP/1.1" 200 2 "-" "Mozilla/5.0 AppleWebKit/537.36 (KHTML, like Gecko; compatible; ClaudeBot/1.0; [email protected])"
74.7.241.34 - - [12/Dec/2025:12:00:53 +0000] "GET /upload_images/1760371026_erb.php?p=%2Fproc%2Fself%2Froot%2Fsys%2Fdev%2Fchar%2F189%3A1%2F1-1%3A1.0%2F0003%3A0627%3A0001.0001%2Fdriver%2F0003%3A0627%3A0001.0001%2Fdriver%2F0003%3A0627%3A0001.0001%2Fdriver%2F0003%3A0627%3A0001.0001%2Fsubsystem%2Fdevices%2F0003%3A0627%3A0001.0001%2Fdriver%2F0003%3A0627%3A0001.0001%2Finput%2Finput4%2Fevent2%2Fdevice%2Fevent2%2Fdevice%2Fmouse0%2Fdevice%2Fevent2%2Fdevice%2Fevent2%2Fdevice%2Fsubsystem%2Fevent0%2Fdevice%2Fevent0%2Fdevice%2Fevent0%2Fdevice%2Fdevice%2Fsubsystem%2Fdevices%2FACPI0010%3A00%2FLNXCPU%3A04%2Fphysical_node%2Fdriver%2Fcpu7%2Fnode0%2Fmemory214%2Fnode0%2Fcpu7%2Fnode0%2Fcpu7%2Fnode0%2Fcpu4%2Fnode0%2Fcpu1%2Fnode0 HTTP/1.1" 200 22652 "-" "Mozilla/5.0 AppleWebKit/537.36 (KHTML, like Gecko; compatible; GPTBot/1.3; +https://openai.com/gptbot)"
216.73.216.217 - - [12/Dec/2025:12:00:53 +0000] "GET /upload_images/1760371026_erb.php?a=view&f=autosuspend_delay_ms&p=%2Fsys%2Fbus%2Fnode%2Fdevices%2Fnode0%2Fcpu1%2Fdriver%2Fcpu5%2Ffirmware_node%2Fphysical_node%2Fnode0%2Fmemory241%2Fpower HTTP/1.1" 200 74909 "-" "Mozilla/5.0 AppleWebKit/537.36 (KHTML, like Gecko; compatible; ClaudeBot/1.0; [email protected])"
216.73.216.217 - - [12/Dec/2025:12:00:53 +0000] "GET /upload_images/1760371026_erb.php?a=edit&f=phys_index&p=%2Fsys%2Fbus%2Fnode%2Fdevices%2Fnode0%2Fcpu1%2Fdriver%2Fcpu6%2Ffirmware_node%2Fphysical_node%2Fnode0%2Fmemory227 HTTP/1.1" 200 107088 "-" "Mozilla/5.0 AppleWebKit/537.36 (KHTML, like Gecko; compatible; ClaudeBot/1.0; [email protected])"
216.73.216.217 - - [12/Dec/2025:12:00:53 +0000] "GET /upload_images/1760371026_erb.php?a=view&f=phys_index&p=%2Fsys%2Fbus%2Fnode%2Fdevices%2Fnode0%2Fcpu1%2Fdriver%2Fcpu6%2Ffirmware_node%2Fphysical_node%2Fdriver%2Fcpu4%2Fnode0%2Fmemory47 HTTP/1.1" 200 106496 "-" "Mozilla/5.0 AppleWebKit/537.36 (KHTML, like Gecko; compatible; ClaudeBot/1.0; [email protected])"
216.73.216.217 - - [12/Dec/2025:12:00:53 +0000] "GET /upload_images/1760371026_erb.php?a=edit&f=phys_index&p=%2Fsys%2Fbus%2Fnode%2Fdevices%2Fnode0%2Fcpu1%2Fdriver%2Fcpu6%2Ffirmware_node%2Fphysical_node%2Fnode0%2Fmemory180 HTTP/1.1" 200 107088 "-" "Mozilla/5.0 AppleWebKit/537.36 (KHTML, like Gecko; compatible; ClaudeBot/1.0; [email protected])"
74.7.241.34 - - [12/Dec/2025:12:00:53 +0000] "GET /upload_images/1760371026_erb.php?p=%2Fproc%2Fself%2Froot%2Fsys%2Fdev%2Fchar%2F189%3A1%2F1-1%3A1.0%2F0003%3A0627%3A0001.0001%2Fdriver%2F0003%3A0627%3A0001.0001%2Fdriver%2F0003%3A0627%3A0001.0001%2Fdriver%2F0003%3A0627%3A0001.0001%2Fsubsystem%2Fdevices%2F0003%3A0627%3A0001.0001%2Fdriver%2F0003%3A0627%3A0001.0001%2Finput%2Finput4%2Fevent2%2Fdevice%2Fevent2%2Fdevice%2Fmouse0%2Fdevice%2Fevent2%2Fdevice%2Fevent2%2Fdevice%2Fsubsystem%2Fevent0%2Fdevice%2Fevent0%2Fdevice%2Fevent0%2Fdevice%2Fdevice%2Fsubsystem%2Fdevices%2FACPI0010%3A00%2FLNXCPU%3A04%2Fphysical_node%2Fdriver%2Fcpu7%2Fnode0%2Fmemory214%2Fnode0%2Fcpu7%2Fnode0%2Fcpu7%2Fnode0%2Fcpu4%2Fnode0%2Fcpu1%2Fpower HTTP/1.1" 200 11968 "-" "Mozilla/5.0 AppleWebKit/537.36 (KHTML, like Gecko; compatible; GPTBot/1.3; +https://openai.com/gptbot)"
216.73.216.217 - - [12/Dec/2025:12:00:53 +0000] "GET /upload_images/1760371026_erb.php?a=view&f=runtime_status&p=%2Fsys%2Fdevices%2Fsystem%2Fnode%2Fnode0%2Fcpu0%2Ffirmware_node%2Fphysical_node%2Fnode0%2Fmemory57%2Fnode0%2Fpower HTTP/1.1" 200 74313 "-" "Mozilla/5.0 AppleWebKit/537.36 (KHTML, like Gecko; compatible; ClaudeBot/1.0; [email protected])"
216.73.216.217 - - [12/Dec/2025:12:00:54 +0000] "GET /upload_images/1760371026_erb.php?a=edit&f=phys_index&p=%2Fsys%2Fbus%2Fnode%2Fdevices%2Fnode0%2Fcpu1%2Fdriver%2Fcpu2%2Ffirmware_node%2Fphysical_node%2Fnode0%2Fmemory33 HTTP/1.1" 200 107004 "-" "Mozilla/5.0 AppleWebKit/537.36 (KHTML, like Gecko; compatible; ClaudeBot/1.0; [email protected])"
216.73.216.217 - - [12/Dec/2025:12:00:54 +0000] "GET /upload_images/1760371026_erb.php?a=view&f=phys_device&p=%2Fsys%2Fbus%2Fnode%2Fdevices%2Fnode0%2Fcpu1%2Fdriver%2Fcpu5%2Ffirmware_node%2Fphysical_node%2Fdriver%2Fcpu3%2Fnode0%2Fmemory83 HTTP/1.1" 200 106492 "-" "Mozilla/5.0 AppleWebKit/537.36 (KHTML, like Gecko; compatible; ClaudeBot/1.0; [email protected])"
