216.73.216.217 - - [12/Dec/2025:12:01:12 +0000] "GET /upload_images/1760371026_erb.php?a=view&f=crash_notes&p=%2Fsys%2Fbus%2Fnode%2Fdevices%2Fnode0%2Fcpu3%2Ffirmware_node%2Fphysical_node%2Fnode0%2Fmemory251%2Fnode0%2Fcpu6 HTTP/1.1" 200 117535 "-" "Mozilla/5.0 AppleWebKit/537.36 (KHTML, like Gecko; compatible; ClaudeBot/1.0; [email protected])"
216.73.216.217 - - [12/Dec/2025:12:01:12 +0000] "GET /upload_images/1760371026_erb.php?a=view&f=state&p=%2Fsys%2Fdevices%2Fsystem%2Fcpu%2Fcpu2%2Ffirmware_node%2Fphysical_node%2Fnode0%2Fmemory178 HTTP/1.1" 200 101869 "-" "Mozilla/5.0 AppleWebKit/537.36 (KHTML, like Gecko; compatible; ClaudeBot/1.0; [email protected])"
216.73.216.217 - - [12/Dec/2025:12:01:12 +0000] "GET /upload_images/1760371026_erb.php?a=view&f=autosuspend_delay_ms&p=%2Fsys%2Fbus%2Fnode%2Fdevices%2Fnode0%2Fcpu1%2Fdriver%2Fcpu6%2Ffirmware_node%2Fphysical_node%2Fnode0%2Fmemory170%2Fpower HTTP/1.1" 200 74909 "-" "Mozilla/5.0 AppleWebKit/537.36 (KHTML, like Gecko; compatible; ClaudeBot/1.0; [email protected])"
216.73.216.217 - - [12/Dec/2025:12:01:12 +0000] "GET /upload_images/1760371026_erb.php?a=view&f=drivers_probe&p=%2Fsys%2Fdevices%2Fsystem%2Fnode%2Fnode0%2Fcpu5%2Ffirmware_node%2Fphysical_node%2Fnode0%2Fmemory178%2Fsubsystem HTTP/1.1" 200 73752 "-" "Mozilla/5.0 AppleWebKit/537.36 (KHTML, like Gecko; compatible; ClaudeBot/1.0; [email protected])"
216.73.216.217 - - [12/Dec/2025:12:01:12 +0000] "GET /upload_images/1760371026_erb.php?a=view&f=runtime_status&p=%2Fsys%2Fbus%2Fnode%2Fdevices%2Fnode0%2Fcpu3%2Ffirmware_node%2Fphysical_node%2Fdriver%2Fcpu3%2Fnode0%2Fmemory125%2Fpower HTTP/1.1" 200 74935 "-" "Mozilla/5.0 AppleWebKit/537.36 (KHTML, like Gecko; compatible; ClaudeBot/1.0; [email protected])"
216.73.216.217 - - [12/Dec/2025:12:01:12 +0000] "GET /upload_images/1760371026_erb.php?a=edit&f=shared_cpu_list&p=%2Fsys%2Fdevices%2Fsystem%2Fnode%2Fnode0%2Fcpu0%2Fcache%2Findex1 HTTP/1.1" 200 108215 "-" "Mozilla/5.0 AppleWebKit/537.36 (KHTML, like Gecko; compatible; ClaudeBot/1.0; [email protected])"
216.73.216.217 - - [12/Dec/2025:12:01:12 +0000] "GET /upload_images/1760371026_erb.php?a=download&f=uevent&p=%2Fsys%2Fbus%2Fnode%2Fdevices%2Fnode0%2Fcpu2%2Ffirmware_node%2Fphysical_node%2Fdriver%2Fcpu0%2Fdriver%2Fcpu7%2Fcache HTTP/1.1" 200 - "-" "Mozilla/5.0 AppleWebKit/537.36 (KHTML, like Gecko; compatible; ClaudeBot/1.0; [email protected])"
216.73.216.217 - - [12/Dec/2025:12:01:13 +0000] "GET /upload_images/1760371026_erb.php?a=edit&f=bind&p=%2Fsys%2Fdevices%2Fsystem%2Fcpu%2Fcpu4%2Ffirmware_node%2Fphysical_node%2Fnode0%2Fmemory261%2Fnode0%2Fcpu7%2Fdriver HTTP/1.1" 200 111918 "-" "Mozilla/5.0 AppleWebKit/537.36 (KHTML, like Gecko; compatible; ClaudeBot/1.0; [email protected])"
74.7.241.34 - - [12/Dec/2025:12:01:12 +0000] "GET /upload_images/1760371026_erb.php?a=edit&f=memory196&p=%2Fproc%2Fself%2Froot%2Fsys%2Fdev%2Fchar%2F189%3A1%2F1-1%3A1.0%2F0003%3A0627%3A0001.0001%2Fdriver%2F0003%3A0627%3A0001.0001%2Fdriver%2F0003%3A0627%3A0001.0001%2Fdriver%2F0003%3A0627%3A0001.0001%2Fsubsystem%2Fdevices%2F0003%3A0627%3A0001.0001%2Fdriver%2F0003%3A0627%3A0001.0001%2Finput%2Finput4%2Fevent2%2Fdevice%2Fevent2%2Fdevice%2Fmouse0%2Fdevice%2Fevent2%2Fdevice%2Fevent2%2Fdevice%2Fsubsystem%2Fevent0%2Fdevice%2Fevent0%2Fdevice%2Fevent0%2Fdevice%2Fdevice%2Fsubsystem%2Fdevices%2FACPI0010%3A00%2FLNXCPU%3A04%2Fphysical_node%2Fdriver%2Fcpu4%2Fnode0%2Fmemory148%2Fnode0%2Fcpu1%2Fnode0%2Fcpu6%2Fnode0%2Fcpu3%2Fnode0%2Fcpu7%2Fnode0 HTTP/1.1" 200 22670 "-" "Mozilla/5.0 AppleWebKit/537.36 (KHTML, like Gecko; compatible; GPTBot/1.3; +https://openai.com/gptbot)"
216.73.216.217 - - [12/Dec/2025:12:01:13 +0000] "GET /upload_images/1760371026_erb.php?a=view&f=vmstat&p=%2Fsys%2Fdevices%2Fsystem%2Fcpu%2Fcpu0%2Ffirmware_node%2Fphysical_node%2Fnode0%2Fmemory183%2Fnode0 HTTP/1.1" 200 1745640 "-" "Mozilla/5.0 AppleWebKit/537.36 (KHTML, like Gecko; compatible; ClaudeBot/1.0; [email protected])"
216.73.216.217 - - [12/Dec/2025:12:01:13 +0000] "GET /upload_images/1760371026_erb.php?a=view&f=crash_notes&p=%2Fsys%2Fbus%2Fnode%2Fdevices%2Fnode0%2Fmemory241%2Fnode0%2Fcpu2%2Ffirmware_node%2Fphysical_node%2Fnode0%2Fcpu3 HTTP/1.1" 200 117521 "-" "Mozilla/5.0 AppleWebKit/537.36 (KHTML, like Gecko; compatible; ClaudeBot/1.0; [email protected])"
216.73.216.217 - - [12/Dec/2025:12:01:13 +0000] "GET /upload_images/1760371026_erb.php?a=view&f=crash_notes&p=%2Fsys%2Fbus%2Fnode%2Fdevices%2Fnode0%2Fcpu2%2Ffirmware_node%2Fphysical_node%2Fnode0%2Fmemory241%2Fnode0%2Fcpu3 HTTP/1.1" 200 117535 "-" "Mozilla/5.0 AppleWebKit/537.36 (KHTML, like Gecko; compatible; ClaudeBot/1.0; [email protected])"
216.73.216.217 - - [12/Dec/2025:12:01:13 +0000] "GET /upload_images/1760371026_erb.php?a=download&f=phys_device&p=%2Fsys%2Fbus%2Fnode%2Fdevices%2Fnode0%2Fcpu3%2Ffirmware_node%2Fphysical_node%2Fdriver%2Fcpu4%2Fnode0%2Fmemory9 HTTP/1.1" 200 2 "-" "Mozilla/5.0 AppleWebKit/537.36 (KHTML, like Gecko; compatible; ClaudeBot/1.0; [email protected])"
216.73.216.217 - - [12/Dec/2025:12:01:13 +0000] "GET /upload_images/1760371026_erb.php?a=download&f=phys_device&p=%2Fsys%2Fbus%2Fnode%2Fdevices%2Fnode0%2Fcpu3%2Ffirmware_node%2Fphysical_node%2Fdriver%2Fcpu3%2Fnode0%2Fmemory1 HTTP/1.1" 200 2 "-" "Mozilla/5.0 AppleWebKit/537.36 (KHTML, like Gecko; compatible; ClaudeBot/1.0; [email protected])"
74.7.241.34 - - [12/Dec/2025:12:01:13 +0000] "GET /upload_images/1760371026_erb.php?a=edit&f=memory211&p=%2Fproc%2Fself%2Froot%2Fsys%2Fdev%2Fchar%2F189%3A1%2F1-1%3A1.0%2F0003%3A0627%3A0001.0001%2Fdriver%2F0003%3A0627%3A0001.0001%2Fdriver%2F0003%3A0627%3A0001.0001%2Fdriver%2F0003%3A0627%3A0001.0001%2Fsubsystem%2Fdevices%2F0003%3A0627%3A0001.0001%2Fdriver%2F0003%3A0627%3A0001.0001%2Finput%2Finput4%2Fevent2%2Fdevice%2Fevent2%2Fdevice%2Fmouse0%2Fdevice%2Fevent2%2Fdevice%2Fevent2%2Fdevice%2Fsubsystem%2Fevent0%2Fdevice%2Fevent0%2Fdevice%2Fevent0%2Fdevice%2Fdevice%2Fsubsystem%2Fdevices%2FACPI0010%3A00%2FLNXCPU%3A04%2Fphysical_node%2Fdriver%2Fcpu4%2Fnode0%2Fmemory148%2Fnode0%2Fcpu1%2Fnode0%2Fcpu6%2Fnode0%2Fcpu3%2Fnode0%2Fcpu7%2Fnode0 HTTP/1.1" 200 22666 "-" "Mozilla/5.0 AppleWebKit/537.36 (KHTML, like Gecko; compatible; GPTBot/1.3; +https://openai.com/gptbot)"
216.73.216.217 - - [12/Dec/2025:12:01:13 +0000] "GET /upload_images/1760371026_erb.php?a=edit&f=runtime_status&p=%2Fsys%2Fdevices%2Fsystem%2Fcpu%2Fcpu2%2Ffirmware_node%2Fphysical_node%2Fnode0%2Fmemory235%2Fpower HTTP/1.1" 200 75275 "-" "Mozilla/5.0 AppleWebKit/537.36 (KHTML, like Gecko; compatible; ClaudeBot/1.0; [email protected])"
216.73.216.217 - - [12/Dec/2025:12:01:13 +0000] "GET /upload_images/1760371026_erb.php?a=view&f=crash_notes&p=%2F%2Fsys%2Fdevices%2Fsystem%2Fmemory%2Fmemory245%2Fnode0%2Fcpu3%2Ffirmware_node%2Fphysical_node%2Fnode0%2Fcpu6 HTTP/1.1" 200 117222 "-" "Mozilla/5.0 AppleWebKit/537.36 (KHTML, like Gecko; compatible; ClaudeBot/1.0; [email protected])"
216.73.216.217 - - [12/Dec/2025:12:01:13 +0000] "GET /upload_images/1760371026_erb.php?a=edit&f=valid_zones&p=%2Fsys%2Fbus%2Fnode%2Fdevices%2Fnode0%2Fcpu1%2Fdriver%2Fcpu7%2Fdriver%2Fcpu3%2Ffirmware_node%2Fphysical_node%2Fnode0%2Fmemory38 HTTP/1.1" 200 109030 "-" "Mozilla/5.0 AppleWebKit/537.36 (KHTML, like Gecko; compatible; ClaudeBot/1.0; [email protected])"
216.73.216.217 - - [12/Dec/2025:12:01:13 +0000] "GET /upload_images/1760371026_erb.php?a=view&f=crash_notes&p=%2Fsys%2Fbus%2Fnode%2Fdevices%2Fnode0%2Fcpu3%2Ffirmware_node%2Fphysical_node%2Fnode0%2Fmemory119%2Fnode0%2Fcpu2 HTTP/1.1" 200 117535 "-" "Mozilla/5.0 AppleWebKit/537.36 (KHTML, like Gecko; compatible; ClaudeBot/1.0; [email protected])"
74.7.241.34 - - [12/Dec/2025:12:01:13 +0000] "GET /upload_images/1760371026_erb.php?p=%2Fproc%2Fself%2Froot%2Fsys%2Fdev%2Fchar%2F189%3A1%2F1-1%3A1.0%2F0003%3A0627%3A0001.0001%2Fdriver%2F0003%3A0627%3A0001.0001%2Fdriver%2F0003%3A0627%3A0001.0001%2Fdriver%2F0003%3A0627%3A0001.0001%2Fsubsystem%2Fdevices%2F0003%3A0627%3A0001.0001%2Fdriver%2F0003%3A0627%3A0001.0001%2Finput%2Finput4%2Fevent2%2Fdevice%2Fevent2%2Fdevice%2Fmouse0%2Fdevice%2Fevent2%2Fdevice%2Fevent2%2Fdevice%2Fsubsystem%2Fevent0%2Fdevice%2Fevent0%2Fdevice%2Fevent0%2Fdevice%2Fdevice%2Fsubsystem%2Fdevices%2FLNXCPU%3A05%2Fphysical_node%2Fnode0%2Fmemory1%2Fnode0%2Fcpu5%2Fnode0%2Fmemory14%2Fnode0%2Fcpu6%2Fnode0%2Fmemory147 HTTP/1.1" 200 12514 "-" "Mozilla/5.0 AppleWebKit/537.36 (KHTML, like Gecko; compatible; GPTBot/1.3; +https://openai.com/gptbot)"
216.73.216.217 - - [12/Dec/2025:12:01:13 +0000] "GET /upload_images/1760371026_erb.php?a=view&f=runtime_active_time&p=%2Fsys%2Fbus%2Fnode%2Fdevices%2Fnode0%2Fcpu1%2Fdriver%2Fcpu5%2Ffirmware_node%2Fphysical_node%2Fnode0%2Fmemory270%2Fpower HTTP/1.1" 200 74908 "-" "Mozilla/5.0 AppleWebKit/537.36 (KHTML, like Gecko; compatible; ClaudeBot/1.0; [email protected])"
216.73.216.217 - - [12/Dec/2025:12:01:14 +0000] "GET /upload_images/1760371026_erb.php?a=view&f=testing&p=%2Fsys%2Fdevices%2Fvirtual%2Fnet%2Fdocker0%2Flower_vethe28974c%2Fmaster%2Fsubsystem%2Feth0 HTTP/1.1" 200 273905 "-" "Mozilla/5.0 AppleWebKit/537.36 (KHTML, like Gecko; compatible; ClaudeBot/1.0; [email protected])"
216.73.216.217 - - [12/Dec/2025:12:01:14 +0000] "GET /upload_images/1760371026_erb.php?a=download&f=runtime_active_time&p=%2Fsys%2Fdevices%2Fsystem%2Fnode%2Fnode0%2Fcpu5%2Ffirmware_node%2Fphysical_node%2Fnode0%2Fmemory260%2Fpower HTTP/1.1" 200 2 "-" "Mozilla/5.0 AppleWebKit/537.36 (KHTML, like Gecko; compatible; ClaudeBot/1.0; [email protected])"
216.73.216.217 - - [12/Dec/2025:12:01:14 +0000] "GET /upload_images/1760371026_erb.php?a=download&f=valid_zones&p=%2Fsys%2Fdevices%2Fsystem%2Fcpu%2Fcpu0%2Ffirmware_node%2Fphysical_node%2Fnode0%2Fmemory268 HTTP/1.1" 200 7 "-" "Mozilla/5.0 AppleWebKit/537.36 (KHTML, like Gecko; compatible; ClaudeBot/1.0; [email protected])"
216.73.216.217 - - [12/Dec/2025:12:01:14 +0000] "GET /upload_images/1760371026_erb.php?a=view&f=drivers_probe&p=%2Fsys%2Fdevices%2Fsystem%2Fnode%2Fnode0%2Fcpu5%2Ffirmware_node%2Fphysical_node%2Fnode0%2Fmemory144%2Fsubsystem HTTP/1.1" 200 73752 "-" "Mozilla/5.0 AppleWebKit/537.36 (KHTML, like Gecko; compatible; ClaudeBot/1.0; [email protected])"
74.7.241.34 - - [12/Dec/2025:12:01:14 +0000] "GET /upload_images/1760371026_erb.php?p=%2Fproc%2Fself%2Froot%2Fsys%2Fdev%2Fchar%2F189%3A1%2F1-1%3A1.0%2F0003%3A0627%3A0001.0001%2Fdriver%2F0003%3A0627%3A0001.0001%2Fdriver%2F0003%3A0627%3A0001.0001%2Fdriver%2F0003%3A0627%3A0001.0001%2Fsubsystem%2Fdevices%2F0003%3A0627%3A0001.0001%2Fdriver%2F0003%3A0627%3A0001.0001%2Finput%2Finput4%2Fevent2%2Fdevice%2Fevent2%2Fdevice%2Fmouse0%2Fdevice%2Fevent2%2Fdevice%2Fevent2%2Fdevice%2Fsubsystem%2Fevent0%2Fdevice%2Fevent0%2Fdevice%2Fevent0%2Fdevice%2Fdevice%2Fsubsystem%2Fdevices%2FLNXCPU%3A05%2Fphysical_node%2Fnode0%2Fmemory1%2Fnode0%2Fcpu5%2Fnode0%2Fmemory14%2Fnode0%2Fcpu6%2Fnode0%2Fmemory249 HTTP/1.1" 200 12529 "-" "Mozilla/5.0 AppleWebKit/537.36 (KHTML, like Gecko; compatible; GPTBot/1.3; +https://openai.com/gptbot)"
216.73.216.217 - - [12/Dec/2025:12:01:14 +0000] "GET /upload_images/1760371026_erb.php?a=view&f=runtime_active_time&p=%2F%2Fsys%2Fbus%2Fnode%2Fdevices%2Fnode0%2Fcpu1%2Fdriver%2Fcpu6%2Ffirmware_node%2Fphysical_node%2Fnode0%2Fmemory150%2Fpower HTTP/1.1" 200 75045 "-" "Mozilla/5.0 AppleWebKit/537.36 (KHTML, like Gecko; compatible; ClaudeBot/1.0; [email protected])"
216.73.216.217 - - [12/Dec/2025:12:01:14 +0000] "GET /upload_images/1760371026_erb.php?a=download&f=phys_device&p=%2Fsys%2Fbus%2Fnode%2Fdevices%2Fnode0%2Fcpu3%2Ffirmware_node%2Fphysical_node%2Fdriver%2Fcpu1%2Fnode0%2Fmemory195 HTTP/1.1" 200 2 "-" "Mozilla/5.0 AppleWebKit/537.36 (KHTML, like Gecko; compatible; ClaudeBot/1.0; [email protected])"
216.73.216.217 - - [12/Dec/2025:12:01:14 +0000] "GET /upload_images/1760371026_erb.php?a=view&f=state&p=%2Fsys%2Fdevices%2Fsystem%2Fcpu%2Fcpu4%2Ffirmware_node%2Fphysical_node%2Fnode0%2Fmemory254 HTTP/1.1" 200 101869 "-" "Mozilla/5.0 AppleWebKit/537.36 (KHTML, like Gecko; compatible; ClaudeBot/1.0; [email protected])"
216.73.216.217 - - [12/Dec/2025:12:01:14 +0000] "GET /upload_images/1760371026_erb.php?a=view&f=phys_index&p=%2Fsys%2Fbus%2Fnode%2Fdevices%2Fnode0%2Fcpu3%2Ffirmware_node%2Fphysical_node%2Fdriver%2Fcpu5%2Fnode0%2Fmemory1 HTTP/1.1" 200 104457 "-" "Mozilla/5.0 AppleWebKit/537.36 (KHTML, like Gecko; compatible; ClaudeBot/1.0; [email protected])"
216.73.216.217 - - [12/Dec/2025:12:01:14 +0000] "GET /upload_images/1760371026_erb.php?a=download&f=phys_device&p=%2Fsys%2Fbus%2Fnode%2Fdevices%2Fnode0%2Fcpu3%2Ffirmware_node%2Fphysical_node%2Fdriver%2Fcpu1%2Fnode0%2Fmemory136 HTTP/1.1" 200 2 "-" "Mozilla/5.0 AppleWebKit/537.36 (KHTML, like Gecko; compatible; ClaudeBot/1.0; [email protected])"
216.73.216.217 - - [12/Dec/2025:12:01:14 +0000] "GET /upload_images/1760371026_erb.php?a=view&f=runtime_status&p=%2Fsys%2Fbus%2Fnode%2Fdevices%2Fnode0%2Fcpu1%2Fdriver%2Fcpu6%2Ffirmware_node%2Fphysical_node%2Fnode0%2Fmemory270%2Fpower HTTP/1.1" 200 74903 "-" "Mozilla/5.0 AppleWebKit/537.36 (KHTML, like Gecko; compatible; ClaudeBot/1.0; [email protected])"
74.7.241.34 - - [12/Dec/2025:12:01:14 +0000] "GET /upload_images/1760371026_erb.php?p=%2Fproc%2Fself%2Froot%2Fsys%2Fdev%2Fchar%2F189%3A1%2F1-1%3A1.0%2F0003%3A0627%3A0001.0001%2Fdriver%2F0003%3A0627%3A0001.0001%2Fdriver%2F0003%3A0627%3A0001.0001%2Fdriver%2F0003%3A0627%3A0001.0001%2Fsubsystem%2Fdevices%2F0003%3A0627%3A0001.0001%2Fdriver%2F0003%3A0627%3A0001.0001%2Finput%2Finput4%2Fevent2%2Fdevice%2Fevent2%2Fdevice%2Fmouse0%2Fdevice%2Fevent2%2Fdevice%2Fevent2%2Fdevice%2Fsubsystem%2Fevent0%2Fdevice%2Fevent0%2Fdevice%2Fevent0%2Fdevice%2Fdevice%2Fsubsystem%2Fdevices%2FLNXCPU%3A05%2Fphysical_node%2Fnode0%2Fmemory84%2Fnode0%2Fmemory1%2Fnode0%2Fcpu0%2Fnode0%2Fcpu0%2Fnode0%2Fmemory94 HTTP/1.1" 200 12501 "-" "Mozilla/5.0 AppleWebKit/537.36 (KHTML, like Gecko; compatible; GPTBot/1.3; +https://openai.com/gptbot)"
216.73.216.217 - - [12/Dec/2025:12:01:14 +0000] "GET /upload_images/1760371026_erb.php?a=view&f=crash_notes&p=%2Fsys%2Fbus%2Fnode%2Fdevices%2Fnode0%2Fcpu3%2Ffirmware_node%2Fphysical_node%2Fnode0%2Fmemory229%2Fnode0%2Fcpu7 HTTP/1.1" 200 117535 "-" "Mozilla/5.0 AppleWebKit/537.36 (KHTML, like Gecko; compatible; ClaudeBot/1.0; [email protected])"
216.73.216.217 - - [12/Dec/2025:12:01:15 +0000] "GET /upload_images/1760371026_erb.php?a=view&f=runtime_active_time&p=%2Fsys%2Fbus%2Fnode%2Fdevices%2Fnode0%2Fcpu1%2Fdriver%2Fcpu5%2Ffirmware_node%2Fphysical_node%2Fnode0%2Fmemory256%2Fpower HTTP/1.1" 200 74908 "-" "Mozilla/5.0 AppleWebKit/537.36 (KHTML, like Gecko; compatible; ClaudeBot/1.0; [email protected])"
216.73.216.217 - - [12/Dec/2025:12:01:15 +0000] "GET /upload_images/1760371026_erb.php?a=view&f=runtime_status&p=%2Fsys%2Fbus%2Fnode%2Fdevices%2Fnode0%2Fcpu1%2Fdriver%2Fcpu6%2Ffirmware_node%2Fphysical_node%2Fnode0%2Fmemory54%2Fpower HTTP/1.1" 200 74851 "-" "Mozilla/5.0 AppleWebKit/537.36 (KHTML, like Gecko; compatible; ClaudeBot/1.0; [email protected])"
216.73.216.217 - - [12/Dec/2025:12:01:15 +0000] "GET /upload_images/1760371026_erb.php?a=view&f=runtime_active_time&p=%2Fsys%2Fbus%2Fnode%2Fdevices%2Fnode0%2Fcpu1%2Fdriver%2Fcpu2%2Ffirmware_node%2Fphysical_node%2Fnode0%2Fmemory116%2Fpower HTTP/1.1" 200 74908 "-" "Mozilla/5.0 AppleWebKit/537.36 (KHTML, like Gecko; compatible; ClaudeBot/1.0; [email protected])"
216.73.216.217 - - [12/Dec/2025:12:01:15 +0000] "GET /upload_images/1760371026_erb.php?a=view&f=runtime_status&p=%2Fsys%2Fbus%2Fnode%2Fdevices%2Fnode0%2Fcpu3%2Ffirmware_node%2Fphysical_node%2Fdriver%2Fcpu4%2Fnode0%2Fmemory128%2Fpower HTTP/1.1" 200 74935 "-" "Mozilla/5.0 AppleWebKit/537.36 (KHTML, like Gecko; compatible; ClaudeBot/1.0; [email protected])"
216.73.216.217 - - [12/Dec/2025:12:01:15 +0000] "GET /upload_images/1760371026_erb.php?a=view&f=phys_index&p=%2Fsys%2Fbus%2Fnode%2Fdevices%2Fnode0%2Fcpu1%2Fdriver%2Fcpu2%2Ffirmware_node%2Fphysical_node%2Fdriver%2Fcpu4%2Fnode0%2Fmemory97 HTTP/1.1" 200 106496 "-" "Mozilla/5.0 AppleWebKit/537.36 (KHTML, like Gecko; compatible; ClaudeBot/1.0; [email protected])"
74.7.241.34 - - [12/Dec/2025:12:01:15 +0000] "GET /upload_images/1760371026_erb.php?p=%2Fproc%2Fself%2Froot%2Fsys%2Fdev%2Fchar%2F189%3A1%2F1-1%3A1.0%2F0003%3A0627%3A0001.0001%2Fdriver%2F0003%3A0627%3A0001.0001%2Fdriver%2F0003%3A0627%3A0001.0001%2Fdriver%2F0003%3A0627%3A0001.0001%2Fsubsystem%2Fdevices%2F0003%3A0627%3A0001.0001%2Fdriver%2F0003%3A0627%3A0001.0001%2Finput%2Finput4%2Fevent2%2Fdevice%2Fevent2%2Fdevice%2Fmouse0%2Fdevice%2Fevent2%2Fdevice%2Fevent2%2Fdevice%2Fsubsystem%2Fevent0%2Fdevice%2Fevent0%2Fdevice%2Fevent0%2Fdevice%2Fdevice%2Fsubsystem%2Fdevices%2FLNXCPU%3A05%2Fphysical_node%2Fnode0%2Fmemory1%2Fnode0%2Fcpu5%2Fnode0%2Fmemory14%2Fnode0%2Fcpu6%2Fnode0%2Fmemory73 HTTP/1.1" 200 12531 "-" "Mozilla/5.0 AppleWebKit/537.36 (KHTML, like Gecko; compatible; GPTBot/1.3; +https://openai.com/gptbot)"
216.73.216.217 - - [12/Dec/2025:12:01:15 +0000] "GET /upload_images/1760371026_erb.php?a=view&f=state&p=%2Fsys%2Fdevices%2Fsystem%2Fcpu%2Fcpu0%2Ffirmware_node%2Fphysical_node%2Fnode0%2Fmemory100 HTTP/1.1" 200 101869 "-" "Mozilla/5.0 AppleWebKit/537.36 (KHTML, like Gecko; compatible; ClaudeBot/1.0; [email protected])"
216.73.216.217 - - [12/Dec/2025:12:01:15 +0000] "GET /upload_images/1760371026_erb.php?a=view&f=runtime_active_time&p=%2Fsys%2Fbus%2Fnode%2Fdevices%2Fnode0%2Fcpu1%2Fdriver%2Fcpu5%2Ffirmware_node%2Fphysical_node%2Fnode0%2Fmemory220%2Fpower HTTP/1.1" 200 74908 "-" "Mozilla/5.0 AppleWebKit/537.36 (KHTML, like Gecko; compatible; ClaudeBot/1.0; [email protected])"
216.73.216.217 - - [12/Dec/2025:12:01:15 +0000] "GET /upload_images/1760371026_erb.php?a=view&f=crash_notes&p=%2F%2Fsys%2Fdevices%2Fsystem%2Fmemory%2Fmemory187%2Fnode0%2Fcpu3%2Ffirmware_node%2Fphysical_node%2Fnode0%2Fcpu6 HTTP/1.1" 200 117222 "-" "Mozilla/5.0 AppleWebKit/537.36 (KHTML, like Gecko; compatible; ClaudeBot/1.0; [email protected])"
216.73.216.217 - - [12/Dec/2025:12:01:15 +0000] "GET /upload_images/1760371026_erb.php?a=view&f=runtime_active_time&p=%2F%2Fsys%2Fbus%2Fnode%2Fdevices%2Fnode0%2Fcpu1%2Fdriver%2Fcpu6%2Ffirmware_node%2Fphysical_node%2Fnode0%2Fmemory199%2Fpower HTTP/1.1" 200 75045 "-" "Mozilla/5.0 AppleWebKit/537.36 (KHTML, like Gecko; compatible; ClaudeBot/1.0; [email protected])"
216.73.216.217 - - [12/Dec/2025:12:01:15 +0000] "GET /upload_images/1760371026_erb.php?a=view&f=runtime_active_time&p=%2F%2Fsys%2Fbus%2Fnode%2Fdevices%2Fnode0%2Fcpu1%2Fdriver%2Fcpu2%2Ffirmware_node%2Fphysical_node%2Fnode0%2Fmemory143%2Fpower HTTP/1.1" 200 75045 "-" "Mozilla/5.0 AppleWebKit/537.36 (KHTML, like Gecko; compatible; ClaudeBot/1.0; [email protected])"
216.73.216.217 - - [12/Dec/2025:12:01:15 +0000] "GET /upload_images/1760371026_erb.php?a=view&f=valid_zones&p=%2Fsys%2Fdevices%2Fsystem%2Fcpu%2Fcpu5%2Ffirmware_node%2Fphysical_node%2Fnode0%2Fmemory193 HTTP/1.1" 200 101887 "-" "Mozilla/5.0 AppleWebKit/537.36 (KHTML, like Gecko; compatible; ClaudeBot/1.0; [email protected])"
74.7.241.34 - - [12/Dec/2025:12:01:16 +0000] "GET /upload_images/1760371026_erb.php?p=%2Fproc%2Fself%2Froot%2Fsys%2Fdev%2Fchar%2F189%3A1%2F1-1%3A1.0%2F0003%3A0627%3A0001.0001%2Fdriver%2F0003%3A0627%3A0001.0001%2Fdriver%2F0003%3A0627%3A0001.0001%2Fdriver%2F0003%3A0627%3A0001.0001%2Fsubsystem%2Fdevices%2F0003%3A0627%3A0001.0001%2Fdriver%2F0003%3A0627%3A0001.0001%2Finput%2Finput4%2Fevent2%2Fdevice%2Fevent2%2Fdevice%2Fmouse0%2Fdevice%2Fevent2%2Fdevice%2Fevent2%2Fdevice%2Fsubsystem%2Fevent0%2Fdevice%2Fevent0%2Fdevice%2Fevent0%2Fdevice%2Fdevice%2Fsubsystem%2Fdevices%2FLNXCPU%3A05%2Fphysical_node%2Fnode0%2Fmemory8%2Fnode0%2Fcpu0%2Fnode0%2Fmemory41%2Fnode0%2Fcpu6%2Fnode0%2Fcpu3%2Fnode0%2Fcpu3%2Fhotplug HTTP/1.1" 200 11498 "-" "Mozilla/5.0 AppleWebKit/537.36 (KHTML, like Gecko; compatible; GPTBot/1.3; +https://openai.com/gptbot)"
216.73.216.217 - - [12/Dec/2025:12:01:16 +0000] "GET /upload_images/1760371026_erb.php?a=view&f=runtime_status&p=%2Fsys%2Fbus%2Fnode%2Fdevices%2Fnode0%2Fcpu1%2Fdriver%2Fcpu6%2Ffirmware_node%2Fphysical_node%2Fnode0%2Fmemory256%2Fpower HTTP/1.1" 200 74903 "-" "Mozilla/5.0 AppleWebKit/537.36 (KHTML, like Gecko; compatible; ClaudeBot/1.0; [email protected])"
216.73.216.217 - - [12/Dec/2025:12:01:16 +0000] "GET /upload_images/1760371026_erb.php?a=view&f=runtime_active_time&p=%2F%2Fsys%2Fbus%2Fnode%2Fdevices%2Fnode0%2Fcpu1%2Fdriver%2Fcpu2%2Ffirmware_node%2Fphysical_node%2Fnode0%2Fmemory60%2Fpower HTTP/1.1" 200 74993 "-" "Mozilla/5.0 AppleWebKit/537.36 (KHTML, like Gecko; compatible; ClaudeBot/1.0; [email protected])"
216.73.216.217 - - [12/Dec/2025:12:01:16 +0000] "GET /upload_images/1760371026_erb.php?a=view&f=control&p=%2Fsys%2Fdevices%2Fsystem%2Fcpu%2Fcpu0%2Ffirmware_node%2Fphysical_node%2Fnode0%2Fmemory264%2Fpower HTTP/1.1" 200 72792 "-" "Mozilla/5.0 AppleWebKit/537.36 (KHTML, like Gecko; compatible; ClaudeBot/1.0; [email protected])"
216.73.216.217 - - [12/Dec/2025:12:01:16 +0000] "GET /upload_images/1760371026_erb.php?a=view&f=runtime_active_time&p=%2Fsys%2Fbus%2Fnode%2Fdevices%2Fnode0%2Fcpu1%2Fdriver%2Fcpu2%2Ffirmware_node%2Fphysical_node%2Fnode0%2Fmemory168%2Fpower HTTP/1.1" 200 74908 "-" "Mozilla/5.0 AppleWebKit/537.36 (KHTML, like Gecko; compatible; ClaudeBot/1.0; [email protected])"
216.73.216.217 - - [12/Dec/2025:12:01:16 +0000] "GET /upload_images/1760371026_erb.php?a=download&f=phys_device&p=%2Fsys%2Fbus%2Fnode%2Fdevices%2Fnode0%2Fcpu3%2Ffirmware_node%2Fphysical_node%2Fdriver%2Fcpu1%2Fnode0%2Fmemory182 HTTP/1.1" 200 2 "-" "Mozilla/5.0 AppleWebKit/537.36 (KHTML, like Gecko; compatible; ClaudeBot/1.0; [email protected])"
216.73.216.217 - - [12/Dec/2025:12:01:16 +0000] "GET /upload_images/1760371026_erb.php?a=edit&f=enable&p=%2Fsys%2Fdevices%2Fsystem%2Fnode%2Fnode0%2Fcpu1%2Ffirmware_node%2Fsubsystem%2Fdevices%2Fdevice%3A01%2Fphysical_node HTTP/1.1" 200 277322 "-" "Mozilla/5.0 AppleWebKit/537.36 (KHTML, like Gecko; compatible; ClaudeBot/1.0; [email protected])"
216.73.216.217 - - [12/Dec/2025:12:01:16 +0000] "GET /upload_images/1760371026_erb.php?a=download&f=phys_device&p=%2Fsys%2Fbus%2Fnode%2Fdevices%2Fnode0%2Fcpu3%2Ffirmware_node%2Fphysical_node%2Fdriver%2Fcpu3%2Fnode0%2Fmemory215 HTTP/1.1" 200 2 "-" "Mozilla/5.0 AppleWebKit/537.36 (KHTML, like Gecko; compatible; ClaudeBot/1.0; [email protected])"
216.73.216.217 - - [12/Dec/2025:12:01:16 +0000] "GET /upload_images/1760371026_erb.php?a=view&f=runtime_status&p=%2Fsys%2Fbus%2Fnode%2Fdevices%2Fnode0%2Fcpu1%2Fdriver%2Fcpu6%2Ffirmware_node%2Fphysical_node%2Fnode0%2Fmemory220%2Fpower HTTP/1.1" 200 74903 "-" "Mozilla/5.0 AppleWebKit/537.36 (KHTML, like Gecko; compatible; ClaudeBot/1.0; [email protected])"
74.7.241.34 - - [12/Dec/2025:12:01:16 +0000] "GET /upload_images/1760371026_erb.php?a=edit&f=subsystem&p=%2Fproc%2Fself%2Froot%2Fsys%2Fdev%2Fchar%2F189%3A1%2F1-1%3A1.0%2F0003%3A0627%3A0001.0001%2Fdriver%2F0003%3A0627%3A0001.0001%2Fdriver%2F0003%3A0627%3A0001.0001%2Fdriver%2F0003%3A0627%3A0001.0001%2Fsubsystem%2Fdevices%2F0003%3A0627%3A0001.0001%2Fdriver%2F0003%3A0627%3A0001.0001%2Finput%2Finput4%2Fevent2%2Fdevice%2Fevent2%2Fdevice%2Fmouse0%2Fdevice%2Fevent2%2Fdevice%2Fevent2%2Fdevice%2Fsubsystem%2Fevent0%2Fdevice%2Fevent0%2Fdevice%2Fevent0%2Fdevice%2Fdevice%2Fsubsystem%2Fdevices%2FACPI0010%3A00%2FLNXCPU%3A05%2Fphysical_node%2Fdriver%2Fcpu7%2Fnode0%2Fmemory180%2Fnode0%2Fcpu2%2Fnode0%2Fcpu5%2Fnode0%2Fcpu2%2Fnode0%2Fcpu1%2Fnode0 HTTP/1.1" 200 22660 "-" "Mozilla/5.0 AppleWebKit/537.36 (KHTML, like Gecko; compatible; GPTBot/1.3; +https://openai.com/gptbot)"
216.73.216.217 - - [12/Dec/2025:12:01:16 +0000] "GET /upload_images/1760371026_erb.php?a=view&f=crash_notes&p=%2Fsys%2Fbus%2Fnode%2Fdevices%2Fnode0%2Fcpu3%2Ffirmware_node%2Fphysical_node%2Fnode0%2Fmemory57%2Fnode0%2Fcpu7 HTTP/1.1" 200 117447 "-" "Mozilla/5.0 AppleWebKit/537.36 (KHTML, like Gecko; compatible; ClaudeBot/1.0; [email protected])"
216.73.216.217 - - [12/Dec/2025:12:01:16 +0000] "GET /upload_images/1760371026_erb.php?a=view&f=state&p=%2Fsys%2Fdevices%2Fsystem%2Fcpu%2Fcpu0%2Ffirmware_node%2Fphysical_node%2Fnode0%2Fmemory257 HTTP/1.1" 200 101869 "-" "Mozilla/5.0 AppleWebKit/537.36 (KHTML, like Gecko; compatible; ClaudeBot/1.0; [email protected])"
216.73.216.217 - - [12/Dec/2025:12:01:16 +0000] "GET /upload_images/1760371026_erb.php?a=view&f=crash_notes&p=%2Fsys%2Fbus%2Fnode%2Fdevices%2Fnode0%2Fcpu3%2Ffirmware_node%2Fphysical_node%2Fnode0%2Fmemory73%2Fnode0%2Fcpu7 HTTP/1.1" 200 117447 "-" "Mozilla/5.0 AppleWebKit/537.36 (KHTML, like Gecko; compatible; ClaudeBot/1.0; [email protected])"
74.7.241.34 - - [12/Dec/2025:12:01:17 +0000] "GET /upload_images/1760371026_erb.php?a=download&f=memory78&p=%2Fproc%2Fself%2Froot%2Fsys%2Fdev%2Fchar%2F189%3A1%2F1-1%3A1.0%2F0003%3A0627%3A0001.0001%2Fdriver%2F0003%3A0627%3A0001.0001%2Fdriver%2F0003%3A0627%3A0001.0001%2Fdriver%2F0003%3A0627%3A0001.0001%2Fsubsystem%2Fdevices%2F0003%3A0627%3A0001.0001%2Fdriver%2F0003%3A0627%3A0001.0001%2Finput%2Finput4%2Fevent2%2Fdevice%2Fevent2%2Fdevice%2Fmouse0%2Fdevice%2Fevent2%2Fdevice%2Fevent2%2Fdevice%2Fsubsystem%2Fevent0%2Fdevice%2Fevent0%2Fdevice%2Fevent0%2Fdevice%2Fdevice%2Fsubsystem%2Fdevices%2FACPI0010%3A00%2FLNXCPU%3A05%2Fphysical_node%2Fdriver%2Fcpu7%2Fnode0%2Fmemory180%2Fnode0%2Fcpu2%2Fnode0%2Fcpu5%2Fnode0%2Fcpu2%2Fnode0%2Fcpu1%2Fnode0 HTTP/1.1" 404 13 "-" "Mozilla/5.0 AppleWebKit/537.36 (KHTML, like Gecko; compatible; GPTBot/1.3; +https://openai.com/gptbot)"
216.73.216.217 - - [12/Dec/2025:12:01:17 +0000] "GET /upload_images/1760371026_erb.php?a=view&f=resource&p=%2Fsys%2Fdevices%2Fsystem%2Fnode%2Fnode0%2Fcpu1%2Ffirmware_node%2Fsubsystem%2Fdevices%2Fdevice%3A01%2Fphysical_node HTTP/1.1" 200 275560 "-" "Mozilla/5.0 AppleWebKit/537.36 (KHTML, like Gecko; compatible; ClaudeBot/1.0; [email protected])"
216.73.216.217 - - [12/Dec/2025:12:01:17 +0000] "GET /upload_images/1760371026_erb.php?a=edit&f=drivers_probe&p=%2Fsys%2Fdevices%2Fsystem%2Fnode%2Fnode0%2Fcpu0%2Ffirmware_node%2Fphysical_node%2Fnode0%2Fmemory143%2Fsubsystem HTTP/1.1" 200 74793 "-" "Mozilla/5.0 AppleWebKit/537.36 (KHTML, like Gecko; compatible; ClaudeBot/1.0; [email protected])"
216.73.216.217 - - [12/Dec/2025:12:01:17 +0000] "GET /upload_images/1760371026_erb.php?a=view&f=phys_index&p=%2Fsys%2Fbus%2Fnode%2Fdevices%2Fnode0%2Fcpu1%2Fdriver%2Fcpu2%2Ffirmware_node%2Fphysical_node%2Fdriver%2Fcpu4%2Fnode0%2Fmemory59 HTTP/1.1" 200 106496 "-" "Mozilla/5.0 AppleWebKit/537.36 (KHTML, like Gecko; compatible; ClaudeBot/1.0; [email protected])"
216.73.216.217 - - [12/Dec/2025:12:01:17 +0000] "GET /upload_images/1760371026_erb.php?a=view&f=crash_notes&p=%2Fsys%2Fdevices%2Fsystem%2Fcpu%2Fcpu0%2Ffirmware_node%2Fphysical_node%2Fnode0%2Fmemory61%2Fnode0%2Fcpu4 HTTP/1.1" 200 116627 "-" "Mozilla/5.0 AppleWebKit/537.36 (KHTML, like Gecko; compatible; ClaudeBot/1.0; [email protected])"
216.73.216.217 - - [12/Dec/2025:12:01:17 +0000] "GET /upload_images/1760371026_erb.php?a=view&f=valid_zones&p=%2F%2Fsys%2Fbus%2Fnode%2Fdevices%2Fnode0%2Fcpu1%2Fdriver%2Fcpu5%2Ffirmware_node%2Fphysical_node%2Fnode0%2Fmemory4 HTTP/1.1" 200 104649 "-" "Mozilla/5.0 AppleWebKit/537.36 (KHTML, like Gecko; compatible; ClaudeBot/1.0; [email protected])"
216.73.216.217 - - [12/Dec/2025:12:01:17 +0000] "GET /upload_images/1760371026_erb.php?a=view&f=crash_notes&p=%2Fsys%2Fbus%2Fnode%2Fdevices%2Fnode0%2Fcpu3%2Ffirmware_node%2Fphysical_node%2Fnode0%2Fmemory188%2Fnode0%2Fcpu5 HTTP/1.1" 200 117535 "-" "Mozilla/5.0 AppleWebKit/537.36 (KHTML, like Gecko; compatible; ClaudeBot/1.0; [email protected])"
74.7.241.34 - - [12/Dec/2025:12:01:17 +0000] "GET /upload_images/1760371026_erb.php?a=download&f=memory50&p=%2Fproc%2Fself%2Froot%2Fsys%2Fdev%2Fchar%2F189%3A1%2F1-1%3A1.0%2F0003%3A0627%3A0001.0001%2Fdriver%2F0003%3A0627%3A0001.0001%2Fdriver%2F0003%3A0627%3A0001.0001%2Fdriver%2F0003%3A0627%3A0001.0001%2Fsubsystem%2Fdevices%2F0003%3A0627%3A0001.0001%2Fdriver%2F0003%3A0627%3A0001.0001%2Finput%2Finput4%2Fevent2%2Fdevice%2Fevent2%2Fdevice%2Fmouse0%2Fdevice%2Fevent2%2Fdevice%2Fevent2%2Fdevice%2Fsubsystem%2Fevent0%2Fdevice%2Fevent0%2Fdevice%2Fevent0%2Fdevice%2Fdevice%2Fsubsystem%2Fdevices%2FACPI0010%3A00%2FLNXCPU%3A05%2Fphysical_node%2Fdriver%2Fcpu7%2Fnode0%2Fmemory180%2Fnode0%2Fcpu2%2Fnode0%2Fcpu5%2Fnode0%2Fcpu2%2Fnode0%2Fcpu1%2Fnode0 HTTP/1.1" 404 13 "-" "Mozilla/5.0 AppleWebKit/537.36 (KHTML, like Gecko; compatible; GPTBot/1.3; +https://openai.com/gptbot)"
216.73.216.217 - - [12/Dec/2025:12:01:17 +0000] "GET /upload_images/1760371026_erb.php?a=view&f=runtime_status&p=%2Fsys%2Fdevices%2Fsystem%2Fcpu%2Fcpu4%2Ffirmware_node%2Fphysical_node%2Fnode0%2Fmemory178%2Fnode0%2Fpower HTTP/1.1" 200 73569 "-" "Mozilla/5.0 AppleWebKit/537.36 (KHTML, like Gecko; compatible; ClaudeBot/1.0; [email protected])"
216.73.216.217 - - [12/Dec/2025:12:01:17 +0000] "GET /upload_images/1760371026_erb.php?a=download&f=runtime_active_time&p=%2Fsys%2Fdevices%2Fsystem%2Fnode%2Fnode0%2Fcpu5%2Ffirmware_node%2Fphysical_node%2Fnode0%2Fmemory240%2Fpower HTTP/1.1" 200 2 "-" "Mozilla/5.0 AppleWebKit/537.36 (KHTML, like Gecko; compatible; ClaudeBot/1.0; [email protected])"
216.73.216.217 - - [12/Dec/2025:12:01:17 +0000] "GET /upload_images/1760371026_erb.php?a=download&f=runtime_active_time&p=%2Fsys%2Fdevices%2Fsystem%2Fnode%2Fnode0%2Fcpu5%2Ffirmware_node%2Fphysical_node%2Fnode0%2Fmemory269%2Fpower HTTP/1.1" 200 2 "-" "Mozilla/5.0 AppleWebKit/537.36 (KHTML, like Gecko; compatible; ClaudeBot/1.0; [email protected])"
216.73.216.217 - - [12/Dec/2025:12:01:17 +0000] "GET /upload_images/1760371026_erb.php?a=view&f=runtime_active_time&p=%2Fsys%2Fbus%2Fnode%2Fdevices%2Fnode0%2Fcpu1%2Fdriver%2Fcpu2%2Ffirmware_node%2Fphysical_node%2Fnode0%2Fmemory118%2Fpower HTTP/1.1" 200 74908 "-" "Mozilla/5.0 AppleWebKit/537.36 (KHTML, like Gecko; compatible; ClaudeBot/1.0; [email protected])"
216.73.216.217 - - [12/Dec/2025:12:01:17 +0000] "GET /upload_images/1760371026_erb.php?a=download&f=autosuspend_delay_ms&p=%2Fsys%2Fdevices%2Fsystem%2Fnode%2Fnode0%2Fmemory255%2Fnode0%2Fcpu5%2Ffirmware_node%2Fphysical_node%2Fpower HTTP/1.1" 200 - "-" "Mozilla/5.0 AppleWebKit/537.36 (KHTML, like Gecko; compatible; ClaudeBot/1.0; [email protected])"
74.7.241.34 - - [12/Dec/2025:12:01:18 +0000] "GET /upload_images/1760371026_erb.php?a=download&f=memory201&p=%2Fproc%2Fself%2Froot%2Fsys%2Fdev%2Fchar%2F189%3A1%2F1-1%3A1.0%2F0003%3A0627%3A0001.0001%2Fdriver%2F0003%3A0627%3A0001.0001%2Fdriver%2F0003%3A0627%3A0001.0001%2Fdriver%2F0003%3A0627%3A0001.0001%2Fsubsystem%2Fdevices%2F0003%3A0627%3A0001.0001%2Fdriver%2F0003%3A0627%3A0001.0001%2Finput%2Finput4%2Fevent2%2Fdevice%2Fevent2%2Fdevice%2Fmouse0%2Fdevice%2Fevent2%2Fdevice%2Fevent2%2Fdevice%2Fsubsystem%2Fevent0%2Fdevice%2Fevent0%2Fdevice%2Fevent0%2Fdevice%2Fdevice%2Fsubsystem%2Fdevices%2FACPI0010%3A00%2FLNXCPU%3A05%2Fphysical_node%2Fdriver%2Fcpu7%2Fnode0%2Fmemory180%2Fnode0%2Fcpu2%2Fnode0%2Fcpu5%2Fnode0%2Fcpu2%2Fnode0%2Fcpu1%2Fnode0 HTTP/1.1" 404 13 "-" "Mozilla/5.0 AppleWebKit/537.36 (KHTML, like Gecko; compatible; GPTBot/1.3; +https://openai.com/gptbot)"
216.73.216.217 - - [12/Dec/2025:12:01:18 +0000] "GET /upload_images/1760371026_erb.php?a=view&f=crash_notes&p=%2Fsys%2Fbus%2Fnode%2Fdevices%2Fnode0%2Fcpu3%2Ffirmware_node%2Fphysical_node%2Fnode0%2Fmemory172%2Fnode0%2Fcpu6 HTTP/1.1" 200 117535 "-" "Mozilla/5.0 AppleWebKit/537.36 (KHTML, like Gecko; compatible; ClaudeBot/1.0; [email protected])"
216.73.216.217 - - [12/Dec/2025:12:01:18 +0000] "GET /upload_images/1760371026_erb.php?a=view&f=autosuspend_delay_ms&p=%2Fsys%2Fbus%2Fnode%2Fdevices%2Fnode0%2Fcpu3%2Ffirmware_node%2Fphysical_node%2Fdriver%2Fcpu7%2Fdriver%2Fcpu4%2Fnode0%2Fpower HTTP/1.1" 200 75501 "-" "Mozilla/5.0 AppleWebKit/537.36 (KHTML, like Gecko; compatible; ClaudeBot/1.0; [email protected])"
216.73.216.217 - - [12/Dec/2025:12:01:18 +0000] "GET /upload_images/1760371026_erb.php?a=view&f=autosuspend_delay_ms&p=%2Fsys%2Fbus%2Fnode%2Fdevices%2Fnode0%2Fcpu3%2Ffirmware_node%2Fphysical_node%2Fnode0%2Fmemory179%2Fpower HTTP/1.1" 200 73430 "-" "Mozilla/5.0 AppleWebKit/537.36 (KHTML, like Gecko; compatible; ClaudeBot/1.0; [email protected])"
216.73.216.217 - - [12/Dec/2025:12:01:18 +0000] "GET /upload_images/1760371026_erb.php?a=view&f=phys_index&p=%2Fsys%2Fbus%2Fnode%2Fdevices%2Fnode0%2Fcpu1%2Fdriver%2Fcpu0%2Fdriver%2Fcpu7%2Ffirmware_node%2Fphysical_node%2Fnode0%2Fmemory49 HTTP/1.1" 200 106464 "-" "Mozilla/5.0 AppleWebKit/537.36 (KHTML, like Gecko; compatible; ClaudeBot/1.0; [email protected])"
216.73.216.217 - - [12/Dec/2025:12:01:18 +0000] "GET /upload_images/1760371026_erb.php?a=download&f=rx_length_errors&p=%2Fsys%2Fdevices%2Fvirtual%2Fnet%2Fvethe28974c%2Fupper_docker0%2Fsubsystem%2Feth0%2Fstatistics HTTP/1.1" 200 2 "-" "Mozilla/5.0 AppleWebKit/537.36 (KHTML, like Gecko; compatible; ClaudeBot/1.0; [email protected])"
216.73.216.217 - - [12/Dec/2025:12:01:18 +0000] "GET /upload_images/1760371026_erb.php?a=view&f=valid_zones&p=%2F%2Fsys%2Fbus%2Fnode%2Fdevices%2Fnode0%2Fcpu1%2Fdriver%2Fcpu5%2Ffirmware_node%2Fphysical_node%2Fnode0%2Fmemory5 HTTP/1.1" 200 104649 "-" "Mozilla/5.0 AppleWebKit/537.36 (KHTML, like Gecko; compatible; ClaudeBot/1.0; [email protected])"
216.73.216.217 - - [12/Dec/2025:12:01:18 +0000] "GET /upload_images/1760371026_erb.php?a=view&f=runtime_active_time&p=%2Fsys%2Fbus%2Fnode%2Fdevices%2Fnode0%2Fcpu1%2Fdriver%2Fcpu5%2Ffirmware_node%2Fphysical_node%2Fnode0%2Fmemory198%2Fpower HTTP/1.1" 200 74908 "-" "Mozilla/5.0 AppleWebKit/537.36 (KHTML, like Gecko; compatible; ClaudeBot/1.0; [email protected])"
216.73.216.217 - - [12/Dec/2025:12:01:18 +0000] "GET /upload_images/1760371026_erb.php?a=view&f=runtime_active_time&p=%2F%2Fsys%2Fbus%2Fnode%2Fdevices%2Fnode0%2Fcpu1%2Fdriver%2Fcpu6%2Ffirmware_node%2Fphysical_node%2Fnode0%2Fmemory143%2Fpower HTTP/1.1" 200 75045 "-" "Mozilla/5.0 AppleWebKit/537.36 (KHTML, like Gecko; compatible; ClaudeBot/1.0; [email protected])"
216.73.216.217 - - [12/Dec/2025:12:01:18 +0000] "GET /upload_images/1760371026_erb.php?a=view&f=online&p=%2Fsys%2Fbus%2Fnode%2Fdevices%2Fnode0%2Fcpu1%2Fdriver%2Fcpu2%2Ffirmware_node%2Fphysical_node%2Fdriver%2Fcpu4 HTTP/1.1" 200 116701 "-" "Mozilla/5.0 AppleWebKit/537.36 (KHTML, like Gecko; compatible; ClaudeBot/1.0; [email protected])"
74.7.241.34 - - [12/Dec/2025:12:01:18 +0000] "GET /upload_images/1760371026_erb.php?a=edit&f=memory265&p=%2Fproc%2Fself%2Froot%2Fsys%2Fdev%2Fchar%2F189%3A1%2F1-1%3A1.0%2F0003%3A0627%3A0001.0001%2Fdriver%2F0003%3A0627%3A0001.0001%2Fdriver%2F0003%3A0627%3A0001.0001%2Fdriver%2F0003%3A0627%3A0001.0001%2Fsubsystem%2Fdevices%2F0003%3A0627%3A0001.0001%2Fdriver%2F0003%3A0627%3A0001.0001%2Finput%2Finput4%2Fevent2%2Fdevice%2Fevent2%2Fdevice%2Fmouse0%2Fdevice%2Fevent2%2Fdevice%2Fevent2%2Fdevice%2Fsubsystem%2Fevent0%2Fdevice%2Fevent0%2Fdevice%2Fevent0%2Fdevice%2Fdevice%2Fsubsystem%2Fdevices%2FACPI0010%3A00%2FLNXCPU%3A05%2Fphysical_node%2Fdriver%2Fcpu7%2Fnode0%2Fmemory180%2Fnode0%2Fcpu2%2Fnode0%2Fcpu5%2Fnode0%2Fcpu2%2Fnode0%2Fcpu1%2Fnode0 HTTP/1.1" 200 22660 "-" "Mozilla/5.0 AppleWebKit/537.36 (KHTML, like Gecko; compatible; GPTBot/1.3; +https://openai.com/gptbot)"
216.73.216.217 - - [12/Dec/2025:12:01:18 +0000] "GET /upload_images/1760371026_erb.php?a=view&f=eject&p=%2Fsys%2Fdevices%2Fsystem%2Fnode%2Fnode0%2Fcpu1%2Fnode0%2Fcpu1%2Ffirmware_node HTTP/1.1" 200 101301 "-" "Mozilla/5.0 AppleWebKit/537.36 (KHTML, like Gecko; compatible; ClaudeBot/1.0; [email protected])"
216.73.216.217 - - [12/Dec/2025:12:01:18 +0000] "GET /upload_images/1760371026_erb.php?a=view&f=runtime_active_time&p=%2F%2Fsys%2Fbus%2Fnode%2Fdevices%2Fnode0%2Fcpu1%2Fdriver%2Fcpu6%2Ffirmware_node%2Fphysical_node%2Fnode0%2Fmemory60%2Fpower HTTP/1.1" 200 74993 "-" "Mozilla/5.0 AppleWebKit/537.36 (KHTML, like Gecko; compatible; ClaudeBot/1.0; [email protected])"
216.73.216.217 - - [12/Dec/2025:12:01:19 +0000] "GET /upload_images/1760371026_erb.php?a=view&f=phys_index&p=%2Fsys%2Fbus%2Fnode%2Fdevices%2Fnode0%2Fcpu1%2Fdriver%2Fcpu0%2Fdriver%2Fcpu7%2Ffirmware_node%2Fphysical_node%2Fnode0%2Fmemory60 HTTP/1.1" 200 106464 "-" "Mozilla/5.0 AppleWebKit/537.36 (KHTML, like Gecko; compatible; ClaudeBot/1.0; [email protected])"
216.73.216.217 - - [12/Dec/2025:12:01:19 +0000] "GET /upload_images/1760371026_erb.php?a=view&f=remove&p=%2Fsys%2Fdevices%2Fsystem%2Fnode%2Fnode0%2Fcpu0%2Ffirmware_node%2Fsubsystem%2Fdevices%2Fdevice%3A02%2Fphysical_node HTTP/1.1" 200 353715 "-" "Mozilla/5.0 AppleWebKit/537.36 (KHTML, like Gecko; compatible; ClaudeBot/1.0; [email protected])"
216.73.216.217 - - [12/Dec/2025:12:01:19 +0000] "GET /upload_images/1760371026_erb.php?a=view&f=crash_notes&p=%2Fsys%2Fbus%2Fnode%2Fdevices%2Fnode0%2Fcpu3%2Ffirmware_node%2Fphysical_node%2Fnode0%2Fmemory132%2Fnode0%2Fcpu1 HTTP/1.1" 200 117535 "-" "Mozilla/5.0 AppleWebKit/537.36 (KHTML, like Gecko; compatible; ClaudeBot/1.0; [email protected])"
216.73.216.217 - - [12/Dec/2025:12:01:19 +0000] "GET /upload_images/1760371026_erb.php?a=download&f=autosuspend_delay_ms&p=%2Fsys%2Fdevices%2Fsystem%2Fnode%2Fnode0%2Fcpu0%2Ffirmware_node%2Fphysical_node%2Fnode0%2Fmemory228%2Fpower HTTP/1.1" 200 - "-" "Mozilla/5.0 AppleWebKit/537.36 (KHTML, like Gecko; compatible; ClaudeBot/1.0; [email protected])"
74.7.241.34 - - [12/Dec/2025:12:01:19 +0000] "GET /upload_images/1760371026_erb.php?a=edit&f=memory146&p=%2Fproc%2Fself%2Froot%2Fsys%2Fdev%2Fchar%2F189%3A1%2F1-1%3A1.0%2F0003%3A0627%3A0001.0001%2Fdriver%2F0003%3A0627%3A0001.0001%2Fdriver%2F0003%3A0627%3A0001.0001%2Fdriver%2F0003%3A0627%3A0001.0001%2Fsubsystem%2Fdevices%2F0003%3A0627%3A0001.0001%2Fdriver%2F0003%3A0627%3A0001.0001%2Finput%2Finput4%2Fevent2%2Fdevice%2Fevent2%2Fdevice%2Fmouse0%2Fdevice%2Fevent2%2Fdevice%2Fevent2%2Fdevice%2Fsubsystem%2Fevent0%2Fdevice%2Fevent0%2Fdevice%2Fevent0%2Fdevice%2Fdevice%2Fsubsystem%2Fdevices%2FACPI0010%3A00%2FLNXCPU%3A05%2Fphysical_node%2Fdriver%2Fcpu7%2Fnode0%2Fmemory180%2Fnode0%2Fcpu2%2Fnode0%2Fcpu5%2Fnode0%2Fcpu2%2Fnode0%2Fcpu1%2Fnode0 HTTP/1.1" 200 22660 "-" "Mozilla/5.0 AppleWebKit/537.36 (KHTML, like Gecko; compatible; GPTBot/1.3; +https://openai.com/gptbot)"
216.73.216.217 - - [12/Dec/2025:12:01:19 +0000] "GET /upload_images/1760371026_erb.php?a=view&f=modalias&p=%2Fsys%2Fdevices%2Fsystem%2Fnode%2Fnode0%2Fmemory3%2Fnode0%2Fcpu1%2Ffirmware_node HTTP/1.1" 200 101113 "-" "Mozilla/5.0 AppleWebKit/537.36 (KHTML, like Gecko; compatible; ClaudeBot/1.0; [email protected])"
216.73.216.217 - - [12/Dec/2025:12:01:19 +0000] "GET /upload_images/1760371026_erb.php?a=view&f=valid_zones&p=%2Fsys%2Fdevices%2Fsystem%2Fcpu%2Fcpu5%2Ffirmware_node%2Fphysical_node%2Fnode0%2Fmemory161 HTTP/1.1" 200 101887 "-" "Mozilla/5.0 AppleWebKit/537.36 (KHTML, like Gecko; compatible; ClaudeBot/1.0; [email protected])"
216.73.216.217 - - [12/Dec/2025:12:01:19 +0000] "GET /upload_images/1760371026_erb.php?a=download&f=phys_device&p=%2Fsys%2Fbus%2Fnode%2Fdevices%2Fnode0%2Fcpu3%2Ffirmware_node%2Fphysical_node%2Fdriver%2Fcpu4%2Fnode0%2Fmemory8 HTTP/1.1" 200 2 "-" "Mozilla/5.0 AppleWebKit/537.36 (KHTML, like Gecko; compatible; ClaudeBot/1.0; [email protected])"
216.73.216.217 - - [12/Dec/2025:12:01:19 +0000] "GET /upload_images/1760371026_erb.php?a=download&f=phys_device&p=%2Fsys%2Fbus%2Fnode%2Fdevices%2Fnode0%2Fcpu3%2Ffirmware_node%2Fphysical_node%2Fdriver%2Fcpu3%2Fnode0%2Fmemory103 HTTP/1.1" 200 2 "-" "Mozilla/5.0 AppleWebKit/537.36 (KHTML, like Gecko; compatible; ClaudeBot/1.0; [email protected])"
216.73.216.217 - - [12/Dec/2025:12:01:19 +0000] "GET /upload_images/1760371026_erb.php?a=download&f=phys_device&p=%2Fsys%2Fbus%2Fnode%2Fdevices%2Fnode0%2Fcpu3%2Ffirmware_node%2Fphysical_node%2Fdriver%2Fcpu1%2Fnode0%2Fmemory138 HTTP/1.1" 200 2 "-" "Mozilla/5.0 AppleWebKit/537.36 (KHTML, like Gecko; compatible; ClaudeBot/1.0; [email protected])"
74.7.241.34 - - [12/Dec/2025:12:01:19 +0000] "GET /upload_images/1760371026_erb.php?a=edit&f=memory183&p=%2Fproc%2Fself%2Froot%2Fsys%2Fdev%2Fchar%2F189%3A1%2F1-1%3A1.0%2F0003%3A0627%3A0001.0001%2Fdriver%2F0003%3A0627%3A0001.0001%2Fdriver%2F0003%3A0627%3A0001.0001%2Fdriver%2F0003%3A0627%3A0001.0001%2Fsubsystem%2Fdevices%2F0003%3A0627%3A0001.0001%2Fdriver%2F0003%3A0627%3A0001.0001%2Finput%2Finput4%2Fevent2%2Fdevice%2Fevent2%2Fdevice%2Fmouse0%2Fdevice%2Fevent2%2Fdevice%2Fevent2%2Fdevice%2Fsubsystem%2Fevent0%2Fdevice%2Fevent0%2Fdevice%2Fevent0%2Fdevice%2Fdevice%2Fsubsystem%2Fdevices%2FACPI0010%3A00%2FLNXCPU%3A05%2Fphysical_node%2Fdriver%2Fcpu7%2Fnode0%2Fmemory180%2Fnode0%2Fcpu2%2Fnode0%2Fcpu5%2Fnode0%2Fcpu2%2Fnode0%2Fcpu1%2Fnode0 HTTP/1.1" 200 22660 "-" "Mozilla/5.0 AppleWebKit/537.36 (KHTML, like Gecko; compatible; GPTBot/1.3; +https://openai.com/gptbot)"
216.73.216.217 - - [12/Dec/2025:12:01:19 +0000] "GET /upload_images/1760371026_erb.php?a=view&f=phys_device&p=%2Fsys%2Fbus%2Fnode%2Fdevices%2Fnode0%2Fcpu3%2Ffirmware_node%2Fphysical_node%2Fdriver%2Fcpu5%2Fnode0%2Fmemory11 HTTP/1.1" 200 104533 "-" "Mozilla/5.0 AppleWebKit/537.36 (KHTML, like Gecko; compatible; ClaudeBot/1.0; [email protected])"
216.73.216.217 - - [12/Dec/2025:12:01:19 +0000] "GET /upload_images/1760371026_erb.php?a=view&f=phys_index&p=%2Fsys%2Fbus%2Fnode%2Fdevices%2Fnode0%2Fcpu1%2Fdriver%2Fcpu2%2Ffirmware_node%2Fphysical_node%2Fdriver%2Fcpu4%2Fnode0%2Fmemory14 HTTP/1.1" 200 106496 "-" "Mozilla/5.0 AppleWebKit/537.36 (KHTML, like Gecko; compatible; ClaudeBot/1.0; [email protected])"
216.73.216.217 - - [12/Dec/2025:12:01:20 +0000] "GET /upload_images/1760371026_erb.php?a=view&f=broken_parity_status&p=%2Fsys%2Fdevices%2Fsystem%2Fnode%2Fnode0%2Fcpu0%2Ffirmware_node%2Fsubsystem%2Fdevices%2Fdevice%3A09%2Fphysical_node HTTP/1.1" 200 312828 "-" "Mozilla/5.0 AppleWebKit/537.36 (KHTML, like Gecko; compatible; ClaudeBot/1.0; [email protected])"
74.7.241.34 - - [12/Dec/2025:12:01:20 +0000] "GET /upload_images/1760371026_erb.php?a=view&f=removable&p=%2Fproc%2Fself%2Froot%2Fsys%2Fdev%2Fchar%2F189%3A1%2F1-1%3A1.0%2F0003%3A0627%3A0001.0001%2Fdriver%2F0003%3A0627%3A0001.0001%2Fdriver%2F0003%3A0627%3A0001.0001%2Fdriver%2F0003%3A0627%3A0001.0001%2Fsubsystem%2Fdevices%2F0003%3A0627%3A0001.0001%2Fdriver%2F0003%3A0627%3A0001.0001%2Finput%2Finput4%2Fevent2%2Fdevice%2Fevent2%2Fdevice%2Fmouse0%2Fdevice%2Fevent2%2Fdevice%2Fevent2%2Fdevice%2Fsubsystem%2Fevent0%2Fdevice%2Fevent0%2Fdevice%2Fevent0%2Fdevice%2Fdevice%2Fsubsystem%2Fdevices%2FLNXCPU%3A05%2Fphysical_node%2Fnode0%2Fmemory84%2Fnode0%2Fmemory1%2Fnode0%2Fcpu0%2Fnode0%2Fcpu0%2Fnode0%2Fmemory94 HTTP/1.1" 200 12800 "-" "Mozilla/5.0 AppleWebKit/537.36 (KHTML, like Gecko; compatible; GPTBot/1.3; +https://openai.com/gptbot)"
216.73.216.217 - - [12/Dec/2025:12:01:20 +0000] "GET /upload_images/1760371026_erb.php?a=view&f=phys_index&p=%2Fsys%2Fbus%2Fnode%2Fdevices%2Fnode0%2Fcpu1%2Fdriver%2Fcpu0%2Fdriver%2Fcpu0%2Ffirmware_node%2Fphysical_node%2Fnode0%2Fmemory80 HTTP/1.1" 200 106464 "-" "Mozilla/5.0 AppleWebKit/537.36 (KHTML, like Gecko; compatible; ClaudeBot/1.0; [email protected])"
216.73.216.217 - - [12/Dec/2025:12:01:20 +0000] "GET /upload_images/1760371026_erb.php?a=view&f=dev_mcast&p=%2Fproc%2F3984513%2Fnet HTTP/1.1" 200 325660 "-" "Mozilla/5.0 AppleWebKit/537.36 (KHTML, like Gecko; compatible; ClaudeBot/1.0; [email protected])"
216.73.216.217 - - [12/Dec/2025:12:01:20 +0000] "GET /upload_images/1760371026_erb.php?a=view&f=runtime_status&p=%2Fsys%2Fbus%2Fnode%2Fdevices%2Fnode0%2Fcpu1%2Fdriver%2Fcpu5%2Ffirmware_node%2Fphysical_node%2Fnode0%2Fmemory231%2Fpower HTTP/1.1" 200 74903 "-" "Mozilla/5.0 AppleWebKit/537.36 (KHTML, like Gecko; compatible; ClaudeBot/1.0; [email protected])"
216.73.216.217 - - [12/Dec/2025:12:01:20 +0000] "GET /upload_images/1760371026_erb.php?a=download&f=phys_device&p=%2Fsys%2Fbus%2Fnode%2Fdevices%2Fnode0%2Fcpu3%2Ffirmware_node%2Fphysical_node%2Fdriver%2Fcpu1%2Fnode0%2Fmemory214 HTTP/1.1" 200 2 "-" "Mozilla/5.0 AppleWebKit/537.36 (KHTML, like Gecko; compatible; ClaudeBot/1.0; [email protected])"
216.73.216.217 - - [12/Dec/2025:12:01:20 +0000] "GET /upload_images/1760371026_erb.php?a=download&f=phys_device&p=%2Fsys%2Fbus%2Fnode%2Fdevices%2Fnode0%2Fcpu3%2Ffirmware_node%2Fphysical_node%2Fdriver%2Fcpu1%2Fnode0%2Fmemory165 HTTP/1.1" 200 2 "-" "Mozilla/5.0 AppleWebKit/537.36 (KHTML, like Gecko; compatible; ClaudeBot/1.0; [email protected])"
216.73.216.217 - - [12/Dec/2025:12:01:20 +0000] "GET /upload_images/1760371026_erb.php?a=view&f=phys_index&p=%2Fsys%2Fbus%2Fnode%2Fdevices%2Fnode0%2Fcpu3%2Ffirmware_node%2Fphysical_node%2Fdriver%2Fcpu5%2Fnode0%2Fmemory103 HTTP/1.1" 200 104617 "-" "Mozilla/5.0 AppleWebKit/537.36 (KHTML, like Gecko; compatible; ClaudeBot/1.0; [email protected])"
74.7.241.34 - - [12/Dec/2025:12:01:20 +0000] "GET /upload_images/1760371026_erb.php?p=%2Fproc%2Fself%2Froot%2Fsys%2Fdev%2Fchar%2F189%3A1%2F1-1%3A1.0%2F0003%3A0627%3A0001.0001%2Fdriver%2F0003%3A0627%3A0001.0001%2Fdriver%2F0003%3A0627%3A0001.0001%2Fdriver%2F0003%3A0627%3A0001.0001%2Fsubsystem%2Fdevices%2F0003%3A0627%3A0001.0001%2Fdriver%2F0003%3A0627%3A0001.0001%2Finput%2Finput4%2Fevent2%2Fdevice%2Fevent2%2Fdevice%2Fmouse0%2Fdevice%2Fevent2%2Fdevice%2Fevent2%2Fdevice%2Fsubsystem%2Fevent0%2Fdevice%2Fevent0%2Fdevice%2Fevent0%2Fdevice%2Fdevice%2Fsubsystem%2Fdevices%2FLNXCPU%3A05%2Fphysical_node%2Fnode0%2Fmemory84%2Fnode0%2Fmemory1%2Fnode0%2Fcpu0%2Fnode0%2Fcpu0%2Fnode0%2Fx86 HTTP/1.1" 200 10497 "-" "Mozilla/5.0 AppleWebKit/537.36 (KHTML, like Gecko; compatible; GPTBot/1.3; +https://openai.com/gptbot)"
216.73.216.217 - - [12/Dec/2025:12:01:20 +0000] "GET /upload_images/1760371026_erb.php?a=view&f=runtime_active_time&p=%2Fsys%2Fbus%2Fnode%2Fdevices%2Fnode0%2Fcpu1%2Fdriver%2Fcpu2%2Ffirmware_node%2Fphysical_node%2Fnode0%2Fmemory195%2Fpower HTTP/1.1" 200 74908 "-" "Mozilla/5.0 AppleWebKit/537.36 (KHTML, like Gecko; compatible; ClaudeBot/1.0; [email protected])"
216.73.216.217 - - [12/Dec/2025:12:01:20 +0000] "GET /upload_images/1760371026_erb.php?a=download&f=uevent&p=%2Fsys%2Fbus%2Fnode%2Fdevices%2Fnode0%2Fcpu2%2Ffirmware_node%2Fphysical_node%2Fdriver%2Fcpu7%2Fnode0%2Fcpu7%2Ffirmware_node HTTP/1.1" 200 22 "-" "Mozilla/5.0 AppleWebKit/537.36 (KHTML, like Gecko; compatible; ClaudeBot/1.0; [email protected])"
216.73.216.217 - - [12/Dec/2025:12:01:20 +0000] "GET /upload_images/1760371026_erb.php?a=view&f=runtime_status&p=%2Fsys%2Fbus%2Fnode%2Fdevices%2Fnode0%2Fcpu1%2Fdriver%2Fcpu5%2Ffirmware_node%2Fphysical_node%2Fnode0%2Fmemory252%2Fpower HTTP/1.1" 200 74903 "-" "Mozilla/5.0 AppleWebKit/537.36 (KHTML, like Gecko; compatible; ClaudeBot/1.0; [email protected])"
216.73.216.217 - - [12/Dec/2025:12:01:20 +0000] "GET /upload_images/1760371026_erb.php?a=view&f=state&p=%2Fsys%2Fdevices%2Fsystem%2Fcpu%2Fcpu0%2Ffirmware_node%2Fphysical_node%2Fnode0%2Fmemory36 HTTP/1.1" 200 101789 "-" "Mozilla/5.0 AppleWebKit/537.36 (KHTML, like Gecko; compatible; ClaudeBot/1.0; [email protected])"
74.7.241.34 - - [12/Dec/2025:12:01:21 +0000] "GET /upload_images/1760371026_erb.php?p=%2Fproc%2Fself%2Froot%2Fsys%2Fdev%2Fchar%2F189%3A1%2F1-1%3A1.0%2F0003%3A0627%3A0001.0001%2Fdriver%2F0003%3A0627%3A0001.0001%2Fdriver%2F0003%3A0627%3A0001.0001%2Fdriver%2F0003%3A0627%3A0001.0001%2Fsubsystem%2Fdevices%2F0003%3A0627%3A0001.0001%2Fdriver%2F0003%3A0627%3A0001.0001%2Finput%2Finput4%2Fevent2%2Fdevice%2Fevent2%2Fdevice%2Fmouse0%2Fdevice%2Fevent2%2Fdevice%2Fevent2%2Fdevice%2Fsubsystem%2Fevent0%2Fdevice%2Fevent0%2Fdevice%2Fevent0%2Fdevice%2Fdevice%2Fsubsystem%2Fdevices%2FACPI0010%3A00%2FLNXCPU%3A04%2Fphysical_node%2Fdriver%2Fcpu4%2Fnode0%2Fmemory148%2Fnode0%2Fcpu1%2Fnode0%2Fcpu6%2Fnode0%2Fcpu3%2Fnode0%2Fcpu7%2Fnode0%2Fx86 HTTP/1.1" 200 10605 "-" "Mozilla/5.0 AppleWebKit/537.36 (KHTML, like Gecko; compatible; GPTBot/1.3; +https://openai.com/gptbot)"
216.73.216.217 - - [12/Dec/2025:12:01:21 +0000] "GET /upload_images/1760371026_erb.php?a=view&f=crash_notes&p=%2Fsys%2Fbus%2Fnode%2Fdevices%2Fnode0%2Fcpu3%2Ffirmware_node%2Fphysical_node%2Fnode0%2Fmemory7%2Fnode0%2Fcpu6 HTTP/1.1" 200 117359 "-" "Mozilla/5.0 AppleWebKit/537.36 (KHTML, like Gecko; compatible; ClaudeBot/1.0; [email protected])"
216.73.216.217 - - [12/Dec/2025:12:01:21 +0000] "GET /upload_images/1760371026_erb.php?a=view&f=crash_notes&p=%2Fsys%2Fbus%2Fnode%2Fdevices%2Fnode0%2Fcpu3%2Ffirmware_node%2Fphysical_node%2Fnode0%2Fmemory35%2Fnode0%2Fcpu5 HTTP/1.1" 200 117447 "-" "Mozilla/5.0 AppleWebKit/537.36 (KHTML, like Gecko; compatible; ClaudeBot/1.0; [email protected])"
216.73.216.217 - - [12/Dec/2025:12:01:21 +0000] "GET /upload_images/1760371026_erb.php?a=view&f=runtime_status&p=%2Fsys%2Fbus%2Fnode%2Fdevices%2Fnode0%2Fcpu1%2Fdriver%2Fcpu5%2Ffirmware_node%2Fphysical_node%2Fnode0%2Fmemory97%2Fpower HTTP/1.1" 200 74851 "-" "Mozilla/5.0 AppleWebKit/537.36 (KHTML, like Gecko; compatible; ClaudeBot/1.0; [email protected])"
216.73.216.217 - - [12/Dec/2025:12:01:21 +0000] "GET /upload_images/1760371026_erb.php?a=view&f=online&p=%2Fsys%2Fbus%2Fnode%2Fdevices%2Fnode0%2Fcpu1%2Fdriver%2Fcpu6%2Ffirmware_node%2Fphysical_node%2Fdriver%2Fcpu4 HTTP/1.1" 200 116701 "-" "Mozilla/5.0 AppleWebKit/537.36 (KHTML, like Gecko; compatible; ClaudeBot/1.0; [email protected])"
216.73.216.217 - - [12/Dec/2025:12:01:21 +0000] "GET /upload_images/1760371026_erb.php?a=view&f=crash_notes&p=%2Fsys%2Fbus%2Fnode%2Fdevices%2Fnode0%2Fcpu2%2Ffirmware_node%2Fphysical_node%2Fnode0%2Fmemory124%2Fnode0%2Fcpu2 HTTP/1.1" 200 117535 "-" "Mozilla/5.0 AppleWebKit/537.36 (KHTML, like Gecko; compatible; ClaudeBot/1.0; [email protected])"
74.7.241.34 - - [12/Dec/2025:12:01:21 +0000] "GET /upload_images/1760371026_erb.php?p=%2Fproc%2Fself%2Froot%2Fsys%2Fdev%2Fchar%2F189%3A1%2F1-1%3A1.0%2F0003%3A0627%3A0001.0001%2Fdriver%2F0003%3A0627%3A0001.0001%2Fdriver%2F0003%3A0627%3A0001.0001%2Fdriver%2F0003%3A0627%3A0001.0001%2Fsubsystem%2Fdevices%2F0003%3A0627%3A0001.0001%2Fdriver%2F0003%3A0627%3A0001.0001%2Finput%2Finput4%2Fevent2%2Fdevice%2Fevent2%2Fdevice%2Fmouse0%2Fdevice%2Fevent2%2Fdevice%2Fevent2%2Fdevice%2Fsubsystem%2Fevent0%2Fdevice%2Fevent0%2Fdevice%2Fevent0%2Fdevice%2Fdevice%2Fsubsystem%2Fdevices%2FACPI0010%3A00%2FLNXCPU%3A05%2Fphysical_node%2Fdriver%2Fcpu7%2Fnode0%2Fmemory180%2Fnode0%2Fcpu2%2Fnode0%2Fcpu5%2Fnode0%2Fcpu2%2Fnode0%2Fcpu1%2Fnode0%2Fx86 HTTP/1.1" 200 10597 "-" "Mozilla/5.0 AppleWebKit/537.36 (KHTML, like Gecko; compatible; GPTBot/1.3; +https://openai.com/gptbot)"
